I20260709 12:24:35.354352  5514 tablet_bootstrap.cc:654] T bdfe3cf054f748379e79878c48052c5d P 7347e299f7c048bc95d7edf1f7b0e7dc: Neither blocks nor log segments found. Creating new log.
I20260709 12:24:35.353850  5400 raft_consensus.cc:2468] T 38217760b80c4887973694979b538b3e P ee00ed6d1e1d48a3916ad826887f18bb [term 1 FOLLOWER]: Leader election vote request: Granting yes vote for candidate 7347e299f7c048bc95d7edf1f7b0e7dc in term 1.
I20260709 12:24:35.357209  5542 leader_election.cc:290] T 38217760b80c4887973694979b538b3e P 7347e299f7c048bc95d7edf1f7b0e7dc [CANDIDATE]: Term 1 election: Requested vote from peers ee00ed6d1e1d48a3916ad826887f18bb (127.4.11.194:34705), 6f763b14326540fda923a0c8020c1d4f (127.4.11.195:34917)
I20260709 12:24:35.357632  5516 tablet_bootstrap.cc:492] T 78f5cf7447c64090a3190bf234d67475 P ee00ed6d1e1d48a3916ad826887f18bb: No bootstrap required, opened a new log
I20260709 12:24:35.357415  5288 leader_election.cc:304] T 38217760b80c4887973694979b538b3e P 7347e299f7c048bc95d7edf1f7b0e7dc [CANDIDATE]: Term 1 election: Election decided. Result: candidate won. Election summary: received 2 responses out of 3 voters: 2 yes votes; 0 no votes. yes voters: 7347e299f7c048bc95d7edf1f7b0e7dc, ee00ed6d1e1d48a3916ad826887f18bb; no voters: 
I20260709 12:24:35.358078  5516 ts_tablet_manager.cc:1403] T 78f5cf7447c64090a3190bf234d67475 P ee00ed6d1e1d48a3916ad826887f18bb: Time spent bootstrapping tablet: real 0.015s	user 0.014s	sys 0.000s
I20260709 12:24:35.359315  5474 tablet_service.cc:1917] Received RequestConsensusVote() RPC: tablet_id: "38217760b80c4887973694979b538b3e" candidate_uuid: "7347e299f7c048bc95d7edf1f7b0e7dc" candidate_term: 1 candidate_status { last_received { term: 0 index: 0 } } ignore_live_leader: false dest_uuid: "6f763b14326540fda923a0c8020c1d4f"
I20260709 12:24:35.360044  5474 raft_consensus.cc:3060] T 38217760b80c4887973694979b538b3e P 6f763b14326540fda923a0c8020c1d4f [term 0 FOLLOWER]: Advancing to term 1
I20260709 12:24:35.360955  5515 tablet_bootstrap.cc:654] T 0412d29411bd4e2faad5ff7d5c6196e8 P 6f763b14326540fda923a0c8020c1d4f: Neither blocks nor log segments found. Creating new log.
I20260709 12:24:35.360576  5516 raft_consensus.cc:359] T 78f5cf7447c64090a3190bf234d67475 P ee00ed6d1e1d48a3916ad826887f18bb [term 0 FOLLOWER]: Replica starting. Triggering 0 pending ops. Active config: opid_index: -1 OBSOLETE_local: false peers { permanent_uuid: "7347e299f7c048bc95d7edf1f7b0e7dc" member_type: VOTER last_known_addr { host: "127.4.11.193" port: 41347 } } peers { permanent_uuid: "ee00ed6d1e1d48a3916ad826887f18bb" member_type: VOTER last_known_addr { host: "127.4.11.194" port: 34705 } } peers { permanent_uuid: "6f763b14326540fda923a0c8020c1d4f" member_type: VOTER last_known_addr { host: "127.4.11.195" port: 34917 } }
I20260709 12:24:35.361276  5516 raft_consensus.cc:385] T 78f5cf7447c64090a3190bf234d67475 P ee00ed6d1e1d48a3916ad826887f18bb [term 0 FOLLOWER]: Consensus starting up: Expiring failure detector timer to make a prompt election more likely
I20260709 12:24:35.361589  5516 raft_consensus.cc:740] T 78f5cf7447c64090a3190bf234d67475 P ee00ed6d1e1d48a3916ad826887f18bb [term 0 FOLLOWER]: Becoming Follower/Learner. State: Replica: ee00ed6d1e1d48a3916ad826887f18bb, State: Initialized, Role: FOLLOWER
I20260709 12:24:35.362370  5516 consensus_queue.cc:260] T 78f5cf7447c64090a3190bf234d67475 P ee00ed6d1e1d48a3916ad826887f18bb [NON_LEADER]: Queue going to NON_LEADER mode. State: All replicated index: 0, Majority replicated index: 0, Committed index: 0, Last appended: 0.0, Last appended by leader: 0, Current term: 0, Majority size: -1, State: 0, Mode: NON_LEADER, active raft config: opid_index: -1 OBSOLETE_local: false peers { permanent_uuid: "7347e299f7c048bc95d7edf1f7b0e7dc" member_type: VOTER last_known_addr { host: "127.4.11.193" port: 41347 } } peers { permanent_uuid: "ee00ed6d1e1d48a3916ad826887f18bb" member_type: VOTER last_known_addr { host: "127.4.11.194" port: 34705 } } peers { permanent_uuid: "6f763b14326540fda923a0c8020c1d4f" member_type: VOTER last_known_addr { host: "127.4.11.195" port: 34917 } }
I20260709 12:24:35.365442  5514 tablet_bootstrap.cc:492] T bdfe3cf054f748379e79878c48052c5d P 7347e299f7c048bc95d7edf1f7b0e7dc: No bootstrap required, opened a new log
I20260709 12:24:35.365939  5514 ts_tablet_manager.cc:1403] T bdfe3cf054f748379e79878c48052c5d P 7347e299f7c048bc95d7edf1f7b0e7dc: Time spent bootstrapping tablet: real 0.035s	user 0.008s	sys 0.008s
I20260709 12:24:35.366138  5540 raft_consensus.cc:2804] T 38217760b80c4887973694979b538b3e P 7347e299f7c048bc95d7edf1f7b0e7dc [term 1 FOLLOWER]: Leader election won for term 1
I20260709 12:24:35.366623  5540 raft_consensus.cc:697] T 38217760b80c4887973694979b538b3e P 7347e299f7c048bc95d7edf1f7b0e7dc [term 1 LEADER]: Becoming Leader. State: Replica: 7347e299f7c048bc95d7edf1f7b0e7dc, State: Running, Role: LEADER
I20260709 12:24:35.367430  5540 consensus_queue.cc:237] T 38217760b80c4887973694979b538b3e P 7347e299f7c048bc95d7edf1f7b0e7dc [LEADER]: Queue going to LEADER mode. State: All replicated index: 0, Majority replicated index: 0, Committed index: 0, Last appended: 0.0, Last appended by leader: 0, Current term: 1, Majority size: 2, State: 0, Mode: LEADER, active raft config: opid_index: -1 OBSOLETE_local: false peers { permanent_uuid: "7347e299f7c048bc95d7edf1f7b0e7dc" member_type: VOTER last_known_addr { host: "127.4.11.193" port: 41347 } } peers { permanent_uuid: "ee00ed6d1e1d48a3916ad826887f18bb" member_type: VOTER last_known_addr { host: "127.4.11.194" port: 34705 } } peers { permanent_uuid: "6f763b14326540fda923a0c8020c1d4f" member_type: VOTER last_known_addr { host: "127.4.11.195" port: 34917 } }
I20260709 12:24:35.368763  5514 raft_consensus.cc:359] T bdfe3cf054f748379e79878c48052c5d P 7347e299f7c048bc95d7edf1f7b0e7dc [term 0 FOLLOWER]: Replica starting. Triggering 0 pending ops. Active config: opid_index: -1 OBSOLETE_local: false peers { permanent_uuid: "7347e299f7c048bc95d7edf1f7b0e7dc" member_type: VOTER last_known_addr { host: "127.4.11.193" port: 41347 } } peers { permanent_uuid: "ee00ed6d1e1d48a3916ad826887f18bb" member_type: VOTER last_known_addr { host: "127.4.11.194" port: 34705 } } peers { permanent_uuid: "6f763b14326540fda923a0c8020c1d4f" member_type: VOTER last_known_addr { host: "127.4.11.195" port: 34917 } }
I20260709 12:24:35.369530  5514 raft_consensus.cc:385] T bdfe3cf054f748379e79878c48052c5d P 7347e299f7c048bc95d7edf1f7b0e7dc [term 0 FOLLOWER]: Consensus starting up: Expiring failure detector timer to make a prompt election more likely
I20260709 12:24:35.369876  5514 raft_consensus.cc:740] T bdfe3cf054f748379e79878c48052c5d P 7347e299f7c048bc95d7edf1f7b0e7dc [term 0 FOLLOWER]: Becoming Follower/Learner. State: Replica: 7347e299f7c048bc95d7edf1f7b0e7dc, State: Initialized, Role: FOLLOWER
I20260709 12:24:35.370620  5528 raft_consensus.cc:493] T 78f5cf7447c64090a3190bf234d67475 P 7347e299f7c048bc95d7edf1f7b0e7dc [term 0 FOLLOWER]: Starting pre-election (no leader contacted us within the election timeout)
I20260709 12:24:35.371083  5528 raft_consensus.cc:515] T 78f5cf7447c64090a3190bf234d67475 P 7347e299f7c048bc95d7edf1f7b0e7dc [term 0 FOLLOWER]: Starting pre-election with config: opid_index: -1 OBSOLETE_local: false peers { permanent_uuid: "7347e299f7c048bc95d7edf1f7b0e7dc" member_type: VOTER last_known_addr { host: "127.4.11.193" port: 41347 } } peers { permanent_uuid: "ee00ed6d1e1d48a3916ad826887f18bb" member_type: VOTER last_known_addr { host: "127.4.11.194" port: 34705 } } peers { permanent_uuid: "6f763b14326540fda923a0c8020c1d4f" member_type: VOTER last_known_addr { host: "127.4.11.195" port: 34917 } }
I20260709 12:24:35.373045  5528 leader_election.cc:290] T 78f5cf7447c64090a3190bf234d67475 P 7347e299f7c048bc95d7edf1f7b0e7dc [CANDIDATE]: Term 1 pre-election: Requested pre-vote from peers ee00ed6d1e1d48a3916ad826887f18bb (127.4.11.194:34705), 6f763b14326540fda923a0c8020c1d4f (127.4.11.195:34917)
I20260709 12:24:35.374210  5473 tablet_service.cc:1917] Received RequestConsensusVote() RPC: tablet_id: "78f5cf7447c64090a3190bf234d67475" candidate_uuid: "7347e299f7c048bc95d7edf1f7b0e7dc" candidate_term: 1 candidate_status { last_received { term: 0 index: 0 } } ignore_live_leader: false dest_uuid: "6f763b14326540fda923a0c8020c1d4f" is_pre_election: true
I20260709 12:24:35.374701  5516 ts_tablet_manager.cc:1434] T 78f5cf7447c64090a3190bf234d67475 P ee00ed6d1e1d48a3916ad826887f18bb: Time spent starting tablet: real 0.016s	user 0.006s	sys 0.000s
I20260709 12:24:35.370597  5514 consensus_queue.cc:260] T bdfe3cf054f748379e79878c48052c5d P 7347e299f7c048bc95d7edf1f7b0e7dc [NON_LEADER]: Queue going to NON_LEADER mode. State: All replicated index: 0, Majority replicated index: 0, Committed index: 0, Last appended: 0.0, Last appended by leader: 0, Current term: 0, Majority size: -1, State: 0, Mode: NON_LEADER, active raft config: opid_index: -1 OBSOLETE_local: false peers { permanent_uuid: "7347e299f7c048bc95d7edf1f7b0e7dc" member_type: VOTER last_known_addr { host: "127.4.11.193" port: 41347 } } peers { permanent_uuid: "ee00ed6d1e1d48a3916ad826887f18bb" member_type: VOTER last_known_addr { host: "127.4.11.194" port: 34705 } } peers { permanent_uuid: "6f763b14326540fda923a0c8020c1d4f" member_type: VOTER last_known_addr { host: "127.4.11.195" port: 34917 } }
I20260709 12:24:35.375746  5400 tablet_service.cc:1917] Received RequestConsensusVote() RPC: tablet_id: "78f5cf7447c64090a3190bf234d67475" candidate_uuid: "7347e299f7c048bc95d7edf1f7b0e7dc" candidate_term: 1 candidate_status { last_received { term: 0 index: 0 } } ignore_live_leader: false dest_uuid: "ee00ed6d1e1d48a3916ad826887f18bb" is_pre_election: true
I20260709 12:24:35.376314  5400 raft_consensus.cc:2468] T 78f5cf7447c64090a3190bf234d67475 P ee00ed6d1e1d48a3916ad826887f18bb [term 0 FOLLOWER]: Leader pre-election vote request: Granting yes vote for candidate 7347e299f7c048bc95d7edf1f7b0e7dc in term 0.
I20260709 12:24:35.377295  5514 ts_tablet_manager.cc:1434] T bdfe3cf054f748379e79878c48052c5d P 7347e299f7c048bc95d7edf1f7b0e7dc: Time spent starting tablet: real 0.011s	user 0.005s	sys 0.001s
I20260709 12:24:35.377490  5288 leader_election.cc:304] T 78f5cf7447c64090a3190bf234d67475 P 7347e299f7c048bc95d7edf1f7b0e7dc [CANDIDATE]: Term 1 pre-election: Election decided. Result: candidate won. Election summary: received 2 responses out of 3 voters: 2 yes votes; 0 no votes. yes voters: 7347e299f7c048bc95d7edf1f7b0e7dc, ee00ed6d1e1d48a3916ad826887f18bb; no voters: 
I20260709 12:24:35.378213  5514 tablet_bootstrap.cc:492] T 3d5c15d602044e1ebbe61e8c0303a0ad P 7347e299f7c048bc95d7edf1f7b0e7dc: Bootstrap starting.
I20260709 12:24:35.378300  5528 raft_consensus.cc:2804] T 78f5cf7447c64090a3190bf234d67475 P 7347e299f7c048bc95d7edf1f7b0e7dc [term 0 FOLLOWER]: Leader pre-election won for term 1
I20260709 12:24:35.378665  5528 raft_consensus.cc:493] T 78f5cf7447c64090a3190bf234d67475 P 7347e299f7c048bc95d7edf1f7b0e7dc [term 0 FOLLOWER]: Starting leader election (no leader contacted us within the election timeout)
I20260709 12:24:35.378971  5528 raft_consensus.cc:3060] T 78f5cf7447c64090a3190bf234d67475 P 7347e299f7c048bc95d7edf1f7b0e7dc [term 0 FOLLOWER]: Advancing to term 1
I20260709 12:24:35.382611  5516 tablet_bootstrap.cc:492] T 0412d29411bd4e2faad5ff7d5c6196e8 P ee00ed6d1e1d48a3916ad826887f18bb: Bootstrap starting.
I20260709 12:24:35.374914  5473 raft_consensus.cc:2468] T 78f5cf7447c64090a3190bf234d67475 P 6f763b14326540fda923a0c8020c1d4f [term 0 FOLLOWER]: Leader pre-election vote request: Granting yes vote for candidate 7347e299f7c048bc95d7edf1f7b0e7dc in term 0.
I20260709 12:24:35.384194  5515 tablet_bootstrap.cc:492] T 0412d29411bd4e2faad5ff7d5c6196e8 P 6f763b14326540fda923a0c8020c1d4f: No bootstrap required, opened a new log
I20260709 12:24:35.384631  5515 ts_tablet_manager.cc:1403] T 0412d29411bd4e2faad5ff7d5c6196e8 P 6f763b14326540fda923a0c8020c1d4f: Time spent bootstrapping tablet: real 0.042s	user 0.014s	sys 0.012s
I20260709 12:24:35.387147  5515 raft_consensus.cc:359] T 0412d29411bd4e2faad5ff7d5c6196e8 P 6f763b14326540fda923a0c8020c1d4f [term 0 FOLLOWER]: Replica starting. Triggering 0 pending ops. Active config: opid_index: -1 OBSOLETE_local: false peers { permanent_uuid: "7347e299f7c048bc95d7edf1f7b0e7dc" member_type: VOTER last_known_addr { host: "127.4.11.193" port: 41347 } } peers { permanent_uuid: "ee00ed6d1e1d48a3916ad826887f18bb" member_type: VOTER last_known_addr { host: "127.4.11.194" port: 34705 } } peers { permanent_uuid: "6f763b14326540fda923a0c8020c1d4f" member_type: VOTER last_known_addr { host: "127.4.11.195" port: 34917 } }
I20260709 12:24:35.387766  5515 raft_consensus.cc:385] T 0412d29411bd4e2faad5ff7d5c6196e8 P 6f763b14326540fda923a0c8020c1d4f [term 0 FOLLOWER]: Consensus starting up: Expiring failure detector timer to make a prompt election more likely
I20260709 12:24:35.388032  5515 raft_consensus.cc:740] T 0412d29411bd4e2faad5ff7d5c6196e8 P 6f763b14326540fda923a0c8020c1d4f [term 0 FOLLOWER]: Becoming Follower/Learner. State: Replica: 6f763b14326540fda923a0c8020c1d4f, State: Initialized, Role: FOLLOWER
I20260709 12:24:35.388200  5516 tablet_bootstrap.cc:654] T 0412d29411bd4e2faad5ff7d5c6196e8 P ee00ed6d1e1d48a3916ad826887f18bb: Neither blocks nor log segments found. Creating new log.
I20260709 12:24:35.388692  5515 consensus_queue.cc:260] T 0412d29411bd4e2faad5ff7d5c6196e8 P 6f763b14326540fda923a0c8020c1d4f [NON_LEADER]: Queue going to NON_LEADER mode. State: All replicated index: 0, Majority replicated index: 0, Committed index: 0, Last appended: 0.0, Last appended by leader: 0, Current term: 0, Majority size: -1, State: 0, Mode: NON_LEADER, active raft config: opid_index: -1 OBSOLETE_local: false peers { permanent_uuid: "7347e299f7c048bc95d7edf1f7b0e7dc" member_type: VOTER last_known_addr { host: "127.4.11.193" port: 41347 } } peers { permanent_uuid: "ee00ed6d1e1d48a3916ad826887f18bb" member_type: VOTER last_known_addr { host: "127.4.11.194" port: 34705 } } peers { permanent_uuid: "6f763b14326540fda923a0c8020c1d4f" member_type: VOTER last_known_addr { host: "127.4.11.195" port: 34917 } }
I20260709 12:24:35.390502  5528 raft_consensus.cc:515] T 78f5cf7447c64090a3190bf234d67475 P 7347e299f7c048bc95d7edf1f7b0e7dc [term 1 FOLLOWER]: Starting leader election with config: opid_index: -1 OBSOLETE_local: false peers { permanent_uuid: "7347e299f7c048bc95d7edf1f7b0e7dc" member_type: VOTER last_known_addr { host: "127.4.11.193" port: 41347 } } peers { permanent_uuid: "ee00ed6d1e1d48a3916ad826887f18bb" member_type: VOTER last_known_addr { host: "127.4.11.194" port: 34705 } } peers { permanent_uuid: "6f763b14326540fda923a0c8020c1d4f" member_type: VOTER last_known_addr { host: "127.4.11.195" port: 34917 } }
I20260709 12:24:35.392198  5514 tablet_bootstrap.cc:654] T 3d5c15d602044e1ebbe61e8c0303a0ad P 7347e299f7c048bc95d7edf1f7b0e7dc: Neither blocks nor log segments found. Creating new log.
I20260709 12:24:35.393198  5400 tablet_service.cc:1917] Received RequestConsensusVote() RPC: tablet_id: "78f5cf7447c64090a3190bf234d67475" candidate_uuid: "7347e299f7c048bc95d7edf1f7b0e7dc" candidate_term: 1 candidate_status { last_received { term: 0 index: 0 } } ignore_live_leader: false dest_uuid: "ee00ed6d1e1d48a3916ad826887f18bb"
I20260709 12:24:35.393776  5400 raft_consensus.cc:3060] T 78f5cf7447c64090a3190bf234d67475 P ee00ed6d1e1d48a3916ad826887f18bb [term 0 FOLLOWER]: Advancing to term 1
I20260709 12:24:35.395798  5515 ts_tablet_manager.cc:1434] T 0412d29411bd4e2faad5ff7d5c6196e8 P 6f763b14326540fda923a0c8020c1d4f: Time spent starting tablet: real 0.011s	user 0.006s	sys 0.001s
I20260709 12:24:35.396659  5515 tablet_bootstrap.cc:492] T 163c799224524f9b8ebe6f35635429a0 P 6f763b14326540fda923a0c8020c1d4f: Bootstrap starting.
I20260709 12:24:35.400450  5400 raft_consensus.cc:2468] T 78f5cf7447c64090a3190bf234d67475 P ee00ed6d1e1d48a3916ad826887f18bb [term 1 FOLLOWER]: Leader election vote request: Granting yes vote for candidate 7347e299f7c048bc95d7edf1f7b0e7dc in term 1.
I20260709 12:24:35.401530  5288 leader_election.cc:304] T 78f5cf7447c64090a3190bf234d67475 P 7347e299f7c048bc95d7edf1f7b0e7dc [CANDIDATE]: Term 1 election: Election decided. Result: candidate won. Election summary: received 2 responses out of 3 voters: 2 yes votes; 0 no votes. yes voters: 7347e299f7c048bc95d7edf1f7b0e7dc, ee00ed6d1e1d48a3916ad826887f18bb; no voters: 
I20260709 12:24:35.402355  5541 raft_consensus.cc:2804] T 78f5cf7447c64090a3190bf234d67475 P 7347e299f7c048bc95d7edf1f7b0e7dc [term 1 FOLLOWER]: Leader election won for term 1
I20260709 12:24:35.402516  5515 tablet_bootstrap.cc:654] T 163c799224524f9b8ebe6f35635429a0 P 6f763b14326540fda923a0c8020c1d4f: Neither blocks nor log segments found. Creating new log.
I20260709 12:24:35.402813  5541 raft_consensus.cc:697] T 78f5cf7447c64090a3190bf234d67475 P 7347e299f7c048bc95d7edf1f7b0e7dc [term 1 LEADER]: Becoming Leader. State: Replica: 7347e299f7c048bc95d7edf1f7b0e7dc, State: Running, Role: LEADER
I20260709 12:24:35.403697  5541 consensus_queue.cc:237] T 78f5cf7447c64090a3190bf234d67475 P 7347e299f7c048bc95d7edf1f7b0e7dc [LEADER]: Queue going to LEADER mode. State: All replicated index: 0, Majority replicated index: 0, Committed index: 0, Last appended: 0.0, Last appended by leader: 0, Current term: 1, Majority size: 2, State: 0, Mode: LEADER, active raft config: opid_index: -1 OBSOLETE_local: false peers { permanent_uuid: "7347e299f7c048bc95d7edf1f7b0e7dc" member_type: VOTER last_known_addr { host: "127.4.11.193" port: 41347 } } peers { permanent_uuid: "ee00ed6d1e1d48a3916ad826887f18bb" member_type: VOTER last_known_addr { host: "127.4.11.194" port: 34705 } } peers { permanent_uuid: "6f763b14326540fda923a0c8020c1d4f" member_type: VOTER last_known_addr { host: "127.4.11.195" port: 34917 } }
I20260709 12:24:35.414811  5474 raft_consensus.cc:2468] T 38217760b80c4887973694979b538b3e P 6f763b14326540fda923a0c8020c1d4f [term 1 FOLLOWER]: Leader election vote request: Granting yes vote for candidate 7347e299f7c048bc95d7edf1f7b0e7dc in term 1.
I20260709 12:24:35.416221  5541 raft_consensus.cc:493] T 0412d29411bd4e2faad5ff7d5c6196e8 P 7347e299f7c048bc95d7edf1f7b0e7dc [term 0 FOLLOWER]: Starting pre-election (no leader contacted us within the election timeout)
I20260709 12:24:35.416790  5541 raft_consensus.cc:515] T 0412d29411bd4e2faad5ff7d5c6196e8 P 7347e299f7c048bc95d7edf1f7b0e7dc [term 0 FOLLOWER]: Starting pre-election with config: opid_index: -1 OBSOLETE_local: false peers { permanent_uuid: "7347e299f7c048bc95d7edf1f7b0e7dc" member_type: VOTER last_known_addr { host: "127.4.11.193" port: 41347 } } peers { permanent_uuid: "ee00ed6d1e1d48a3916ad826887f18bb" member_type: VOTER last_known_addr { host: "127.4.11.194" port: 34705 } } peers { permanent_uuid: "6f763b14326540fda923a0c8020c1d4f" member_type: VOTER last_known_addr { host: "127.4.11.195" port: 34917 } }
I20260709 12:24:35.419319  5541 leader_election.cc:290] T 0412d29411bd4e2faad5ff7d5c6196e8 P 7347e299f7c048bc95d7edf1f7b0e7dc [CANDIDATE]: Term 1 pre-election: Requested pre-vote from peers ee00ed6d1e1d48a3916ad826887f18bb (127.4.11.194:34705), 6f763b14326540fda923a0c8020c1d4f (127.4.11.195:34917)
I20260709 12:24:35.420436  5528 leader_election.cc:290] T 78f5cf7447c64090a3190bf234d67475 P 7347e299f7c048bc95d7edf1f7b0e7dc [CANDIDATE]: Term 1 election: Requested vote from peers ee00ed6d1e1d48a3916ad826887f18bb (127.4.11.194:34705), 6f763b14326540fda923a0c8020c1d4f (127.4.11.195:34917)
I20260709 12:24:35.420610  5400 tablet_service.cc:1917] Received RequestConsensusVote() RPC: tablet_id: "0412d29411bd4e2faad5ff7d5c6196e8" candidate_uuid: "7347e299f7c048bc95d7edf1f7b0e7dc" candidate_term: 1 candidate_status { last_received { term: 0 index: 0 } } ignore_live_leader: false dest_uuid: "ee00ed6d1e1d48a3916ad826887f18bb" is_pre_election: true
I20260709 12:24:35.421474  5473 tablet_service.cc:1917] Received RequestConsensusVote() RPC: tablet_id: "78f5cf7447c64090a3190bf234d67475" candidate_uuid: "7347e299f7c048bc95d7edf1f7b0e7dc" candidate_term: 1 candidate_status { last_received { term: 0 index: 0 } } ignore_live_leader: false dest_uuid: "6f763b14326540fda923a0c8020c1d4f"
I20260709 12:24:35.422185  5473 raft_consensus.cc:3060] T 78f5cf7447c64090a3190bf234d67475 P 6f763b14326540fda923a0c8020c1d4f [term 0 FOLLOWER]: Advancing to term 1
W20260709 12:24:35.422866  5288 leader_election.cc:343] T 0412d29411bd4e2faad5ff7d5c6196e8 P 7347e299f7c048bc95d7edf1f7b0e7dc [CANDIDATE]: Term 1 pre-election: Tablet error from VoteRequest() call to peer ee00ed6d1e1d48a3916ad826887f18bb (127.4.11.194:34705): Illegal state: must be running to vote when last-logged opid is not known
I20260709 12:24:35.429848  5474 tablet_service.cc:1917] Received RequestConsensusVote() RPC: tablet_id: "0412d29411bd4e2faad5ff7d5c6196e8" candidate_uuid: "7347e299f7c048bc95d7edf1f7b0e7dc" candidate_term: 1 candidate_status { last_received { term: 0 index: 0 } } ignore_live_leader: false dest_uuid: "6f763b14326540fda923a0c8020c1d4f" is_pre_election: true
I20260709 12:24:35.430609  5474 raft_consensus.cc:2468] T 0412d29411bd4e2faad5ff7d5c6196e8 P 6f763b14326540fda923a0c8020c1d4f [term 0 FOLLOWER]: Leader pre-election vote request: Granting yes vote for candidate 7347e299f7c048bc95d7edf1f7b0e7dc in term 0.
I20260709 12:24:35.431778  5291 leader_election.cc:304] T 0412d29411bd4e2faad5ff7d5c6196e8 P 7347e299f7c048bc95d7edf1f7b0e7dc [CANDIDATE]: Term 1 pre-election: Election decided. Result: candidate won. Election summary: received 3 responses out of 3 voters: 2 yes votes; 1 no votes. yes voters: 6f763b14326540fda923a0c8020c1d4f, 7347e299f7c048bc95d7edf1f7b0e7dc; no voters: ee00ed6d1e1d48a3916ad826887f18bb
I20260709 12:24:35.436964  5528 raft_consensus.cc:2804] T 0412d29411bd4e2faad5ff7d5c6196e8 P 7347e299f7c048bc95d7edf1f7b0e7dc [term 0 FOLLOWER]: Leader pre-election won for term 1
I20260709 12:24:35.437413  5528 raft_consensus.cc:493] T 0412d29411bd4e2faad5ff7d5c6196e8 P 7347e299f7c048bc95d7edf1f7b0e7dc [term 0 FOLLOWER]: Starting leader election (no leader contacted us within the election timeout)
I20260709 12:24:35.437834  5528 raft_consensus.cc:3060] T 0412d29411bd4e2faad5ff7d5c6196e8 P 7347e299f7c048bc95d7edf1f7b0e7dc [term 0 FOLLOWER]: Advancing to term 1
I20260709 12:24:35.442960  5473 raft_consensus.cc:2468] T 78f5cf7447c64090a3190bf234d67475 P 6f763b14326540fda923a0c8020c1d4f [term 1 FOLLOWER]: Leader election vote request: Granting yes vote for candidate 7347e299f7c048bc95d7edf1f7b0e7dc in term 1.
I20260709 12:24:35.451459  5514 tablet_bootstrap.cc:492] T 3d5c15d602044e1ebbe61e8c0303a0ad P 7347e299f7c048bc95d7edf1f7b0e7dc: No bootstrap required, opened a new log
I20260709 12:24:35.451910  5514 ts_tablet_manager.cc:1403] T 3d5c15d602044e1ebbe61e8c0303a0ad P 7347e299f7c048bc95d7edf1f7b0e7dc: Time spent bootstrapping tablet: real 0.074s	user 0.014s	sys 0.020s
I20260709 12:24:35.454519  5514 raft_consensus.cc:359] T 3d5c15d602044e1ebbe61e8c0303a0ad P 7347e299f7c048bc95d7edf1f7b0e7dc [term 0 FOLLOWER]: Replica starting. Triggering 0 pending ops. Active config: opid_index: -1 OBSOLETE_local: false peers { permanent_uuid: "7347e299f7c048bc95d7edf1f7b0e7dc" member_type: VOTER last_known_addr { host: "127.4.11.193" port: 41347 } } peers { permanent_uuid: "ee00ed6d1e1d48a3916ad826887f18bb" member_type: VOTER last_known_addr { host: "127.4.11.194" port: 34705 } } peers { permanent_uuid: "6f763b14326540fda923a0c8020c1d4f" member_type: VOTER last_known_addr { host: "127.4.11.195" port: 34917 } }
I20260709 12:24:35.454118  5222 catalog_manager.cc:5697] T 38217760b80c4887973694979b538b3e P 7347e299f7c048bc95d7edf1f7b0e7dc reported cstate change: term changed from 0 to 1, leader changed from <none> to 7347e299f7c048bc95d7edf1f7b0e7dc (127.4.11.193). New cstate: current_term: 1 leader_uuid: "7347e299f7c048bc95d7edf1f7b0e7dc" committed_config { opid_index: -1 OBSOLETE_local: false peers { permanent_uuid: "7347e299f7c048bc95d7edf1f7b0e7dc" member_type: VOTER last_known_addr { host: "127.4.11.193" port: 41347 } health_report { overall_health: HEALTHY } } peers { permanent_uuid: "ee00ed6d1e1d48a3916ad826887f18bb" member_type: VOTER last_known_addr { host: "127.4.11.194" port: 34705 } health_report { overall_health: UNKNOWN } } peers { permanent_uuid: "6f763b14326540fda923a0c8020c1d4f" member_type: VOTER last_known_addr { host: "127.4.11.195" port: 34917 } health_report { overall_health: UNKNOWN } } }
I20260709 12:24:35.455251  5514 raft_consensus.cc:385] T 3d5c15d602044e1ebbe61e8c0303a0ad P 7347e299f7c048bc95d7edf1f7b0e7dc [term 0 FOLLOWER]: Consensus starting up: Expiring failure detector timer to make a prompt election more likely
I20260709 12:24:35.455168  5528 raft_consensus.cc:515] T 0412d29411bd4e2faad5ff7d5c6196e8 P 7347e299f7c048bc95d7edf1f7b0e7dc [term 1 FOLLOWER]: Starting leader election with config: opid_index: -1 OBSOLETE_local: false peers { permanent_uuid: "7347e299f7c048bc95d7edf1f7b0e7dc" member_type: VOTER last_known_addr { host: "127.4.11.193" port: 41347 } } peers { permanent_uuid: "ee00ed6d1e1d48a3916ad826887f18bb" member_type: VOTER last_known_addr { host: "127.4.11.194" port: 34705 } } peers { permanent_uuid: "6f763b14326540fda923a0c8020c1d4f" member_type: VOTER last_known_addr { host: "127.4.11.195" port: 34917 } }
I20260709 12:24:35.455708  5514 raft_consensus.cc:740] T 3d5c15d602044e1ebbe61e8c0303a0ad P 7347e299f7c048bc95d7edf1f7b0e7dc [term 0 FOLLOWER]: Becoming Follower/Learner. State: Replica: 7347e299f7c048bc95d7edf1f7b0e7dc, State: Initialized, Role: FOLLOWER
I20260709 12:24:35.456470  5514 consensus_queue.cc:260] T 3d5c15d602044e1ebbe61e8c0303a0ad P 7347e299f7c048bc95d7edf1f7b0e7dc [NON_LEADER]: Queue going to NON_LEADER mode. State: All replicated index: 0, Majority replicated index: 0, Committed index: 0, Last appended: 0.0, Last appended by leader: 0, Current term: 0, Majority size: -1, State: 0, Mode: NON_LEADER, active raft config: opid_index: -1 OBSOLETE_local: false peers { permanent_uuid: "7347e299f7c048bc95d7edf1f7b0e7dc" member_type: VOTER last_known_addr { host: "127.4.11.193" port: 41347 } } peers { permanent_uuid: "ee00ed6d1e1d48a3916ad826887f18bb" member_type: VOTER last_known_addr { host: "127.4.11.194" port: 34705 } } peers { permanent_uuid: "6f763b14326540fda923a0c8020c1d4f" member_type: VOTER last_known_addr { host: "127.4.11.195" port: 34917 } }
I20260709 12:24:35.456926  5516 tablet_bootstrap.cc:492] T 0412d29411bd4e2faad5ff7d5c6196e8 P ee00ed6d1e1d48a3916ad826887f18bb: No bootstrap required, opened a new log
I20260709 12:24:35.457233  5528 leader_election.cc:290] T 0412d29411bd4e2faad5ff7d5c6196e8 P 7347e299f7c048bc95d7edf1f7b0e7dc [CANDIDATE]: Term 1 election: Requested vote from peers ee00ed6d1e1d48a3916ad826887f18bb (127.4.11.194:34705), 6f763b14326540fda923a0c8020c1d4f (127.4.11.195:34917)
I20260709 12:24:35.457937  5400 tablet_service.cc:1917] Received RequestConsensusVote() RPC: tablet_id: "0412d29411bd4e2faad5ff7d5c6196e8" candidate_uuid: "7347e299f7c048bc95d7edf1f7b0e7dc" candidate_term: 1 candidate_status { last_received { term: 0 index: 0 } } ignore_live_leader: false dest_uuid: "ee00ed6d1e1d48a3916ad826887f18bb"
I20260709 12:24:35.458166  5473 tablet_service.cc:1917] Received RequestConsensusVote() RPC: tablet_id: "0412d29411bd4e2faad5ff7d5c6196e8" candidate_uuid: "7347e299f7c048bc95d7edf1f7b0e7dc" candidate_term: 1 candidate_status { last_received { term: 0 index: 0 } } ignore_live_leader: false dest_uuid: "6f763b14326540fda923a0c8020c1d4f"
I20260709 12:24:35.458719  5473 raft_consensus.cc:3060] T 0412d29411bd4e2faad5ff7d5c6196e8 P 6f763b14326540fda923a0c8020c1d4f [term 0 FOLLOWER]: Advancing to term 1
I20260709 12:24:35.458788  5514 ts_tablet_manager.cc:1434] T 3d5c15d602044e1ebbe61e8c0303a0ad P 7347e299f7c048bc95d7edf1f7b0e7dc: Time spent starting tablet: real 0.007s	user 0.003s	sys 0.003s
W20260709 12:24:35.459393  5288 leader_election.cc:343] T 0412d29411bd4e2faad5ff7d5c6196e8 P 7347e299f7c048bc95d7edf1f7b0e7dc [CANDIDATE]: Term 1 election: Tablet error from VoteRequest() call to peer ee00ed6d1e1d48a3916ad826887f18bb (127.4.11.194:34705): Illegal state: must be running to vote when last-logged opid is not known
I20260709 12:24:35.459720  5514 tablet_bootstrap.cc:492] T e1d3a2005c444e2fb87ea9b4980c83ca P 7347e299f7c048bc95d7edf1f7b0e7dc: Bootstrap starting.
I20260709 12:24:35.461287  5515 tablet_bootstrap.cc:492] T 163c799224524f9b8ebe6f35635429a0 P 6f763b14326540fda923a0c8020c1d4f: No bootstrap required, opened a new log
I20260709 12:24:35.461795  5515 ts_tablet_manager.cc:1403] T 163c799224524f9b8ebe6f35635429a0 P 6f763b14326540fda923a0c8020c1d4f: Time spent bootstrapping tablet: real 0.065s	user 0.016s	sys 0.014s
I20260709 12:24:35.462791  5527 raft_consensus.cc:493] T e1d3a2005c444e2fb87ea9b4980c83ca P ee00ed6d1e1d48a3916ad826887f18bb [term 0 FOLLOWER]: Starting pre-election (no leader contacted us within the election timeout)
I20260709 12:24:35.463229  5527 raft_consensus.cc:515] T e1d3a2005c444e2fb87ea9b4980c83ca P ee00ed6d1e1d48a3916ad826887f18bb [term 0 FOLLOWER]: Starting pre-election with config: opid_index: -1 OBSOLETE_local: false peers { permanent_uuid: "7347e299f7c048bc95d7edf1f7b0e7dc" member_type: VOTER last_known_addr { host: "127.4.11.193" port: 41347 } } peers { permanent_uuid: "ee00ed6d1e1d48a3916ad826887f18bb" member_type: VOTER last_known_addr { host: "127.4.11.194" port: 34705 } } peers { permanent_uuid: "6f763b14326540fda923a0c8020c1d4f" member_type: VOTER last_known_addr { host: "127.4.11.195" port: 34917 } }
I20260709 12:24:35.465247  5527 leader_election.cc:290] T e1d3a2005c444e2fb87ea9b4980c83ca P ee00ed6d1e1d48a3916ad826887f18bb [CANDIDATE]: Term 1 pre-election: Requested pre-vote from peers 7347e299f7c048bc95d7edf1f7b0e7dc (127.4.11.193:41347), 6f763b14326540fda923a0c8020c1d4f (127.4.11.195:34917)
I20260709 12:24:35.465413  5514 tablet_bootstrap.cc:654] T e1d3a2005c444e2fb87ea9b4980c83ca P 7347e299f7c048bc95d7edf1f7b0e7dc: Neither blocks nor log segments found. Creating new log.
I20260709 12:24:35.465225  5473 raft_consensus.cc:2468] T 0412d29411bd4e2faad5ff7d5c6196e8 P 6f763b14326540fda923a0c8020c1d4f [term 1 FOLLOWER]: Leader election vote request: Granting yes vote for candidate 7347e299f7c048bc95d7edf1f7b0e7dc in term 1.
I20260709 12:24:35.465983  5518 raft_consensus.cc:493] T 641af6d921944f57bade7a2d14b87cfb P 6f763b14326540fda923a0c8020c1d4f [term 0 FOLLOWER]: Starting pre-election (no leader contacted us within the election timeout)
I20260709 12:24:35.466424  5518 raft_consensus.cc:515] T 641af6d921944f57bade7a2d14b87cfb P 6f763b14326540fda923a0c8020c1d4f [term 0 FOLLOWER]: Starting pre-election with config: opid_index: -1 OBSOLETE_local: false peers { permanent_uuid: "7347e299f7c048bc95d7edf1f7b0e7dc" member_type: VOTER last_known_addr { host: "127.4.11.193" port: 41347 } } peers { permanent_uuid: "ee00ed6d1e1d48a3916ad826887f18bb" member_type: VOTER last_known_addr { host: "127.4.11.194" port: 34705 } } peers { permanent_uuid: "6f763b14326540fda923a0c8020c1d4f" member_type: VOTER last_known_addr { host: "127.4.11.195" port: 34917 } }
I20260709 12:24:35.466622  5291 leader_election.cc:304] T 0412d29411bd4e2faad5ff7d5c6196e8 P 7347e299f7c048bc95d7edf1f7b0e7dc [CANDIDATE]: Term 1 election: Election decided. Result: candidate won. Election summary: received 3 responses out of 3 voters: 2 yes votes; 1 no votes. yes voters: 6f763b14326540fda923a0c8020c1d4f, 7347e299f7c048bc95d7edf1f7b0e7dc; no voters: ee00ed6d1e1d48a3916ad826887f18bb
I20260709 12:24:35.467844  5573 raft_consensus.cc:2804] T 0412d29411bd4e2faad5ff7d5c6196e8 P 7347e299f7c048bc95d7edf1f7b0e7dc [term 1 FOLLOWER]: Leader election won for term 1
I20260709 12:24:35.468358  5573 raft_consensus.cc:697] T 0412d29411bd4e2faad5ff7d5c6196e8 P 7347e299f7c048bc95d7edf1f7b0e7dc [term 1 LEADER]: Becoming Leader. State: Replica: 7347e299f7c048bc95d7edf1f7b0e7dc, State: Running, Role: LEADER
I20260709 12:24:35.457341  5516 ts_tablet_manager.cc:1403] T 0412d29411bd4e2faad5ff7d5c6196e8 P ee00ed6d1e1d48a3916ad826887f18bb: Time spent bootstrapping tablet: real 0.075s	user 0.032s	sys 0.021s
I20260709 12:24:35.469699  5325 tablet_service.cc:1917] Received RequestConsensusVote() RPC: tablet_id: "e1d3a2005c444e2fb87ea9b4980c83ca" candidate_uuid: "ee00ed6d1e1d48a3916ad826887f18bb" candidate_term: 1 candidate_status { last_received { term: 0 index: 0 } } ignore_live_leader: false dest_uuid: "7347e299f7c048bc95d7edf1f7b0e7dc" is_pre_election: true
I20260709 12:24:35.469444  5573 consensus_queue.cc:237] T 0412d29411bd4e2faad5ff7d5c6196e8 P 7347e299f7c048bc95d7edf1f7b0e7dc [LEADER]: Queue going to LEADER mode. State: All replicated index: 0, Majority replicated index: 0, Committed index: 0, Last appended: 0.0, Last appended by leader: 0, Current term: 1, Majority size: 2, State: 0, Mode: LEADER, active raft config: opid_index: -1 OBSOLETE_local: false peers { permanent_uuid: "7347e299f7c048bc95d7edf1f7b0e7dc" member_type: VOTER last_known_addr { host: "127.4.11.193" port: 41347 } } peers { permanent_uuid: "ee00ed6d1e1d48a3916ad826887f18bb" member_type: VOTER last_known_addr { host: "127.4.11.194" port: 34705 } } peers { permanent_uuid: "6f763b14326540fda923a0c8020c1d4f" member_type: VOTER last_known_addr { host: "127.4.11.195" port: 34917 } }
I20260709 12:24:35.468315  5518 leader_election.cc:290] T 641af6d921944f57bade7a2d14b87cfb P 6f763b14326540fda923a0c8020c1d4f [CANDIDATE]: Term 1 pre-election: Requested pre-vote from peers 7347e299f7c048bc95d7edf1f7b0e7dc (127.4.11.193:41347), ee00ed6d1e1d48a3916ad826887f18bb (127.4.11.194:34705)
I20260709 12:24:35.472000  5516 raft_consensus.cc:359] T 0412d29411bd4e2faad5ff7d5c6196e8 P ee00ed6d1e1d48a3916ad826887f18bb [term 0 FOLLOWER]: Replica starting. Triggering 0 pending ops. Active config: opid_index: -1 OBSOLETE_local: false peers { permanent_uuid: "7347e299f7c048bc95d7edf1f7b0e7dc" member_type: VOTER last_known_addr { host: "127.4.11.193" port: 41347 } } peers { permanent_uuid: "ee00ed6d1e1d48a3916ad826887f18bb" member_type: VOTER last_known_addr { host: "127.4.11.194" port: 34705 } } peers { permanent_uuid: "6f763b14326540fda923a0c8020c1d4f" member_type: VOTER last_known_addr { host: "127.4.11.195" port: 34917 } }
I20260709 12:24:35.472625  5516 raft_consensus.cc:385] T 0412d29411bd4e2faad5ff7d5c6196e8 P ee00ed6d1e1d48a3916ad826887f18bb [term 0 FOLLOWER]: Consensus starting up: Expiring failure detector timer to make a prompt election more likely
I20260709 12:24:35.472888  5516 raft_consensus.cc:740] T 0412d29411bd4e2faad5ff7d5c6196e8 P ee00ed6d1e1d48a3916ad826887f18bb [term 0 FOLLOWER]: Becoming Follower/Learner. State: Replica: ee00ed6d1e1d48a3916ad826887f18bb, State: Initialized, Role: FOLLOWER
W20260709 12:24:35.473313  5365 leader_election.cc:343] T e1d3a2005c444e2fb87ea9b4980c83ca P ee00ed6d1e1d48a3916ad826887f18bb [CANDIDATE]: Term 1 pre-election: Tablet error from VoteRequest() call to peer 7347e299f7c048bc95d7edf1f7b0e7dc (127.4.11.193:41347): Illegal state: must be running to vote when last-logged opid is not known
I20260709 12:24:35.472631  5325 tablet_service.cc:1917] Received RequestConsensusVote() RPC: tablet_id: "641af6d921944f57bade7a2d14b87cfb" candidate_uuid: "6f763b14326540fda923a0c8020c1d4f" candidate_term: 1 candidate_status { last_received { term: 0 index: 0 } } ignore_live_leader: false dest_uuid: "7347e299f7c048bc95d7edf1f7b0e7dc" is_pre_election: true
I20260709 12:24:35.474727  5220 catalog_manager.cc:5697] T 78f5cf7447c64090a3190bf234d67475 P 7347e299f7c048bc95d7edf1f7b0e7dc reported cstate change: term changed from 0 to 1, leader changed from <none> to 7347e299f7c048bc95d7edf1f7b0e7dc (127.4.11.193). New cstate: current_term: 1 leader_uuid: "7347e299f7c048bc95d7edf1f7b0e7dc" committed_config { opid_index: -1 OBSOLETE_local: false peers { permanent_uuid: "7347e299f7c048bc95d7edf1f7b0e7dc" member_type: VOTER last_known_addr { host: "127.4.11.193" port: 41347 } health_report { overall_health: HEALTHY } } peers { permanent_uuid: "ee00ed6d1e1d48a3916ad826887f18bb" member_type: VOTER last_known_addr { host: "127.4.11.194" port: 34705 } health_report { overall_health: UNKNOWN } } peers { permanent_uuid: "6f763b14326540fda923a0c8020c1d4f" member_type: VOTER last_known_addr { host: "127.4.11.195" port: 34917 } health_report { overall_health: UNKNOWN } } }
I20260709 12:24:35.475443  5473 tablet_service.cc:1917] Received RequestConsensusVote() RPC: tablet_id: "e1d3a2005c444e2fb87ea9b4980c83ca" candidate_uuid: "ee00ed6d1e1d48a3916ad826887f18bb" candidate_term: 1 candidate_status { last_received { term: 0 index: 0 } } ignore_live_leader: false dest_uuid: "6f763b14326540fda923a0c8020c1d4f" is_pre_election: true
I20260709 12:24:35.476007  5473 raft_consensus.cc:2468] T e1d3a2005c444e2fb87ea9b4980c83ca P 6f763b14326540fda923a0c8020c1d4f [term 0 FOLLOWER]: Leader pre-election vote request: Granting yes vote for candidate ee00ed6d1e1d48a3916ad826887f18bb in term 0.
I20260709 12:24:35.477035  5366 leader_election.cc:304] T e1d3a2005c444e2fb87ea9b4980c83ca P ee00ed6d1e1d48a3916ad826887f18bb [CANDIDATE]: Term 1 pre-election: Election decided. Result: candidate won. Election summary: received 3 responses out of 3 voters: 2 yes votes; 1 no votes. yes voters: 6f763b14326540fda923a0c8020c1d4f, ee00ed6d1e1d48a3916ad826887f18bb; no voters: 7347e299f7c048bc95d7edf1f7b0e7dc
I20260709 12:24:35.476974  5515 raft_consensus.cc:359] T 163c799224524f9b8ebe6f35635429a0 P 6f763b14326540fda923a0c8020c1d4f [term 0 FOLLOWER]: Replica starting. Triggering 0 pending ops. Active config: opid_index: -1 OBSOLETE_local: false peers { permanent_uuid: "7347e299f7c048bc95d7edf1f7b0e7dc" member_type: VOTER last_known_addr { host: "127.4.11.193" port: 41347 } } peers { permanent_uuid: "ee00ed6d1e1d48a3916ad826887f18bb" member_type: VOTER last_known_addr { host: "127.4.11.194" port: 34705 } } peers { permanent_uuid: "6f763b14326540fda923a0c8020c1d4f" member_type: VOTER last_known_addr { host: "127.4.11.195" port: 34917 } }
I20260709 12:24:35.477694  5400 tablet_service.cc:1917] Received RequestConsensusVote() RPC: tablet_id: "641af6d921944f57bade7a2d14b87cfb" candidate_uuid: "6f763b14326540fda923a0c8020c1d4f" candidate_term: 1 candidate_status { last_received { term: 0 index: 0 } } ignore_live_leader: false dest_uuid: "ee00ed6d1e1d48a3916ad826887f18bb" is_pre_election: true
I20260709 12:24:35.477981  5515 raft_consensus.cc:385] T 163c799224524f9b8ebe6f35635429a0 P 6f763b14326540fda923a0c8020c1d4f [term 0 FOLLOWER]: Consensus starting up: Expiring failure detector timer to make a prompt election more likely
I20260709 12:24:35.478271  5527 raft_consensus.cc:2804] T e1d3a2005c444e2fb87ea9b4980c83ca P ee00ed6d1e1d48a3916ad826887f18bb [term 0 FOLLOWER]: Leader pre-election won for term 1
I20260709 12:24:35.478457  5400 raft_consensus.cc:2393] T 641af6d921944f57bade7a2d14b87cfb P ee00ed6d1e1d48a3916ad826887f18bb [term 1 FOLLOWER]: Leader pre-election vote request: Denying vote to candidate 6f763b14326540fda923a0c8020c1d4f in current term 1: Already voted for candidate 7347e299f7c048bc95d7edf1f7b0e7dc in this term.
I20260709 12:24:35.478385  5515 raft_consensus.cc:740] T 163c799224524f9b8ebe6f35635429a0 P 6f763b14326540fda923a0c8020c1d4f [term 0 FOLLOWER]: Becoming Follower/Learner. State: Replica: 6f763b14326540fda923a0c8020c1d4f, State: Initialized, Role: FOLLOWER
I20260709 12:24:35.478706  5527 raft_consensus.cc:493] T e1d3a2005c444e2fb87ea9b4980c83ca P ee00ed6d1e1d48a3916ad826887f18bb [term 0 FOLLOWER]: Starting leader election (no leader contacted us within the election timeout)
I20260709 12:24:35.479087  5527 raft_consensus.cc:3060] T e1d3a2005c444e2fb87ea9b4980c83ca P ee00ed6d1e1d48a3916ad826887f18bb [term 0 FOLLOWER]: Advancing to term 1
I20260709 12:24:35.479403  5515 consensus_queue.cc:260] T 163c799224524f9b8ebe6f35635429a0 P 6f763b14326540fda923a0c8020c1d4f [NON_LEADER]: Queue going to NON_LEADER mode. State: All replicated index: 0, Majority replicated index: 0, Committed index: 0, Last appended: 0.0, Last appended by leader: 0, Current term: 0, Majority size: -1, State: 0, Mode: NON_LEADER, active raft config: opid_index: -1 OBSOLETE_local: false peers { permanent_uuid: "7347e299f7c048bc95d7edf1f7b0e7dc" member_type: VOTER last_known_addr { host: "127.4.11.193" port: 41347 } } peers { permanent_uuid: "ee00ed6d1e1d48a3916ad826887f18bb" member_type: VOTER last_known_addr { host: "127.4.11.194" port: 34705 } } peers { permanent_uuid: "6f763b14326540fda923a0c8020c1d4f" member_type: VOTER last_known_addr { host: "127.4.11.195" port: 34917 } }
I20260709 12:24:35.480022  5518 raft_consensus.cc:493] T 3d5c15d602044e1ebbe61e8c0303a0ad P 6f763b14326540fda923a0c8020c1d4f [term 0 FOLLOWER]: Starting pre-election (no leader contacted us within the election timeout)
I20260709 12:24:35.480470  5518 raft_consensus.cc:515] T 3d5c15d602044e1ebbe61e8c0303a0ad P 6f763b14326540fda923a0c8020c1d4f [term 0 FOLLOWER]: Starting pre-election with config: opid_index: -1 OBSOLETE_local: false peers { permanent_uuid: "7347e299f7c048bc95d7edf1f7b0e7dc" member_type: VOTER last_known_addr { host: "127.4.11.193" port: 41347 } } peers { permanent_uuid: "ee00ed6d1e1d48a3916ad826887f18bb" member_type: VOTER last_known_addr { host: "127.4.11.194" port: 34705 } } peers { permanent_uuid: "6f763b14326540fda923a0c8020c1d4f" member_type: VOTER last_known_addr { host: "127.4.11.195" port: 34917 } }
I20260709 12:24:35.473680  5516 consensus_queue.cc:260] T 0412d29411bd4e2faad5ff7d5c6196e8 P ee00ed6d1e1d48a3916ad826887f18bb [NON_LEADER]: Queue going to NON_LEADER mode. State: All replicated index: 0, Majority replicated index: 0, Committed index: 0, Last appended: 0.0, Last appended by leader: 0, Current term: 0, Majority size: -1, State: 0, Mode: NON_LEADER, active raft config: opid_index: -1 OBSOLETE_local: false peers { permanent_uuid: "7347e299f7c048bc95d7edf1f7b0e7dc" member_type: VOTER last_known_addr { host: "127.4.11.193" port: 41347 } } peers { permanent_uuid: "ee00ed6d1e1d48a3916ad826887f18bb" member_type: VOTER last_known_addr { host: "127.4.11.194" port: 34705 } } peers { permanent_uuid: "6f763b14326540fda923a0c8020c1d4f" member_type: VOTER last_known_addr { host: "127.4.11.195" port: 34917 } }
I20260709 12:24:35.485648  5516 ts_tablet_manager.cc:1434] T 0412d29411bd4e2faad5ff7d5c6196e8 P ee00ed6d1e1d48a3916ad826887f18bb: Time spent starting tablet: real 0.016s	user 0.005s	sys 0.000s
I20260709 12:24:35.486589  5514 tablet_bootstrap.cc:492] T e1d3a2005c444e2fb87ea9b4980c83ca P 7347e299f7c048bc95d7edf1f7b0e7dc: No bootstrap required, opened a new log
I20260709 12:24:35.486722  5516 tablet_bootstrap.cc:492] T 3d5c15d602044e1ebbe61e8c0303a0ad P ee00ed6d1e1d48a3916ad826887f18bb: Bootstrap starting.
I20260709 12:24:35.487025  5514 ts_tablet_manager.cc:1403] T e1d3a2005c444e2fb87ea9b4980c83ca P 7347e299f7c048bc95d7edf1f7b0e7dc: Time spent bootstrapping tablet: real 0.027s	user 0.010s	sys 0.002s
I20260709 12:24:35.486678  5527 raft_consensus.cc:515] T e1d3a2005c444e2fb87ea9b4980c83ca P ee00ed6d1e1d48a3916ad826887f18bb [term 1 FOLLOWER]: Starting leader election with config: opid_index: -1 OBSOLETE_local: false peers { permanent_uuid: "7347e299f7c048bc95d7edf1f7b0e7dc" member_type: VOTER last_known_addr { host: "127.4.11.193" port: 41347 } } peers { permanent_uuid: "ee00ed6d1e1d48a3916ad826887f18bb" member_type: VOTER last_known_addr { host: "127.4.11.194" port: 34705 } } peers { permanent_uuid: "6f763b14326540fda923a0c8020c1d4f" member_type: VOTER last_known_addr { host: "127.4.11.195" port: 34917 } }
I20260709 12:24:35.488572  5439 leader_election.cc:304] T 641af6d921944f57bade7a2d14b87cfb P 6f763b14326540fda923a0c8020c1d4f [CANDIDATE]: Term 1 pre-election: Election decided. Result: candidate lost. Election summary: received 3 responses out of 3 voters: 1 yes votes; 2 no votes. yes voters: 6f763b14326540fda923a0c8020c1d4f; no voters: 7347e299f7c048bc95d7edf1f7b0e7dc, ee00ed6d1e1d48a3916ad826887f18bb
I20260709 12:24:35.489104  5325 tablet_service.cc:1917] Received RequestConsensusVote() RPC: tablet_id: "3d5c15d602044e1ebbe61e8c0303a0ad" candidate_uuid: "6f763b14326540fda923a0c8020c1d4f" candidate_term: 1 candidate_status { last_received { term: 0 index: 0 } } ignore_live_leader: false dest_uuid: "7347e299f7c048bc95d7edf1f7b0e7dc" is_pre_election: true
I20260709 12:24:35.489944  5325 raft_consensus.cc:2468] T 3d5c15d602044e1ebbe61e8c0303a0ad P 7347e299f7c048bc95d7edf1f7b0e7dc [term 0 FOLLOWER]: Leader pre-election vote request: Granting yes vote for candidate 6f763b14326540fda923a0c8020c1d4f in term 0.
I20260709 12:24:35.490046  5400 tablet_service.cc:1917] Received RequestConsensusVote() RPC: tablet_id: "3d5c15d602044e1ebbe61e8c0303a0ad" candidate_uuid: "6f763b14326540fda923a0c8020c1d4f" candidate_term: 1 candidate_status { last_received { term: 0 index: 0 } } ignore_live_leader: false dest_uuid: "ee00ed6d1e1d48a3916ad826887f18bb" is_pre_election: true
I20260709 12:24:35.490173  5514 raft_consensus.cc:359] T e1d3a2005c444e2fb87ea9b4980c83ca P 7347e299f7c048bc95d7edf1f7b0e7dc [term 0 FOLLOWER]: Replica starting. Triggering 0 pending ops. Active config: opid_index: -1 OBSOLETE_local: false peers { permanent_uuid: "7347e299f7c048bc95d7edf1f7b0e7dc" member_type: VOTER last_known_addr { host: "127.4.11.193" port: 41347 } } peers { permanent_uuid: "ee00ed6d1e1d48a3916ad826887f18bb" member_type: VOTER last_known_addr { host: "127.4.11.194" port: 34705 } } peers { permanent_uuid: "6f763b14326540fda923a0c8020c1d4f" member_type: VOTER last_known_addr { host: "127.4.11.195" port: 34917 } }
I20260709 12:24:35.491066  5514 raft_consensus.cc:385] T e1d3a2005c444e2fb87ea9b4980c83ca P 7347e299f7c048bc95d7edf1f7b0e7dc [term 0 FOLLOWER]: Consensus starting up: Expiring failure detector timer to make a prompt election more likely
W20260709 12:24:35.491403  5437 leader_election.cc:343] T 3d5c15d602044e1ebbe61e8c0303a0ad P 6f763b14326540fda923a0c8020c1d4f [CANDIDATE]: Term 1 pre-election: Tablet error from VoteRequest() call to peer ee00ed6d1e1d48a3916ad826887f18bb (127.4.11.194:34705): Illegal state: must be running to vote when last-logged opid is not known
I20260709 12:24:35.482489  5518 leader_election.cc:290] T 3d5c15d602044e1ebbe61e8c0303a0ad P 6f763b14326540fda923a0c8020c1d4f [CANDIDATE]: Term 1 pre-election: Requested pre-vote from peers 7347e299f7c048bc95d7edf1f7b0e7dc (127.4.11.193:41347), ee00ed6d1e1d48a3916ad826887f18bb (127.4.11.194:34705)
I20260709 12:24:35.491875  5514 raft_consensus.cc:740] T e1d3a2005c444e2fb87ea9b4980c83ca P 7347e299f7c048bc95d7edf1f7b0e7dc [term 0 FOLLOWER]: Becoming Follower/Learner. State: Replica: 7347e299f7c048bc95d7edf1f7b0e7dc, State: Initialized, Role: FOLLOWER
I20260709 12:24:35.493077  5325 tablet_service.cc:1917] Received RequestConsensusVote() RPC: tablet_id: "e1d3a2005c444e2fb87ea9b4980c83ca" candidate_uuid: "ee00ed6d1e1d48a3916ad826887f18bb" candidate_term: 1 candidate_status { last_received { term: 0 index: 0 } } ignore_live_leader: false dest_uuid: "7347e299f7c048bc95d7edf1f7b0e7dc"
I20260709 12:24:35.492717  5514 consensus_queue.cc:260] T e1d3a2005c444e2fb87ea9b4980c83ca P 7347e299f7c048bc95d7edf1f7b0e7dc [NON_LEADER]: Queue going to NON_LEADER mode. State: All replicated index: 0, Majority replicated index: 0, Committed index: 0, Last appended: 0.0, Last appended by leader: 0, Current term: 0, Majority size: -1, State: 0, Mode: NON_LEADER, active raft config: opid_index: -1 OBSOLETE_local: false peers { permanent_uuid: "7347e299f7c048bc95d7edf1f7b0e7dc" member_type: VOTER last_known_addr { host: "127.4.11.193" port: 41347 } } peers { permanent_uuid: "ee00ed6d1e1d48a3916ad826887f18bb" member_type: VOTER last_known_addr { host: "127.4.11.194" port: 34705 } } peers { permanent_uuid: "6f763b14326540fda923a0c8020c1d4f" member_type: VOTER last_known_addr { host: "127.4.11.195" port: 34917 } }
I20260709 12:24:35.493819  5518 raft_consensus.cc:3060] T 641af6d921944f57bade7a2d14b87cfb P 6f763b14326540fda923a0c8020c1d4f [term 0 FOLLOWER]: Advancing to term 1
I20260709 12:24:35.495062  5325 raft_consensus.cc:3060] T e1d3a2005c444e2fb87ea9b4980c83ca P 7347e299f7c048bc95d7edf1f7b0e7dc [term 0 FOLLOWER]: Advancing to term 1
I20260709 12:24:35.495412  5528 consensus_queue.cc:1048] T bead464341374759bbc13825d4c8e9a7 P 7347e299f7c048bc95d7edf1f7b0e7dc [LEADER]: Connected to new peer: Peer: permanent_uuid: "6f763b14326540fda923a0c8020c1d4f" member_type: VOTER last_known_addr { host: "127.4.11.195" port: 34917 }, Status: LMP_MISMATCH, Last received: 0.0, Next index: 1, Last known committed idx: 0, Time since last communication: 0.001s
I20260709 12:24:35.499018  5514 ts_tablet_manager.cc:1434] T e1d3a2005c444e2fb87ea9b4980c83ca P 7347e299f7c048bc95d7edf1f7b0e7dc: Time spent starting tablet: real 0.012s	user 0.002s	sys 0.006s
I20260709 12:24:35.500170  5514 tablet_bootstrap.cc:492] T f9abd32ce3fa4451b237129df13ca68d P 7347e299f7c048bc95d7edf1f7b0e7dc: Bootstrap starting.
I20260709 12:24:35.506837  5439 leader_election.cc:304] T 3d5c15d602044e1ebbe61e8c0303a0ad P 6f763b14326540fda923a0c8020c1d4f [CANDIDATE]: Term 1 pre-election: Election decided. Result: candidate won. Election summary: received 3 responses out of 3 voters: 2 yes votes; 1 no votes. yes voters: 6f763b14326540fda923a0c8020c1d4f, 7347e299f7c048bc95d7edf1f7b0e7dc; no voters: ee00ed6d1e1d48a3916ad826887f18bb
I20260709 12:24:35.511611  5518 raft_consensus.cc:2749] T 641af6d921944f57bade7a2d14b87cfb P 6f763b14326540fda923a0c8020c1d4f [term 1 FOLLOWER]: Leader pre-election lost for term 1. Reason: could not achieve majority
I20260709 12:24:35.512128  5514 tablet_bootstrap.cc:654] T f9abd32ce3fa4451b237129df13ca68d P 7347e299f7c048bc95d7edf1f7b0e7dc: Neither blocks nor log segments found. Creating new log.
I20260709 12:24:35.513160  5578 raft_consensus.cc:2804] T 3d5c15d602044e1ebbe61e8c0303a0ad P 6f763b14326540fda923a0c8020c1d4f [term 0 FOLLOWER]: Leader pre-election won for term 1
