I20260709 12:24:36.643220  5472 raft_consensus.cc:2468] T ca51a09d90f44d6382689f2c0f9c1385 P 6f763b14326540fda923a0c8020c1d4f [term 1 FOLLOWER]: Leader election vote request: Granting yes vote for candidate 7347e299f7c048bc95d7edf1f7b0e7dc in term 1.
I20260709 12:24:36.639952  5514 raft_consensus.cc:740] T 6350b6a0962a4d219f9d7e383597d264 P 7347e299f7c048bc95d7edf1f7b0e7dc [term 0 FOLLOWER]: Becoming Follower/Learner. State: Replica: 7347e299f7c048bc95d7edf1f7b0e7dc, State: Initialized, Role: FOLLOWER
I20260709 12:24:36.650878  5514 consensus_queue.cc:260] T 6350b6a0962a4d219f9d7e383597d264 P 7347e299f7c048bc95d7edf1f7b0e7dc [NON_LEADER]: Queue going to NON_LEADER mode. State: All replicated index: 0, Majority replicated index: 0, Committed index: 0, Last appended: 0.0, Last appended by leader: 0, Current term: 0, Majority size: -1, State: 0, Mode: NON_LEADER, active raft config: opid_index: -1 OBSOLETE_local: false peers { permanent_uuid: "7347e299f7c048bc95d7edf1f7b0e7dc" member_type: VOTER last_known_addr { host: "127.4.11.193" port: 41347 } } peers { permanent_uuid: "ee00ed6d1e1d48a3916ad826887f18bb" member_type: VOTER last_known_addr { host: "127.4.11.194" port: 34705 } } peers { permanent_uuid: "6f763b14326540fda923a0c8020c1d4f" member_type: VOTER last_known_addr { host: "127.4.11.195" port: 34917 } }
I20260709 12:24:36.652985  5291 leader_election.cc:304] T ca51a09d90f44d6382689f2c0f9c1385 P 7347e299f7c048bc95d7edf1f7b0e7dc [CANDIDATE]: Term 1 election: Election decided. Result: candidate won. Election summary: received 3 responses out of 3 voters: 2 yes votes; 1 no votes. yes voters: 6f763b14326540fda923a0c8020c1d4f, 7347e299f7c048bc95d7edf1f7b0e7dc; no voters: ee00ed6d1e1d48a3916ad826887f18bb
I20260709 12:24:36.653841  5516 tablet_bootstrap.cc:654] T 2bd834c34ae3492389264ba3d63eb39f P ee00ed6d1e1d48a3916ad826887f18bb: Neither blocks nor log segments found. Creating new log.
I20260709 12:24:36.657303  5528 raft_consensus.cc:2804] T ca51a09d90f44d6382689f2c0f9c1385 P 7347e299f7c048bc95d7edf1f7b0e7dc [term 1 FOLLOWER]: Leader election won for term 1
I20260709 12:24:36.657769  5528 raft_consensus.cc:697] T ca51a09d90f44d6382689f2c0f9c1385 P 7347e299f7c048bc95d7edf1f7b0e7dc [term 1 LEADER]: Becoming Leader. State: Replica: 7347e299f7c048bc95d7edf1f7b0e7dc, State: Running, Role: LEADER
I20260709 12:24:36.658579  5528 consensus_queue.cc:237] T ca51a09d90f44d6382689f2c0f9c1385 P 7347e299f7c048bc95d7edf1f7b0e7dc [LEADER]: Queue going to LEADER mode. State: All replicated index: 0, Majority replicated index: 0, Committed index: 0, Last appended: 0.0, Last appended by leader: 0, Current term: 1, Majority size: 2, State: 0, Mode: LEADER, active raft config: opid_index: -1 OBSOLETE_local: false peers { permanent_uuid: "7347e299f7c048bc95d7edf1f7b0e7dc" member_type: VOTER last_known_addr { host: "127.4.11.193" port: 41347 } } peers { permanent_uuid: "ee00ed6d1e1d48a3916ad826887f18bb" member_type: VOTER last_known_addr { host: "127.4.11.194" port: 34705 } } peers { permanent_uuid: "6f763b14326540fda923a0c8020c1d4f" member_type: VOTER last_known_addr { host: "127.4.11.195" port: 34917 } }
I20260709 12:24:36.659804  5222 catalog_manager.cc:5697] T 2bd834c34ae3492389264ba3d63eb39f P 7347e299f7c048bc95d7edf1f7b0e7dc reported cstate change: term changed from 0 to 1, leader changed from <none> to 7347e299f7c048bc95d7edf1f7b0e7dc (127.4.11.193). New cstate: current_term: 1 leader_uuid: "7347e299f7c048bc95d7edf1f7b0e7dc" committed_config { opid_index: -1 OBSOLETE_local: false peers { permanent_uuid: "7347e299f7c048bc95d7edf1f7b0e7dc" member_type: VOTER last_known_addr { host: "127.4.11.193" port: 41347 } health_report { overall_health: HEALTHY } } peers { permanent_uuid: "ee00ed6d1e1d48a3916ad826887f18bb" member_type: VOTER last_known_addr { host: "127.4.11.194" port: 34705 } health_report { overall_health: UNKNOWN } } peers { permanent_uuid: "6f763b14326540fda923a0c8020c1d4f" member_type: VOTER last_known_addr { host: "127.4.11.195" port: 34917 } health_report { overall_health: UNKNOWN } } }
I20260709 12:24:36.662675  5515 tablet_bootstrap.cc:492] T d1c20f358e7d46b98ffb02e82bca546b P 6f763b14326540fda923a0c8020c1d4f: No bootstrap required, opened a new log
I20260709 12:24:36.663134  5515 ts_tablet_manager.cc:1403] T d1c20f358e7d46b98ffb02e82bca546b P 6f763b14326540fda923a0c8020c1d4f: Time spent bootstrapping tablet: real 0.066s	user 0.016s	sys 0.000s
I20260709 12:24:36.664410  5514 ts_tablet_manager.cc:1434] T 6350b6a0962a4d219f9d7e383597d264 P 7347e299f7c048bc95d7edf1f7b0e7dc: Time spent starting tablet: real 0.046s	user 0.002s	sys 0.004s
I20260709 12:24:36.665349  5514 tablet_bootstrap.cc:492] T 2d1a42921cf24368ab1f71bbf4f6da67 P 7347e299f7c048bc95d7edf1f7b0e7dc: Bootstrap starting.
I20260709 12:24:36.667273  5515 raft_consensus.cc:359] T d1c20f358e7d46b98ffb02e82bca546b P 6f763b14326540fda923a0c8020c1d4f [term 0 FOLLOWER]: Replica starting. Triggering 0 pending ops. Active config: opid_index: -1 OBSOLETE_local: false peers { permanent_uuid: "7347e299f7c048bc95d7edf1f7b0e7dc" member_type: VOTER last_known_addr { host: "127.4.11.193" port: 41347 } } peers { permanent_uuid: "ee00ed6d1e1d48a3916ad826887f18bb" member_type: VOTER last_known_addr { host: "127.4.11.194" port: 34705 } } peers { permanent_uuid: "6f763b14326540fda923a0c8020c1d4f" member_type: VOTER last_known_addr { host: "127.4.11.195" port: 34917 } }
I20260709 12:24:36.667949  5515 raft_consensus.cc:385] T d1c20f358e7d46b98ffb02e82bca546b P 6f763b14326540fda923a0c8020c1d4f [term 0 FOLLOWER]: Consensus starting up: Expiring failure detector timer to make a prompt election more likely
I20260709 12:24:36.668243  5515 raft_consensus.cc:740] T d1c20f358e7d46b98ffb02e82bca546b P 6f763b14326540fda923a0c8020c1d4f [term 0 FOLLOWER]: Becoming Follower/Learner. State: Replica: 6f763b14326540fda923a0c8020c1d4f, State: Initialized, Role: FOLLOWER
I20260709 12:24:36.668993  5515 consensus_queue.cc:260] T d1c20f358e7d46b98ffb02e82bca546b P 6f763b14326540fda923a0c8020c1d4f [NON_LEADER]: Queue going to NON_LEADER mode. State: All replicated index: 0, Majority replicated index: 0, Committed index: 0, Last appended: 0.0, Last appended by leader: 0, Current term: 0, Majority size: -1, State: 0, Mode: NON_LEADER, active raft config: opid_index: -1 OBSOLETE_local: false peers { permanent_uuid: "7347e299f7c048bc95d7edf1f7b0e7dc" member_type: VOTER last_known_addr { host: "127.4.11.193" port: 41347 } } peers { permanent_uuid: "ee00ed6d1e1d48a3916ad826887f18bb" member_type: VOTER last_known_addr { host: "127.4.11.194" port: 34705 } } peers { permanent_uuid: "6f763b14326540fda923a0c8020c1d4f" member_type: VOTER last_known_addr { host: "127.4.11.195" port: 34917 } }
I20260709 12:24:36.670991  5515 ts_tablet_manager.cc:1434] T d1c20f358e7d46b98ffb02e82bca546b P 6f763b14326540fda923a0c8020c1d4f: Time spent starting tablet: real 0.008s	user 0.006s	sys 0.000s
I20260709 12:24:36.671931  5515 tablet_bootstrap.cc:492] T 7f20f3a9d0244a6cb3b7e347b106857a P 6f763b14326540fda923a0c8020c1d4f: Bootstrap starting.
I20260709 12:24:36.679844  5222 catalog_manager.cc:5697] T ca51a09d90f44d6382689f2c0f9c1385 P 7347e299f7c048bc95d7edf1f7b0e7dc reported cstate change: term changed from 0 to 1, leader changed from <none> to 7347e299f7c048bc95d7edf1f7b0e7dc (127.4.11.193). New cstate: current_term: 1 leader_uuid: "7347e299f7c048bc95d7edf1f7b0e7dc" committed_config { opid_index: -1 OBSOLETE_local: false peers { permanent_uuid: "7347e299f7c048bc95d7edf1f7b0e7dc" member_type: VOTER last_known_addr { host: "127.4.11.193" port: 41347 } health_report { overall_health: HEALTHY } } peers { permanent_uuid: "ee00ed6d1e1d48a3916ad826887f18bb" member_type: VOTER last_known_addr { host: "127.4.11.194" port: 34705 } health_report { overall_health: UNKNOWN } } peers { permanent_uuid: "6f763b14326540fda923a0c8020c1d4f" member_type: VOTER last_known_addr { host: "127.4.11.195" port: 34917 } health_report { overall_health: UNKNOWN } } }
I20260709 12:24:36.681838  5515 tablet_bootstrap.cc:654] T 7f20f3a9d0244a6cb3b7e347b106857a P 6f763b14326540fda923a0c8020c1d4f: Neither blocks nor log segments found. Creating new log.
I20260709 12:24:36.682258  5514 tablet_bootstrap.cc:654] T 2d1a42921cf24368ab1f71bbf4f6da67 P 7347e299f7c048bc95d7edf1f7b0e7dc: Neither blocks nor log segments found. Creating new log.
I20260709 12:24:36.683420  5516 tablet_bootstrap.cc:492] T 2bd834c34ae3492389264ba3d63eb39f P ee00ed6d1e1d48a3916ad826887f18bb: No bootstrap required, opened a new log
I20260709 12:24:36.683892  5516 ts_tablet_manager.cc:1403] T 2bd834c34ae3492389264ba3d63eb39f P ee00ed6d1e1d48a3916ad826887f18bb: Time spent bootstrapping tablet: real 0.085s	user 0.010s	sys 0.000s
I20260709 12:24:36.687121  5516 raft_consensus.cc:359] T 2bd834c34ae3492389264ba3d63eb39f P ee00ed6d1e1d48a3916ad826887f18bb [term 0 FOLLOWER]: Replica starting. Triggering 0 pending ops. Active config: opid_index: -1 OBSOLETE_local: false peers { permanent_uuid: "7347e299f7c048bc95d7edf1f7b0e7dc" member_type: VOTER last_known_addr { host: "127.4.11.193" port: 41347 } } peers { permanent_uuid: "ee00ed6d1e1d48a3916ad826887f18bb" member_type: VOTER last_known_addr { host: "127.4.11.194" port: 34705 } } peers { permanent_uuid: "6f763b14326540fda923a0c8020c1d4f" member_type: VOTER last_known_addr { host: "127.4.11.195" port: 34917 } }
I20260709 12:24:36.687733  5516 raft_consensus.cc:385] T 2bd834c34ae3492389264ba3d63eb39f P ee00ed6d1e1d48a3916ad826887f18bb [term 0 FOLLOWER]: Consensus starting up: Expiring failure detector timer to make a prompt election more likely
I20260709 12:24:36.689491  5516 raft_consensus.cc:740] T 2bd834c34ae3492389264ba3d63eb39f P ee00ed6d1e1d48a3916ad826887f18bb [term 0 FOLLOWER]: Becoming Follower/Learner. State: Replica: ee00ed6d1e1d48a3916ad826887f18bb, State: Initialized, Role: FOLLOWER
I20260709 12:24:36.690310  5516 consensus_queue.cc:260] T 2bd834c34ae3492389264ba3d63eb39f P ee00ed6d1e1d48a3916ad826887f18bb [NON_LEADER]: Queue going to NON_LEADER mode. State: All replicated index: 0, Majority replicated index: 0, Committed index: 0, Last appended: 0.0, Last appended by leader: 0, Current term: 0, Majority size: -1, State: 0, Mode: NON_LEADER, active raft config: opid_index: -1 OBSOLETE_local: false peers { permanent_uuid: "7347e299f7c048bc95d7edf1f7b0e7dc" member_type: VOTER last_known_addr { host: "127.4.11.193" port: 41347 } } peers { permanent_uuid: "ee00ed6d1e1d48a3916ad826887f18bb" member_type: VOTER last_known_addr { host: "127.4.11.194" port: 34705 } } peers { permanent_uuid: "6f763b14326540fda923a0c8020c1d4f" member_type: VOTER last_known_addr { host: "127.4.11.195" port: 34917 } }
I20260709 12:24:36.692353  5516 ts_tablet_manager.cc:1434] T 2bd834c34ae3492389264ba3d63eb39f P ee00ed6d1e1d48a3916ad826887f18bb: Time spent starting tablet: real 0.008s	user 0.006s	sys 0.000s
I20260709 12:24:36.693293  5514 tablet_bootstrap.cc:492] T 2d1a42921cf24368ab1f71bbf4f6da67 P 7347e299f7c048bc95d7edf1f7b0e7dc: No bootstrap required, opened a new log
I20260709 12:24:36.693771  5514 ts_tablet_manager.cc:1403] T 2d1a42921cf24368ab1f71bbf4f6da67 P 7347e299f7c048bc95d7edf1f7b0e7dc: Time spent bootstrapping tablet: real 0.029s	user 0.007s	sys 0.005s
I20260709 12:24:36.694119  5516 tablet_bootstrap.cc:492] T ca51a09d90f44d6382689f2c0f9c1385 P ee00ed6d1e1d48a3916ad826887f18bb: Bootstrap starting.
I20260709 12:24:36.694715  5515 tablet_bootstrap.cc:492] T 7f20f3a9d0244a6cb3b7e347b106857a P 6f763b14326540fda923a0c8020c1d4f: No bootstrap required, opened a new log
I20260709 12:24:36.695171  5515 ts_tablet_manager.cc:1403] T 7f20f3a9d0244a6cb3b7e347b106857a P 6f763b14326540fda923a0c8020c1d4f: Time spent bootstrapping tablet: real 0.023s	user 0.010s	sys 0.003s
I20260709 12:24:36.697041  5514 raft_consensus.cc:359] T 2d1a42921cf24368ab1f71bbf4f6da67 P 7347e299f7c048bc95d7edf1f7b0e7dc [term 0 FOLLOWER]: Replica starting. Triggering 0 pending ops. Active config: opid_index: -1 OBSOLETE_local: false peers { permanent_uuid: "7347e299f7c048bc95d7edf1f7b0e7dc" member_type: VOTER last_known_addr { host: "127.4.11.193" port: 41347 } } peers { permanent_uuid: "ee00ed6d1e1d48a3916ad826887f18bb" member_type: VOTER last_known_addr { host: "127.4.11.194" port: 34705 } } peers { permanent_uuid: "6f763b14326540fda923a0c8020c1d4f" member_type: VOTER last_known_addr { host: "127.4.11.195" port: 34917 } }
I20260709 12:24:36.697671  5514 raft_consensus.cc:385] T 2d1a42921cf24368ab1f71bbf4f6da67 P 7347e299f7c048bc95d7edf1f7b0e7dc [term 0 FOLLOWER]: Consensus starting up: Expiring failure detector timer to make a prompt election more likely
I20260709 12:24:36.697949  5514 raft_consensus.cc:740] T 2d1a42921cf24368ab1f71bbf4f6da67 P 7347e299f7c048bc95d7edf1f7b0e7dc [term 0 FOLLOWER]: Becoming Follower/Learner. State: Replica: 7347e299f7c048bc95d7edf1f7b0e7dc, State: Initialized, Role: FOLLOWER
I20260709 12:24:36.698091  5515 raft_consensus.cc:359] T 7f20f3a9d0244a6cb3b7e347b106857a P 6f763b14326540fda923a0c8020c1d4f [term 0 FOLLOWER]: Replica starting. Triggering 0 pending ops. Active config: opid_index: -1 OBSOLETE_local: false peers { permanent_uuid: "7347e299f7c048bc95d7edf1f7b0e7dc" member_type: VOTER last_known_addr { host: "127.4.11.193" port: 41347 } } peers { permanent_uuid: "ee00ed6d1e1d48a3916ad826887f18bb" member_type: VOTER last_known_addr { host: "127.4.11.194" port: 34705 } } peers { permanent_uuid: "6f763b14326540fda923a0c8020c1d4f" member_type: VOTER last_known_addr { host: "127.4.11.195" port: 34917 } }
I20260709 12:24:36.698832  5515 raft_consensus.cc:385] T 7f20f3a9d0244a6cb3b7e347b106857a P 6f763b14326540fda923a0c8020c1d4f [term 0 FOLLOWER]: Consensus starting up: Expiring failure detector timer to make a prompt election more likely
I20260709 12:24:36.698566  5514 consensus_queue.cc:260] T 2d1a42921cf24368ab1f71bbf4f6da67 P 7347e299f7c048bc95d7edf1f7b0e7dc [NON_LEADER]: Queue going to NON_LEADER mode. State: All replicated index: 0, Majority replicated index: 0, Committed index: 0, Last appended: 0.0, Last appended by leader: 0, Current term: 0, Majority size: -1, State: 0, Mode: NON_LEADER, active raft config: opid_index: -1 OBSOLETE_local: false peers { permanent_uuid: "7347e299f7c048bc95d7edf1f7b0e7dc" member_type: VOTER last_known_addr { host: "127.4.11.193" port: 41347 } } peers { permanent_uuid: "ee00ed6d1e1d48a3916ad826887f18bb" member_type: VOTER last_known_addr { host: "127.4.11.194" port: 34705 } } peers { permanent_uuid: "6f763b14326540fda923a0c8020c1d4f" member_type: VOTER last_known_addr { host: "127.4.11.195" port: 34917 } }
I20260709 12:24:36.699090  5515 raft_consensus.cc:740] T 7f20f3a9d0244a6cb3b7e347b106857a P 6f763b14326540fda923a0c8020c1d4f [term 0 FOLLOWER]: Becoming Follower/Learner. State: Replica: 6f763b14326540fda923a0c8020c1d4f, State: Initialized, Role: FOLLOWER
I20260709 12:24:36.699827  5515 consensus_queue.cc:260] T 7f20f3a9d0244a6cb3b7e347b106857a P 6f763b14326540fda923a0c8020c1d4f [NON_LEADER]: Queue going to NON_LEADER mode. State: All replicated index: 0, Majority replicated index: 0, Committed index: 0, Last appended: 0.0, Last appended by leader: 0, Current term: 0, Majority size: -1, State: 0, Mode: NON_LEADER, active raft config: opid_index: -1 OBSOLETE_local: false peers { permanent_uuid: "7347e299f7c048bc95d7edf1f7b0e7dc" member_type: VOTER last_known_addr { host: "127.4.11.193" port: 41347 } } peers { permanent_uuid: "ee00ed6d1e1d48a3916ad826887f18bb" member_type: VOTER last_known_addr { host: "127.4.11.194" port: 34705 } } peers { permanent_uuid: "6f763b14326540fda923a0c8020c1d4f" member_type: VOTER last_known_addr { host: "127.4.11.195" port: 34917 } }
I20260709 12:24:36.700526  5514 ts_tablet_manager.cc:1434] T 2d1a42921cf24368ab1f71bbf4f6da67 P 7347e299f7c048bc95d7edf1f7b0e7dc: Time spent starting tablet: real 0.006s	user 0.001s	sys 0.003s
I20260709 12:24:36.700852  5516 tablet_bootstrap.cc:654] T ca51a09d90f44d6382689f2c0f9c1385 P ee00ed6d1e1d48a3916ad826887f18bb: Neither blocks nor log segments found. Creating new log.
I20260709 12:24:36.701798  5514 tablet_bootstrap.cc:492] T e993a27e48f740b1b525ab0430a86f8d P 7347e299f7c048bc95d7edf1f7b0e7dc: Bootstrap starting.
I20260709 12:24:36.709775  5515 ts_tablet_manager.cc:1434] T 7f20f3a9d0244a6cb3b7e347b106857a P 6f763b14326540fda923a0c8020c1d4f: Time spent starting tablet: real 0.014s	user 0.004s	sys 0.003s
I20260709 12:24:36.711875  5514 tablet_bootstrap.cc:654] T e993a27e48f740b1b525ab0430a86f8d P 7347e299f7c048bc95d7edf1f7b0e7dc: Neither blocks nor log segments found. Creating new log.
I20260709 12:24:36.714243  5515 tablet_bootstrap.cc:492] T 0286cd2a6c91419293bc4e4b62e22680 P 6f763b14326540fda923a0c8020c1d4f: Bootstrap starting.
I20260709 12:24:36.722651  5515 tablet_bootstrap.cc:654] T 0286cd2a6c91419293bc4e4b62e22680 P 6f763b14326540fda923a0c8020c1d4f: Neither blocks nor log segments found. Creating new log.
I20260709 12:24:36.727950  5516 tablet_bootstrap.cc:492] T ca51a09d90f44d6382689f2c0f9c1385 P ee00ed6d1e1d48a3916ad826887f18bb: No bootstrap required, opened a new log
I20260709 12:24:36.728350  5516 ts_tablet_manager.cc:1403] T ca51a09d90f44d6382689f2c0f9c1385 P ee00ed6d1e1d48a3916ad826887f18bb: Time spent bootstrapping tablet: real 0.034s	user 0.016s	sys 0.014s
I20260709 12:24:36.730890  5516 raft_consensus.cc:359] T ca51a09d90f44d6382689f2c0f9c1385 P ee00ed6d1e1d48a3916ad826887f18bb [term 0 FOLLOWER]: Replica starting. Triggering 0 pending ops. Active config: opid_index: -1 OBSOLETE_local: false peers { permanent_uuid: "7347e299f7c048bc95d7edf1f7b0e7dc" member_type: VOTER last_known_addr { host: "127.4.11.193" port: 41347 } } peers { permanent_uuid: "ee00ed6d1e1d48a3916ad826887f18bb" member_type: VOTER last_known_addr { host: "127.4.11.194" port: 34705 } } peers { permanent_uuid: "6f763b14326540fda923a0c8020c1d4f" member_type: VOTER last_known_addr { host: "127.4.11.195" port: 34917 } }
I20260709 12:24:36.731541  5516 raft_consensus.cc:385] T ca51a09d90f44d6382689f2c0f9c1385 P ee00ed6d1e1d48a3916ad826887f18bb [term 0 FOLLOWER]: Consensus starting up: Expiring failure detector timer to make a prompt election more likely
I20260709 12:24:36.731812  5516 raft_consensus.cc:740] T ca51a09d90f44d6382689f2c0f9c1385 P ee00ed6d1e1d48a3916ad826887f18bb [term 0 FOLLOWER]: Becoming Follower/Learner. State: Replica: ee00ed6d1e1d48a3916ad826887f18bb, State: Initialized, Role: FOLLOWER
I20260709 12:24:36.731999  5515 tablet_bootstrap.cc:492] T 0286cd2a6c91419293bc4e4b62e22680 P 6f763b14326540fda923a0c8020c1d4f: No bootstrap required, opened a new log
I20260709 12:24:36.732671  5514 tablet_bootstrap.cc:492] T e993a27e48f740b1b525ab0430a86f8d P 7347e299f7c048bc95d7edf1f7b0e7dc: No bootstrap required, opened a new log
I20260709 12:24:36.732473  5516 consensus_queue.cc:260] T ca51a09d90f44d6382689f2c0f9c1385 P ee00ed6d1e1d48a3916ad826887f18bb [NON_LEADER]: Queue going to NON_LEADER mode. State: All replicated index: 0, Majority replicated index: 0, Committed index: 0, Last appended: 0.0, Last appended by leader: 0, Current term: 0, Majority size: -1, State: 0, Mode: NON_LEADER, active raft config: opid_index: -1 OBSOLETE_local: false peers { permanent_uuid: "7347e299f7c048bc95d7edf1f7b0e7dc" member_type: VOTER last_known_addr { host: "127.4.11.193" port: 41347 } } peers { permanent_uuid: "ee00ed6d1e1d48a3916ad826887f18bb" member_type: VOTER last_known_addr { host: "127.4.11.194" port: 34705 } } peers { permanent_uuid: "6f763b14326540fda923a0c8020c1d4f" member_type: VOTER last_known_addr { host: "127.4.11.195" port: 34917 } }
I20260709 12:24:36.733179  5514 ts_tablet_manager.cc:1403] T e993a27e48f740b1b525ab0430a86f8d P 7347e299f7c048bc95d7edf1f7b0e7dc: Time spent bootstrapping tablet: real 0.032s	user 0.009s	sys 0.012s
I20260709 12:24:36.734454  5516 ts_tablet_manager.cc:1434] T ca51a09d90f44d6382689f2c0f9c1385 P ee00ed6d1e1d48a3916ad826887f18bb: Time spent starting tablet: real 0.006s	user 0.007s	sys 0.000s
I20260709 12:24:36.735669  5516 tablet_bootstrap.cc:492] T 0286cd2a6c91419293bc4e4b62e22680 P ee00ed6d1e1d48a3916ad826887f18bb: Bootstrap starting.
I20260709 12:24:36.735669  5514 raft_consensus.cc:359] T e993a27e48f740b1b525ab0430a86f8d P 7347e299f7c048bc95d7edf1f7b0e7dc [term 0 FOLLOWER]: Replica starting. Triggering 0 pending ops. Active config: opid_index: -1 OBSOLETE_local: false peers { permanent_uuid: "7347e299f7c048bc95d7edf1f7b0e7dc" member_type: VOTER last_known_addr { host: "127.4.11.193" port: 41347 } } peers { permanent_uuid: "ee00ed6d1e1d48a3916ad826887f18bb" member_type: VOTER last_known_addr { host: "127.4.11.194" port: 34705 } } peers { permanent_uuid: "6f763b14326540fda923a0c8020c1d4f" member_type: VOTER last_known_addr { host: "127.4.11.195" port: 34917 } }
I20260709 12:24:36.736531  5514 raft_consensus.cc:385] T e993a27e48f740b1b525ab0430a86f8d P 7347e299f7c048bc95d7edf1f7b0e7dc [term 0 FOLLOWER]: Consensus starting up: Expiring failure detector timer to make a prompt election more likely
I20260709 12:24:36.736828  5514 raft_consensus.cc:740] T e993a27e48f740b1b525ab0430a86f8d P 7347e299f7c048bc95d7edf1f7b0e7dc [term 0 FOLLOWER]: Becoming Follower/Learner. State: Replica: 7347e299f7c048bc95d7edf1f7b0e7dc, State: Initialized, Role: FOLLOWER
I20260709 12:24:36.737820  5514 consensus_queue.cc:260] T e993a27e48f740b1b525ab0430a86f8d P 7347e299f7c048bc95d7edf1f7b0e7dc [NON_LEADER]: Queue going to NON_LEADER mode. State: All replicated index: 0, Majority replicated index: 0, Committed index: 0, Last appended: 0.0, Last appended by leader: 0, Current term: 0, Majority size: -1, State: 0, Mode: NON_LEADER, active raft config: opid_index: -1 OBSOLETE_local: false peers { permanent_uuid: "7347e299f7c048bc95d7edf1f7b0e7dc" member_type: VOTER last_known_addr { host: "127.4.11.193" port: 41347 } } peers { permanent_uuid: "ee00ed6d1e1d48a3916ad826887f18bb" member_type: VOTER last_known_addr { host: "127.4.11.194" port: 34705 } } peers { permanent_uuid: "6f763b14326540fda923a0c8020c1d4f" member_type: VOTER last_known_addr { host: "127.4.11.195" port: 34917 } }
I20260709 12:24:36.741443  5516 tablet_bootstrap.cc:654] T 0286cd2a6c91419293bc4e4b62e22680 P ee00ed6d1e1d48a3916ad826887f18bb: Neither blocks nor log segments found. Creating new log.
I20260709 12:24:36.744947  5514 ts_tablet_manager.cc:1434] T e993a27e48f740b1b525ab0430a86f8d P 7347e299f7c048bc95d7edf1f7b0e7dc: Time spent starting tablet: real 0.011s	user 0.004s	sys 0.000s
I20260709 12:24:36.746206  5514 tablet_bootstrap.cc:492] T 786f6deacf714043b63c2e615948c64e P 7347e299f7c048bc95d7edf1f7b0e7dc: Bootstrap starting.
I20260709 12:24:36.732911  5515 ts_tablet_manager.cc:1403] T 0286cd2a6c91419293bc4e4b62e22680 P 6f763b14326540fda923a0c8020c1d4f: Time spent bootstrapping tablet: real 0.019s	user 0.011s	sys 0.000s
I20260709 12:24:36.751927  5515 raft_consensus.cc:359] T 0286cd2a6c91419293bc4e4b62e22680 P 6f763b14326540fda923a0c8020c1d4f [term 0 FOLLOWER]: Replica starting. Triggering 0 pending ops. Active config: opid_index: -1 OBSOLETE_local: false peers { permanent_uuid: "7347e299f7c048bc95d7edf1f7b0e7dc" member_type: VOTER last_known_addr { host: "127.4.11.193" port: 41347 } } peers { permanent_uuid: "ee00ed6d1e1d48a3916ad826887f18bb" member_type: VOTER last_known_addr { host: "127.4.11.194" port: 34705 } } peers { permanent_uuid: "6f763b14326540fda923a0c8020c1d4f" member_type: VOTER last_known_addr { host: "127.4.11.195" port: 34917 } }
I20260709 12:24:36.752563  5515 raft_consensus.cc:385] T 0286cd2a6c91419293bc4e4b62e22680 P 6f763b14326540fda923a0c8020c1d4f [term 0 FOLLOWER]: Consensus starting up: Expiring failure detector timer to make a prompt election more likely
I20260709 12:24:36.752836  5515 raft_consensus.cc:740] T 0286cd2a6c91419293bc4e4b62e22680 P 6f763b14326540fda923a0c8020c1d4f [term 0 FOLLOWER]: Becoming Follower/Learner. State: Replica: 6f763b14326540fda923a0c8020c1d4f, State: Initialized, Role: FOLLOWER
I20260709 12:24:36.753450  5515 consensus_queue.cc:260] T 0286cd2a6c91419293bc4e4b62e22680 P 6f763b14326540fda923a0c8020c1d4f [NON_LEADER]: Queue going to NON_LEADER mode. State: All replicated index: 0, Majority replicated index: 0, Committed index: 0, Last appended: 0.0, Last appended by leader: 0, Current term: 0, Majority size: -1, State: 0, Mode: NON_LEADER, active raft config: opid_index: -1 OBSOLETE_local: false peers { permanent_uuid: "7347e299f7c048bc95d7edf1f7b0e7dc" member_type: VOTER last_known_addr { host: "127.4.11.193" port: 41347 } } peers { permanent_uuid: "ee00ed6d1e1d48a3916ad826887f18bb" member_type: VOTER last_known_addr { host: "127.4.11.194" port: 34705 } } peers { permanent_uuid: "6f763b14326540fda923a0c8020c1d4f" member_type: VOTER last_known_addr { host: "127.4.11.195" port: 34917 } }
I20260709 12:24:36.755448  5515 ts_tablet_manager.cc:1434] T 0286cd2a6c91419293bc4e4b62e22680 P 6f763b14326540fda923a0c8020c1d4f: Time spent starting tablet: real 0.006s	user 0.004s	sys 0.000s
I20260709 12:24:36.756336  5515 tablet_bootstrap.cc:492] T 6350b6a0962a4d219f9d7e383597d264 P 6f763b14326540fda923a0c8020c1d4f: Bootstrap starting.
I20260709 12:24:36.760229  5514 tablet_bootstrap.cc:654] T 786f6deacf714043b63c2e615948c64e P 7347e299f7c048bc95d7edf1f7b0e7dc: Neither blocks nor log segments found. Creating new log.
I20260709 12:24:36.762784  5516 tablet_bootstrap.cc:492] T 0286cd2a6c91419293bc4e4b62e22680 P ee00ed6d1e1d48a3916ad826887f18bb: No bootstrap required, opened a new log
I20260709 12:24:36.763235  5516 ts_tablet_manager.cc:1403] T 0286cd2a6c91419293bc4e4b62e22680 P ee00ed6d1e1d48a3916ad826887f18bb: Time spent bootstrapping tablet: real 0.028s	user 0.009s	sys 0.007s
I20260709 12:24:36.763563  5515 tablet_bootstrap.cc:654] T 6350b6a0962a4d219f9d7e383597d264 P 6f763b14326540fda923a0c8020c1d4f: Neither blocks nor log segments found. Creating new log.
I20260709 12:24:36.765829  5516 raft_consensus.cc:359] T 0286cd2a6c91419293bc4e4b62e22680 P ee00ed6d1e1d48a3916ad826887f18bb [term 0 FOLLOWER]: Replica starting. Triggering 0 pending ops. Active config: opid_index: -1 OBSOLETE_local: false peers { permanent_uuid: "7347e299f7c048bc95d7edf1f7b0e7dc" member_type: VOTER last_known_addr { host: "127.4.11.193" port: 41347 } } peers { permanent_uuid: "ee00ed6d1e1d48a3916ad826887f18bb" member_type: VOTER last_known_addr { host: "127.4.11.194" port: 34705 } } peers { permanent_uuid: "6f763b14326540fda923a0c8020c1d4f" member_type: VOTER last_known_addr { host: "127.4.11.195" port: 34917 } }
I20260709 12:24:36.766515  5516 raft_consensus.cc:385] T 0286cd2a6c91419293bc4e4b62e22680 P ee00ed6d1e1d48a3916ad826887f18bb [term 0 FOLLOWER]: Consensus starting up: Expiring failure detector timer to make a prompt election more likely
I20260709 12:24:36.766806  5516 raft_consensus.cc:740] T 0286cd2a6c91419293bc4e4b62e22680 P ee00ed6d1e1d48a3916ad826887f18bb [term 0 FOLLOWER]: Becoming Follower/Learner. State: Replica: ee00ed6d1e1d48a3916ad826887f18bb, State: Initialized, Role: FOLLOWER
I20260709 12:24:36.767678  5516 consensus_queue.cc:260] T 0286cd2a6c91419293bc4e4b62e22680 P ee00ed6d1e1d48a3916ad826887f18bb [NON_LEADER]: Queue going to NON_LEADER mode. State: All replicated index: 0, Majority replicated index: 0, Committed index: 0, Last appended: 0.0, Last appended by leader: 0, Current term: 0, Majority size: -1, State: 0, Mode: NON_LEADER, active raft config: opid_index: -1 OBSOLETE_local: false peers { permanent_uuid: "7347e299f7c048bc95d7edf1f7b0e7dc" member_type: VOTER last_known_addr { host: "127.4.11.193" port: 41347 } } peers { permanent_uuid: "ee00ed6d1e1d48a3916ad826887f18bb" member_type: VOTER last_known_addr { host: "127.4.11.194" port: 34705 } } peers { permanent_uuid: "6f763b14326540fda923a0c8020c1d4f" member_type: VOTER last_known_addr { host: "127.4.11.195" port: 34917 } }
I20260709 12:24:36.770467  5515 tablet_bootstrap.cc:492] T 6350b6a0962a4d219f9d7e383597d264 P 6f763b14326540fda923a0c8020c1d4f: No bootstrap required, opened a new log
I20260709 12:24:36.770880  5515 ts_tablet_manager.cc:1403] T 6350b6a0962a4d219f9d7e383597d264 P 6f763b14326540fda923a0c8020c1d4f: Time spent bootstrapping tablet: real 0.015s	user 0.011s	sys 0.000s
I20260709 12:24:36.772157  5516 ts_tablet_manager.cc:1434] T 0286cd2a6c91419293bc4e4b62e22680 P ee00ed6d1e1d48a3916ad826887f18bb: Time spent starting tablet: real 0.009s	user 0.007s	sys 0.000s
I20260709 12:24:36.773036  5516 tablet_bootstrap.cc:492] T d1c20f358e7d46b98ffb02e82bca546b P ee00ed6d1e1d48a3916ad826887f18bb: Bootstrap starting.
I20260709 12:24:36.773654  5514 tablet_bootstrap.cc:492] T 786f6deacf714043b63c2e615948c64e P 7347e299f7c048bc95d7edf1f7b0e7dc: No bootstrap required, opened a new log
I20260709 12:24:36.773412  5515 raft_consensus.cc:359] T 6350b6a0962a4d219f9d7e383597d264 P 6f763b14326540fda923a0c8020c1d4f [term 0 FOLLOWER]: Replica starting. Triggering 0 pending ops. Active config: opid_index: -1 OBSOLETE_local: false peers { permanent_uuid: "7347e299f7c048bc95d7edf1f7b0e7dc" member_type: VOTER last_known_addr { host: "127.4.11.193" port: 41347 } } peers { permanent_uuid: "ee00ed6d1e1d48a3916ad826887f18bb" member_type: VOTER last_known_addr { host: "127.4.11.194" port: 34705 } } peers { permanent_uuid: "6f763b14326540fda923a0c8020c1d4f" member_type: VOTER last_known_addr { host: "127.4.11.195" port: 34917 } }
I20260709 12:24:36.774076  5515 raft_consensus.cc:385] T 6350b6a0962a4d219f9d7e383597d264 P 6f763b14326540fda923a0c8020c1d4f [term 0 FOLLOWER]: Consensus starting up: Expiring failure detector timer to make a prompt election more likely
I20260709 12:24:36.774175  5514 ts_tablet_manager.cc:1403] T 786f6deacf714043b63c2e615948c64e P 7347e299f7c048bc95d7edf1f7b0e7dc: Time spent bootstrapping tablet: real 0.028s	user 0.013s	sys 0.001s
I20260709 12:24:36.774353  5515 raft_consensus.cc:740] T 6350b6a0962a4d219f9d7e383597d264 P 6f763b14326540fda923a0c8020c1d4f [term 0 FOLLOWER]: Becoming Follower/Learner. State: Replica: 6f763b14326540fda923a0c8020c1d4f, State: Initialized, Role: FOLLOWER
I20260709 12:24:36.775113  5515 consensus_queue.cc:260] T 6350b6a0962a4d219f9d7e383597d264 P 6f763b14326540fda923a0c8020c1d4f [NON_LEADER]: Queue going to NON_LEADER mode. State: All replicated index: 0, Majority replicated index: 0, Committed index: 0, Last appended: 0.0, Last appended by leader: 0, Current term: 0, Majority size: -1, State: 0, Mode: NON_LEADER, active raft config: opid_index: -1 OBSOLETE_local: false peers { permanent_uuid: "7347e299f7c048bc95d7edf1f7b0e7dc" member_type: VOTER last_known_addr { host: "127.4.11.193" port: 41347 } } peers { permanent_uuid: "ee00ed6d1e1d48a3916ad826887f18bb" member_type: VOTER last_known_addr { host: "127.4.11.194" port: 34705 } } peers { permanent_uuid: "6f763b14326540fda923a0c8020c1d4f" member_type: VOTER last_known_addr { host: "127.4.11.195" port: 34917 } }
I20260709 12:24:36.777060  5515 ts_tablet_manager.cc:1434] T 6350b6a0962a4d219f9d7e383597d264 P 6f763b14326540fda923a0c8020c1d4f: Time spent starting tablet: real 0.006s	user 0.005s	sys 0.000s
I20260709 12:24:36.777261  5514 raft_consensus.cc:359] T 786f6deacf714043b63c2e615948c64e P 7347e299f7c048bc95d7edf1f7b0e7dc [term 0 FOLLOWER]: Replica starting. Triggering 0 pending ops. Active config: opid_index: -1 OBSOLETE_local: false peers { permanent_uuid: "7347e299f7c048bc95d7edf1f7b0e7dc" member_type: VOTER last_known_addr { host: "127.4.11.193" port: 41347 } } peers { permanent_uuid: "ee00ed6d1e1d48a3916ad826887f18bb" member_type: VOTER last_known_addr { host: "127.4.11.194" port: 34705 } } peers { permanent_uuid: "6f763b14326540fda923a0c8020c1d4f" member_type: VOTER last_known_addr { host: "127.4.11.195" port: 34917 } }
I20260709 12:24:36.777942  5514 raft_consensus.cc:385] T 786f6deacf714043b63c2e615948c64e P 7347e299f7c048bc95d7edf1f7b0e7dc [term 0 FOLLOWER]: Consensus starting up: Expiring failure detector timer to make a prompt election more likely
I20260709 12:24:36.778196  5514 raft_consensus.cc:740] T 786f6deacf714043b63c2e615948c64e P 7347e299f7c048bc95d7edf1f7b0e7dc [term 0 FOLLOWER]: Becoming Follower/Learner. State: Replica: 7347e299f7c048bc95d7edf1f7b0e7dc, State: Initialized, Role: FOLLOWER
I20260709 12:24:36.778810  5514 consensus_queue.cc:260] T 786f6deacf714043b63c2e615948c64e P 7347e299f7c048bc95d7edf1f7b0e7dc [NON_LEADER]: Queue going to NON_LEADER mode. State: All replicated index: 0, Majority replicated index: 0, Committed index: 0, Last appended: 0.0, Last appended by leader: 0, Current term: 0, Majority size: -1, State: 0, Mode: NON_LEADER, active raft config: opid_index: -1 OBSOLETE_local: false peers { permanent_uuid: "7347e299f7c048bc95d7edf1f7b0e7dc" member_type: VOTER last_known_addr { host: "127.4.11.193" port: 41347 } } peers { permanent_uuid: "ee00ed6d1e1d48a3916ad826887f18bb" member_type: VOTER last_known_addr { host: "127.4.11.194" port: 34705 } } peers { permanent_uuid: "6f763b14326540fda923a0c8020c1d4f" member_type: VOTER last_known_addr { host: "127.4.11.195" port: 34917 } }
I20260709 12:24:36.780103  5516 tablet_bootstrap.cc:654] T d1c20f358e7d46b98ffb02e82bca546b P ee00ed6d1e1d48a3916ad826887f18bb: Neither blocks nor log segments found. Creating new log.
I20260709 12:24:36.780892  5514 ts_tablet_manager.cc:1434] T 786f6deacf714043b63c2e615948c64e P 7347e299f7c048bc95d7edf1f7b0e7dc: Time spent starting tablet: real 0.006s	user 0.006s	sys 0.000s
I20260709 12:24:36.782212  5515 tablet_bootstrap.cc:492] T 3e70bc637ade4102b1a1cae91a285a56 P 6f763b14326540fda923a0c8020c1d4f: Bootstrap starting.
I20260709 12:24:36.784543  5514 tablet_bootstrap.cc:492] T 0286cd2a6c91419293bc4e4b62e22680 P 7347e299f7c048bc95d7edf1f7b0e7dc: Bootstrap starting.
I20260709 12:24:36.792163  5515 tablet_bootstrap.cc:654] T 3e70bc637ade4102b1a1cae91a285a56 P 6f763b14326540fda923a0c8020c1d4f: Neither blocks nor log segments found. Creating new log.
I20260709 12:24:36.794327  5514 tablet_bootstrap.cc:654] T 0286cd2a6c91419293bc4e4b62e22680 P 7347e299f7c048bc95d7edf1f7b0e7dc: Neither blocks nor log segments found. Creating new log.
I20260709 12:24:36.814011  5514 tablet_bootstrap.cc:492] T 0286cd2a6c91419293bc4e4b62e22680 P 7347e299f7c048bc95d7edf1f7b0e7dc: No bootstrap required, opened a new log
I20260709 12:24:36.814014  5515 tablet_bootstrap.cc:492] T 3e70bc637ade4102b1a1cae91a285a56 P 6f763b14326540fda923a0c8020c1d4f: No bootstrap required, opened a new log
I20260709 12:24:36.814555  5515 ts_tablet_manager.cc:1403] T 3e70bc637ade4102b1a1cae91a285a56 P 6f763b14326540fda923a0c8020c1d4f: Time spent bootstrapping tablet: real 0.032s	user 0.017s	sys 0.000s
I20260709 12:24:36.814555  5514 ts_tablet_manager.cc:1403] T 0286cd2a6c91419293bc4e4b62e22680 P 7347e299f7c048bc95d7edf1f7b0e7dc: Time spent bootstrapping tablet: real 0.030s	user 0.022s	sys 0.002s
I20260709 12:24:36.817265  5514 raft_consensus.cc:359] T 0286cd2a6c91419293bc4e4b62e22680 P 7347e299f7c048bc95d7edf1f7b0e7dc [term 0 FOLLOWER]: Replica starting. Triggering 0 pending ops. Active config: opid_index: -1 OBSOLETE_local: false peers { permanent_uuid: "7347e299f7c048bc95d7edf1f7b0e7dc" member_type: VOTER last_known_addr { host: "127.4.11.193" port: 41347 } } peers { permanent_uuid: "ee00ed6d1e1d48a3916ad826887f18bb" member_type: VOTER last_known_addr { host: "127.4.11.194" port: 34705 } } peers { permanent_uuid: "6f763b14326540fda923a0c8020c1d4f" member_type: VOTER last_known_addr { host: "127.4.11.195" port: 34917 } }
I20260709 12:24:36.817400  5515 raft_consensus.cc:359] T 3e70bc637ade4102b1a1cae91a285a56 P 6f763b14326540fda923a0c8020c1d4f [term 0 FOLLOWER]: Replica starting. Triggering 0 pending ops. Active config: opid_index: -1 OBSOLETE_local: false peers { permanent_uuid: "7347e299f7c048bc95d7edf1f7b0e7dc" member_type: VOTER last_known_addr { host: "127.4.11.193" port: 41347 } } peers { permanent_uuid: "ee00ed6d1e1d48a3916ad826887f18bb" member_type: VOTER last_known_addr { host: "127.4.11.194" port: 34705 } } peers { permanent_uuid: "6f763b14326540fda923a0c8020c1d4f" member_type: VOTER last_known_addr { host: "127.4.11.195" port: 34917 } }
I20260709 12:24:36.817981  5514 raft_consensus.cc:385] T 0286cd2a6c91419293bc4e4b62e22680 P 7347e299f7c048bc95d7edf1f7b0e7dc [term 0 FOLLOWER]: Consensus starting up: Expiring failure detector timer to make a prompt election more likely
I20260709 12:24:36.818007  5515 raft_consensus.cc:385] T 3e70bc637ade4102b1a1cae91a285a56 P 6f763b14326540fda923a0c8020c1d4f [term 0 FOLLOWER]: Consensus starting up: Expiring failure detector timer to make a prompt election more likely
I20260709 12:24:36.818399  5514 raft_consensus.cc:740] T 0286cd2a6c91419293bc4e4b62e22680 P 7347e299f7c048bc95d7edf1f7b0e7dc [term 0 FOLLOWER]: Becoming Follower/Learner. State: Replica: 7347e299f7c048bc95d7edf1f7b0e7dc, State: Initialized, Role: FOLLOWER
I20260709 12:24:36.818431  5515 raft_consensus.cc:740] T 3e70bc637ade4102b1a1cae91a285a56 P 6f763b14326540fda923a0c8020c1d4f [term 0 FOLLOWER]: Becoming Follower/Learner. State: Replica: 6f763b14326540fda923a0c8020c1d4f, State: Initialized, Role: FOLLOWER
I20260709 12:24:36.818728  5516 tablet_bootstrap.cc:492] T d1c20f358e7d46b98ffb02e82bca546b P ee00ed6d1e1d48a3916ad826887f18bb: No bootstrap required, opened a new log
I20260709 12:24:36.819216  5516 ts_tablet_manager.cc:1403] T d1c20f358e7d46b98ffb02e82bca546b P ee00ed6d1e1d48a3916ad826887f18bb: Time spent bootstrapping tablet: real 0.046s	user 0.016s	sys 0.024s
I20260709 12:24:36.819258  5514 consensus_queue.cc:260] T 0286cd2a6c91419293bc4e4b62e22680 P 7347e299f7c048bc95d7edf1f7b0e7dc [NON_LEADER]: Queue going to NON_LEADER mode. State: All replicated index: 0, Majority replicated index: 0, Committed index: 0, Last appended: 0.0, Last appended by leader: 0, Current term: 0, Majority size: -1, State: 0, Mode: NON_LEADER, active raft config: opid_index: -1 OBSOLETE_local: false peers { permanent_uuid: "7347e299f7c048bc95d7edf1f7b0e7dc" member_type: VOTER last_known_addr { host: "127.4.11.193" port: 41347 } } peers { permanent_uuid: "ee00ed6d1e1d48a3916ad826887f18bb" member_type: VOTER last_known_addr { host: "127.4.11.194" port: 34705 } } peers { permanent_uuid: "6f763b14326540fda923a0c8020c1d4f" member_type: VOTER last_known_addr { host: "127.4.11.195" port: 34917 } }
I20260709 12:24:36.819216  5515 consensus_queue.cc:260] T 3e70bc637ade4102b1a1cae91a285a56 P 6f763b14326540fda923a0c8020c1d4f [NON_LEADER]: Queue going to NON_LEADER mode. State: All replicated index: 0, Majority replicated index: 0, Committed index: 0, Last appended: 0.0, Last appended by leader: 0, Current term: 0, Majority size: -1, State: 0, Mode: NON_LEADER, active raft config: opid_index: -1 OBSOLETE_local: false peers { permanent_uuid: "7347e299f7c048bc95d7edf1f7b0e7dc" member_type: VOTER last_known_addr { host: "127.4.11.193" port: 41347 } } peers { permanent_uuid: "ee00ed6d1e1d48a3916ad826887f18bb" member_type: VOTER last_known_addr { host: "127.4.11.194" port: 34705 } } peers { permanent_uuid: "6f763b14326540fda923a0c8020c1d4f" member_type: VOTER last_known_addr { host: "127.4.11.195" port: 34917 } }
I20260709 12:24:36.821413  5515 ts_tablet_manager.cc:1434] T 3e70bc637ade4102b1a1cae91a285a56 P 6f763b14326540fda923a0c8020c1d4f: Time spent starting tablet: real 0.006s	user 0.005s	sys 0.000s
I20260709 12:24:36.821820  5516 raft_consensus.cc:359] T d1c20f358e7d46b98ffb02e82bca546b P ee00ed6d1e1d48a3916ad826887f18bb [term 0 FOLLOWER]: Replica starting. Triggering 0 pending ops. Active config: opid_index: -1 OBSOLETE_local: false peers { permanent_uuid: "7347e299f7c048bc95d7edf1f7b0e7dc" member_type: VOTER last_known_addr { host: "127.4.11.193" port: 41347 } } peers { permanent_uuid: "ee00ed6d1e1d48a3916ad826887f18bb" member_type: VOTER last_known_addr { host: "127.4.11.194" port: 34705 } } peers { permanent_uuid: "6f763b14326540fda923a0c8020c1d4f" member_type: VOTER last_known_addr { host: "127.4.11.195" port: 34917 } }
I20260709 12:24:36.822479  5515 tablet_bootstrap.cc:492] T 9e281fcfd7a74d728a9740cedca3482a P 6f763b14326540fda923a0c8020c1d4f: Bootstrap starting.
I20260709 12:24:36.822464  5516 raft_consensus.cc:385] T d1c20f358e7d46b98ffb02e82bca546b P ee00ed6d1e1d48a3916ad826887f18bb [term 0 FOLLOWER]: Consensus starting up: Expiring failure detector timer to make a prompt election more likely
I20260709 12:24:36.822970  5516 raft_consensus.cc:740] T d1c20f358e7d46b98ffb02e82bca546b P ee00ed6d1e1d48a3916ad826887f18bb [term 0 FOLLOWER]: Becoming Follower/Learner. State: Replica: ee00ed6d1e1d48a3916ad826887f18bb, State: Initialized, Role: FOLLOWER
I20260709 12:24:36.823740  5516 consensus_queue.cc:260] T d1c20f358e7d46b98ffb02e82bca546b P ee00ed6d1e1d48a3916ad826887f18bb [NON_LEADER]: Queue going to NON_LEADER mode. State: All replicated index: 0, Majority replicated index: 0, Committed index: 0, Last appended: 0.0, Last appended by leader: 0, Current term: 0, Majority size: -1, State: 0, Mode: NON_LEADER, active raft config: opid_index: -1 OBSOLETE_local: false peers { permanent_uuid: "7347e299f7c048bc95d7edf1f7b0e7dc" member_type: VOTER last_known_addr { host: "127.4.11.193" port: 41347 } } peers { permanent_uuid: "ee00ed6d1e1d48a3916ad826887f18bb" member_type: VOTER last_known_addr { host: "127.4.11.194" port: 34705 } } peers { permanent_uuid: "6f763b14326540fda923a0c8020c1d4f" member_type: VOTER last_known_addr { host: "127.4.11.195" port: 34917 } }
I20260709 12:24:36.825690  5516 ts_tablet_manager.cc:1434] T d1c20f358e7d46b98ffb02e82bca546b P ee00ed6d1e1d48a3916ad826887f18bb: Time spent starting tablet: real 0.006s	user 0.007s	sys 0.001s
I20260709 12:24:36.826495  5514 ts_tablet_manager.cc:1434] T 0286cd2a6c91419293bc4e4b62e22680 P 7347e299f7c048bc95d7edf1f7b0e7dc: Time spent starting tablet: real 0.011s	user 0.006s	sys 0.000s
I20260709 12:24:36.827412  5514 tablet_bootstrap.cc:492] T 9e281fcfd7a74d728a9740cedca3482a P 7347e299f7c048bc95d7edf1f7b0e7dc: Bootstrap starting.
I20260709 12:24:36.828433  5516 tablet_bootstrap.cc:492] T 7f20f3a9d0244a6cb3b7e347b106857a P ee00ed6d1e1d48a3916ad826887f18bb: Bootstrap starting.
I20260709 12:24:36.828720  5515 tablet_bootstrap.cc:654] T 9e281fcfd7a74d728a9740cedca3482a P 6f763b14326540fda923a0c8020c1d4f: Neither blocks nor log segments found. Creating new log.
I20260709 12:24:36.833247  5514 tablet_bootstrap.cc:654] T 9e281fcfd7a74d728a9740cedca3482a P 7347e299f7c048bc95d7edf1f7b0e7dc: Neither blocks nor log segments found. Creating new log.
I20260709 12:24:36.833990  5620 raft_consensus.cc:493] T 0286cd2a6c91419293bc4e4b62e22680 P 6f763b14326540fda923a0c8020c1d4f [term 0 FOLLOWER]: Starting pre-election (no leader contacted us within the election timeout)
I20260709 12:24:36.834688  5516 tablet_bootstrap.cc:654] T 7f20f3a9d0244a6cb3b7e347b106857a P ee00ed6d1e1d48a3916ad826887f18bb: Neither blocks nor log segments found. Creating new log.
I20260709 12:24:36.834636  5620 raft_consensus.cc:515] T 0286cd2a6c91419293bc4e4b62e22680 P 6f763b14326540fda923a0c8020c1d4f [term 0 FOLLOWER]: Starting pre-election with config: opid_index: -1 OBSOLETE_local: false peers { permanent_uuid: "7347e299f7c048bc95d7edf1f7b0e7dc" member_type: VOTER last_known_addr { host: "127.4.11.193" port: 41347 } } peers { permanent_uuid: "ee00ed6d1e1d48a3916ad826887f18bb" member_type: VOTER last_known_addr { host: "127.4.11.194" port: 34705 } } peers { permanent_uuid: "6f763b14326540fda923a0c8020c1d4f" member_type: VOTER last_known_addr { host: "127.4.11.195" port: 34917 } }
I20260709 12:24:36.838281  5325 tablet_service.cc:1917] Received RequestConsensusVote() RPC: tablet_id: "0286cd2a6c91419293bc4e4b62e22680" candidate_uuid: "6f763b14326540fda923a0c8020c1d4f" candidate_term: 1 candidate_status { last_received { term: 0 index: 0 } } ignore_live_leader: false dest_uuid: "7347e299f7c048bc95d7edf1f7b0e7dc" is_pre_election: true
I20260709 12:24:36.838927  5325 raft_consensus.cc:2468] T 0286cd2a6c91419293bc4e4b62e22680 P 7347e299f7c048bc95d7edf1f7b0e7dc [term 0 FOLLOWER]: Leader pre-election vote request: Granting yes vote for candidate 6f763b14326540fda923a0c8020c1d4f in term 0.
I20260709 12:24:36.839812  5515 tablet_bootstrap.cc:492] T 9e281fcfd7a74d728a9740cedca3482a P 6f763b14326540fda923a0c8020c1d4f: No bootstrap required, opened a new log
I20260709 12:24:36.840231  5515 ts_tablet_manager.cc:1403] T 9e281fcfd7a74d728a9740cedca3482a P 6f763b14326540fda923a0c8020c1d4f: Time spent bootstrapping tablet: real 0.018s	user 0.007s	sys 0.008s
I20260709 12:24:36.841850  5472 raft_consensus.cc:3060] T 3e70bc637ade4102b1a1cae91a285a56 P 6f763b14326540fda923a0c8020c1d4f [term 0 FOLLOWER]: Advancing to term 1
I20260709 12:24:36.842805  5515 raft_consensus.cc:359] T 9e281fcfd7a74d728a9740cedca3482a P 6f763b14326540fda923a0c8020c1d4f [term 0 FOLLOWER]: Replica starting. Triggering 0 pending ops. Active config: opid_index: -1 OBSOLETE_local: false peers { permanent_uuid: "7347e299f7c048bc95d7edf1f7b0e7dc" member_type: VOTER last_known_addr { host: "127.4.11.193" port: 41347 } } peers { permanent_uuid: "ee00ed6d1e1d48a3916ad826887f18bb" member_type: VOTER last_known_addr { host: "127.4.11.194" port: 34705 } } peers { permanent_uuid: "6f763b14326540fda923a0c8020c1d4f" member_type: VOTER last_known_addr { host: "127.4.11.195" port: 34917 } }
I20260709 12:24:36.843955  5515 raft_consensus.cc:385] T 9e281fcfd7a74d728a9740cedca3482a P 6f763b14326540fda923a0c8020c1d4f [term 0 FOLLOWER]: Consensus starting up: Expiring failure detector timer to make a prompt election more likely
I20260709 12:24:36.844221  5515 raft_consensus.cc:740] T 9e281fcfd7a74d728a9740cedca3482a P 6f763b14326540fda923a0c8020c1d4f [term 0 FOLLOWER]: Becoming Follower/Learner. State: Replica: 6f763b14326540fda923a0c8020c1d4f, State: Initialized, Role: FOLLOWER
I20260709 12:24:36.844851  5515 consensus_queue.cc:260] T 9e281fcfd7a74d728a9740cedca3482a P 6f763b14326540fda923a0c8020c1d4f [NON_LEADER]: Queue going to NON_LEADER mode. State: All replicated index: 0, Majority replicated index: 0, Committed index: 0, Last appended: 0.0, Last appended by leader: 0, Current term: 0, Majority size: -1, State: 0, Mode: NON_LEADER, active raft config: opid_index: -1 OBSOLETE_local: false peers { permanent_uuid: "7347e299f7c048bc95d7edf1f7b0e7dc" member_type: VOTER last_known_addr { host: "127.4.11.193" port: 41347 } } peers { permanent_uuid: "ee00ed6d1e1d48a3916ad826887f18bb" member_type: VOTER last_known_addr { host: "127.4.11.194" port: 34705 } } peers { permanent_uuid: "6f763b14326540fda923a0c8020c1d4f" member_type: VOTER last_known_addr { host: "127.4.11.195" port: 34917 } }
I20260709 12:24:36.846112  5439 leader_election.cc:304] T 0286cd2a6c91419293bc4e4b62e22680 P 6f763b14326540fda923a0c8020c1d4f [CANDIDATE]: Term 1 pre-election: Election decided. Result: candidate won. Election summary: received 2 responses out of 3 voters: 2 yes votes; 0 no votes. yes voters: 6f763b14326540fda923a0c8020c1d4f, 7347e299f7c048bc95d7edf1f7b0e7dc; no voters: 
I20260709 12:24:36.846949  5518 raft_consensus.cc:2804] T 0286cd2a6c91419293bc4e4b62e22680 P 6f763b14326540fda923a0c8020c1d4f [term 0 FOLLOWER]: Leader pre-election won for term 1
I20260709 12:24:36.847082  5515 ts_tablet_manager.cc:1434] T 9e281fcfd7a74d728a9740cedca3482a P 6f763b14326540fda923a0c8020c1d4f: Time spent starting tablet: real 0.007s	user 0.007s	sys 0.000s
I20260709 12:24:36.847318  5518 raft_consensus.cc:493] T 0286cd2a6c91419293bc4e4b62e22680 P 6f763b14326540fda923a0c8020c1d4f [term 0 FOLLOWER]: Starting leader election (no leader contacted us within the election timeout)
I20260709 12:24:36.847640  5518 raft_consensus.cc:3060] T 0286cd2a6c91419293bc4e4b62e22680 P 6f763b14326540fda923a0c8020c1d4f [term 0 FOLLOWER]: Advancing to term 1
I20260709 12:24:36.847982  5515 tablet_bootstrap.cc:492] T 3103356212cf423bb45953d00512158d P 6f763b14326540fda923a0c8020c1d4f: Bootstrap starting.
I20260709 12:24:36.850462  5579 raft_consensus.cc:493] T 6350b6a0962a4d219f9d7e383597d264 P 6f763b14326540fda923a0c8020c1d4f [term 0 FOLLOWER]: Starting pre-election (no leader contacted us within the election timeout)
I20260709 12:24:36.851071  5579 raft_consensus.cc:515] T 6350b6a0962a4d219f9d7e383597d264 P 6f763b14326540fda923a0c8020c1d4f [term 0 FOLLOWER]: Starting pre-election with config: opid_index: -1 OBSOLETE_local: false peers { permanent_uuid: "7347e299f7c048bc95d7edf1f7b0e7dc" member_type: VOTER last_known_addr { host: "127.4.11.193" port: 41347 } } peers { permanent_uuid: "ee00ed6d1e1d48a3916ad826887f18bb" member_type: VOTER last_known_addr { host: "127.4.11.194" port: 34705 } } peers { permanent_uuid: "6f763b14326540fda923a0c8020c1d4f" member_type: VOTER last_known_addr { host: "127.4.11.195" port: 34917 } }
I20260709 12:24:36.854539  5579 leader_election.cc:290] T 6350b6a0962a4d219f9d7e383597d264 P 6f763b14326540fda923a0c8020c1d4f [CANDIDATE]: Term 1 pre-election: Requested pre-vote from peers 7347e299f7c048bc95d7edf1f7b0e7dc (127.4.11.193:41347), ee00ed6d1e1d48a3916ad826887f18bb (127.4.11.194:34705)
I20260709 12:24:36.854734  5325 tablet_service.cc:1917] Received RequestConsensusVote() RPC: tablet_id: "6350b6a0962a4d219f9d7e383597d264" candidate_uuid: "6f763b14326540fda923a0c8020c1d4f" candidate_term: 1 candidate_status { last_received { term: 0 index: 0 } } ignore_live_leader: false dest_uuid: "7347e299f7c048bc95d7edf1f7b0e7dc" is_pre_election: true
I20260709 12:24:36.854746  5397 tablet_service.cc:1917] Received RequestConsensusVote() RPC: tablet_id: "6350b6a0962a4d219f9d7e383597d264" candidate_uuid: "6f763b14326540fda923a0c8020c1d4f" candidate_term: 1 candidate_status { last_received { term: 0 index: 0 } } ignore_live_leader: false dest_uuid: "ee00ed6d1e1d48a3916ad826887f18bb" is_pre_election: true
I20260709 12:24:36.855435  5325 raft_consensus.cc:2468] T 6350b6a0962a4d219f9d7e383597d264 P 7347e299f7c048bc95d7edf1f7b0e7dc [term 0 FOLLOWER]: Leader pre-election vote request: Granting yes vote for candidate 6f763b14326540fda923a0c8020c1d4f in term 0.
