I20260709 12:24:33.780858  8821 consensus_queue.cc:237] T 7df30c11a0894ca6ac76fd5bacb5e2f4 P b304a787951f47dfb8cffeb13a3e0265 [LEADER]: Queue going to LEADER mode. State: All replicated index: 0, Majority replicated index: 0, Committed index: 0, Last appended: 0.0, Last appended by leader: 0, Current term: 1, Majority size: 2, State: 0, Mode: LEADER, active raft config: opid_index: -1 OBSOLETE_local: false peers { permanent_uuid: "35559c6ed1c848439c4ebc440df9a9d5" member_type: VOTER last_known_addr { host: "127.7.58.193" port: 34261 } } peers { permanent_uuid: "c554acdfebe04d1cb4b07d1314acab03" member_type: VOTER last_known_addr { host: "127.7.58.194" port: 41263 } } peers { permanent_uuid: "b304a787951f47dfb8cffeb13a3e0265" member_type: VOTER last_known_addr { host: "127.7.58.195" port: 34119 } }
I20260709 12:24:33.769651  8713 raft_consensus.cc:2468] T 8077f31e5e8e4410a8a3859141001748 P b304a787951f47dfb8cffeb13a3e0265 [term 1 FOLLOWER]: Leader election vote request: Granting yes vote for candidate 35559c6ed1c848439c4ebc440df9a9d5 in term 1.
I20260709 12:24:33.782258  8635 tablet_service.cc:1917] Received RequestConsensusVote() RPC: tablet_id: "8077f31e5e8e4410a8a3859141001748" candidate_uuid: "35559c6ed1c848439c4ebc440df9a9d5" candidate_term: 1 candidate_status { last_received { term: 0 index: 0 } } ignore_live_leader: false dest_uuid: "c554acdfebe04d1cb4b07d1314acab03"
I20260709 12:24:33.786234  8529 leader_election.cc:304] T 8077f31e5e8e4410a8a3859141001748 P 35559c6ed1c848439c4ebc440df9a9d5 [CANDIDATE]: Term 1 election: Election decided. Result: candidate won. Election summary: received 2 responses out of 3 voters: 2 yes votes; 0 no votes. yes voters: 35559c6ed1c848439c4ebc440df9a9d5, b304a787951f47dfb8cffeb13a3e0265; no voters: 
I20260709 12:24:33.783219  9045 consensus_queue.cc:1048] T 74c4c91a318241d4aaf7d6559ce6f8ae P b304a787951f47dfb8cffeb13a3e0265 [LEADER]: Connected to new peer: Peer: permanent_uuid: "35559c6ed1c848439c4ebc440df9a9d5" member_type: VOTER last_known_addr { host: "127.7.58.193" port: 34261 }, Status: LMP_MISMATCH, Last received: 0.0, Next index: 1, Last known committed idx: 0, Time since last communication: 0.011s
I20260709 12:24:33.780858  8641 tablet_service.cc:1917] Received RequestConsensusVote() RPC: tablet_id: "8077f31e5e8e4410a8a3859141001748" candidate_uuid: "35559c6ed1c848439c4ebc440df9a9d5" candidate_term: 1 candidate_status { last_received { term: 0 index: 0 } } ignore_live_leader: false dest_uuid: "c554acdfebe04d1cb4b07d1314acab03" is_pre_election: true
I20260709 12:24:33.794772  8953 raft_consensus.cc:2804] T 8077f31e5e8e4410a8a3859141001748 P 35559c6ed1c848439c4ebc440df9a9d5 [term 1 FOLLOWER]: Leader election won for term 1
I20260709 12:24:33.796567  8953 raft_consensus.cc:697] T 8077f31e5e8e4410a8a3859141001748 P 35559c6ed1c848439c4ebc440df9a9d5 [term 1 LEADER]: Becoming Leader. State: Replica: 35559c6ed1c848439c4ebc440df9a9d5, State: Running, Role: LEADER
I20260709 12:24:33.792527  8763 tablet_bootstrap.cc:654] T 6f00ce716b13423c98beab242c942fc9 P 35559c6ed1c848439c4ebc440df9a9d5: Neither blocks nor log segments found. Creating new log.
I20260709 12:24:33.797658  8953 consensus_queue.cc:237] T 8077f31e5e8e4410a8a3859141001748 P 35559c6ed1c848439c4ebc440df9a9d5 [LEADER]: Queue going to LEADER mode. State: All replicated index: 0, Majority replicated index: 0, Committed index: 0, Last appended: 0.0, Last appended by leader: 0, Current term: 1, Majority size: 2, State: 0, Mode: LEADER, active raft config: opid_index: -1 OBSOLETE_local: false peers { permanent_uuid: "35559c6ed1c848439c4ebc440df9a9d5" member_type: VOTER last_known_addr { host: "127.7.58.193" port: 34261 } } peers { permanent_uuid: "c554acdfebe04d1cb4b07d1314acab03" member_type: VOTER last_known_addr { host: "127.7.58.194" port: 41263 } } peers { permanent_uuid: "b304a787951f47dfb8cffeb13a3e0265" member_type: VOTER last_known_addr { host: "127.7.58.195" port: 34119 } }
I20260709 12:24:33.804322  8758 tablet_bootstrap.cc:492] T d5236970e00c46cf9eed66b939e8f1af P b304a787951f47dfb8cffeb13a3e0265: No bootstrap required, opened a new log
I20260709 12:24:33.799180  8759 ts_tablet_manager.cc:1434] T 1287a9cfbb834ec58edf63c8db7da6b7 P c554acdfebe04d1cb4b07d1314acab03: Time spent starting tablet: real 0.044s	user 0.007s	sys 0.000s
I20260709 12:24:33.812542  8758 ts_tablet_manager.cc:1403] T d5236970e00c46cf9eed66b939e8f1af P b304a787951f47dfb8cffeb13a3e0265: Time spent bootstrapping tablet: real 0.083s	user 0.021s	sys 0.013s
I20260709 12:24:33.813181  8759 tablet_bootstrap.cc:492] T f5560f6ab0f644e4a1823ddd7b4c4bf8 P c554acdfebe04d1cb4b07d1314acab03: Bootstrap starting.
W20260709 12:24:33.808383  8531 leader_election.cc:343] T 8077f31e5e8e4410a8a3859141001748 P 35559c6ed1c848439c4ebc440df9a9d5 [CANDIDATE]: Term 1 election: Tablet error from VoteRequest() call to peer c554acdfebe04d1cb4b07d1314acab03 (127.7.58.194:41263): Illegal state: must be running to vote when last-logged opid is not known
I20260709 12:24:33.809167  9037 raft_consensus.cc:493] T 1287a9cfbb834ec58edf63c8db7da6b7 P c554acdfebe04d1cb4b07d1314acab03 [term 0 FOLLOWER]: Starting pre-election (no leader contacted us within the election timeout)
I20260709 12:24:33.814735  9037 raft_consensus.cc:515] T 1287a9cfbb834ec58edf63c8db7da6b7 P c554acdfebe04d1cb4b07d1314acab03 [term 0 FOLLOWER]: Starting pre-election with config: opid_index: -1 OBSOLETE_local: false peers { permanent_uuid: "35559c6ed1c848439c4ebc440df9a9d5" member_type: VOTER last_known_addr { host: "127.7.58.193" port: 34261 } } peers { permanent_uuid: "c554acdfebe04d1cb4b07d1314acab03" member_type: VOTER last_known_addr { host: "127.7.58.194" port: 41263 } } peers { permanent_uuid: "b304a787951f47dfb8cffeb13a3e0265" member_type: VOTER last_known_addr { host: "127.7.58.195" port: 34119 } }
I20260709 12:24:33.817471  9037 leader_election.cc:290] T 1287a9cfbb834ec58edf63c8db7da6b7 P c554acdfebe04d1cb4b07d1314acab03 [CANDIDATE]: Term 1 pre-election: Requested pre-vote from peers 35559c6ed1c848439c4ebc440df9a9d5 (127.7.58.193:34261), b304a787951f47dfb8cffeb13a3e0265 (127.7.58.195:34119)
I20260709 12:24:33.811064  8763 tablet_bootstrap.cc:492] T 6f00ce716b13423c98beab242c942fc9 P 35559c6ed1c848439c4ebc440df9a9d5: No bootstrap required, opened a new log
I20260709 12:24:33.818193  8763 ts_tablet_manager.cc:1403] T 6f00ce716b13423c98beab242c942fc9 P 35559c6ed1c848439c4ebc440df9a9d5: Time spent bootstrapping tablet: real 0.042s	user 0.017s	sys 0.007s
I20260709 12:24:33.819433  8562 tablet_service.cc:1917] Received RequestConsensusVote() RPC: tablet_id: "1287a9cfbb834ec58edf63c8db7da6b7" candidate_uuid: "c554acdfebe04d1cb4b07d1314acab03" candidate_term: 1 candidate_status { last_received { term: 0 index: 0 } } ignore_live_leader: false dest_uuid: "35559c6ed1c848439c4ebc440df9a9d5" is_pre_election: true
I20260709 12:24:33.820075  8713 tablet_service.cc:1917] Received RequestConsensusVote() RPC: tablet_id: "1287a9cfbb834ec58edf63c8db7da6b7" candidate_uuid: "c554acdfebe04d1cb4b07d1314acab03" candidate_term: 1 candidate_status { last_received { term: 0 index: 0 } } ignore_live_leader: false dest_uuid: "b304a787951f47dfb8cffeb13a3e0265" is_pre_election: true
I20260709 12:24:33.820763  8763 raft_consensus.cc:359] T 6f00ce716b13423c98beab242c942fc9 P 35559c6ed1c848439c4ebc440df9a9d5 [term 0 FOLLOWER]: Replica starting. Triggering 0 pending ops. Active config: opid_index: -1 OBSOLETE_local: false peers { permanent_uuid: "35559c6ed1c848439c4ebc440df9a9d5" member_type: VOTER last_known_addr { host: "127.7.58.193" port: 34261 } } peers { permanent_uuid: "c554acdfebe04d1cb4b07d1314acab03" member_type: VOTER last_known_addr { host: "127.7.58.194" port: 41263 } } peers { permanent_uuid: "b304a787951f47dfb8cffeb13a3e0265" member_type: VOTER last_known_addr { host: "127.7.58.195" port: 34119 } }
I20260709 12:24:33.821280  8759 tablet_bootstrap.cc:654] T f5560f6ab0f644e4a1823ddd7b4c4bf8 P c554acdfebe04d1cb4b07d1314acab03: Neither blocks nor log segments found. Creating new log.
I20260709 12:24:33.811796  8681 leader_election.cc:304] T 2cb2623bbe234dd1870b83df0541f748 P b304a787951f47dfb8cffeb13a3e0265 [CANDIDATE]: Term 1 election: Election decided. Result: candidate won. Election summary: received 3 responses out of 3 voters: 2 yes votes; 1 no votes. yes voters: 35559c6ed1c848439c4ebc440df9a9d5, b304a787951f47dfb8cffeb13a3e0265; no voters: c554acdfebe04d1cb4b07d1314acab03
I20260709 12:24:33.821444  8763 raft_consensus.cc:385] T 6f00ce716b13423c98beab242c942fc9 P 35559c6ed1c848439c4ebc440df9a9d5 [term 0 FOLLOWER]: Consensus starting up: Expiring failure detector timer to make a prompt election more likely
I20260709 12:24:33.821762  8763 raft_consensus.cc:740] T 6f00ce716b13423c98beab242c942fc9 P 35559c6ed1c848439c4ebc440df9a9d5 [term 0 FOLLOWER]: Becoming Follower/Learner. State: Replica: 35559c6ed1c848439c4ebc440df9a9d5, State: Initialized, Role: FOLLOWER
I20260709 12:24:33.821602  8606 leader_election.cc:304] T 1287a9cfbb834ec58edf63c8db7da6b7 P c554acdfebe04d1cb4b07d1314acab03 [CANDIDATE]: Term 1 pre-election: Election decided. Result: candidate lost. Election summary: received 3 responses out of 3 voters: 1 yes votes; 2 no votes. yes voters: c554acdfebe04d1cb4b07d1314acab03; no voters: 35559c6ed1c848439c4ebc440df9a9d5, b304a787951f47dfb8cffeb13a3e0265
I20260709 12:24:33.822026  9045 raft_consensus.cc:2804] T 2cb2623bbe234dd1870b83df0541f748 P b304a787951f47dfb8cffeb13a3e0265 [term 1 FOLLOWER]: Leader election won for term 1
I20260709 12:24:33.822664  9045 raft_consensus.cc:697] T 2cb2623bbe234dd1870b83df0541f748 P b304a787951f47dfb8cffeb13a3e0265 [term 1 LEADER]: Becoming Leader. State: Replica: b304a787951f47dfb8cffeb13a3e0265, State: Running, Role: LEADER
I20260709 12:24:33.823855  8959 raft_consensus.cc:2749] T 1287a9cfbb834ec58edf63c8db7da6b7 P c554acdfebe04d1cb4b07d1314acab03 [term 0 FOLLOWER]: Leader pre-election lost for term 1. Reason: could not achieve majority
I20260709 12:24:33.823593  9045 consensus_queue.cc:237] T 2cb2623bbe234dd1870b83df0541f748 P b304a787951f47dfb8cffeb13a3e0265 [LEADER]: Queue going to LEADER mode. State: All replicated index: 0, Majority replicated index: 0, Committed index: 0, Last appended: 0.0, Last appended by leader: 0, Current term: 1, Majority size: 2, State: 0, Mode: LEADER, active raft config: opid_index: -1 OBSOLETE_local: false peers { permanent_uuid: "35559c6ed1c848439c4ebc440df9a9d5" member_type: VOTER last_known_addr { host: "127.7.58.193" port: 34261 } } peers { permanent_uuid: "c554acdfebe04d1cb4b07d1314acab03" member_type: VOTER last_known_addr { host: "127.7.58.194" port: 41263 } } peers { permanent_uuid: "b304a787951f47dfb8cffeb13a3e0265" member_type: VOTER last_known_addr { host: "127.7.58.195" port: 34119 } }
W20260709 12:24:33.828863  8531 leader_election.cc:343] T 8077f31e5e8e4410a8a3859141001748 P 35559c6ed1c848439c4ebc440df9a9d5 [CANDIDATE]: Term 1 pre-election: Tablet error from VoteRequest() call to peer c554acdfebe04d1cb4b07d1314acab03 (127.7.58.194:41263): Illegal state: must be running to vote when last-logged opid is not known
I20260709 12:24:33.822602  8763 consensus_queue.cc:260] T 6f00ce716b13423c98beab242c942fc9 P 35559c6ed1c848439c4ebc440df9a9d5 [NON_LEADER]: Queue going to NON_LEADER mode. State: All replicated index: 0, Majority replicated index: 0, Committed index: 0, Last appended: 0.0, Last appended by leader: 0, Current term: 0, Majority size: -1, State: 0, Mode: NON_LEADER, active raft config: opid_index: -1 OBSOLETE_local: false peers { permanent_uuid: "35559c6ed1c848439c4ebc440df9a9d5" member_type: VOTER last_known_addr { host: "127.7.58.193" port: 34261 } } peers { permanent_uuid: "c554acdfebe04d1cb4b07d1314acab03" member_type: VOTER last_known_addr { host: "127.7.58.194" port: 41263 } } peers { permanent_uuid: "b304a787951f47dfb8cffeb13a3e0265" member_type: VOTER last_known_addr { host: "127.7.58.195" port: 34119 } }
I20260709 12:24:33.829975  9051 raft_consensus.cc:493] T e98babf925fa4bb488596df1d36c0752 P 35559c6ed1c848439c4ebc440df9a9d5 [term 0 FOLLOWER]: Starting pre-election (no leader contacted us within the election timeout)
I20260709 12:24:33.830400  8851 raft_consensus.cc:493] T 6f00ce716b13423c98beab242c942fc9 P 35559c6ed1c848439c4ebc440df9a9d5 [term 0 FOLLOWER]: Starting pre-election (no leader contacted us within the election timeout)
I20260709 12:24:33.830462  9051 raft_consensus.cc:515] T e98babf925fa4bb488596df1d36c0752 P 35559c6ed1c848439c4ebc440df9a9d5 [term 0 FOLLOWER]: Starting pre-election with config: opid_index: -1 OBSOLETE_local: false peers { permanent_uuid: "35559c6ed1c848439c4ebc440df9a9d5" member_type: VOTER last_known_addr { host: "127.7.58.193" port: 34261 } } peers { permanent_uuid: "c554acdfebe04d1cb4b07d1314acab03" member_type: VOTER last_known_addr { host: "127.7.58.194" port: 41263 } } peers { permanent_uuid: "b304a787951f47dfb8cffeb13a3e0265" member_type: VOTER last_known_addr { host: "127.7.58.195" port: 34119 } }
I20260709 12:24:33.830984  8851 raft_consensus.cc:515] T 6f00ce716b13423c98beab242c942fc9 P 35559c6ed1c848439c4ebc440df9a9d5 [term 0 FOLLOWER]: Starting pre-election with config: opid_index: -1 OBSOLETE_local: false peers { permanent_uuid: "35559c6ed1c848439c4ebc440df9a9d5" member_type: VOTER last_known_addr { host: "127.7.58.193" port: 34261 } } peers { permanent_uuid: "c554acdfebe04d1cb4b07d1314acab03" member_type: VOTER last_known_addr { host: "127.7.58.194" port: 41263 } } peers { permanent_uuid: "b304a787951f47dfb8cffeb13a3e0265" member_type: VOTER last_known_addr { host: "127.7.58.195" port: 34119 } }
I20260709 12:24:33.831804  8763 ts_tablet_manager.cc:1434] T 6f00ce716b13423c98beab242c942fc9 P 35559c6ed1c848439c4ebc440df9a9d5: Time spent starting tablet: real 0.013s	user 0.003s	sys 0.002s
I20260709 12:24:33.832794  9051 leader_election.cc:290] T e98babf925fa4bb488596df1d36c0752 P 35559c6ed1c848439c4ebc440df9a9d5 [CANDIDATE]: Term 1 pre-election: Requested pre-vote from peers c554acdfebe04d1cb4b07d1314acab03 (127.7.58.194:41263), b304a787951f47dfb8cffeb13a3e0265 (127.7.58.195:34119)
I20260709 12:24:33.832782  8763 tablet_bootstrap.cc:492] T 0f891d7a08a1424383946f05d7627954 P 35559c6ed1c848439c4ebc440df9a9d5: Bootstrap starting.
I20260709 12:24:33.834009  8851 leader_election.cc:290] T 6f00ce716b13423c98beab242c942fc9 P 35559c6ed1c848439c4ebc440df9a9d5 [CANDIDATE]: Term 1 pre-election: Requested pre-vote from peers c554acdfebe04d1cb4b07d1314acab03 (127.7.58.194:41263), b304a787951f47dfb8cffeb13a3e0265 (127.7.58.195:34119)
I20260709 12:24:33.834591  8713 tablet_service.cc:1917] Received RequestConsensusVote() RPC: tablet_id: "e98babf925fa4bb488596df1d36c0752" candidate_uuid: "35559c6ed1c848439c4ebc440df9a9d5" candidate_term: 1 candidate_status { last_received { term: 0 index: 0 } } ignore_live_leader: false dest_uuid: "b304a787951f47dfb8cffeb13a3e0265" is_pre_election: true
W20260709 12:24:33.836500  8529 leader_election.cc:343] T e98babf925fa4bb488596df1d36c0752 P 35559c6ed1c848439c4ebc440df9a9d5 [CANDIDATE]: Term 1 pre-election: Tablet error from VoteRequest() call to peer b304a787951f47dfb8cffeb13a3e0265 (127.7.58.195:34119): Illegal state: must be running to vote when last-logged opid is not known
I20260709 12:24:33.839592  8763 tablet_bootstrap.cc:654] T 0f891d7a08a1424383946f05d7627954 P 35559c6ed1c848439c4ebc440df9a9d5: Neither blocks nor log segments found. Creating new log.
I20260709 12:24:33.840919  8681 leader_election.cc:304] T 816cb656d59746868d712085d5ec2a68 P b304a787951f47dfb8cffeb13a3e0265 [CANDIDATE]: Term 1 pre-election: Election decided. Result: candidate lost. Election summary: received 3 responses out of 3 voters: 1 yes votes; 2 no votes. yes voters: b304a787951f47dfb8cffeb13a3e0265; no voters: 35559c6ed1c848439c4ebc440df9a9d5, c554acdfebe04d1cb4b07d1314acab03
I20260709 12:24:33.838737  8713 tablet_service.cc:1917] Received RequestConsensusVote() RPC: tablet_id: "6f00ce716b13423c98beab242c942fc9" candidate_uuid: "35559c6ed1c848439c4ebc440df9a9d5" candidate_term: 1 candidate_status { last_received { term: 0 index: 0 } } ignore_live_leader: false dest_uuid: "b304a787951f47dfb8cffeb13a3e0265" is_pre_election: true
I20260709 12:24:33.843429  8713 raft_consensus.cc:2468] T 6f00ce716b13423c98beab242c942fc9 P b304a787951f47dfb8cffeb13a3e0265 [term 0 FOLLOWER]: Leader pre-election vote request: Granting yes vote for candidate 35559c6ed1c848439c4ebc440df9a9d5 in term 0.
I20260709 12:24:33.844908  8529 leader_election.cc:304] T 6f00ce716b13423c98beab242c942fc9 P 35559c6ed1c848439c4ebc440df9a9d5 [CANDIDATE]: Term 1 pre-election: Election decided. Result: candidate won. Election summary: received 2 responses out of 3 voters: 2 yes votes; 0 no votes. yes voters: 35559c6ed1c848439c4ebc440df9a9d5, b304a787951f47dfb8cffeb13a3e0265; no voters: 
I20260709 12:24:33.846493  9035 raft_consensus.cc:2804] T 6f00ce716b13423c98beab242c942fc9 P 35559c6ed1c848439c4ebc440df9a9d5 [term 0 FOLLOWER]: Leader pre-election won for term 1
I20260709 12:24:33.847067  9035 raft_consensus.cc:493] T 6f00ce716b13423c98beab242c942fc9 P 35559c6ed1c848439c4ebc440df9a9d5 [term 0 FOLLOWER]: Starting leader election (no leader contacted us within the election timeout)
I20260709 12:24:33.847621  9035 raft_consensus.cc:3060] T 6f00ce716b13423c98beab242c942fc9 P 35559c6ed1c848439c4ebc440df9a9d5 [term 0 FOLLOWER]: Advancing to term 1
I20260709 12:24:33.851020  9090 raft_consensus.cc:3060] T 816cb656d59746868d712085d5ec2a68 P b304a787951f47dfb8cffeb13a3e0265 [term 0 FOLLOWER]: Advancing to term 1
I20260709 12:24:33.862092  9090 raft_consensus.cc:2749] T 816cb656d59746868d712085d5ec2a68 P b304a787951f47dfb8cffeb13a3e0265 [term 1 FOLLOWER]: Leader pre-election lost for term 1. Reason: could not achieve majority
I20260709 12:24:33.861968  9035 raft_consensus.cc:515] T 6f00ce716b13423c98beab242c942fc9 P 35559c6ed1c848439c4ebc440df9a9d5 [term 1 FOLLOWER]: Starting leader election with config: opid_index: -1 OBSOLETE_local: false peers { permanent_uuid: "35559c6ed1c848439c4ebc440df9a9d5" member_type: VOTER last_known_addr { host: "127.7.58.193" port: 34261 } } peers { permanent_uuid: "c554acdfebe04d1cb4b07d1314acab03" member_type: VOTER last_known_addr { host: "127.7.58.194" port: 41263 } } peers { permanent_uuid: "b304a787951f47dfb8cffeb13a3e0265" member_type: VOTER last_known_addr { host: "127.7.58.195" port: 34119 } }
I20260709 12:24:33.864509  8759 tablet_bootstrap.cc:492] T f5560f6ab0f644e4a1823ddd7b4c4bf8 P c554acdfebe04d1cb4b07d1314acab03: No bootstrap required, opened a new log
I20260709 12:24:33.865356  8759 ts_tablet_manager.cc:1403] T f5560f6ab0f644e4a1823ddd7b4c4bf8 P c554acdfebe04d1cb4b07d1314acab03: Time spent bootstrapping tablet: real 0.052s	user 0.011s	sys 0.006s
I20260709 12:24:33.872498  8759 raft_consensus.cc:359] T f5560f6ab0f644e4a1823ddd7b4c4bf8 P c554acdfebe04d1cb4b07d1314acab03 [term 0 FOLLOWER]: Replica starting. Triggering 0 pending ops. Active config: opid_index: -1 OBSOLETE_local: false peers { permanent_uuid: "35559c6ed1c848439c4ebc440df9a9d5" member_type: VOTER last_known_addr { host: "127.7.58.193" port: 34261 } } peers { permanent_uuid: "c554acdfebe04d1cb4b07d1314acab03" member_type: VOTER last_known_addr { host: "127.7.58.194" port: 41263 } } peers { permanent_uuid: "b304a787951f47dfb8cffeb13a3e0265" member_type: VOTER last_known_addr { host: "127.7.58.195" port: 34119 } }
I20260709 12:24:33.877164  8641 tablet_service.cc:1917] Received RequestConsensusVote() RPC: tablet_id: "e98babf925fa4bb488596df1d36c0752" candidate_uuid: "35559c6ed1c848439c4ebc440df9a9d5" candidate_term: 1 candidate_status { last_received { term: 0 index: 0 } } ignore_live_leader: false dest_uuid: "c554acdfebe04d1cb4b07d1314acab03" is_pre_election: true
I20260709 12:24:33.883104  8759 raft_consensus.cc:385] T f5560f6ab0f644e4a1823ddd7b4c4bf8 P c554acdfebe04d1cb4b07d1314acab03 [term 0 FOLLOWER]: Consensus starting up: Expiring failure detector timer to make a prompt election more likely
I20260709 12:24:33.883613  8759 raft_consensus.cc:740] T f5560f6ab0f644e4a1823ddd7b4c4bf8 P c554acdfebe04d1cb4b07d1314acab03 [term 0 FOLLOWER]: Becoming Follower/Learner. State: Replica: c554acdfebe04d1cb4b07d1314acab03, State: Initialized, Role: FOLLOWER
I20260709 12:24:33.884613  8759 consensus_queue.cc:260] T f5560f6ab0f644e4a1823ddd7b4c4bf8 P c554acdfebe04d1cb4b07d1314acab03 [NON_LEADER]: Queue going to NON_LEADER mode. State: All replicated index: 0, Majority replicated index: 0, Committed index: 0, Last appended: 0.0, Last appended by leader: 0, Current term: 0, Majority size: -1, State: 0, Mode: NON_LEADER, active raft config: opid_index: -1 OBSOLETE_local: false peers { permanent_uuid: "35559c6ed1c848439c4ebc440df9a9d5" member_type: VOTER last_known_addr { host: "127.7.58.193" port: 34261 } } peers { permanent_uuid: "c554acdfebe04d1cb4b07d1314acab03" member_type: VOTER last_known_addr { host: "127.7.58.194" port: 41263 } } peers { permanent_uuid: "b304a787951f47dfb8cffeb13a3e0265" member_type: VOTER last_known_addr { host: "127.7.58.195" port: 34119 } }
I20260709 12:24:33.886471  9090 raft_consensus.cc:493] T d89f44d9cd4f48c2832ac2c65c7894ff P b304a787951f47dfb8cffeb13a3e0265 [term 0 FOLLOWER]: Starting pre-election (no leader contacted us within the election timeout)
I20260709 12:24:33.886914  9090 raft_consensus.cc:515] T d89f44d9cd4f48c2832ac2c65c7894ff P b304a787951f47dfb8cffeb13a3e0265 [term 0 FOLLOWER]: Starting pre-election with config: opid_index: -1 OBSOLETE_local: false peers { permanent_uuid: "35559c6ed1c848439c4ebc440df9a9d5" member_type: VOTER last_known_addr { host: "127.7.58.193" port: 34261 } } peers { permanent_uuid: "c554acdfebe04d1cb4b07d1314acab03" member_type: VOTER last_known_addr { host: "127.7.58.194" port: 41263 } } peers { permanent_uuid: "b304a787951f47dfb8cffeb13a3e0265" member_type: VOTER last_known_addr { host: "127.7.58.195" port: 34119 } }
I20260709 12:24:33.887306  8759 ts_tablet_manager.cc:1434] T f5560f6ab0f644e4a1823ddd7b4c4bf8 P c554acdfebe04d1cb4b07d1314acab03: Time spent starting tablet: real 0.022s	user 0.005s	sys 0.002s
I20260709 12:24:33.887933  8763 tablet_bootstrap.cc:492] T 0f891d7a08a1424383946f05d7627954 P 35559c6ed1c848439c4ebc440df9a9d5: No bootstrap required, opened a new log
I20260709 12:24:33.888407  8763 ts_tablet_manager.cc:1403] T 0f891d7a08a1424383946f05d7627954 P 35559c6ed1c848439c4ebc440df9a9d5: Time spent bootstrapping tablet: real 0.056s	user 0.019s	sys 0.023s
I20260709 12:24:33.877570  8713 tablet_service.cc:1917] Received RequestConsensusVote() RPC: tablet_id: "6f00ce716b13423c98beab242c942fc9" candidate_uuid: "35559c6ed1c848439c4ebc440df9a9d5" candidate_term: 1 candidate_status { last_received { term: 0 index: 0 } } ignore_live_leader: false dest_uuid: "b304a787951f47dfb8cffeb13a3e0265"
I20260709 12:24:33.889092  8713 raft_consensus.cc:3060] T 6f00ce716b13423c98beab242c942fc9 P b304a787951f47dfb8cffeb13a3e0265 [term 0 FOLLOWER]: Advancing to term 1
I20260709 12:24:33.891203  8763 raft_consensus.cc:359] T 0f891d7a08a1424383946f05d7627954 P 35559c6ed1c848439c4ebc440df9a9d5 [term 0 FOLLOWER]: Replica starting. Triggering 0 pending ops. Active config: opid_index: -1 OBSOLETE_local: false peers { permanent_uuid: "35559c6ed1c848439c4ebc440df9a9d5" member_type: VOTER last_known_addr { host: "127.7.58.193" port: 34261 } } peers { permanent_uuid: "c554acdfebe04d1cb4b07d1314acab03" member_type: VOTER last_known_addr { host: "127.7.58.194" port: 41263 } } peers { permanent_uuid: "b304a787951f47dfb8cffeb13a3e0265" member_type: VOTER last_known_addr { host: "127.7.58.195" port: 34119 } }
I20260709 12:24:33.891974  8763 raft_consensus.cc:385] T 0f891d7a08a1424383946f05d7627954 P 35559c6ed1c848439c4ebc440df9a9d5 [term 0 FOLLOWER]: Consensus starting up: Expiring failure detector timer to make a prompt election more likely
I20260709 12:24:33.892352  8763 raft_consensus.cc:740] T 0f891d7a08a1424383946f05d7627954 P 35559c6ed1c848439c4ebc440df9a9d5 [term 0 FOLLOWER]: Becoming Follower/Learner. State: Replica: 35559c6ed1c848439c4ebc440df9a9d5, State: Initialized, Role: FOLLOWER
I20260709 12:24:33.881017  8636 raft_consensus.cc:3060] T 1287a9cfbb834ec58edf63c8db7da6b7 P c554acdfebe04d1cb4b07d1314acab03 [term 0 FOLLOWER]: Advancing to term 1
I20260709 12:24:33.899405  8763 consensus_queue.cc:260] T 0f891d7a08a1424383946f05d7627954 P 35559c6ed1c848439c4ebc440df9a9d5 [NON_LEADER]: Queue going to NON_LEADER mode. State: All replicated index: 0, Majority replicated index: 0, Committed index: 0, Last appended: 0.0, Last appended by leader: 0, Current term: 0, Majority size: -1, State: 0, Mode: NON_LEADER, active raft config: opid_index: -1 OBSOLETE_local: false peers { permanent_uuid: "35559c6ed1c848439c4ebc440df9a9d5" member_type: VOTER last_known_addr { host: "127.7.58.193" port: 34261 } } peers { permanent_uuid: "c554acdfebe04d1cb4b07d1314acab03" member_type: VOTER last_known_addr { host: "127.7.58.194" port: 41263 } } peers { permanent_uuid: "b304a787951f47dfb8cffeb13a3e0265" member_type: VOTER last_known_addr { host: "127.7.58.195" port: 34119 } }
I20260709 12:24:33.888437  8759 tablet_bootstrap.cc:492] T 6f00ce716b13423c98beab242c942fc9 P c554acdfebe04d1cb4b07d1314acab03: Bootstrap starting.
I20260709 12:24:33.879820  8635 tablet_service.cc:1917] Received RequestConsensusVote() RPC: tablet_id: "6f00ce716b13423c98beab242c942fc9" candidate_uuid: "35559c6ed1c848439c4ebc440df9a9d5" candidate_term: 1 candidate_status { last_received { term: 0 index: 0 } } ignore_live_leader: false dest_uuid: "c554acdfebe04d1cb4b07d1314acab03" is_pre_election: true
W20260709 12:24:33.902307  8531 leader_election.cc:343] T e98babf925fa4bb488596df1d36c0752 P 35559c6ed1c848439c4ebc440df9a9d5 [CANDIDATE]: Term 1 pre-election: Tablet error from VoteRequest() call to peer c554acdfebe04d1cb4b07d1314acab03 (127.7.58.194:41263): Illegal state: must be running to vote when last-logged opid is not known
I20260709 12:24:33.896018  8641 tablet_service.cc:1917] Received RequestConsensusVote() RPC: tablet_id: "6f00ce716b13423c98beab242c942fc9" candidate_uuid: "35559c6ed1c848439c4ebc440df9a9d5" candidate_term: 1 candidate_status { last_received { term: 0 index: 0 } } ignore_live_leader: false dest_uuid: "c554acdfebe04d1cb4b07d1314acab03"
I20260709 12:24:33.902837  8531 leader_election.cc:304] T e98babf925fa4bb488596df1d36c0752 P 35559c6ed1c848439c4ebc440df9a9d5 [CANDIDATE]: Term 1 pre-election: Election decided. Result: candidate lost. Election summary: received 3 responses out of 3 voters: 1 yes votes; 2 no votes. yes voters: 35559c6ed1c848439c4ebc440df9a9d5; no voters: b304a787951f47dfb8cffeb13a3e0265, c554acdfebe04d1cb4b07d1314acab03
I20260709 12:24:33.899705  8639 tablet_service.cc:1917] Received RequestConsensusVote() RPC: tablet_id: "d89f44d9cd4f48c2832ac2c65c7894ff" candidate_uuid: "b304a787951f47dfb8cffeb13a3e0265" candidate_term: 1 candidate_status { last_received { term: 0 index: 0 } } ignore_live_leader: false dest_uuid: "c554acdfebe04d1cb4b07d1314acab03" is_pre_election: true
I20260709 12:24:33.882489  9035 leader_election.cc:290] T 6f00ce716b13423c98beab242c942fc9 P 35559c6ed1c848439c4ebc440df9a9d5 [CANDIDATE]: Term 1 election: Requested vote from peers c554acdfebe04d1cb4b07d1314acab03 (127.7.58.194:41263), b304a787951f47dfb8cffeb13a3e0265 (127.7.58.195:34119)
I20260709 12:24:33.903566  8851 raft_consensus.cc:2749] T e98babf925fa4bb488596df1d36c0752 P 35559c6ed1c848439c4ebc440df9a9d5 [term 0 FOLLOWER]: Leader pre-election lost for term 1. Reason: could not achieve majority
I20260709 12:24:33.898591  8758 raft_consensus.cc:359] T d5236970e00c46cf9eed66b939e8f1af P b304a787951f47dfb8cffeb13a3e0265 [term 0 FOLLOWER]: Replica starting. Triggering 0 pending ops. Active config: opid_index: -1 OBSOLETE_local: false peers { permanent_uuid: "35559c6ed1c848439c4ebc440df9a9d5" member_type: VOTER last_known_addr { host: "127.7.58.193" port: 34261 } } peers { permanent_uuid: "c554acdfebe04d1cb4b07d1314acab03" member_type: VOTER last_known_addr { host: "127.7.58.194" port: 41263 } } peers { permanent_uuid: "b304a787951f47dfb8cffeb13a3e0265" member_type: VOTER last_known_addr { host: "127.7.58.195" port: 34119 } }
W20260709 12:24:33.904847  8531 leader_election.cc:343] T 6f00ce716b13423c98beab242c942fc9 P 35559c6ed1c848439c4ebc440df9a9d5 [CANDIDATE]: Term 1 pre-election: Tablet error from VoteRequest() call to peer c554acdfebe04d1cb4b07d1314acab03 (127.7.58.194:41263): Illegal state: must be running to vote when last-logged opid is not known
I20260709 12:24:33.907562  8758 raft_consensus.cc:385] T d5236970e00c46cf9eed66b939e8f1af P b304a787951f47dfb8cffeb13a3e0265 [term 0 FOLLOWER]: Consensus starting up: Expiring failure detector timer to make a prompt election more likely
I20260709 12:24:33.907923  8758 raft_consensus.cc:740] T d5236970e00c46cf9eed66b939e8f1af P b304a787951f47dfb8cffeb13a3e0265 [term 0 FOLLOWER]: Becoming Follower/Learner. State: Replica: b304a787951f47dfb8cffeb13a3e0265, State: Initialized, Role: FOLLOWER
W20260709 12:24:33.908478  8531 leader_election.cc:343] T 6f00ce716b13423c98beab242c942fc9 P 35559c6ed1c848439c4ebc440df9a9d5 [CANDIDATE]: Term 1 election: Tablet error from VoteRequest() call to peer c554acdfebe04d1cb4b07d1314acab03 (127.7.58.194:41263): Illegal state: must be running to vote when last-logged opid is not known
I20260709 12:24:33.910455  8563 tablet_service.cc:1917] Received RequestConsensusVote() RPC: tablet_id: "d89f44d9cd4f48c2832ac2c65c7894ff" candidate_uuid: "b304a787951f47dfb8cffeb13a3e0265" candidate_term: 1 candidate_status { last_received { term: 0 index: 0 } } ignore_live_leader: false dest_uuid: "35559c6ed1c848439c4ebc440df9a9d5" is_pre_election: true
I20260709 12:24:33.911080  8563 raft_consensus.cc:2468] T d89f44d9cd4f48c2832ac2c65c7894ff P 35559c6ed1c848439c4ebc440df9a9d5 [term 0 FOLLOWER]: Leader pre-election vote request: Granting yes vote for candidate b304a787951f47dfb8cffeb13a3e0265 in term 0.
I20260709 12:24:33.911976  8763 ts_tablet_manager.cc:1434] T 0f891d7a08a1424383946f05d7627954 P 35559c6ed1c848439c4ebc440df9a9d5: Time spent starting tablet: real 0.023s	user 0.007s	sys 0.002s
I20260709 12:24:33.913017  8681 leader_election.cc:304] T d89f44d9cd4f48c2832ac2c65c7894ff P b304a787951f47dfb8cffeb13a3e0265 [CANDIDATE]: Term 1 pre-election: Election decided. Result: candidate won. Election summary: received 2 responses out of 3 voters: 2 yes votes; 0 no votes. yes voters: 35559c6ed1c848439c4ebc440df9a9d5, b304a787951f47dfb8cffeb13a3e0265; no voters: 
I20260709 12:24:33.913839  8761 raft_consensus.cc:2804] T d89f44d9cd4f48c2832ac2c65c7894ff P b304a787951f47dfb8cffeb13a3e0265 [term 0 FOLLOWER]: Leader pre-election won for term 1
I20260709 12:24:33.914238  8761 raft_consensus.cc:493] T d89f44d9cd4f48c2832ac2c65c7894ff P b304a787951f47dfb8cffeb13a3e0265 [term 0 FOLLOWER]: Starting leader election (no leader contacted us within the election timeout)
I20260709 12:24:33.914577  8761 raft_consensus.cc:3060] T d89f44d9cd4f48c2832ac2c65c7894ff P b304a787951f47dfb8cffeb13a3e0265 [term 0 FOLLOWER]: Advancing to term 1
W20260709 12:24:33.915721  8682 leader_election.cc:343] T d89f44d9cd4f48c2832ac2c65c7894ff P b304a787951f47dfb8cffeb13a3e0265 [CANDIDATE]: Term 1 pre-election: Tablet error from VoteRequest() call to peer c554acdfebe04d1cb4b07d1314acab03 (127.7.58.194:41263): Illegal state: must be running to vote when last-logged opid is not known
I20260709 12:24:33.915486  8463 catalog_manager.cc:5697] T 7df30c11a0894ca6ac76fd5bacb5e2f4 P b304a787951f47dfb8cffeb13a3e0265 reported cstate change: term changed from 0 to 1, leader changed from <none> to b304a787951f47dfb8cffeb13a3e0265 (127.7.58.195). New cstate: current_term: 1 leader_uuid: "b304a787951f47dfb8cffeb13a3e0265" committed_config { opid_index: -1 OBSOLETE_local: false peers { permanent_uuid: "35559c6ed1c848439c4ebc440df9a9d5" member_type: VOTER last_known_addr { host: "127.7.58.193" port: 34261 } health_report { overall_health: UNKNOWN } } peers { permanent_uuid: "c554acdfebe04d1cb4b07d1314acab03" member_type: VOTER last_known_addr { host: "127.7.58.194" port: 41263 } health_report { overall_health: UNKNOWN } } peers { permanent_uuid: "b304a787951f47dfb8cffeb13a3e0265" member_type: VOTER last_known_addr { host: "127.7.58.195" port: 34119 } health_report { overall_health: HEALTHY } } }
I20260709 12:24:33.923193  8713 raft_consensus.cc:2468] T 6f00ce716b13423c98beab242c942fc9 P b304a787951f47dfb8cffeb13a3e0265 [term 1 FOLLOWER]: Leader election vote request: Granting yes vote for candidate 35559c6ed1c848439c4ebc440df9a9d5 in term 1.
I20260709 12:24:33.908666  8758 consensus_queue.cc:260] T d5236970e00c46cf9eed66b939e8f1af P b304a787951f47dfb8cffeb13a3e0265 [NON_LEADER]: Queue going to NON_LEADER mode. State: All replicated index: 0, Majority replicated index: 0, Committed index: 0, Last appended: 0.0, Last appended by leader: 0, Current term: 0, Majority size: -1, State: 0, Mode: NON_LEADER, active raft config: opid_index: -1 OBSOLETE_local: false peers { permanent_uuid: "35559c6ed1c848439c4ebc440df9a9d5" member_type: VOTER last_known_addr { host: "127.7.58.193" port: 34261 } } peers { permanent_uuid: "c554acdfebe04d1cb4b07d1314acab03" member_type: VOTER last_known_addr { host: "127.7.58.194" port: 41263 } } peers { permanent_uuid: "b304a787951f47dfb8cffeb13a3e0265" member_type: VOTER last_known_addr { host: "127.7.58.195" port: 34119 } }
I20260709 12:24:33.926555  8529 leader_election.cc:304] T 6f00ce716b13423c98beab242c942fc9 P 35559c6ed1c848439c4ebc440df9a9d5 [CANDIDATE]: Term 1 election: Election decided. Result: candidate won. Election summary: received 3 responses out of 3 voters: 2 yes votes; 1 no votes. yes voters: 35559c6ed1c848439c4ebc440df9a9d5, b304a787951f47dfb8cffeb13a3e0265; no voters: c554acdfebe04d1cb4b07d1314acab03
I20260709 12:24:33.904202  9090 leader_election.cc:290] T d89f44d9cd4f48c2832ac2c65c7894ff P b304a787951f47dfb8cffeb13a3e0265 [CANDIDATE]: Term 1 pre-election: Requested pre-vote from peers 35559c6ed1c848439c4ebc440df9a9d5 (127.7.58.193:34261), c554acdfebe04d1cb4b07d1314acab03 (127.7.58.194:41263)
I20260709 12:24:33.929286  8953 raft_consensus.cc:2804] T 6f00ce716b13423c98beab242c942fc9 P 35559c6ed1c848439c4ebc440df9a9d5 [term 1 FOLLOWER]: Leader election won for term 1
I20260709 12:24:33.934659  9037 raft_consensus.cc:493] T 73e996e814f3433183a9e3c96dff6604 P c554acdfebe04d1cb4b07d1314acab03 [term 0 FOLLOWER]: Starting pre-election (no leader contacted us within the election timeout)
I20260709 12:24:33.935187  9037 raft_consensus.cc:515] T 73e996e814f3433183a9e3c96dff6604 P c554acdfebe04d1cb4b07d1314acab03 [term 0 FOLLOWER]: Starting pre-election with config: opid_index: -1 OBSOLETE_local: false peers { permanent_uuid: "35559c6ed1c848439c4ebc440df9a9d5" member_type: VOTER last_known_addr { host: "127.7.58.193" port: 34261 } } peers { permanent_uuid: "c554acdfebe04d1cb4b07d1314acab03" member_type: VOTER last_known_addr { host: "127.7.58.194" port: 41263 } } peers { permanent_uuid: "b304a787951f47dfb8cffeb13a3e0265" member_type: VOTER last_known_addr { host: "127.7.58.195" port: 34119 } }
I20260709 12:24:33.935832  8763 tablet_bootstrap.cc:492] T 166b891cb89c4d3eb6e0f9d5917f29dd P 35559c6ed1c848439c4ebc440df9a9d5: Bootstrap starting.
I20260709 12:24:33.929037  8761 raft_consensus.cc:515] T d89f44d9cd4f48c2832ac2c65c7894ff P b304a787951f47dfb8cffeb13a3e0265 [term 1 FOLLOWER]: Starting leader election with config: opid_index: -1 OBSOLETE_local: false peers { permanent_uuid: "35559c6ed1c848439c4ebc440df9a9d5" member_type: VOTER last_known_addr { host: "127.7.58.193" port: 34261 } } peers { permanent_uuid: "c554acdfebe04d1cb4b07d1314acab03" member_type: VOTER last_known_addr { host: "127.7.58.194" port: 41263 } } peers { permanent_uuid: "b304a787951f47dfb8cffeb13a3e0265" member_type: VOTER last_known_addr { host: "127.7.58.195" port: 34119 } }
I20260709 12:24:33.940173  8761 leader_election.cc:290] T d89f44d9cd4f48c2832ac2c65c7894ff P b304a787951f47dfb8cffeb13a3e0265 [CANDIDATE]: Term 1 election: Requested vote from peers 35559c6ed1c848439c4ebc440df9a9d5 (127.7.58.193:34261), c554acdfebe04d1cb4b07d1314acab03 (127.7.58.194:41263)
I20260709 12:24:33.937597  9037 leader_election.cc:290] T 73e996e814f3433183a9e3c96dff6604 P c554acdfebe04d1cb4b07d1314acab03 [CANDIDATE]: Term 1 pre-election: Requested pre-vote from peers 35559c6ed1c848439c4ebc440df9a9d5 (127.7.58.193:34261), b304a787951f47dfb8cffeb13a3e0265 (127.7.58.195:34119)
I20260709 12:24:33.947171  8959 raft_consensus.cc:493] T 0f891d7a08a1424383946f05d7627954 P c554acdfebe04d1cb4b07d1314acab03 [term 0 FOLLOWER]: Starting pre-election (no leader contacted us within the election timeout)
I20260709 12:24:33.949012  8713 tablet_service.cc:1917] Received RequestConsensusVote() RPC: tablet_id: "73e996e814f3433183a9e3c96dff6604" candidate_uuid: "c554acdfebe04d1cb4b07d1314acab03" candidate_term: 1 candidate_status { last_received { term: 0 index: 0 } } ignore_live_leader: false dest_uuid: "b304a787951f47dfb8cffeb13a3e0265" is_pre_election: true
I20260709 12:24:33.935199  8953 raft_consensus.cc:697] T 6f00ce716b13423c98beab242c942fc9 P 35559c6ed1c848439c4ebc440df9a9d5 [term 1 LEADER]: Becoming Leader. State: Replica: 35559c6ed1c848439c4ebc440df9a9d5, State: Running, Role: LEADER
I20260709 12:24:33.949317  8959 raft_consensus.cc:515] T 0f891d7a08a1424383946f05d7627954 P c554acdfebe04d1cb4b07d1314acab03 [term 0 FOLLOWER]: Starting pre-election with config: opid_index: -1 OBSOLETE_local: false peers { permanent_uuid: "35559c6ed1c848439c4ebc440df9a9d5" member_type: VOTER last_known_addr { host: "127.7.58.193" port: 34261 } } peers { permanent_uuid: "c554acdfebe04d1cb4b07d1314acab03" member_type: VOTER last_known_addr { host: "127.7.58.194" port: 41263 } } peers { permanent_uuid: "b304a787951f47dfb8cffeb13a3e0265" member_type: VOTER last_known_addr { host: "127.7.58.195" port: 34119 } }
I20260709 12:24:33.948976  8758 ts_tablet_manager.cc:1434] T d5236970e00c46cf9eed66b939e8f1af P b304a787951f47dfb8cffeb13a3e0265: Time spent starting tablet: real 0.136s	user 0.007s	sys 0.000s
I20260709 12:24:33.951623  8959 leader_election.cc:290] T 0f891d7a08a1424383946f05d7627954 P c554acdfebe04d1cb4b07d1314acab03 [CANDIDATE]: Term 1 pre-election: Requested pre-vote from peers 35559c6ed1c848439c4ebc440df9a9d5 (127.7.58.193:34261), b304a787951f47dfb8cffeb13a3e0265 (127.7.58.195:34119)
I20260709 12:24:33.952775  8758 tablet_bootstrap.cc:492] T 952e019cdb8c479395293b6b585f6e58 P b304a787951f47dfb8cffeb13a3e0265: Bootstrap starting.
I20260709 12:24:33.955081  8564 tablet_service.cc:1917] Received RequestConsensusVote() RPC: tablet_id: "0f891d7a08a1424383946f05d7627954" candidate_uuid: "c554acdfebe04d1cb4b07d1314acab03" candidate_term: 1 candidate_status { last_received { term: 0 index: 0 } } ignore_live_leader: false dest_uuid: "35559c6ed1c848439c4ebc440df9a9d5" is_pre_election: true
I20260709 12:24:33.956003  8564 raft_consensus.cc:2468] T 0f891d7a08a1424383946f05d7627954 P 35559c6ed1c848439c4ebc440df9a9d5 [term 0 FOLLOWER]: Leader pre-election vote request: Granting yes vote for candidate c554acdfebe04d1cb4b07d1314acab03 in term 0.
I20260709 12:24:33.957129  8565 tablet_service.cc:1917] Received RequestConsensusVote() RPC: tablet_id: "73e996e814f3433183a9e3c96dff6604" candidate_uuid: "c554acdfebe04d1cb4b07d1314acab03" candidate_term: 1 candidate_status { last_received { term: 0 index: 0 } } ignore_live_leader: false dest_uuid: "35559c6ed1c848439c4ebc440df9a9d5" is_pre_election: true
I20260709 12:24:33.959211  8606 leader_election.cc:304] T 0f891d7a08a1424383946f05d7627954 P c554acdfebe04d1cb4b07d1314acab03 [CANDIDATE]: Term 1 pre-election: Election decided. Result: candidate won. Election summary: received 2 responses out of 3 voters: 2 yes votes; 0 no votes. yes voters: 35559c6ed1c848439c4ebc440df9a9d5, c554acdfebe04d1cb4b07d1314acab03; no voters: 
I20260709 12:24:33.964854  8641 tablet_service.cc:1917] Received RequestConsensusVote() RPC: tablet_id: "d89f44d9cd4f48c2832ac2c65c7894ff" candidate_uuid: "b304a787951f47dfb8cffeb13a3e0265" candidate_term: 1 candidate_status { last_received { term: 0 index: 0 } } ignore_live_leader: false dest_uuid: "c554acdfebe04d1cb4b07d1314acab03"
I20260709 12:24:33.966317  8713 tablet_service.cc:1917] Received RequestConsensusVote() RPC: tablet_id: "0f891d7a08a1424383946f05d7627954" candidate_uuid: "c554acdfebe04d1cb4b07d1314acab03" candidate_term: 1 candidate_status { last_received { term: 0 index: 0 } } ignore_live_leader: false dest_uuid: "b304a787951f47dfb8cffeb13a3e0265" is_pre_election: true
I20260709 12:24:33.966430  8563 tablet_service.cc:1917] Received RequestConsensusVote() RPC: tablet_id: "d89f44d9cd4f48c2832ac2c65c7894ff" candidate_uuid: "b304a787951f47dfb8cffeb13a3e0265" candidate_term: 1 candidate_status { last_received { term: 0 index: 0 } } ignore_live_leader: false dest_uuid: "35559c6ed1c848439c4ebc440df9a9d5"
I20260709 12:24:33.967198  8563 raft_consensus.cc:3060] T d89f44d9cd4f48c2832ac2c65c7894ff P 35559c6ed1c848439c4ebc440df9a9d5 [term 0 FOLLOWER]: Advancing to term 1
I20260709 12:24:33.967145  8713 raft_consensus.cc:2468] T 0f891d7a08a1424383946f05d7627954 P b304a787951f47dfb8cffeb13a3e0265 [term 0 FOLLOWER]: Leader pre-election vote request: Granting yes vote for candidate c554acdfebe04d1cb4b07d1314acab03 in term 0.
I20260709 12:24:33.967542  8606 leader_election.cc:304] T 73e996e814f3433183a9e3c96dff6604 P c554acdfebe04d1cb4b07d1314acab03 [CANDIDATE]: Term 1 pre-election: Election decided. Result: candidate lost. Election summary: received 3 responses out of 3 voters: 1 yes votes; 2 no votes. yes voters: c554acdfebe04d1cb4b07d1314acab03; no voters: 35559c6ed1c848439c4ebc440df9a9d5, b304a787951f47dfb8cffeb13a3e0265
I20260709 12:24:33.969724  9076 raft_consensus.cc:2804] T 0f891d7a08a1424383946f05d7627954 P c554acdfebe04d1cb4b07d1314acab03 [term 0 FOLLOWER]: Leader pre-election won for term 1
I20260709 12:24:33.970217  9076 raft_consensus.cc:493] T 0f891d7a08a1424383946f05d7627954 P c554acdfebe04d1cb4b07d1314acab03 [term 0 FOLLOWER]: Starting leader election (no leader contacted us within the election timeout)
W20260709 12:24:33.972939  8682 leader_election.cc:343] T d89f44d9cd4f48c2832ac2c65c7894ff P b304a787951f47dfb8cffeb13a3e0265 [CANDIDATE]: Term 1 election: Tablet error from VoteRequest() call to peer c554acdfebe04d1cb4b07d1314acab03 (127.7.58.194:41263): Illegal state: must be running to vote when last-logged opid is not known
I20260709 12:24:33.980645  8959 raft_consensus.cc:2749] T 73e996e814f3433183a9e3c96dff6604 P c554acdfebe04d1cb4b07d1314acab03 [term 0 FOLLOWER]: Leader pre-election lost for term 1. Reason: could not achieve majority
I20260709 12:24:33.950495  8953 consensus_queue.cc:237] T 6f00ce716b13423c98beab242c942fc9 P 35559c6ed1c848439c4ebc440df9a9d5 [LEADER]: Queue going to LEADER mode. State: All replicated index: 0, Majority replicated index: 0, Committed index: 0, Last appended: 0.0, Last appended by leader: 0, Current term: 1, Majority size: 2, State: 0, Mode: LEADER, active raft config: opid_index: -1 OBSOLETE_local: false peers { permanent_uuid: "35559c6ed1c848439c4ebc440df9a9d5" member_type: VOTER last_known_addr { host: "127.7.58.193" port: 34261 } } peers { permanent_uuid: "c554acdfebe04d1cb4b07d1314acab03" member_type: VOTER last_known_addr { host: "127.7.58.194" port: 41263 } } peers { permanent_uuid: "b304a787951f47dfb8cffeb13a3e0265" member_type: VOTER last_known_addr { host: "127.7.58.195" port: 34119 } }
I20260709 12:24:33.973021  9076 raft_consensus.cc:3060] T 0f891d7a08a1424383946f05d7627954 P c554acdfebe04d1cb4b07d1314acab03 [term 0 FOLLOWER]: Advancing to term 1
I20260709 12:24:33.975189  8463 catalog_manager.cc:5697] T 2cb2623bbe234dd1870b83df0541f748 P b304a787951f47dfb8cffeb13a3e0265 reported cstate change: term changed from 0 to 1, leader changed from <none> to b304a787951f47dfb8cffeb13a3e0265 (127.7.58.195). New cstate: current_term: 1 leader_uuid: "b304a787951f47dfb8cffeb13a3e0265" committed_config { opid_index: -1 OBSOLETE_local: false peers { permanent_uuid: "35559c6ed1c848439c4ebc440df9a9d5" member_type: VOTER last_known_addr { host: "127.7.58.193" port: 34261 } health_report { overall_health: UNKNOWN } } peers { permanent_uuid: "c554acdfebe04d1cb4b07d1314acab03" member_type: VOTER last_known_addr { host: "127.7.58.194" port: 41263 } health_report { overall_health: UNKNOWN } } peers { permanent_uuid: "b304a787951f47dfb8cffeb13a3e0265" member_type: VOTER last_known_addr { host: "127.7.58.195" port: 34119 } health_report { overall_health: HEALTHY } } }
I20260709 12:24:33.976821  8464 catalog_manager.cc:5697] T 8077f31e5e8e4410a8a3859141001748 P 35559c6ed1c848439c4ebc440df9a9d5 reported cstate change: term changed from 0 to 1, leader changed from <none> to 35559c6ed1c848439c4ebc440df9a9d5 (127.7.58.193). New cstate: current_term: 1 leader_uuid: "35559c6ed1c848439c4ebc440df9a9d5" committed_config { opid_index: -1 OBSOLETE_local: false peers { permanent_uuid: "35559c6ed1c848439c4ebc440df9a9d5" member_type: VOTER last_known_addr { host: "127.7.58.193" port: 34261 } health_report { overall_health: HEALTHY } } peers { permanent_uuid: "c554acdfebe04d1cb4b07d1314acab03" member_type: VOTER last_known_addr { host: "127.7.58.194" port: 41263 } health_report { overall_health: UNKNOWN } } peers { permanent_uuid: "b304a787951f47dfb8cffeb13a3e0265" member_type: VOTER last_known_addr { host: "127.7.58.195" port: 34119 } health_report { overall_health: UNKNOWN } } }
I20260709 12:24:33.994413  8563 raft_consensus.cc:2468] T d89f44d9cd4f48c2832ac2c65c7894ff P 35559c6ed1c848439c4ebc440df9a9d5 [term 1 FOLLOWER]: Leader election vote request: Granting yes vote for candidate b304a787951f47dfb8cffeb13a3e0265 in term 1.
I20260709 12:24:33.994468  9073 consensus_queue.cc:1048] T 816cb656d59746868d712085d5ec2a68 P c554acdfebe04d1cb4b07d1314acab03 [LEADER]: Connected to new peer: Peer: permanent_uuid: "35559c6ed1c848439c4ebc440df9a9d5" member_type: VOTER last_known_addr { host: "127.7.58.193" port: 34261 }, Status: LMP_MISMATCH, Last received: 0.0, Next index: 1, Last known committed idx: 0, Time since last communication: 0.001s
I20260709 12:24:33.998907  8681 leader_election.cc:304] T d89f44d9cd4f48c2832ac2c65c7894ff P b304a787951f47dfb8cffeb13a3e0265 [CANDIDATE]: Term 1 election: Election decided. Result: candidate won. Election summary: received 3 responses out of 3 voters: 2 yes votes; 1 no votes. yes voters: 35559c6ed1c848439c4ebc440df9a9d5, b304a787951f47dfb8cffeb13a3e0265; no voters: c554acdfebe04d1cb4b07d1314acab03
I20260709 12:24:33.999169  8759 tablet_bootstrap.cc:654] T 6f00ce716b13423c98beab242c942fc9 P c554acdfebe04d1cb4b07d1314acab03: Neither blocks nor log segments found. Creating new log.
I20260709 12:24:34.007961  9045 raft_consensus.cc:2804] T d89f44d9cd4f48c2832ac2c65c7894ff P b304a787951f47dfb8cffeb13a3e0265 [term 1 FOLLOWER]: Leader election won for term 1
I20260709 12:24:34.051318  8763 tablet_bootstrap.cc:654] T 166b891cb89c4d3eb6e0f9d5917f29dd P 35559c6ed1c848439c4ebc440df9a9d5: Neither blocks nor log segments found. Creating new log.
I20260709 12:24:34.056527  9073 raft_consensus.cc:493] T 74c4c91a318241d4aaf7d6559ce6f8ae P c554acdfebe04d1cb4b07d1314acab03 [term 0 FOLLOWER]: Starting pre-election (no leader contacted us within the election timeout)
I20260709 12:24:34.066952  8761 raft_consensus.cc:493] T d5236970e00c46cf9eed66b939e8f1af P b304a787951f47dfb8cffeb13a3e0265 [term 0 FOLLOWER]: Starting pre-election (no leader contacted us within the election timeout)
I20260709 12:24:34.067176  8959 raft_consensus.cc:493] T f5560f6ab0f644e4a1823ddd7b4c4bf8 P c554acdfebe04d1cb4b07d1314acab03 [term 0 FOLLOWER]: Starting pre-election (no leader contacted us within the election timeout)
I20260709 12:24:34.067472  8761 raft_consensus.cc:515] T d5236970e00c46cf9eed66b939e8f1af P b304a787951f47dfb8cffeb13a3e0265 [term 0 FOLLOWER]: Starting pre-election with config: opid_index: -1 OBSOLETE_local: false peers { permanent_uuid: "35559c6ed1c848439c4ebc440df9a9d5" member_type: VOTER last_known_addr { host: "127.7.58.193" port: 34261 } } peers { permanent_uuid: "c554acdfebe04d1cb4b07d1314acab03" member_type: VOTER last_known_addr { host: "127.7.58.194" port: 41263 } } peers { permanent_uuid: "b304a787951f47dfb8cffeb13a3e0265" member_type: VOTER last_known_addr { host: "127.7.58.195" port: 34119 } }
I20260709 12:24:34.067685  8959 raft_consensus.cc:515] T f5560f6ab0f644e4a1823ddd7b4c4bf8 P c554acdfebe04d1cb4b07d1314acab03 [term 0 FOLLOWER]: Starting pre-election with config: opid_index: -1 OBSOLETE_local: false peers { permanent_uuid: "35559c6ed1c848439c4ebc440df9a9d5" member_type: VOTER last_known_addr { host: "127.7.58.193" port: 34261 } } peers { permanent_uuid: "c554acdfebe04d1cb4b07d1314acab03" member_type: VOTER last_known_addr { host: "127.7.58.194" port: 41263 } } peers { permanent_uuid: "b304a787951f47dfb8cffeb13a3e0265" member_type: VOTER last_known_addr { host: "127.7.58.195" port: 34119 } }
I20260709 12:24:34.052538  9045 raft_consensus.cc:697] T d89f44d9cd4f48c2832ac2c65c7894ff P b304a787951f47dfb8cffeb13a3e0265 [term 1 LEADER]: Becoming Leader. State: Replica: b304a787951f47dfb8cffeb13a3e0265, State: Running, Role: LEADER
I20260709 12:24:34.071086  8761 leader_election.cc:290] T d5236970e00c46cf9eed66b939e8f1af P b304a787951f47dfb8cffeb13a3e0265 [CANDIDATE]: Term 1 pre-election: Requested pre-vote from peers 35559c6ed1c848439c4ebc440df9a9d5 (127.7.58.193:34261), c554acdfebe04d1cb4b07d1314acab03 (127.7.58.194:41263)
