I20260709 12:23:58.649428  8135 consensus_queue.cc:260] T efc69843ca4b492db36b6961f821bde0 P 8b63059357424320a81a6db9099b6940 [NON_LEADER]: Queue going to NON_LEADER mode. State: All replicated index: 0, Majority replicated index: 1, Committed index: 1, Last appended: 1.1, Last appended by leader: 1, Current term: 1, Majority size: -1, State: 0, Mode: NON_LEADER, active raft config: opid_index: -1 OBSOLETE_local: false peers { permanent_uuid: "741e422c90fb439681f0483fa0e41f36" member_type: VOTER last_known_addr { host: "127.7.58.193" port: 37693 } } peers { permanent_uuid: "8b63059357424320a81a6db9099b6940" member_type: VOTER last_known_addr { host: "127.7.58.194" port: 41115 } } peers { permanent_uuid: "b439f9010acc432592dea0a75cf74bdd" member_type: VOTER last_known_addr { host: "127.7.58.195" port: 43859 } }
I20260709 12:23:58.650406  8135 raft_consensus.cc:3060] T efc69843ca4b492db36b6961f821bde0 P 8b63059357424320a81a6db9099b6940 [term 1 FOLLOWER]: Advancing to term 2
I20260709 12:23:58.654668  8060 raft_consensus.cc:2468] T efc69843ca4b492db36b6961f821bde0 P 741e422c90fb439681f0483fa0e41f36 [term 2 FOLLOWER]: Leader election vote request: Granting yes vote for candidate b439f9010acc432592dea0a75cf74bdd in term 2.
I20260709 12:23:58.654855  8135 raft_consensus.cc:2468] T efc69843ca4b492db36b6961f821bde0 P 8b63059357424320a81a6db9099b6940 [term 2 FOLLOWER]: Leader election vote request: Granting yes vote for candidate b439f9010acc432592dea0a75cf74bdd in term 2.
I20260709 12:23:58.655821  8176 leader_election.cc:304] T efc69843ca4b492db36b6961f821bde0 P b439f9010acc432592dea0a75cf74bdd [CANDIDATE]: Term 2 election: Election decided. Result: candidate won. Election summary: received 2 responses out of 3 voters: 2 yes votes; 0 no votes. yes voters: 741e422c90fb439681f0483fa0e41f36, b439f9010acc432592dea0a75cf74bdd; no voters: 
I20260709 12:23:58.656561  8282 raft_consensus.cc:2804] T efc69843ca4b492db36b6961f821bde0 P b439f9010acc432592dea0a75cf74bdd [term 2 FOLLOWER]: Leader election won for term 2
I20260709 12:23:58.657126  8282 raft_consensus.cc:697] T efc69843ca4b492db36b6961f821bde0 P b439f9010acc432592dea0a75cf74bdd [term 2 LEADER]: Becoming Leader. State: Replica: b439f9010acc432592dea0a75cf74bdd, State: Running, Role: LEADER
I20260709 12:23:58.657951  8282 consensus_queue.cc:237] T efc69843ca4b492db36b6961f821bde0 P b439f9010acc432592dea0a75cf74bdd [LEADER]: Queue going to LEADER mode. State: All replicated index: 0, Majority replicated index: 1, Committed index: 1, Last appended: 1.1, Last appended by leader: 1, Current term: 2, Majority size: 2, State: 0, Mode: LEADER, active raft config: opid_index: -1 OBSOLETE_local: false peers { permanent_uuid: "741e422c90fb439681f0483fa0e41f36" member_type: VOTER last_known_addr { host: "127.7.58.193" port: 37693 } } peers { permanent_uuid: "8b63059357424320a81a6db9099b6940" member_type: VOTER last_known_addr { host: "127.7.58.194" port: 41115 } } peers { permanent_uuid: "b439f9010acc432592dea0a75cf74bdd" member_type: VOTER last_known_addr { host: "127.7.58.195" port: 43859 } }
I20260709 12:23:58.665213  7956 catalog_manager.cc:5697] T efc69843ca4b492db36b6961f821bde0 P b439f9010acc432592dea0a75cf74bdd reported cstate change: term changed from 1 to 2, leader changed from 8b63059357424320a81a6db9099b6940 (127.7.58.194) to b439f9010acc432592dea0a75cf74bdd (127.7.58.195). New cstate: current_term: 2 leader_uuid: "b439f9010acc432592dea0a75cf74bdd" committed_config { opid_index: -1 OBSOLETE_local: false peers { permanent_uuid: "741e422c90fb439681f0483fa0e41f36" member_type: VOTER last_known_addr { host: "127.7.58.193" port: 37693 } health_report { overall_health: UNKNOWN } } peers { permanent_uuid: "8b63059357424320a81a6db9099b6940" member_type: VOTER last_known_addr { host: "127.7.58.194" port: 41115 } health_report { overall_health: UNKNOWN } } peers { permanent_uuid: "b439f9010acc432592dea0a75cf74bdd" member_type: VOTER last_known_addr { host: "127.7.58.195" port: 43859 } health_report { overall_health: HEALTHY } } }
I20260709 12:23:58.683848  8280 consensus_queue.cc:1048] T 0c245cb1274b42beb9aec9ef22b1fcc4 P 8b63059357424320a81a6db9099b6940 [LEADER]: Connected to new peer: Peer: permanent_uuid: "b439f9010acc432592dea0a75cf74bdd" member_type: VOTER last_known_addr { host: "127.7.58.195" port: 43859 }, Status: LMP_MISMATCH, Last received: 0.0, Next index: 1, Last known committed idx: 0, Time since last communication: 0.001s
I20260709 12:23:58.686767  8280 consensus_queue.cc:1048] T 0c245cb1274b42beb9aec9ef22b1fcc4 P 8b63059357424320a81a6db9099b6940 [LEADER]: Connected to new peer: Peer: permanent_uuid: "741e422c90fb439681f0483fa0e41f36" member_type: VOTER last_known_addr { host: "127.7.58.193" port: 37693 }, Status: LMP_MISMATCH, Last received: 0.0, Next index: 1, Last known committed idx: 0, Time since last communication: 0.000s
I20260709 12:23:58.690147  8259 consensus_queue.cc:1048] T 2524f51544c546aca106e94447551695 P 741e422c90fb439681f0483fa0e41f36 [LEADER]: Connected to new peer: Peer: permanent_uuid: "8b63059357424320a81a6db9099b6940" member_type: VOTER last_known_addr { host: "127.7.58.194" port: 41115 }, Status: LMP_MISMATCH, Last received: 0.0, Next index: 1, Last known committed idx: 0, Time since last communication: 0.000s
I20260709 12:23:58.702032  8292 raft_consensus.cc:993] T 0c245cb1274b42beb9aec9ef22b1fcc4 P 8b63059357424320a81a6db9099b6940: : Instructing follower 741e422c90fb439681f0483fa0e41f36 to start an election
I20260709 12:23:58.702490  8292 raft_consensus.cc:1081] T 0c245cb1274b42beb9aec9ef22b1fcc4 P 8b63059357424320a81a6db9099b6940 [term 1 LEADER]: Signalling peer 741e422c90fb439681f0483fa0e41f36 to start an election
I20260709 12:23:58.704495  8058 tablet_service.cc:2044] Received Run Leader Election RPC: tablet_id: "0c245cb1274b42beb9aec9ef22b1fcc4"
dest_uuid: "741e422c90fb439681f0483fa0e41f36"
 from {username='slave'} at 127.0.0.1:59228
I20260709 12:23:58.705106  8058 raft_consensus.cc:493] T 0c245cb1274b42beb9aec9ef22b1fcc4 P 741e422c90fb439681f0483fa0e41f36 [term 1 FOLLOWER]: Starting forced leader election (received explicit request)
I20260709 12:23:58.705497  8058 raft_consensus.cc:3060] T 0c245cb1274b42beb9aec9ef22b1fcc4 P 741e422c90fb439681f0483fa0e41f36 [term 1 FOLLOWER]: Advancing to term 2
I20260709 12:23:58.712442  8312 consensus_queue.cc:1048] T 2524f51544c546aca106e94447551695 P 741e422c90fb439681f0483fa0e41f36 [LEADER]: Connected to new peer: Peer: permanent_uuid: "b439f9010acc432592dea0a75cf74bdd" member_type: VOTER last_known_addr { host: "127.7.58.195" port: 43859 }, Status: LMP_MISMATCH, Last received: 0.0, Next index: 1, Last known committed idx: 0, Time since last communication: 0.000s
I20260709 12:23:58.715806  8058 raft_consensus.cc:515] T 0c245cb1274b42beb9aec9ef22b1fcc4 P 741e422c90fb439681f0483fa0e41f36 [term 2 FOLLOWER]: Starting forced leader election with config: opid_index: -1 OBSOLETE_local: false peers { permanent_uuid: "741e422c90fb439681f0483fa0e41f36" member_type: VOTER last_known_addr { host: "127.7.58.193" port: 37693 } } peers { permanent_uuid: "8b63059357424320a81a6db9099b6940" member_type: VOTER last_known_addr { host: "127.7.58.194" port: 41115 } } peers { permanent_uuid: "b439f9010acc432592dea0a75cf74bdd" member_type: VOTER last_known_addr { host: "127.7.58.195" port: 43859 } }
I20260709 12:23:58.718586  8135 tablet_service.cc:1917] Received RequestConsensusVote() RPC: tablet_id: "0c245cb1274b42beb9aec9ef22b1fcc4" candidate_uuid: "741e422c90fb439681f0483fa0e41f36" candidate_term: 2 candidate_status { last_received { term: 1 index: 1 } } ignore_live_leader: true dest_uuid: "8b63059357424320a81a6db9099b6940"
I20260709 12:23:58.719892  8135 raft_consensus.cc:3055] T 0c245cb1274b42beb9aec9ef22b1fcc4 P 8b63059357424320a81a6db9099b6940 [term 1 LEADER]: Stepping down as leader of term 1
I20260709 12:23:58.720002  8060 raft_consensus.cc:1240] T 0c245cb1274b42beb9aec9ef22b1fcc4 P 741e422c90fb439681f0483fa0e41f36 [term 2 FOLLOWER]: Rejecting Update request from peer 8b63059357424320a81a6db9099b6940 for earlier term 1. Current term is 2. Ops: []
I20260709 12:23:58.720922  8135 raft_consensus.cc:740] T 0c245cb1274b42beb9aec9ef22b1fcc4 P 8b63059357424320a81a6db9099b6940 [term 1 LEADER]: Becoming Follower/Learner. State: Replica: 8b63059357424320a81a6db9099b6940, State: Running, Role: LEADER
I20260709 12:23:58.722349  8135 consensus_queue.cc:260] T 0c245cb1274b42beb9aec9ef22b1fcc4 P 8b63059357424320a81a6db9099b6940 [NON_LEADER]: Queue going to NON_LEADER mode. State: All replicated index: 0, Majority replicated index: 1, Committed index: 1, Last appended: 1.1, Last appended by leader: 1, Current term: 1, Majority size: -1, State: 0, Mode: NON_LEADER, active raft config: opid_index: -1 OBSOLETE_local: false peers { permanent_uuid: "741e422c90fb439681f0483fa0e41f36" member_type: VOTER last_known_addr { host: "127.7.58.193" port: 37693 } } peers { permanent_uuid: "8b63059357424320a81a6db9099b6940" member_type: VOTER last_known_addr { host: "127.7.58.194" port: 41115 } } peers { permanent_uuid: "b439f9010acc432592dea0a75cf74bdd" member_type: VOTER last_known_addr { host: "127.7.58.195" port: 43859 } }
I20260709 12:23:58.723749  8135 raft_consensus.cc:3060] T 0c245cb1274b42beb9aec9ef22b1fcc4 P 8b63059357424320a81a6db9099b6940 [term 1 FOLLOWER]: Advancing to term 2
I20260709 12:23:58.728053  8209 tablet_service.cc:1917] Received RequestConsensusVote() RPC: tablet_id: "0c245cb1274b42beb9aec9ef22b1fcc4" candidate_uuid: "741e422c90fb439681f0483fa0e41f36" candidate_term: 2 candidate_status { last_received { term: 1 index: 1 } } ignore_live_leader: true dest_uuid: "b439f9010acc432592dea0a75cf74bdd"
I20260709 12:23:58.728863  8209 raft_consensus.cc:3060] T 0c245cb1274b42beb9aec9ef22b1fcc4 P b439f9010acc432592dea0a75cf74bdd [term 1 FOLLOWER]: Advancing to term 2
I20260709 12:23:58.729672  8058 leader_election.cc:290] T 0c245cb1274b42beb9aec9ef22b1fcc4 P 741e422c90fb439681f0483fa0e41f36 [CANDIDATE]: Term 2 election: Requested vote from peers 8b63059357424320a81a6db9099b6940 (127.7.58.194:41115), b439f9010acc432592dea0a75cf74bdd (127.7.58.195:43859)
I20260709 12:23:58.736613  8135 raft_consensus.cc:2468] T 0c245cb1274b42beb9aec9ef22b1fcc4 P 8b63059357424320a81a6db9099b6940 [term 2 FOLLOWER]: Leader election vote request: Granting yes vote for candidate 741e422c90fb439681f0483fa0e41f36 in term 2.
I20260709 12:23:58.737128  8209 raft_consensus.cc:2468] T 0c245cb1274b42beb9aec9ef22b1fcc4 P b439f9010acc432592dea0a75cf74bdd [term 2 FOLLOWER]: Leader election vote request: Granting yes vote for candidate 741e422c90fb439681f0483fa0e41f36 in term 2.
I20260709 12:23:58.737864  8024 leader_election.cc:304] T 0c245cb1274b42beb9aec9ef22b1fcc4 P 741e422c90fb439681f0483fa0e41f36 [CANDIDATE]: Term 2 election: Election decided. Result: candidate won. Election summary: received 2 responses out of 3 voters: 2 yes votes; 0 no votes. yes voters: 741e422c90fb439681f0483fa0e41f36, 8b63059357424320a81a6db9099b6940; no voters: 
I20260709 12:23:58.738723  8299 raft_consensus.cc:2804] T 0c245cb1274b42beb9aec9ef22b1fcc4 P 741e422c90fb439681f0483fa0e41f36 [term 2 FOLLOWER]: Leader election won for term 2
I20260709 12:23:58.739194  8299 raft_consensus.cc:697] T 0c245cb1274b42beb9aec9ef22b1fcc4 P 741e422c90fb439681f0483fa0e41f36 [term 2 LEADER]: Becoming Leader. State: Replica: 741e422c90fb439681f0483fa0e41f36, State: Running, Role: LEADER
I20260709 12:23:58.740033  8299 consensus_queue.cc:237] T 0c245cb1274b42beb9aec9ef22b1fcc4 P 741e422c90fb439681f0483fa0e41f36 [LEADER]: Queue going to LEADER mode. State: All replicated index: 0, Majority replicated index: 0, Committed index: 0, Last appended: 1.1, Last appended by leader: 1, Current term: 2, Majority size: 2, State: 0, Mode: LEADER, active raft config: opid_index: -1 OBSOLETE_local: false peers { permanent_uuid: "741e422c90fb439681f0483fa0e41f36" member_type: VOTER last_known_addr { host: "127.7.58.193" port: 37693 } } peers { permanent_uuid: "8b63059357424320a81a6db9099b6940" member_type: VOTER last_known_addr { host: "127.7.58.194" port: 41115 } } peers { permanent_uuid: "b439f9010acc432592dea0a75cf74bdd" member_type: VOTER last_known_addr { host: "127.7.58.195" port: 43859 } }
I20260709 12:23:58.747130  7956 catalog_manager.cc:5697] T 0c245cb1274b42beb9aec9ef22b1fcc4 P 741e422c90fb439681f0483fa0e41f36 reported cstate change: term changed from 1 to 2, leader changed from 8b63059357424320a81a6db9099b6940 (127.7.58.194) to 741e422c90fb439681f0483fa0e41f36 (127.7.58.193). New cstate: current_term: 2 leader_uuid: "741e422c90fb439681f0483fa0e41f36" committed_config { opid_index: -1 OBSOLETE_local: false peers { permanent_uuid: "741e422c90fb439681f0483fa0e41f36" member_type: VOTER last_known_addr { host: "127.7.58.193" port: 37693 } health_report { overall_health: HEALTHY } } peers { permanent_uuid: "8b63059357424320a81a6db9099b6940" member_type: VOTER last_known_addr { host: "127.7.58.194" port: 41115 } health_report { overall_health: UNKNOWN } } peers { permanent_uuid: "b439f9010acc432592dea0a75cf74bdd" member_type: VOTER last_known_addr { host: "127.7.58.195" port: 43859 } health_report { overall_health: UNKNOWN } } }
I20260709 12:23:58.770628  8282 raft_consensus.cc:993] T f608e847858f471484a630faedfbbff3 P b439f9010acc432592dea0a75cf74bdd: : Instructing follower 8b63059357424320a81a6db9099b6940 to start an election
I20260709 12:23:58.771108  8267 raft_consensus.cc:1081] T f608e847858f471484a630faedfbbff3 P b439f9010acc432592dea0a75cf74bdd [term 1 LEADER]: Signalling peer 8b63059357424320a81a6db9099b6940 to start an election
I20260709 12:23:58.772583  8135 tablet_service.cc:2044] Received Run Leader Election RPC: tablet_id: "f608e847858f471484a630faedfbbff3"
dest_uuid: "8b63059357424320a81a6db9099b6940"
 from {username='slave'} at 127.0.0.1:35528
I20260709 12:23:58.773123  8135 raft_consensus.cc:493] T f608e847858f471484a630faedfbbff3 P 8b63059357424320a81a6db9099b6940 [term 1 FOLLOWER]: Starting forced leader election (received explicit request)
I20260709 12:23:58.773527  8135 raft_consensus.cc:3060] T f608e847858f471484a630faedfbbff3 P 8b63059357424320a81a6db9099b6940 [term 1 FOLLOWER]: Advancing to term 2
I20260709 12:23:58.778703  8135 raft_consensus.cc:515] T f608e847858f471484a630faedfbbff3 P 8b63059357424320a81a6db9099b6940 [term 2 FOLLOWER]: Starting forced leader election with config: opid_index: -1 OBSOLETE_local: false peers { permanent_uuid: "741e422c90fb439681f0483fa0e41f36" member_type: VOTER last_known_addr { host: "127.7.58.193" port: 37693 } } peers { permanent_uuid: "8b63059357424320a81a6db9099b6940" member_type: VOTER last_known_addr { host: "127.7.58.194" port: 41115 } } peers { permanent_uuid: "b439f9010acc432592dea0a75cf74bdd" member_type: VOTER last_known_addr { host: "127.7.58.195" port: 43859 } }
I20260709 12:23:58.781291  8135 leader_election.cc:290] T f608e847858f471484a630faedfbbff3 P 8b63059357424320a81a6db9099b6940 [CANDIDATE]: Term 2 election: Requested vote from peers 741e422c90fb439681f0483fa0e41f36 (127.7.58.193:37693), b439f9010acc432592dea0a75cf74bdd (127.7.58.195:43859)
I20260709 12:23:58.781762  8058 tablet_service.cc:1917] Received RequestConsensusVote() RPC: tablet_id: "f608e847858f471484a630faedfbbff3" candidate_uuid: "8b63059357424320a81a6db9099b6940" candidate_term: 2 candidate_status { last_received { term: 1 index: 1 } } ignore_live_leader: true dest_uuid: "741e422c90fb439681f0483fa0e41f36"
I20260709 12:23:58.781904  8209 tablet_service.cc:1917] Received RequestConsensusVote() RPC: tablet_id: "f608e847858f471484a630faedfbbff3" candidate_uuid: "8b63059357424320a81a6db9099b6940" candidate_term: 2 candidate_status { last_received { term: 1 index: 1 } } ignore_live_leader: true dest_uuid: "b439f9010acc432592dea0a75cf74bdd"
I20260709 12:23:58.782639  8058 raft_consensus.cc:3060] T f608e847858f471484a630faedfbbff3 P 741e422c90fb439681f0483fa0e41f36 [term 1 FOLLOWER]: Advancing to term 2
I20260709 12:23:58.782660  8209 raft_consensus.cc:3055] T f608e847858f471484a630faedfbbff3 P b439f9010acc432592dea0a75cf74bdd [term 1 LEADER]: Stepping down as leader of term 1
I20260709 12:23:58.783259  8209 raft_consensus.cc:740] T f608e847858f471484a630faedfbbff3 P b439f9010acc432592dea0a75cf74bdd [term 1 LEADER]: Becoming Follower/Learner. State: Replica: b439f9010acc432592dea0a75cf74bdd, State: Running, Role: LEADER
I20260709 12:23:58.784132  8209 consensus_queue.cc:260] T f608e847858f471484a630faedfbbff3 P b439f9010acc432592dea0a75cf74bdd [NON_LEADER]: Queue going to NON_LEADER mode. State: All replicated index: 0, Majority replicated index: 1, Committed index: 1, Last appended: 1.1, Last appended by leader: 1, Current term: 1, Majority size: -1, State: 0, Mode: NON_LEADER, active raft config: opid_index: -1 OBSOLETE_local: false peers { permanent_uuid: "741e422c90fb439681f0483fa0e41f36" member_type: VOTER last_known_addr { host: "127.7.58.193" port: 37693 } } peers { permanent_uuid: "8b63059357424320a81a6db9099b6940" member_type: VOTER last_known_addr { host: "127.7.58.194" port: 41115 } } peers { permanent_uuid: "b439f9010acc432592dea0a75cf74bdd" member_type: VOTER last_known_addr { host: "127.7.58.195" port: 43859 } }
I20260709 12:23:58.785127  8209 raft_consensus.cc:3060] T f608e847858f471484a630faedfbbff3 P b439f9010acc432592dea0a75cf74bdd [term 1 FOLLOWER]: Advancing to term 2
I20260709 12:23:58.789080  8058 raft_consensus.cc:2468] T f608e847858f471484a630faedfbbff3 P 741e422c90fb439681f0483fa0e41f36 [term 2 FOLLOWER]: Leader election vote request: Granting yes vote for candidate 8b63059357424320a81a6db9099b6940 in term 2.
I20260709 12:23:58.790356  8100 leader_election.cc:304] T f608e847858f471484a630faedfbbff3 P 8b63059357424320a81a6db9099b6940 [CANDIDATE]: Term 2 election: Election decided. Result: candidate won. Election summary: received 2 responses out of 3 voters: 2 yes votes; 0 no votes. yes voters: 741e422c90fb439681f0483fa0e41f36, 8b63059357424320a81a6db9099b6940; no voters: 
I20260709 12:23:58.790717  8299 consensus_queue.cc:1048] T 1d8a2220f4534909b0f03a5aaaa5efb2 P 741e422c90fb439681f0483fa0e41f36 [LEADER]: Connected to new peer: Peer: permanent_uuid: "8b63059357424320a81a6db9099b6940" member_type: VOTER last_known_addr { host: "127.7.58.194" port: 41115 }, Status: LMP_MISMATCH, Last received: 0.0, Next index: 1, Last known committed idx: 0, Time since last communication: 0.000s
I20260709 12:23:58.791214  8280 raft_consensus.cc:2804] T f608e847858f471484a630faedfbbff3 P 8b63059357424320a81a6db9099b6940 [term 2 FOLLOWER]: Leader election won for term 2
I20260709 12:23:58.791673  8209 raft_consensus.cc:2468] T f608e847858f471484a630faedfbbff3 P b439f9010acc432592dea0a75cf74bdd [term 2 FOLLOWER]: Leader election vote request: Granting yes vote for candidate 8b63059357424320a81a6db9099b6940 in term 2.
I20260709 12:23:58.791817  8280 raft_consensus.cc:697] T f608e847858f471484a630faedfbbff3 P 8b63059357424320a81a6db9099b6940 [term 2 LEADER]: Becoming Leader. State: Replica: 8b63059357424320a81a6db9099b6940, State: Running, Role: LEADER
I20260709 12:23:58.792789  8280 consensus_queue.cc:237] T f608e847858f471484a630faedfbbff3 P 8b63059357424320a81a6db9099b6940 [LEADER]: Queue going to LEADER mode. State: All replicated index: 0, Majority replicated index: 1, Committed index: 1, Last appended: 1.1, Last appended by leader: 1, Current term: 2, Majority size: 2, State: 0, Mode: LEADER, active raft config: opid_index: -1 OBSOLETE_local: false peers { permanent_uuid: "741e422c90fb439681f0483fa0e41f36" member_type: VOTER last_known_addr { host: "127.7.58.193" port: 37693 } } peers { permanent_uuid: "8b63059357424320a81a6db9099b6940" member_type: VOTER last_known_addr { host: "127.7.58.194" port: 41115 } } peers { permanent_uuid: "b439f9010acc432592dea0a75cf74bdd" member_type: VOTER last_known_addr { host: "127.7.58.195" port: 43859 } }
I20260709 12:23:58.798645  8312 raft_consensus.cc:993] T 1d8a2220f4534909b0f03a5aaaa5efb2 P 741e422c90fb439681f0483fa0e41f36: : Instructing follower 8b63059357424320a81a6db9099b6940 to start an election
I20260709 12:23:58.799135  8259 raft_consensus.cc:1081] T 1d8a2220f4534909b0f03a5aaaa5efb2 P 741e422c90fb439681f0483fa0e41f36 [term 1 LEADER]: Signalling peer 8b63059357424320a81a6db9099b6940 to start an election
I20260709 12:23:58.801007  8134 tablet_service.cc:2044] Received Run Leader Election RPC: tablet_id: "1d8a2220f4534909b0f03a5aaaa5efb2"
dest_uuid: "8b63059357424320a81a6db9099b6940"
 from {username='slave'} at 127.0.0.1:35540
I20260709 12:23:58.801882  8134 raft_consensus.cc:493] T 1d8a2220f4534909b0f03a5aaaa5efb2 P 8b63059357424320a81a6db9099b6940 [term 1 FOLLOWER]: Starting forced leader election (received explicit request)
I20260709 12:23:58.802294  8134 raft_consensus.cc:3060] T 1d8a2220f4534909b0f03a5aaaa5efb2 P 8b63059357424320a81a6db9099b6940 [term 1 FOLLOWER]: Advancing to term 2
I20260709 12:23:58.804461  8299 consensus_queue.cc:1048] T 1d8a2220f4534909b0f03a5aaaa5efb2 P 741e422c90fb439681f0483fa0e41f36 [LEADER]: Connected to new peer: Peer: permanent_uuid: "b439f9010acc432592dea0a75cf74bdd" member_type: VOTER last_known_addr { host: "127.7.58.195" port: 43859 }, Status: LMP_MISMATCH, Last received: 0.0, Next index: 1, Last known committed idx: 0, Time since last communication: 0.000s
I20260709 12:23:58.800967  7956 catalog_manager.cc:5697] T f608e847858f471484a630faedfbbff3 P 8b63059357424320a81a6db9099b6940 reported cstate change: term changed from 1 to 2, leader changed from b439f9010acc432592dea0a75cf74bdd (127.7.58.195) to 8b63059357424320a81a6db9099b6940 (127.7.58.194). New cstate: current_term: 2 leader_uuid: "8b63059357424320a81a6db9099b6940" committed_config { opid_index: -1 OBSOLETE_local: false peers { permanent_uuid: "741e422c90fb439681f0483fa0e41f36" member_type: VOTER last_known_addr { host: "127.7.58.193" port: 37693 } health_report { overall_health: UNKNOWN } } peers { permanent_uuid: "8b63059357424320a81a6db9099b6940" member_type: VOTER last_known_addr { host: "127.7.58.194" port: 41115 } health_report { overall_health: HEALTHY } } peers { permanent_uuid: "b439f9010acc432592dea0a75cf74bdd" member_type: VOTER last_known_addr { host: "127.7.58.195" port: 43859 } health_report { overall_health: UNKNOWN } } }
I20260709 12:23:58.814011  8134 raft_consensus.cc:515] T 1d8a2220f4534909b0f03a5aaaa5efb2 P 8b63059357424320a81a6db9099b6940 [term 2 FOLLOWER]: Starting forced leader election with config: opid_index: -1 OBSOLETE_local: false peers { permanent_uuid: "741e422c90fb439681f0483fa0e41f36" member_type: VOTER last_known_addr { host: "127.7.58.193" port: 37693 } } peers { permanent_uuid: "8b63059357424320a81a6db9099b6940" member_type: VOTER last_known_addr { host: "127.7.58.194" port: 41115 } } peers { permanent_uuid: "b439f9010acc432592dea0a75cf74bdd" member_type: VOTER last_known_addr { host: "127.7.58.195" port: 43859 } }
I20260709 12:23:58.817286  8058 tablet_service.cc:1917] Received RequestConsensusVote() RPC: tablet_id: "1d8a2220f4534909b0f03a5aaaa5efb2" candidate_uuid: "8b63059357424320a81a6db9099b6940" candidate_term: 2 candidate_status { last_received { term: 1 index: 1 } } ignore_live_leader: true dest_uuid: "741e422c90fb439681f0483fa0e41f36"
I20260709 12:23:58.817487  8134 leader_election.cc:290] T 1d8a2220f4534909b0f03a5aaaa5efb2 P 8b63059357424320a81a6db9099b6940 [CANDIDATE]: Term 2 election: Requested vote from peers 741e422c90fb439681f0483fa0e41f36 (127.7.58.193:37693), b439f9010acc432592dea0a75cf74bdd (127.7.58.195:43859)
I20260709 12:23:58.817627  8209 tablet_service.cc:1917] Received RequestConsensusVote() RPC: tablet_id: "1d8a2220f4534909b0f03a5aaaa5efb2" candidate_uuid: "8b63059357424320a81a6db9099b6940" candidate_term: 2 candidate_status { last_received { term: 1 index: 1 } } ignore_live_leader: true dest_uuid: "b439f9010acc432592dea0a75cf74bdd"
I20260709 12:23:58.818205  8058 raft_consensus.cc:3055] T 1d8a2220f4534909b0f03a5aaaa5efb2 P 741e422c90fb439681f0483fa0e41f36 [term 1 LEADER]: Stepping down as leader of term 1
I20260709 12:23:58.818509  8209 raft_consensus.cc:3060] T 1d8a2220f4534909b0f03a5aaaa5efb2 P b439f9010acc432592dea0a75cf74bdd [term 1 FOLLOWER]: Advancing to term 2
I20260709 12:23:58.818816  8058 raft_consensus.cc:740] T 1d8a2220f4534909b0f03a5aaaa5efb2 P 741e422c90fb439681f0483fa0e41f36 [term 1 LEADER]: Becoming Follower/Learner. State: Replica: 741e422c90fb439681f0483fa0e41f36, State: Running, Role: LEADER
I20260709 12:23:58.820391  8058 consensus_queue.cc:260] T 1d8a2220f4534909b0f03a5aaaa5efb2 P 741e422c90fb439681f0483fa0e41f36 [NON_LEADER]: Queue going to NON_LEADER mode. State: All replicated index: 0, Majority replicated index: 1, Committed index: 1, Last appended: 1.1, Last appended by leader: 1, Current term: 1, Majority size: -1, State: 0, Mode: NON_LEADER, active raft config: opid_index: -1 OBSOLETE_local: false peers { permanent_uuid: "741e422c90fb439681f0483fa0e41f36" member_type: VOTER last_known_addr { host: "127.7.58.193" port: 37693 } } peers { permanent_uuid: "8b63059357424320a81a6db9099b6940" member_type: VOTER last_known_addr { host: "127.7.58.194" port: 41115 } } peers { permanent_uuid: "b439f9010acc432592dea0a75cf74bdd" member_type: VOTER last_known_addr { host: "127.7.58.195" port: 43859 } }
I20260709 12:23:58.821496  8058 raft_consensus.cc:3060] T 1d8a2220f4534909b0f03a5aaaa5efb2 P 741e422c90fb439681f0483fa0e41f36 [term 1 FOLLOWER]: Advancing to term 2
I20260709 12:23:58.827270  8209 raft_consensus.cc:2468] T 1d8a2220f4534909b0f03a5aaaa5efb2 P b439f9010acc432592dea0a75cf74bdd [term 2 FOLLOWER]: Leader election vote request: Granting yes vote for candidate 8b63059357424320a81a6db9099b6940 in term 2.
I20260709 12:23:58.828850  8099 leader_election.cc:304] T 1d8a2220f4534909b0f03a5aaaa5efb2 P 8b63059357424320a81a6db9099b6940 [CANDIDATE]: Term 2 election: Election decided. Result: candidate won. Election summary: received 2 responses out of 3 voters: 2 yes votes; 0 no votes. yes voters: 8b63059357424320a81a6db9099b6940, b439f9010acc432592dea0a75cf74bdd; no voters: 
I20260709 12:23:58.829468  8058 raft_consensus.cc:2468] T 1d8a2220f4534909b0f03a5aaaa5efb2 P 741e422c90fb439681f0483fa0e41f36 [term 2 FOLLOWER]: Leader election vote request: Granting yes vote for candidate 8b63059357424320a81a6db9099b6940 in term 2.
I20260709 12:23:58.830054  8280 raft_consensus.cc:2804] T 1d8a2220f4534909b0f03a5aaaa5efb2 P 8b63059357424320a81a6db9099b6940 [term 2 FOLLOWER]: Leader election won for term 2
I20260709 12:23:58.830790  8280 raft_consensus.cc:697] T 1d8a2220f4534909b0f03a5aaaa5efb2 P 8b63059357424320a81a6db9099b6940 [term 2 LEADER]: Becoming Leader. State: Replica: 8b63059357424320a81a6db9099b6940, State: Running, Role: LEADER
I20260709 12:23:58.831701  8280 consensus_queue.cc:237] T 1d8a2220f4534909b0f03a5aaaa5efb2 P 8b63059357424320a81a6db9099b6940 [LEADER]: Queue going to LEADER mode. State: All replicated index: 0, Majority replicated index: 1, Committed index: 1, Last appended: 1.1, Last appended by leader: 1, Current term: 2, Majority size: 2, State: 0, Mode: LEADER, active raft config: opid_index: -1 OBSOLETE_local: false peers { permanent_uuid: "741e422c90fb439681f0483fa0e41f36" member_type: VOTER last_known_addr { host: "127.7.58.193" port: 37693 } } peers { permanent_uuid: "8b63059357424320a81a6db9099b6940" member_type: VOTER last_known_addr { host: "127.7.58.194" port: 41115 } } peers { permanent_uuid: "b439f9010acc432592dea0a75cf74bdd" member_type: VOTER last_known_addr { host: "127.7.58.195" port: 43859 } }
I20260709 12:23:58.839325  7957 catalog_manager.cc:5697] T 1d8a2220f4534909b0f03a5aaaa5efb2 P 8b63059357424320a81a6db9099b6940 reported cstate change: term changed from 1 to 2, leader changed from 741e422c90fb439681f0483fa0e41f36 (127.7.58.193) to 8b63059357424320a81a6db9099b6940 (127.7.58.194). New cstate: current_term: 2 leader_uuid: "8b63059357424320a81a6db9099b6940" committed_config { opid_index: -1 OBSOLETE_local: false peers { permanent_uuid: "741e422c90fb439681f0483fa0e41f36" member_type: VOTER last_known_addr { host: "127.7.58.193" port: 37693 } health_report { overall_health: UNKNOWN } } peers { permanent_uuid: "8b63059357424320a81a6db9099b6940" member_type: VOTER last_known_addr { host: "127.7.58.194" port: 41115 } health_report { overall_health: HEALTHY } } peers { permanent_uuid: "b439f9010acc432592dea0a75cf74bdd" member_type: VOTER last_known_addr { host: "127.7.58.195" port: 43859 } health_report { overall_health: UNKNOWN } } }
I20260709 12:23:58.931458  8134 raft_consensus.cc:3060] T b81a6ce2efaf42e8ad4c855d324723e4 P 8b63059357424320a81a6db9099b6940 [term 1 FOLLOWER]: Advancing to term 2
I20260709 12:23:58.937465  8134 raft_consensus.cc:1275] T b81a6ce2efaf42e8ad4c855d324723e4 P 8b63059357424320a81a6db9099b6940 [term 2 FOLLOWER]: Refusing update from remote peer 741e422c90fb439681f0483fa0e41f36: Log matching property violated. Preceding OpId in replica: term: 1 index: 1. Preceding OpId from leader: term: 2 index: 2. (index mismatch)
I20260709 12:23:58.939096  8299 consensus_queue.cc:1048] T b81a6ce2efaf42e8ad4c855d324723e4 P 741e422c90fb439681f0483fa0e41f36 [LEADER]: Connected to new peer: Peer: permanent_uuid: "8b63059357424320a81a6db9099b6940" member_type: VOTER last_known_addr { host: "127.7.58.194" port: 41115 }, Status: LMP_MISMATCH, Last received: 0.0, Next index: 2, Last known committed idx: 1, Time since last communication: 0.000s
I20260709 12:23:58.949716  8209 raft_consensus.cc:1275] T b81a6ce2efaf42e8ad4c855d324723e4 P b439f9010acc432592dea0a75cf74bdd [term 2 FOLLOWER]: Refusing update from remote peer 741e422c90fb439681f0483fa0e41f36: Log matching property violated. Preceding OpId in replica: term: 1 index: 1. Preceding OpId from leader: term: 2 index: 2. (index mismatch)
I20260709 12:23:58.954182  8312 consensus_queue.cc:1048] T b81a6ce2efaf42e8ad4c855d324723e4 P 741e422c90fb439681f0483fa0e41f36 [LEADER]: Connected to new peer: Peer: permanent_uuid: "b439f9010acc432592dea0a75cf74bdd" member_type: VOTER last_known_addr { host: "127.7.58.195" port: 43859 }, Status: LMP_MISMATCH, Last received: 0.0, Next index: 2, Last known committed idx: 1, Time since last communication: 0.000s
I20260709 12:23:59.043229  8134 raft_consensus.cc:1275] T efc69843ca4b492db36b6961f821bde0 P 8b63059357424320a81a6db9099b6940 [term 2 FOLLOWER]: Refusing update from remote peer b439f9010acc432592dea0a75cf74bdd: Log matching property violated. Preceding OpId in replica: term: 1 index: 1. Preceding OpId from leader: term: 2 index: 2. (index mismatch)
I20260709 12:23:59.044565  8267 consensus_queue.cc:1048] T efc69843ca4b492db36b6961f821bde0 P b439f9010acc432592dea0a75cf74bdd [LEADER]: Connected to new peer: Peer: permanent_uuid: "8b63059357424320a81a6db9099b6940" member_type: VOTER last_known_addr { host: "127.7.58.194" port: 41115 }, Status: LMP_MISMATCH, Last received: 0.0, Next index: 2, Last known committed idx: 1, Time since last communication: 0.000s
I20260709 12:23:59.053436  8058 raft_consensus.cc:1275] T efc69843ca4b492db36b6961f821bde0 P 741e422c90fb439681f0483fa0e41f36 [term 2 FOLLOWER]: Refusing update from remote peer b439f9010acc432592dea0a75cf74bdd: Log matching property violated. Preceding OpId in replica: term: 1 index: 1. Preceding OpId from leader: term: 2 index: 2. (index mismatch)
I20260709 12:23:59.055305  8282 consensus_queue.cc:1048] T efc69843ca4b492db36b6961f821bde0 P b439f9010acc432592dea0a75cf74bdd [LEADER]: Connected to new peer: Peer: permanent_uuid: "741e422c90fb439681f0483fa0e41f36" member_type: VOTER last_known_addr { host: "127.7.58.193" port: 37693 }, Status: LMP_MISMATCH, Last received: 0.0, Next index: 2, Last known committed idx: 1, Time since last communication: 0.000s
I20260709 12:23:59.128721  8209 raft_consensus.cc:1275] T 59e21336c3c54c3b81dff896aebc730f P b439f9010acc432592dea0a75cf74bdd [term 2 FOLLOWER]: Refusing update from remote peer 8b63059357424320a81a6db9099b6940: Log matching property violated. Preceding OpId in replica: term: 1 index: 1. Preceding OpId from leader: term: 2 index: 2. (index mismatch)
I20260709 12:23:59.129995  8255 consensus_queue.cc:1048] T 59e21336c3c54c3b81dff896aebc730f P 8b63059357424320a81a6db9099b6940 [LEADER]: Connected to new peer: Peer: permanent_uuid: "b439f9010acc432592dea0a75cf74bdd" member_type: VOTER last_known_addr { host: "127.7.58.195" port: 43859 }, Status: LMP_MISMATCH, Last received: 0.0, Next index: 2, Last known committed idx: 1, Time since last communication: 0.000s
I20260709 12:23:59.137017  8058 raft_consensus.cc:1275] T 59e21336c3c54c3b81dff896aebc730f P 741e422c90fb439681f0483fa0e41f36 [term 2 FOLLOWER]: Refusing update from remote peer 8b63059357424320a81a6db9099b6940: Log matching property violated. Preceding OpId in replica: term: 1 index: 1. Preceding OpId from leader: term: 2 index: 2. (index mismatch)
I20260709 12:23:59.139106  8255 consensus_queue.cc:1048] T 59e21336c3c54c3b81dff896aebc730f P 8b63059357424320a81a6db9099b6940 [LEADER]: Connected to new peer: Peer: permanent_uuid: "741e422c90fb439681f0483fa0e41f36" member_type: VOTER last_known_addr { host: "127.7.58.193" port: 37693 }, Status: LMP_MISMATCH, Last received: 0.0, Next index: 2, Last known committed idx: 0, Time since last communication: 0.000s
I20260709 12:23:59.169915  8134 raft_consensus.cc:1275] T 4166af6753884bc1ade7321ea8107863 P 8b63059357424320a81a6db9099b6940 [term 2 FOLLOWER]: Refusing update from remote peer 741e422c90fb439681f0483fa0e41f36: Log matching property violated. Preceding OpId in replica: term: 1 index: 1. Preceding OpId from leader: term: 2 index: 2. (index mismatch)
I20260709 12:23:59.171368  8312 consensus_queue.cc:1048] T 4166af6753884bc1ade7321ea8107863 P 741e422c90fb439681f0483fa0e41f36 [LEADER]: Connected to new peer: Peer: permanent_uuid: "8b63059357424320a81a6db9099b6940" member_type: VOTER last_known_addr { host: "127.7.58.194" port: 41115 }, Status: LMP_MISMATCH, Last received: 0.0, Next index: 2, Last known committed idx: 1, Time since last communication: 0.000s
I20260709 12:23:59.182631  8209 raft_consensus.cc:1275] T 4166af6753884bc1ade7321ea8107863 P b439f9010acc432592dea0a75cf74bdd [term 2 FOLLOWER]: Refusing update from remote peer 741e422c90fb439681f0483fa0e41f36: Log matching property violated. Preceding OpId in replica: term: 1 index: 1. Preceding OpId from leader: term: 2 index: 2. (index mismatch)
I20260709 12:23:59.183478  8058 raft_consensus.cc:1275] T f608e847858f471484a630faedfbbff3 P 741e422c90fb439681f0483fa0e41f36 [term 2 FOLLOWER]: Refusing update from remote peer 8b63059357424320a81a6db9099b6940: Log matching property violated. Preceding OpId in replica: term: 1 index: 1. Preceding OpId from leader: term: 2 index: 2. (index mismatch)
I20260709 12:23:59.184702  8312 consensus_queue.cc:1048] T 4166af6753884bc1ade7321ea8107863 P 741e422c90fb439681f0483fa0e41f36 [LEADER]: Connected to new peer: Peer: permanent_uuid: "b439f9010acc432592dea0a75cf74bdd" member_type: VOTER last_known_addr { host: "127.7.58.195" port: 43859 }, Status: LMP_MISMATCH, Last received: 0.0, Next index: 2, Last known committed idx: 0, Time since last communication: 0.000s
I20260709 12:23:59.186327  8255 consensus_queue.cc:1048] T f608e847858f471484a630faedfbbff3 P 8b63059357424320a81a6db9099b6940 [LEADER]: Connected to new peer: Peer: permanent_uuid: "741e422c90fb439681f0483fa0e41f36" member_type: VOTER last_known_addr { host: "127.7.58.193" port: 37693 }, Status: LMP_MISMATCH, Last received: 0.0, Next index: 2, Last known committed idx: 1, Time since last communication: 0.000s
I20260709 12:23:59.197477  8209 raft_consensus.cc:1275] T f608e847858f471484a630faedfbbff3 P b439f9010acc432592dea0a75cf74bdd [term 2 FOLLOWER]: Refusing update from remote peer 8b63059357424320a81a6db9099b6940: Log matching property violated. Preceding OpId in replica: term: 1 index: 1. Preceding OpId from leader: term: 2 index: 2. (index mismatch)
I20260709 12:23:59.199075  8255 consensus_queue.cc:1048] T f608e847858f471484a630faedfbbff3 P 8b63059357424320a81a6db9099b6940 [LEADER]: Connected to new peer: Peer: permanent_uuid: "b439f9010acc432592dea0a75cf74bdd" member_type: VOTER last_known_addr { host: "127.7.58.195" port: 43859 }, Status: LMP_MISMATCH, Last received: 0.0, Next index: 2, Last known committed idx: 1, Time since last communication: 0.000s
I20260709 12:23:59.267478  8134 raft_consensus.cc:1275] T 0c245cb1274b42beb9aec9ef22b1fcc4 P 8b63059357424320a81a6db9099b6940 [term 2 FOLLOWER]: Refusing update from remote peer 741e422c90fb439681f0483fa0e41f36: Log matching property violated. Preceding OpId in replica: term: 1 index: 1. Preceding OpId from leader: term: 2 index: 2. (index mismatch)
I20260709 12:23:59.268724  8299 consensus_queue.cc:1048] T 0c245cb1274b42beb9aec9ef22b1fcc4 P 741e422c90fb439681f0483fa0e41f36 [LEADER]: Connected to new peer: Peer: permanent_uuid: "8b63059357424320a81a6db9099b6940" member_type: VOTER last_known_addr { host: "127.7.58.194" port: 41115 }, Status: LMP_MISMATCH, Last received: 0.0, Next index: 2, Last known committed idx: 1, Time since last communication: 0.000s
I20260709 12:23:59.272692  8209 raft_consensus.cc:1275] T 0c245cb1274b42beb9aec9ef22b1fcc4 P b439f9010acc432592dea0a75cf74bdd [term 2 FOLLOWER]: Refusing update from remote peer 741e422c90fb439681f0483fa0e41f36: Log matching property violated. Preceding OpId in replica: term: 1 index: 1. Preceding OpId from leader: term: 2 index: 2. (index mismatch)
I20260709 12:23:59.274529  8312 consensus_queue.cc:1048] T 0c245cb1274b42beb9aec9ef22b1fcc4 P 741e422c90fb439681f0483fa0e41f36 [LEADER]: Connected to new peer: Peer: permanent_uuid: "b439f9010acc432592dea0a75cf74bdd" member_type: VOTER last_known_addr { host: "127.7.58.195" port: 43859 }, Status: LMP_MISMATCH, Last received: 0.0, Next index: 2, Last known committed idx: 1, Time since last communication: 0.000s
I20260709 12:23:59.307372  8209 raft_consensus.cc:1275] T 1d8a2220f4534909b0f03a5aaaa5efb2 P b439f9010acc432592dea0a75cf74bdd [term 2 FOLLOWER]: Refusing update from remote peer 8b63059357424320a81a6db9099b6940: Log matching property violated. Preceding OpId in replica: term: 1 index: 1. Preceding OpId from leader: term: 2 index: 2. (index mismatch)
I20260709 12:23:59.308779  8255 consensus_queue.cc:1048] T 1d8a2220f4534909b0f03a5aaaa5efb2 P 8b63059357424320a81a6db9099b6940 [LEADER]: Connected to new peer: Peer: permanent_uuid: "b439f9010acc432592dea0a75cf74bdd" member_type: VOTER last_known_addr { host: "127.7.58.195" port: 43859 }, Status: LMP_MISMATCH, Last received: 0.0, Next index: 2, Last known committed idx: 1, Time since last communication: 0.000s
I20260709 12:23:59.316473  8058 raft_consensus.cc:1275] T 1d8a2220f4534909b0f03a5aaaa5efb2 P 741e422c90fb439681f0483fa0e41f36 [term 2 FOLLOWER]: Refusing update from remote peer 8b63059357424320a81a6db9099b6940: Log matching property violated. Preceding OpId in replica: term: 1 index: 1. Preceding OpId from leader: term: 2 index: 2. (index mismatch)
I20260709 12:23:59.318230  8340 consensus_queue.cc:1048] T 1d8a2220f4534909b0f03a5aaaa5efb2 P 8b63059357424320a81a6db9099b6940 [LEADER]: Connected to new peer: Peer: permanent_uuid: "741e422c90fb439681f0483fa0e41f36" member_type: VOTER last_known_addr { host: "127.7.58.193" port: 37693 }, Status: LMP_MISMATCH, Last received: 0.0, Next index: 2, Last known committed idx: 1, Time since last communication: 0.000s
I20260709 12:24:01.542553  7403 auto_leader_rebalancer-test.cc:365] The leader distribution is 
I20260709 12:24:01.543785  7403 auto_leader_rebalancer.cc:141] leader rebalance for table test-workload
I20260709 12:24:01.561924  8058 tablet_service.cc:2072] Received LeaderStepDown RPC: tablet_id: "0c245cb1274b42beb9aec9ef22b1fcc4"
dest_uuid: "741e422c90fb439681f0483fa0e41f36"
mode: GRACEFUL
new_leader_uuid: "b439f9010acc432592dea0a75cf74bdd"
 from {username='slave'} at 127.0.0.1:59256
I20260709 12:24:01.562660  8058 raft_consensus.cc:606] T 0c245cb1274b42beb9aec9ef22b1fcc4 P 741e422c90fb439681f0483fa0e41f36 [term 2 LEADER]: Received request to transfer leadership to TS b439f9010acc432592dea0a75cf74bdd
I20260709 12:24:01.565647  8058 tablet_service.cc:2072] Received LeaderStepDown RPC: tablet_id: "4166af6753884bc1ade7321ea8107863"
dest_uuid: "741e422c90fb439681f0483fa0e41f36"
mode: GRACEFUL
new_leader_uuid: "b439f9010acc432592dea0a75cf74bdd"
 from {username='slave'} at 127.0.0.1:59256
I20260709 12:24:01.566215  8058 raft_consensus.cc:606] T 4166af6753884bc1ade7321ea8107863 P 741e422c90fb439681f0483fa0e41f36 [term 2 LEADER]: Received request to transfer leadership to TS b439f9010acc432592dea0a75cf74bdd
I20260709 12:24:01.567353  7403 auto_leader_rebalancer.cc:440] table: test-workload, leader rebalance finish, leader transfer count: 2
I20260709 12:24:01.567798  7403 auto_leader_rebalancer.cc:515] All tables' leader rebalancing finished this round
I20260709 12:24:01.655144  8343 raft_consensus.cc:993] T 0c245cb1274b42beb9aec9ef22b1fcc4 P 741e422c90fb439681f0483fa0e41f36: : Instructing follower b439f9010acc432592dea0a75cf74bdd to start an election
I20260709 12:24:01.655732  8346 raft_consensus.cc:1081] T 0c245cb1274b42beb9aec9ef22b1fcc4 P 741e422c90fb439681f0483fa0e41f36 [term 2 LEADER]: Signalling peer b439f9010acc432592dea0a75cf74bdd to start an election
I20260709 12:24:01.657325  8209 tablet_service.cc:2044] Received Run Leader Election RPC: tablet_id: "0c245cb1274b42beb9aec9ef22b1fcc4"
dest_uuid: "b439f9010acc432592dea0a75cf74bdd"
 from {username='slave'} at 127.0.0.1:45456
I20260709 12:24:01.657868  8209 raft_consensus.cc:493] T 0c245cb1274b42beb9aec9ef22b1fcc4 P b439f9010acc432592dea0a75cf74bdd [term 2 FOLLOWER]: Starting forced leader election (received explicit request)
I20260709 12:24:01.658164  8209 raft_consensus.cc:3060] T 0c245cb1274b42beb9aec9ef22b1fcc4 P b439f9010acc432592dea0a75cf74bdd [term 2 FOLLOWER]: Advancing to term 3
I20260709 12:24:01.662803  8209 raft_consensus.cc:515] T 0c245cb1274b42beb9aec9ef22b1fcc4 P b439f9010acc432592dea0a75cf74bdd [term 3 FOLLOWER]: Starting forced leader election with config: opid_index: -1 OBSOLETE_local: false peers { permanent_uuid: "741e422c90fb439681f0483fa0e41f36" member_type: VOTER last_known_addr { host: "127.7.58.193" port: 37693 } } peers { permanent_uuid: "8b63059357424320a81a6db9099b6940" member_type: VOTER last_known_addr { host: "127.7.58.194" port: 41115 } } peers { permanent_uuid: "b439f9010acc432592dea0a75cf74bdd" member_type: VOTER last_known_addr { host: "127.7.58.195" port: 43859 } }
I20260709 12:24:01.664633  8209 leader_election.cc:290] T 0c245cb1274b42beb9aec9ef22b1fcc4 P b439f9010acc432592dea0a75cf74bdd [CANDIDATE]: Term 3 election: Requested vote from peers 741e422c90fb439681f0483fa0e41f36 (127.7.58.193:37693), 8b63059357424320a81a6db9099b6940 (127.7.58.194:41115)
I20260709 12:24:01.665606  8058 tablet_service.cc:1917] Received RequestConsensusVote() RPC: tablet_id: "0c245cb1274b42beb9aec9ef22b1fcc4" candidate_uuid: "b439f9010acc432592dea0a75cf74bdd" candidate_term: 3 candidate_status { last_received { term: 2 index: 2 } } ignore_live_leader: true dest_uuid: "741e422c90fb439681f0483fa0e41f36"
I20260709 12:24:01.665661  8135 tablet_service.cc:1917] Received RequestConsensusVote() RPC: tablet_id: "0c245cb1274b42beb9aec9ef22b1fcc4" candidate_uuid: "b439f9010acc432592dea0a75cf74bdd" candidate_term: 3 candidate_status { last_received { term: 2 index: 2 } } ignore_live_leader: true dest_uuid: "8b63059357424320a81a6db9099b6940"
I20260709 12:24:01.666375  8135 raft_consensus.cc:3060] T 0c245cb1274b42beb9aec9ef22b1fcc4 P 8b63059357424320a81a6db9099b6940 [term 2 FOLLOWER]: Advancing to term 3
I20260709 12:24:01.666348  8058 raft_consensus.cc:3055] T 0c245cb1274b42beb9aec9ef22b1fcc4 P 741e422c90fb439681f0483fa0e41f36 [term 2 LEADER]: Stepping down as leader of term 2
I20260709 12:24:01.666908  8058 raft_consensus.cc:740] T 0c245cb1274b42beb9aec9ef22b1fcc4 P 741e422c90fb439681f0483fa0e41f36 [term 2 LEADER]: Becoming Follower/Learner. State: Replica: 741e422c90fb439681f0483fa0e41f36, State: Running, Role: LEADER
I20260709 12:24:01.667758  8058 consensus_queue.cc:260] T 0c245cb1274b42beb9aec9ef22b1fcc4 P 741e422c90fb439681f0483fa0e41f36 [NON_LEADER]: Queue going to NON_LEADER mode. State: All replicated index: 0, Majority replicated index: 2, Committed index: 2, Last appended: 2.2, Last appended by leader: 2, Current term: 2, Majority size: -1, State: 0, Mode: NON_LEADER, active raft config: opid_index: -1 OBSOLETE_local: false peers { permanent_uuid: "741e422c90fb439681f0483fa0e41f36" member_type: VOTER last_known_addr { host: "127.7.58.193" port: 37693 } } peers { permanent_uuid: "8b63059357424320a81a6db9099b6940" member_type: VOTER last_known_addr { host: "127.7.58.194" port: 41115 } } peers { permanent_uuid: "b439f9010acc432592dea0a75cf74bdd" member_type: VOTER last_known_addr { host: "127.7.58.195" port: 43859 } }
I20260709 12:24:01.668994  8058 raft_consensus.cc:3060] T 0c245cb1274b42beb9aec9ef22b1fcc4 P 741e422c90fb439681f0483fa0e41f36 [term 2 FOLLOWER]: Advancing to term 3
I20260709 12:24:01.673913  8135 raft_consensus.cc:2468] T 0c245cb1274b42beb9aec9ef22b1fcc4 P 8b63059357424320a81a6db9099b6940 [term 3 FOLLOWER]: Leader election vote request: Granting yes vote for candidate b439f9010acc432592dea0a75cf74bdd in term 3.
I20260709 12:24:01.675205  8175 leader_election.cc:304] T 0c245cb1274b42beb9aec9ef22b1fcc4 P b439f9010acc432592dea0a75cf74bdd [CANDIDATE]: Term 3 election: Election decided. Result: candidate won. Election summary: received 2 responses out of 3 voters: 2 yes votes; 0 no votes. yes voters: 8b63059357424320a81a6db9099b6940, b439f9010acc432592dea0a75cf74bdd; no voters: 
I20260709 12:24:01.676131  8342 raft_consensus.cc:2804] T 0c245cb1274b42beb9aec9ef22b1fcc4 P b439f9010acc432592dea0a75cf74bdd [term 3 FOLLOWER]: Leader election won for term 3
I20260709 12:24:01.676337  8058 raft_consensus.cc:2468] T 0c245cb1274b42beb9aec9ef22b1fcc4 P 741e422c90fb439681f0483fa0e41f36 [term 3 FOLLOWER]: Leader election vote request: Granting yes vote for candidate b439f9010acc432592dea0a75cf74bdd in term 3.
I20260709 12:24:01.678555  8342 raft_consensus.cc:697] T 0c245cb1274b42beb9aec9ef22b1fcc4 P b439f9010acc432592dea0a75cf74bdd [term 3 LEADER]: Becoming Leader. State: Replica: b439f9010acc432592dea0a75cf74bdd, State: Running, Role: LEADER
I20260709 12:24:01.679558  8342 consensus_queue.cc:237] T 0c245cb1274b42beb9aec9ef22b1fcc4 P b439f9010acc432592dea0a75cf74bdd [LEADER]: Queue going to LEADER mode. State: All replicated index: 0, Majority replicated index: 2, Committed index: 2, Last appended: 2.2, Last appended by leader: 2, Current term: 3, Majority size: 2, State: 0, Mode: LEADER, active raft config: opid_index: -1 OBSOLETE_local: false peers { permanent_uuid: "741e422c90fb439681f0483fa0e41f36" member_type: VOTER last_known_addr { host: "127.7.58.193" port: 37693 } } peers { permanent_uuid: "8b63059357424320a81a6db9099b6940" member_type: VOTER last_known_addr { host: "127.7.58.194" port: 41115 } } peers { permanent_uuid: "b439f9010acc432592dea0a75cf74bdd" member_type: VOTER last_known_addr { host: "127.7.58.195" port: 43859 } }
I20260709 12:24:01.682096  8343 raft_consensus.cc:993] T 4166af6753884bc1ade7321ea8107863 P 741e422c90fb439681f0483fa0e41f36: : Instructing follower b439f9010acc432592dea0a75cf74bdd to start an election
I20260709 12:24:01.682777  8346 raft_consensus.cc:1081] T 4166af6753884bc1ade7321ea8107863 P 741e422c90fb439681f0483fa0e41f36 [term 2 LEADER]: Signalling peer b439f9010acc432592dea0a75cf74bdd to start an election
I20260709 12:24:01.684873  8209 tablet_service.cc:2044] Received Run Leader Election RPC: tablet_id: "4166af6753884bc1ade7321ea8107863"
dest_uuid: "b439f9010acc432592dea0a75cf74bdd"
 from {username='slave'} at 127.0.0.1:45456
I20260709 12:24:01.685523  8209 raft_consensus.cc:493] T 4166af6753884bc1ade7321ea8107863 P b439f9010acc432592dea0a75cf74bdd [term 2 FOLLOWER]: Starting forced leader election (received explicit request)
I20260709 12:24:01.685904  8209 raft_consensus.cc:3060] T 4166af6753884bc1ade7321ea8107863 P b439f9010acc432592dea0a75cf74bdd [term 2 FOLLOWER]: Advancing to term 3
I20260709 12:24:01.688294  7954 catalog_manager.cc:5697] T 0c245cb1274b42beb9aec9ef22b1fcc4 P b439f9010acc432592dea0a75cf74bdd reported cstate change: term changed from 2 to 3, leader changed from 741e422c90fb439681f0483fa0e41f36 (127.7.58.193) to b439f9010acc432592dea0a75cf74bdd (127.7.58.195). New cstate: current_term: 3 leader_uuid: "b439f9010acc432592dea0a75cf74bdd" committed_config { opid_index: -1 OBSOLETE_local: false peers { permanent_uuid: "741e422c90fb439681f0483fa0e41f36" member_type: VOTER last_known_addr { host: "127.7.58.193" port: 37693 } health_report { overall_health: UNKNOWN } } peers { permanent_uuid: "8b63059357424320a81a6db9099b6940" member_type: VOTER last_known_addr { host: "127.7.58.194" port: 41115 } health_report { overall_health: UNKNOWN } } peers { permanent_uuid: "b439f9010acc432592dea0a75cf74bdd" member_type: VOTER last_known_addr { host: "127.7.58.195" port: 43859 } health_report { overall_health: HEALTHY } } }
I20260709 12:24:01.691392  8209 raft_consensus.cc:515] T 4166af6753884bc1ade7321ea8107863 P b439f9010acc432592dea0a75cf74bdd [term 3 FOLLOWER]: Starting forced leader election with config: opid_index: -1 OBSOLETE_local: false peers { permanent_uuid: "741e422c90fb439681f0483fa0e41f36" member_type: VOTER last_known_addr { host: "127.7.58.193" port: 37693 } } peers { permanent_uuid: "8b63059357424320a81a6db9099b6940" member_type: VOTER last_known_addr { host: "127.7.58.194" port: 41115 } } peers { permanent_uuid: "b439f9010acc432592dea0a75cf74bdd" member_type: VOTER last_known_addr { host: "127.7.58.195" port: 43859 } }
