I20260709 12:24:33.575361  8759 raft_consensus.cc:359] T 0f891d7a08a1424383946f05d7627954 P c554acdfebe04d1cb4b07d1314acab03 [term 0 FOLLOWER]: Replica starting. Triggering 0 pending ops. Active config: opid_index: -1 OBSOLETE_local: false peers { permanent_uuid: "35559c6ed1c848439c4ebc440df9a9d5" member_type: VOTER last_known_addr { host: "127.7.58.193" port: 34261 } } peers { permanent_uuid: "c554acdfebe04d1cb4b07d1314acab03" member_type: VOTER last_known_addr { host: "127.7.58.194" port: 41263 } } peers { permanent_uuid: "b304a787951f47dfb8cffeb13a3e0265" member_type: VOTER last_known_addr { host: "127.7.58.195" port: 34119 } }
I20260709 12:24:33.576063  8759 raft_consensus.cc:385] T 0f891d7a08a1424383946f05d7627954 P c554acdfebe04d1cb4b07d1314acab03 [term 0 FOLLOWER]: Consensus starting up: Expiring failure detector timer to make a prompt election more likely
I20260709 12:24:33.576319  8759 raft_consensus.cc:740] T 0f891d7a08a1424383946f05d7627954 P c554acdfebe04d1cb4b07d1314acab03 [term 0 FOLLOWER]: Becoming Follower/Learner. State: Replica: c554acdfebe04d1cb4b07d1314acab03, State: Initialized, Role: FOLLOWER
I20260709 12:24:33.576689  8761 leader_election.cc:290] T 7df30c11a0894ca6ac76fd5bacb5e2f4 P b304a787951f47dfb8cffeb13a3e0265 [CANDIDATE]: Term 1 pre-election: Requested pre-vote from peers 35559c6ed1c848439c4ebc440df9a9d5 (127.7.58.193:34261), c554acdfebe04d1cb4b07d1314acab03 (127.7.58.194:41263)
I20260709 12:24:33.576989  8759 consensus_queue.cc:260] T 0f891d7a08a1424383946f05d7627954 P c554acdfebe04d1cb4b07d1314acab03 [NON_LEADER]: Queue going to NON_LEADER mode. State: All replicated index: 0, Majority replicated index: 0, Committed index: 0, Last appended: 0.0, Last appended by leader: 0, Current term: 0, Majority size: -1, State: 0, Mode: NON_LEADER, active raft config: opid_index: -1 OBSOLETE_local: false peers { permanent_uuid: "35559c6ed1c848439c4ebc440df9a9d5" member_type: VOTER last_known_addr { host: "127.7.58.193" port: 34261 } } peers { permanent_uuid: "c554acdfebe04d1cb4b07d1314acab03" member_type: VOTER last_known_addr { host: "127.7.58.194" port: 41263 } } peers { permanent_uuid: "b304a787951f47dfb8cffeb13a3e0265" member_type: VOTER last_known_addr { host: "127.7.58.195" port: 34119 } }
I20260709 12:24:33.579731  8787 leader_election.cc:290] T a78191c2d5374cdfbee61a906840e8f4 P b304a787951f47dfb8cffeb13a3e0265 [CANDIDATE]: Term 1 pre-election: Requested pre-vote from peers 35559c6ed1c848439c4ebc440df9a9d5 (127.7.58.193:34261), c554acdfebe04d1cb4b07d1314acab03 (127.7.58.194:41263)
I20260709 12:24:33.581650  8565 tablet_service.cc:1917] Received RequestConsensusVote() RPC: tablet_id: "7df30c11a0894ca6ac76fd5bacb5e2f4" candidate_uuid: "b304a787951f47dfb8cffeb13a3e0265" candidate_term: 1 candidate_status { last_received { term: 0 index: 0 } } ignore_live_leader: false dest_uuid: "35559c6ed1c848439c4ebc440df9a9d5" is_pre_election: true
I20260709 12:24:33.582372  8565 raft_consensus.cc:2468] T 7df30c11a0894ca6ac76fd5bacb5e2f4 P 35559c6ed1c848439c4ebc440df9a9d5 [term 0 FOLLOWER]: Leader pre-election vote request: Granting yes vote for candidate b304a787951f47dfb8cffeb13a3e0265 in term 0.
I20260709 12:24:33.584046  8759 ts_tablet_manager.cc:1434] T 0f891d7a08a1424383946f05d7627954 P c554acdfebe04d1cb4b07d1314acab03: Time spent starting tablet: real 0.011s	user 0.007s	sys 0.000s
I20260709 12:24:33.583916  8681 leader_election.cc:304] T 7df30c11a0894ca6ac76fd5bacb5e2f4 P b304a787951f47dfb8cffeb13a3e0265 [CANDIDATE]: Term 1 pre-election: Election decided. Result: candidate won. Election summary: received 2 responses out of 3 voters: 2 yes votes; 0 no votes. yes voters: 35559c6ed1c848439c4ebc440df9a9d5, b304a787951f47dfb8cffeb13a3e0265; no voters: 
I20260709 12:24:33.584929  8761 raft_consensus.cc:2804] T 7df30c11a0894ca6ac76fd5bacb5e2f4 P b304a787951f47dfb8cffeb13a3e0265 [term 0 FOLLOWER]: Leader pre-election won for term 1
I20260709 12:24:33.585340  8761 raft_consensus.cc:493] T 7df30c11a0894ca6ac76fd5bacb5e2f4 P b304a787951f47dfb8cffeb13a3e0265 [term 0 FOLLOWER]: Starting leader election (no leader contacted us within the election timeout)
I20260709 12:24:33.585709  8761 raft_consensus.cc:3060] T 7df30c11a0894ca6ac76fd5bacb5e2f4 P b304a787951f47dfb8cffeb13a3e0265 [term 0 FOLLOWER]: Advancing to term 1
I20260709 12:24:33.586090  8758 tablet_bootstrap.cc:492] T 2cb2623bbe234dd1870b83df0541f748 P b304a787951f47dfb8cffeb13a3e0265: No bootstrap required, opened a new log
I20260709 12:24:33.586591  8758 ts_tablet_manager.cc:1403] T 2cb2623bbe234dd1870b83df0541f748 P b304a787951f47dfb8cffeb13a3e0265: Time spent bootstrapping tablet: real 0.063s	user 0.011s	sys 0.024s
I20260709 12:24:33.590744  8759 tablet_bootstrap.cc:492] T 74c4c91a318241d4aaf7d6559ce6f8ae P c554acdfebe04d1cb4b07d1314acab03: Bootstrap starting.
I20260709 12:24:33.592485  8821 raft_consensus.cc:515] T a78191c2d5374cdfbee61a906840e8f4 P b304a787951f47dfb8cffeb13a3e0265 [term 1 FOLLOWER]: Starting leader election with config: opid_index: -1 OBSOLETE_local: false peers { permanent_uuid: "35559c6ed1c848439c4ebc440df9a9d5" member_type: VOTER last_known_addr { host: "127.7.58.193" port: 34261 } } peers { permanent_uuid: "c554acdfebe04d1cb4b07d1314acab03" member_type: VOTER last_known_addr { host: "127.7.58.194" port: 41263 } } peers { permanent_uuid: "b304a787951f47dfb8cffeb13a3e0265" member_type: VOTER last_known_addr { host: "127.7.58.195" port: 34119 } }
I20260709 12:24:33.597954  8759 tablet_bootstrap.cc:654] T 74c4c91a318241d4aaf7d6559ce6f8ae P c554acdfebe04d1cb4b07d1314acab03: Neither blocks nor log segments found. Creating new log.
I20260709 12:24:33.601521  8758 raft_consensus.cc:359] T 2cb2623bbe234dd1870b83df0541f748 P b304a787951f47dfb8cffeb13a3e0265 [term 0 FOLLOWER]: Replica starting. Triggering 0 pending ops. Active config: opid_index: -1 OBSOLETE_local: false peers { permanent_uuid: "35559c6ed1c848439c4ebc440df9a9d5" member_type: VOTER last_known_addr { host: "127.7.58.193" port: 34261 } } peers { permanent_uuid: "c554acdfebe04d1cb4b07d1314acab03" member_type: VOTER last_known_addr { host: "127.7.58.194" port: 41263 } } peers { permanent_uuid: "b304a787951f47dfb8cffeb13a3e0265" member_type: VOTER last_known_addr { host: "127.7.58.195" port: 34119 } }
I20260709 12:24:33.602331  8758 raft_consensus.cc:385] T 2cb2623bbe234dd1870b83df0541f748 P b304a787951f47dfb8cffeb13a3e0265 [term 0 FOLLOWER]: Consensus starting up: Expiring failure detector timer to make a prompt election more likely
I20260709 12:24:33.602625  8758 raft_consensus.cc:740] T 2cb2623bbe234dd1870b83df0541f748 P b304a787951f47dfb8cffeb13a3e0265 [term 0 FOLLOWER]: Becoming Follower/Learner. State: Replica: b304a787951f47dfb8cffeb13a3e0265, State: Initialized, Role: FOLLOWER
I20260709 12:24:33.603185  9045 consensus_queue.cc:1048] T 73e996e814f3433183a9e3c96dff6604 P b304a787951f47dfb8cffeb13a3e0265 [LEADER]: Connected to new peer: Peer: permanent_uuid: "35559c6ed1c848439c4ebc440df9a9d5" member_type: VOTER last_known_addr { host: "127.7.58.193" port: 34261 }, Status: LMP_MISMATCH, Last received: 0.0, Next index: 1, Last known committed idx: 0, Time since last communication: 0.000s
I20260709 12:24:33.603444  8758 consensus_queue.cc:260] T 2cb2623bbe234dd1870b83df0541f748 P b304a787951f47dfb8cffeb13a3e0265 [NON_LEADER]: Queue going to NON_LEADER mode. State: All replicated index: 0, Majority replicated index: 0, Committed index: 0, Last appended: 0.0, Last appended by leader: 0, Current term: 0, Majority size: -1, State: 0, Mode: NON_LEADER, active raft config: opid_index: -1 OBSOLETE_local: false peers { permanent_uuid: "35559c6ed1c848439c4ebc440df9a9d5" member_type: VOTER last_known_addr { host: "127.7.58.193" port: 34261 } } peers { permanent_uuid: "c554acdfebe04d1cb4b07d1314acab03" member_type: VOTER last_known_addr { host: "127.7.58.194" port: 41263 } } peers { permanent_uuid: "b304a787951f47dfb8cffeb13a3e0265" member_type: VOTER last_known_addr { host: "127.7.58.195" port: 34119 } }
I20260709 12:24:33.605625  8758 ts_tablet_manager.cc:1434] T 2cb2623bbe234dd1870b83df0541f748 P b304a787951f47dfb8cffeb13a3e0265: Time spent starting tablet: real 0.019s	user 0.005s	sys 0.001s
I20260709 12:24:33.607216  8758 tablet_bootstrap.cc:492] T d89f44d9cd4f48c2832ac2c65c7894ff P b304a787951f47dfb8cffeb13a3e0265: Bootstrap starting.
I20260709 12:24:33.611812  8763 tablet_bootstrap.cc:492] T cf51289b537c414e86203d83a10d96da P 35559c6ed1c848439c4ebc440df9a9d5: Bootstrap starting.
I20260709 12:24:33.613766  8758 tablet_bootstrap.cc:654] T d89f44d9cd4f48c2832ac2c65c7894ff P b304a787951f47dfb8cffeb13a3e0265: Neither blocks nor log segments found. Creating new log.
I20260709 12:24:33.616979  8759 tablet_bootstrap.cc:492] T 74c4c91a318241d4aaf7d6559ce6f8ae P c554acdfebe04d1cb4b07d1314acab03: No bootstrap required, opened a new log
I20260709 12:24:33.617542  8759 ts_tablet_manager.cc:1403] T 74c4c91a318241d4aaf7d6559ce6f8ae P c554acdfebe04d1cb4b07d1314acab03: Time spent bootstrapping tablet: real 0.027s	user 0.006s	sys 0.005s
I20260709 12:24:33.620533  8759 raft_consensus.cc:359] T 74c4c91a318241d4aaf7d6559ce6f8ae P c554acdfebe04d1cb4b07d1314acab03 [term 0 FOLLOWER]: Replica starting. Triggering 0 pending ops. Active config: opid_index: -1 OBSOLETE_local: false peers { permanent_uuid: "35559c6ed1c848439c4ebc440df9a9d5" member_type: VOTER last_known_addr { host: "127.7.58.193" port: 34261 } } peers { permanent_uuid: "c554acdfebe04d1cb4b07d1314acab03" member_type: VOTER last_known_addr { host: "127.7.58.194" port: 41263 } } peers { permanent_uuid: "b304a787951f47dfb8cffeb13a3e0265" member_type: VOTER last_known_addr { host: "127.7.58.195" port: 34119 } }
I20260709 12:24:33.621289  8759 raft_consensus.cc:385] T 74c4c91a318241d4aaf7d6559ce6f8ae P c554acdfebe04d1cb4b07d1314acab03 [term 0 FOLLOWER]: Consensus starting up: Expiring failure detector timer to make a prompt election more likely
I20260709 12:24:33.621582  8759 raft_consensus.cc:740] T 74c4c91a318241d4aaf7d6559ce6f8ae P c554acdfebe04d1cb4b07d1314acab03 [term 0 FOLLOWER]: Becoming Follower/Learner. State: Replica: c554acdfebe04d1cb4b07d1314acab03, State: Initialized, Role: FOLLOWER
I20260709 12:24:33.622309  8759 consensus_queue.cc:260] T 74c4c91a318241d4aaf7d6559ce6f8ae P c554acdfebe04d1cb4b07d1314acab03 [NON_LEADER]: Queue going to NON_LEADER mode. State: All replicated index: 0, Majority replicated index: 0, Committed index: 0, Last appended: 0.0, Last appended by leader: 0, Current term: 0, Majority size: -1, State: 0, Mode: NON_LEADER, active raft config: opid_index: -1 OBSOLETE_local: false peers { permanent_uuid: "35559c6ed1c848439c4ebc440df9a9d5" member_type: VOTER last_known_addr { host: "127.7.58.193" port: 34261 } } peers { permanent_uuid: "c554acdfebe04d1cb4b07d1314acab03" member_type: VOTER last_known_addr { host: "127.7.58.194" port: 41263 } } peers { permanent_uuid: "b304a787951f47dfb8cffeb13a3e0265" member_type: VOTER last_known_addr { host: "127.7.58.195" port: 34119 } }
I20260709 12:24:33.622542  8636 tablet_service.cc:1917] Received RequestConsensusVote() RPC: tablet_id: "7df30c11a0894ca6ac76fd5bacb5e2f4" candidate_uuid: "b304a787951f47dfb8cffeb13a3e0265" candidate_term: 1 candidate_status { last_received { term: 0 index: 0 } } ignore_live_leader: false dest_uuid: "c554acdfebe04d1cb4b07d1314acab03" is_pre_election: true
I20260709 12:24:33.623574  8787 raft_consensus.cc:493] T 2cb2623bbe234dd1870b83df0541f748 P b304a787951f47dfb8cffeb13a3e0265 [term 0 FOLLOWER]: Starting pre-election (no leader contacted us within the election timeout)
I20260709 12:24:33.624024  8787 raft_consensus.cc:515] T 2cb2623bbe234dd1870b83df0541f748 P b304a787951f47dfb8cffeb13a3e0265 [term 0 FOLLOWER]: Starting pre-election with config: opid_index: -1 OBSOLETE_local: false peers { permanent_uuid: "35559c6ed1c848439c4ebc440df9a9d5" member_type: VOTER last_known_addr { host: "127.7.58.193" port: 34261 } } peers { permanent_uuid: "c554acdfebe04d1cb4b07d1314acab03" member_type: VOTER last_known_addr { host: "127.7.58.194" port: 41263 } } peers { permanent_uuid: "b304a787951f47dfb8cffeb13a3e0265" member_type: VOTER last_known_addr { host: "127.7.58.195" port: 34119 } }
I20260709 12:24:33.627090  8636 tablet_service.cc:1917] Received RequestConsensusVote() RPC: tablet_id: "a78191c2d5374cdfbee61a906840e8f4" candidate_uuid: "b304a787951f47dfb8cffeb13a3e0265" candidate_term: 1 candidate_status { last_received { term: 0 index: 0 } } ignore_live_leader: false dest_uuid: "c554acdfebe04d1cb4b07d1314acab03" is_pre_election: true
I20260709 12:24:33.627782  8636 raft_consensus.cc:2468] T a78191c2d5374cdfbee61a906840e8f4 P c554acdfebe04d1cb4b07d1314acab03 [term 0 FOLLOWER]: Leader pre-election vote request: Granting yes vote for candidate b304a787951f47dfb8cffeb13a3e0265 in term 0.
I20260709 12:24:33.628500  8759 ts_tablet_manager.cc:1434] T 74c4c91a318241d4aaf7d6559ce6f8ae P c554acdfebe04d1cb4b07d1314acab03: Time spent starting tablet: real 0.011s	user 0.004s	sys 0.002s
I20260709 12:24:33.629518  8759 tablet_bootstrap.cc:492] T 73e996e814f3433183a9e3c96dff6604 P c554acdfebe04d1cb4b07d1314acab03: Bootstrap starting.
I20260709 12:24:33.631995  8821 leader_election.cc:290] T a78191c2d5374cdfbee61a906840e8f4 P b304a787951f47dfb8cffeb13a3e0265 [CANDIDATE]: Term 1 election: Requested vote from peers 35559c6ed1c848439c4ebc440df9a9d5 (127.7.58.193:34261), c554acdfebe04d1cb4b07d1314acab03 (127.7.58.194:41263)
W20260709 12:24:33.639520  8682 consensus_peers.cc:597] T 74c4c91a318241d4aaf7d6559ce6f8ae P b304a787951f47dfb8cffeb13a3e0265 -> Peer c554acdfebe04d1cb4b07d1314acab03 (127.7.58.194:41263): Couldn't send request to peer c554acdfebe04d1cb4b07d1314acab03. Error code: TABLET_NOT_RUNNING (12). Status: Illegal state: Tablet not RUNNING: BOOTSTRAPPING. This is attempt 1: this message will repeat every 5th retry.
I20260709 12:24:33.640568  8787 leader_election.cc:290] T 2cb2623bbe234dd1870b83df0541f748 P b304a787951f47dfb8cffeb13a3e0265 [CANDIDATE]: Term 1 pre-election: Requested pre-vote from peers 35559c6ed1c848439c4ebc440df9a9d5 (127.7.58.193:34261), c554acdfebe04d1cb4b07d1314acab03 (127.7.58.194:41263)
I20260709 12:24:33.645885  8759 tablet_bootstrap.cc:654] T 73e996e814f3433183a9e3c96dff6604 P c554acdfebe04d1cb4b07d1314acab03: Neither blocks nor log segments found. Creating new log.
W20260709 12:24:33.641232  8682 leader_election.cc:343] T 7df30c11a0894ca6ac76fd5bacb5e2f4 P b304a787951f47dfb8cffeb13a3e0265 [CANDIDATE]: Term 1 pre-election: Tablet error from VoteRequest() call to peer c554acdfebe04d1cb4b07d1314acab03 (127.7.58.194:41263): Illegal state: must be running to vote when last-logged opid is not known
I20260709 12:24:33.641414  8563 tablet_service.cc:1917] Received RequestConsensusVote() RPC: tablet_id: "2cb2623bbe234dd1870b83df0541f748" candidate_uuid: "b304a787951f47dfb8cffeb13a3e0265" candidate_term: 1 candidate_status { last_received { term: 0 index: 0 } } ignore_live_leader: false dest_uuid: "35559c6ed1c848439c4ebc440df9a9d5" is_pre_election: true
I20260709 12:24:33.647708  8563 raft_consensus.cc:2468] T 2cb2623bbe234dd1870b83df0541f748 P 35559c6ed1c848439c4ebc440df9a9d5 [term 0 FOLLOWER]: Leader pre-election vote request: Granting yes vote for candidate b304a787951f47dfb8cffeb13a3e0265 in term 0.
I20260709 12:24:33.642122  8562 tablet_service.cc:1917] Received RequestConsensusVote() RPC: tablet_id: "a78191c2d5374cdfbee61a906840e8f4" candidate_uuid: "b304a787951f47dfb8cffeb13a3e0265" candidate_term: 1 candidate_status { last_received { term: 0 index: 0 } } ignore_live_leader: false dest_uuid: "35559c6ed1c848439c4ebc440df9a9d5"
I20260709 12:24:33.648639  8562 raft_consensus.cc:3060] T a78191c2d5374cdfbee61a906840e8f4 P 35559c6ed1c848439c4ebc440df9a9d5 [term 0 FOLLOWER]: Advancing to term 1
I20260709 12:24:33.650864  8763 tablet_bootstrap.cc:654] T cf51289b537c414e86203d83a10d96da P 35559c6ed1c848439c4ebc440df9a9d5: Neither blocks nor log segments found. Creating new log.
I20260709 12:24:33.651757  8758 tablet_bootstrap.cc:492] T d89f44d9cd4f48c2832ac2c65c7894ff P b304a787951f47dfb8cffeb13a3e0265: No bootstrap required, opened a new log
I20260709 12:24:33.652240  8758 ts_tablet_manager.cc:1403] T d89f44d9cd4f48c2832ac2c65c7894ff P b304a787951f47dfb8cffeb13a3e0265: Time spent bootstrapping tablet: real 0.045s	user 0.013s	sys 0.004s
I20260709 12:24:33.653194  8761 raft_consensus.cc:515] T 7df30c11a0894ca6ac76fd5bacb5e2f4 P b304a787951f47dfb8cffeb13a3e0265 [term 1 FOLLOWER]: Starting leader election with config: opid_index: -1 OBSOLETE_local: false peers { permanent_uuid: "35559c6ed1c848439c4ebc440df9a9d5" member_type: VOTER last_known_addr { host: "127.7.58.193" port: 34261 } } peers { permanent_uuid: "c554acdfebe04d1cb4b07d1314acab03" member_type: VOTER last_known_addr { host: "127.7.58.194" port: 41263 } } peers { permanent_uuid: "b304a787951f47dfb8cffeb13a3e0265" member_type: VOTER last_known_addr { host: "127.7.58.195" port: 34119 } }
I20260709 12:24:33.655170  8758 raft_consensus.cc:359] T d89f44d9cd4f48c2832ac2c65c7894ff P b304a787951f47dfb8cffeb13a3e0265 [term 0 FOLLOWER]: Replica starting. Triggering 0 pending ops. Active config: opid_index: -1 OBSOLETE_local: false peers { permanent_uuid: "35559c6ed1c848439c4ebc440df9a9d5" member_type: VOTER last_known_addr { host: "127.7.58.193" port: 34261 } } peers { permanent_uuid: "c554acdfebe04d1cb4b07d1314acab03" member_type: VOTER last_known_addr { host: "127.7.58.194" port: 41263 } } peers { permanent_uuid: "b304a787951f47dfb8cffeb13a3e0265" member_type: VOTER last_known_addr { host: "127.7.58.195" port: 34119 } }
I20260709 12:24:33.655946  8758 raft_consensus.cc:385] T d89f44d9cd4f48c2832ac2c65c7894ff P b304a787951f47dfb8cffeb13a3e0265 [term 0 FOLLOWER]: Consensus starting up: Expiring failure detector timer to make a prompt election more likely
I20260709 12:24:33.656237  8758 raft_consensus.cc:740] T d89f44d9cd4f48c2832ac2c65c7894ff P b304a787951f47dfb8cffeb13a3e0265 [term 0 FOLLOWER]: Becoming Follower/Learner. State: Replica: b304a787951f47dfb8cffeb13a3e0265, State: Initialized, Role: FOLLOWER
I20260709 12:24:33.657177  8758 consensus_queue.cc:260] T d89f44d9cd4f48c2832ac2c65c7894ff P b304a787951f47dfb8cffeb13a3e0265 [NON_LEADER]: Queue going to NON_LEADER mode. State: All replicated index: 0, Majority replicated index: 0, Committed index: 0, Last appended: 0.0, Last appended by leader: 0, Current term: 0, Majority size: -1, State: 0, Mode: NON_LEADER, active raft config: opid_index: -1 OBSOLETE_local: false peers { permanent_uuid: "35559c6ed1c848439c4ebc440df9a9d5" member_type: VOTER last_known_addr { host: "127.7.58.193" port: 34261 } } peers { permanent_uuid: "c554acdfebe04d1cb4b07d1314acab03" member_type: VOTER last_known_addr { host: "127.7.58.194" port: 41263 } } peers { permanent_uuid: "b304a787951f47dfb8cffeb13a3e0265" member_type: VOTER last_known_addr { host: "127.7.58.195" port: 34119 } }
I20260709 12:24:33.659464  8758 ts_tablet_manager.cc:1434] T d89f44d9cd4f48c2832ac2c65c7894ff P b304a787951f47dfb8cffeb13a3e0265: Time spent starting tablet: real 0.007s	user 0.007s	sys 0.000s
I20260709 12:24:33.656296  8761 leader_election.cc:290] T 7df30c11a0894ca6ac76fd5bacb5e2f4 P b304a787951f47dfb8cffeb13a3e0265 [CANDIDATE]: Term 1 election: Requested vote from peers 35559c6ed1c848439c4ebc440df9a9d5 (127.7.58.193:34261), c554acdfebe04d1cb4b07d1314acab03 (127.7.58.194:41263)
W20260709 12:24:33.661101  8682 consensus_peers.cc:597] T 73e996e814f3433183a9e3c96dff6604 P b304a787951f47dfb8cffeb13a3e0265 -> Peer c554acdfebe04d1cb4b07d1314acab03 (127.7.58.194:41263): Couldn't send request to peer c554acdfebe04d1cb4b07d1314acab03. Error code: TABLET_NOT_RUNNING (12). Status: Illegal state: Tablet not RUNNING: INITIALIZED. This is attempt 1: this message will repeat every 5th retry.
I20260709 12:24:33.664209  8759 tablet_bootstrap.cc:492] T 73e996e814f3433183a9e3c96dff6604 P c554acdfebe04d1cb4b07d1314acab03: No bootstrap required, opened a new log
I20260709 12:24:33.664023  8639 tablet_service.cc:1917] Received RequestConsensusVote() RPC: tablet_id: "a78191c2d5374cdfbee61a906840e8f4" candidate_uuid: "b304a787951f47dfb8cffeb13a3e0265" candidate_term: 1 candidate_status { last_received { term: 0 index: 0 } } ignore_live_leader: false dest_uuid: "c554acdfebe04d1cb4b07d1314acab03"
I20260709 12:24:33.660449  8758 tablet_bootstrap.cc:492] T 816cb656d59746868d712085d5ec2a68 P b304a787951f47dfb8cffeb13a3e0265: Bootstrap starting.
I20260709 12:24:33.664669  8639 raft_consensus.cc:3060] T a78191c2d5374cdfbee61a906840e8f4 P c554acdfebe04d1cb4b07d1314acab03 [term 0 FOLLOWER]: Advancing to term 1
I20260709 12:24:33.664692  8759 ts_tablet_manager.cc:1403] T 73e996e814f3433183a9e3c96dff6604 P c554acdfebe04d1cb4b07d1314acab03: Time spent bootstrapping tablet: real 0.035s	user 0.004s	sys 0.006s
I20260709 12:24:33.666345  8562 raft_consensus.cc:2468] T a78191c2d5374cdfbee61a906840e8f4 P 35559c6ed1c848439c4ebc440df9a9d5 [term 1 FOLLOWER]: Leader election vote request: Granting yes vote for candidate b304a787951f47dfb8cffeb13a3e0265 in term 1.
I20260709 12:24:33.668308  8681 leader_election.cc:304] T 2cb2623bbe234dd1870b83df0541f748 P b304a787951f47dfb8cffeb13a3e0265 [CANDIDATE]: Term 1 pre-election: Election decided. Result: candidate won. Election summary: received 2 responses out of 3 voters: 2 yes votes; 0 no votes. yes voters: 35559c6ed1c848439c4ebc440df9a9d5, b304a787951f47dfb8cffeb13a3e0265; no voters: 
I20260709 12:24:33.668507  8759 raft_consensus.cc:359] T 73e996e814f3433183a9e3c96dff6604 P c554acdfebe04d1cb4b07d1314acab03 [term 0 FOLLOWER]: Replica starting. Triggering 0 pending ops. Active config: opid_index: -1 OBSOLETE_local: false peers { permanent_uuid: "35559c6ed1c848439c4ebc440df9a9d5" member_type: VOTER last_known_addr { host: "127.7.58.193" port: 34261 } } peers { permanent_uuid: "c554acdfebe04d1cb4b07d1314acab03" member_type: VOTER last_known_addr { host: "127.7.58.194" port: 41263 } } peers { permanent_uuid: "b304a787951f47dfb8cffeb13a3e0265" member_type: VOTER last_known_addr { host: "127.7.58.195" port: 34119 } }
I20260709 12:24:33.669296  8759 raft_consensus.cc:385] T 73e996e814f3433183a9e3c96dff6604 P c554acdfebe04d1cb4b07d1314acab03 [term 0 FOLLOWER]: Consensus starting up: Expiring failure detector timer to make a prompt election more likely
I20260709 12:24:33.669598  8759 raft_consensus.cc:740] T 73e996e814f3433183a9e3c96dff6604 P c554acdfebe04d1cb4b07d1314acab03 [term 0 FOLLOWER]: Becoming Follower/Learner. State: Replica: c554acdfebe04d1cb4b07d1314acab03, State: Initialized, Role: FOLLOWER
I20260709 12:24:33.670147  8681 leader_election.cc:304] T a78191c2d5374cdfbee61a906840e8f4 P b304a787951f47dfb8cffeb13a3e0265 [CANDIDATE]: Term 1 election: Election decided. Result: candidate won. Election summary: received 2 responses out of 3 voters: 2 yes votes; 0 no votes. yes voters: 35559c6ed1c848439c4ebc440df9a9d5, b304a787951f47dfb8cffeb13a3e0265; no voters: 
I20260709 12:24:33.670339  8759 consensus_queue.cc:260] T 73e996e814f3433183a9e3c96dff6604 P c554acdfebe04d1cb4b07d1314acab03 [NON_LEADER]: Queue going to NON_LEADER mode. State: All replicated index: 0, Majority replicated index: 0, Committed index: 0, Last appended: 0.0, Last appended by leader: 0, Current term: 0, Majority size: -1, State: 0, Mode: NON_LEADER, active raft config: opid_index: -1 OBSOLETE_local: false peers { permanent_uuid: "35559c6ed1c848439c4ebc440df9a9d5" member_type: VOTER last_known_addr { host: "127.7.58.193" port: 34261 } } peers { permanent_uuid: "c554acdfebe04d1cb4b07d1314acab03" member_type: VOTER last_known_addr { host: "127.7.58.194" port: 41263 } } peers { permanent_uuid: "b304a787951f47dfb8cffeb13a3e0265" member_type: VOTER last_known_addr { host: "127.7.58.195" port: 34119 } }
I20260709 12:24:33.671103  8821 raft_consensus.cc:2804] T 2cb2623bbe234dd1870b83df0541f748 P b304a787951f47dfb8cffeb13a3e0265 [term 0 FOLLOWER]: Leader pre-election won for term 1
I20260709 12:24:33.671484  8821 raft_consensus.cc:493] T 2cb2623bbe234dd1870b83df0541f748 P b304a787951f47dfb8cffeb13a3e0265 [term 0 FOLLOWER]: Starting leader election (no leader contacted us within the election timeout)
I20260709 12:24:33.671877  8821 raft_consensus.cc:3060] T 2cb2623bbe234dd1870b83df0541f748 P b304a787951f47dfb8cffeb13a3e0265 [term 0 FOLLOWER]: Advancing to term 1
I20260709 12:24:33.672712  8759 ts_tablet_manager.cc:1434] T 73e996e814f3433183a9e3c96dff6604 P c554acdfebe04d1cb4b07d1314acab03: Time spent starting tablet: real 0.007s	user 0.004s	sys 0.000s
I20260709 12:24:33.677518  8639 raft_consensus.cc:2468] T a78191c2d5374cdfbee61a906840e8f4 P c554acdfebe04d1cb4b07d1314acab03 [term 1 FOLLOWER]: Leader election vote request: Granting yes vote for candidate b304a787951f47dfb8cffeb13a3e0265 in term 1.
I20260709 12:24:33.679200  8758 tablet_bootstrap.cc:654] T 816cb656d59746868d712085d5ec2a68 P b304a787951f47dfb8cffeb13a3e0265: Neither blocks nor log segments found. Creating new log.
I20260709 12:24:33.671275  8761 raft_consensus.cc:2804] T a78191c2d5374cdfbee61a906840e8f4 P b304a787951f47dfb8cffeb13a3e0265 [term 1 FOLLOWER]: Leader election won for term 1
I20260709 12:24:33.678306  8821 raft_consensus.cc:515] T 2cb2623bbe234dd1870b83df0541f748 P b304a787951f47dfb8cffeb13a3e0265 [term 1 FOLLOWER]: Starting leader election with config: opid_index: -1 OBSOLETE_local: false peers { permanent_uuid: "35559c6ed1c848439c4ebc440df9a9d5" member_type: VOTER last_known_addr { host: "127.7.58.193" port: 34261 } } peers { permanent_uuid: "c554acdfebe04d1cb4b07d1314acab03" member_type: VOTER last_known_addr { host: "127.7.58.194" port: 41263 } } peers { permanent_uuid: "b304a787951f47dfb8cffeb13a3e0265" member_type: VOTER last_known_addr { host: "127.7.58.195" port: 34119 } }
I20260709 12:24:33.680114  8761 raft_consensus.cc:697] T a78191c2d5374cdfbee61a906840e8f4 P b304a787951f47dfb8cffeb13a3e0265 [term 1 LEADER]: Becoming Leader. State: Replica: b304a787951f47dfb8cffeb13a3e0265, State: Running, Role: LEADER
I20260709 12:24:33.680914  8761 consensus_queue.cc:237] T a78191c2d5374cdfbee61a906840e8f4 P b304a787951f47dfb8cffeb13a3e0265 [LEADER]: Queue going to LEADER mode. State: All replicated index: 0, Majority replicated index: 0, Committed index: 0, Last appended: 0.0, Last appended by leader: 0, Current term: 1, Majority size: 2, State: 0, Mode: LEADER, active raft config: opid_index: -1 OBSOLETE_local: false peers { permanent_uuid: "35559c6ed1c848439c4ebc440df9a9d5" member_type: VOTER last_known_addr { host: "127.7.58.193" port: 34261 } } peers { permanent_uuid: "c554acdfebe04d1cb4b07d1314acab03" member_type: VOTER last_known_addr { host: "127.7.58.194" port: 41263 } } peers { permanent_uuid: "b304a787951f47dfb8cffeb13a3e0265" member_type: VOTER last_known_addr { host: "127.7.58.195" port: 34119 } }
I20260709 12:24:33.681756  8821 leader_election.cc:290] T 2cb2623bbe234dd1870b83df0541f748 P b304a787951f47dfb8cffeb13a3e0265 [CANDIDATE]: Term 1 election: Requested vote from peers 35559c6ed1c848439c4ebc440df9a9d5 (127.7.58.193:34261), c554acdfebe04d1cb4b07d1314acab03 (127.7.58.194:41263)
I20260709 12:24:33.682284  8635 tablet_service.cc:1917] Received RequestConsensusVote() RPC: tablet_id: "7df30c11a0894ca6ac76fd5bacb5e2f4" candidate_uuid: "b304a787951f47dfb8cffeb13a3e0265" candidate_term: 1 candidate_status { last_received { term: 0 index: 0 } } ignore_live_leader: false dest_uuid: "c554acdfebe04d1cb4b07d1314acab03"
I20260709 12:24:33.682401  8636 tablet_service.cc:1917] Received RequestConsensusVote() RPC: tablet_id: "2cb2623bbe234dd1870b83df0541f748" candidate_uuid: "b304a787951f47dfb8cffeb13a3e0265" candidate_term: 1 candidate_status { last_received { term: 0 index: 0 } } ignore_live_leader: false dest_uuid: "c554acdfebe04d1cb4b07d1314acab03" is_pre_election: true
I20260709 12:24:33.684077  8759 tablet_bootstrap.cc:492] T 1287a9cfbb834ec58edf63c8db7da6b7 P c554acdfebe04d1cb4b07d1314acab03: Bootstrap starting.
W20260709 12:24:33.698205  8682 leader_election.cc:343] T 7df30c11a0894ca6ac76fd5bacb5e2f4 P b304a787951f47dfb8cffeb13a3e0265 [CANDIDATE]: Term 1 election: Tablet error from VoteRequest() call to peer c554acdfebe04d1cb4b07d1314acab03 (127.7.58.194:41263): Illegal state: must be running to vote when last-logged opid is not known
W20260709 12:24:33.698904  8682 leader_election.cc:343] T 2cb2623bbe234dd1870b83df0541f748 P b304a787951f47dfb8cffeb13a3e0265 [CANDIDATE]: Term 1 pre-election: Tablet error from VoteRequest() call to peer c554acdfebe04d1cb4b07d1314acab03 (127.7.58.194:41263): Illegal state: must be running to vote when last-logged opid is not known
I20260709 12:24:33.704524  8763 tablet_bootstrap.cc:492] T cf51289b537c414e86203d83a10d96da P 35559c6ed1c848439c4ebc440df9a9d5: No bootstrap required, opened a new log
I20260709 12:24:33.704567  8759 tablet_bootstrap.cc:654] T 1287a9cfbb834ec58edf63c8db7da6b7 P c554acdfebe04d1cb4b07d1314acab03: Neither blocks nor log segments found. Creating new log.
I20260709 12:24:33.705021  8763 ts_tablet_manager.cc:1403] T cf51289b537c414e86203d83a10d96da P 35559c6ed1c848439c4ebc440df9a9d5: Time spent bootstrapping tablet: real 0.093s	user 0.024s	sys 0.016s
I20260709 12:24:33.693343  8758 tablet_bootstrap.cc:492] T 816cb656d59746868d712085d5ec2a68 P b304a787951f47dfb8cffeb13a3e0265: No bootstrap required, opened a new log
I20260709 12:24:33.694041  8641 tablet_service.cc:1917] Received RequestConsensusVote() RPC: tablet_id: "2cb2623bbe234dd1870b83df0541f748" candidate_uuid: "b304a787951f47dfb8cffeb13a3e0265" candidate_term: 1 candidate_status { last_received { term: 0 index: 0 } } ignore_live_leader: false dest_uuid: "c554acdfebe04d1cb4b07d1314acab03"
I20260709 12:24:33.707341  8565 tablet_service.cc:1917] Received RequestConsensusVote() RPC: tablet_id: "7df30c11a0894ca6ac76fd5bacb5e2f4" candidate_uuid: "b304a787951f47dfb8cffeb13a3e0265" candidate_term: 1 candidate_status { last_received { term: 0 index: 0 } } ignore_live_leader: false dest_uuid: "35559c6ed1c848439c4ebc440df9a9d5"
W20260709 12:24:33.707090  8682 leader_election.cc:343] T 2cb2623bbe234dd1870b83df0541f748 P b304a787951f47dfb8cffeb13a3e0265 [CANDIDATE]: Term 1 election: Tablet error from VoteRequest() call to peer c554acdfebe04d1cb4b07d1314acab03 (127.7.58.194:41263): Illegal state: must be running to vote when last-logged opid is not known
I20260709 12:24:33.707922  8565 raft_consensus.cc:3060] T 7df30c11a0894ca6ac76fd5bacb5e2f4 P 35559c6ed1c848439c4ebc440df9a9d5 [term 0 FOLLOWER]: Advancing to term 1
I20260709 12:24:33.707050  8758 ts_tablet_manager.cc:1403] T 816cb656d59746868d712085d5ec2a68 P b304a787951f47dfb8cffeb13a3e0265: Time spent bootstrapping tablet: real 0.047s	user 0.011s	sys 0.007s
I20260709 12:24:33.708333  8763 raft_consensus.cc:359] T cf51289b537c414e86203d83a10d96da P 35559c6ed1c848439c4ebc440df9a9d5 [term 0 FOLLOWER]: Replica starting. Triggering 0 pending ops. Active config: opid_index: -1 OBSOLETE_local: false peers { permanent_uuid: "35559c6ed1c848439c4ebc440df9a9d5" member_type: VOTER last_known_addr { host: "127.7.58.193" port: 34261 } } peers { permanent_uuid: "c554acdfebe04d1cb4b07d1314acab03" member_type: VOTER last_known_addr { host: "127.7.58.194" port: 41263 } } peers { permanent_uuid: "b304a787951f47dfb8cffeb13a3e0265" member_type: VOTER last_known_addr { host: "127.7.58.195" port: 34119 } }
I20260709 12:24:33.708985  8763 raft_consensus.cc:385] T cf51289b537c414e86203d83a10d96da P 35559c6ed1c848439c4ebc440df9a9d5 [term 0 FOLLOWER]: Consensus starting up: Expiring failure detector timer to make a prompt election more likely
I20260709 12:24:33.709231  8763 raft_consensus.cc:740] T cf51289b537c414e86203d83a10d96da P 35559c6ed1c848439c4ebc440df9a9d5 [term 0 FOLLOWER]: Becoming Follower/Learner. State: Replica: 35559c6ed1c848439c4ebc440df9a9d5, State: Initialized, Role: FOLLOWER
I20260709 12:24:33.709926  8763 consensus_queue.cc:260] T cf51289b537c414e86203d83a10d96da P 35559c6ed1c848439c4ebc440df9a9d5 [NON_LEADER]: Queue going to NON_LEADER mode. State: All replicated index: 0, Majority replicated index: 0, Committed index: 0, Last appended: 0.0, Last appended by leader: 0, Current term: 0, Majority size: -1, State: 0, Mode: NON_LEADER, active raft config: opid_index: -1 OBSOLETE_local: false peers { permanent_uuid: "35559c6ed1c848439c4ebc440df9a9d5" member_type: VOTER last_known_addr { host: "127.7.58.193" port: 34261 } } peers { permanent_uuid: "c554acdfebe04d1cb4b07d1314acab03" member_type: VOTER last_known_addr { host: "127.7.58.194" port: 41263 } } peers { permanent_uuid: "b304a787951f47dfb8cffeb13a3e0265" member_type: VOTER last_known_addr { host: "127.7.58.195" port: 34119 } }
I20260709 12:24:33.711377  8763 ts_tablet_manager.cc:1434] T cf51289b537c414e86203d83a10d96da P 35559c6ed1c848439c4ebc440df9a9d5: Time spent starting tablet: real 0.006s	user 0.006s	sys 0.000s
I20260709 12:24:33.712205  8763 tablet_bootstrap.cc:492] T e98babf925fa4bb488596df1d36c0752 P 35559c6ed1c848439c4ebc440df9a9d5: Bootstrap starting.
I20260709 12:24:33.712261  8758 raft_consensus.cc:359] T 816cb656d59746868d712085d5ec2a68 P b304a787951f47dfb8cffeb13a3e0265 [term 0 FOLLOWER]: Replica starting. Triggering 0 pending ops. Active config: opid_index: -1 OBSOLETE_local: false peers { permanent_uuid: "35559c6ed1c848439c4ebc440df9a9d5" member_type: VOTER last_known_addr { host: "127.7.58.193" port: 34261 } } peers { permanent_uuid: "c554acdfebe04d1cb4b07d1314acab03" member_type: VOTER last_known_addr { host: "127.7.58.194" port: 41263 } } peers { permanent_uuid: "b304a787951f47dfb8cffeb13a3e0265" member_type: VOTER last_known_addr { host: "127.7.58.195" port: 34119 } }
I20260709 12:24:33.713269  8758 raft_consensus.cc:385] T 816cb656d59746868d712085d5ec2a68 P b304a787951f47dfb8cffeb13a3e0265 [term 0 FOLLOWER]: Consensus starting up: Expiring failure detector timer to make a prompt election more likely
I20260709 12:24:33.713634  8758 raft_consensus.cc:740] T 816cb656d59746868d712085d5ec2a68 P b304a787951f47dfb8cffeb13a3e0265 [term 0 FOLLOWER]: Becoming Follower/Learner. State: Replica: b304a787951f47dfb8cffeb13a3e0265, State: Initialized, Role: FOLLOWER
I20260709 12:24:33.715184  8758 consensus_queue.cc:260] T 816cb656d59746868d712085d5ec2a68 P b304a787951f47dfb8cffeb13a3e0265 [NON_LEADER]: Queue going to NON_LEADER mode. State: All replicated index: 0, Majority replicated index: 0, Committed index: 0, Last appended: 0.0, Last appended by leader: 0, Current term: 0, Majority size: -1, State: 0, Mode: NON_LEADER, active raft config: opid_index: -1 OBSOLETE_local: false peers { permanent_uuid: "35559c6ed1c848439c4ebc440df9a9d5" member_type: VOTER last_known_addr { host: "127.7.58.193" port: 34261 } } peers { permanent_uuid: "c554acdfebe04d1cb4b07d1314acab03" member_type: VOTER last_known_addr { host: "127.7.58.194" port: 41263 } } peers { permanent_uuid: "b304a787951f47dfb8cffeb13a3e0265" member_type: VOTER last_known_addr { host: "127.7.58.195" port: 34119 } }
I20260709 12:24:33.718948  8763 tablet_bootstrap.cc:654] T e98babf925fa4bb488596df1d36c0752 P 35559c6ed1c848439c4ebc440df9a9d5: Neither blocks nor log segments found. Creating new log.
I20260709 12:24:33.718766  8953 raft_consensus.cc:493] T 8077f31e5e8e4410a8a3859141001748 P 35559c6ed1c848439c4ebc440df9a9d5 [term 0 FOLLOWER]: Starting pre-election (no leader contacted us within the election timeout)
I20260709 12:24:33.722266  8953 raft_consensus.cc:515] T 8077f31e5e8e4410a8a3859141001748 P 35559c6ed1c848439c4ebc440df9a9d5 [term 0 FOLLOWER]: Starting pre-election with config: opid_index: -1 OBSOLETE_local: false peers { permanent_uuid: "35559c6ed1c848439c4ebc440df9a9d5" member_type: VOTER last_known_addr { host: "127.7.58.193" port: 34261 } } peers { permanent_uuid: "c554acdfebe04d1cb4b07d1314acab03" member_type: VOTER last_known_addr { host: "127.7.58.194" port: 41263 } } peers { permanent_uuid: "b304a787951f47dfb8cffeb13a3e0265" member_type: VOTER last_known_addr { host: "127.7.58.195" port: 34119 } }
I20260709 12:24:33.724423  8953 leader_election.cc:290] T 8077f31e5e8e4410a8a3859141001748 P 35559c6ed1c848439c4ebc440df9a9d5 [CANDIDATE]: Term 1 pre-election: Requested pre-vote from peers c554acdfebe04d1cb4b07d1314acab03 (127.7.58.194:41263), b304a787951f47dfb8cffeb13a3e0265 (127.7.58.195:34119)
I20260709 12:24:33.726058  8713 tablet_service.cc:1917] Received RequestConsensusVote() RPC: tablet_id: "8077f31e5e8e4410a8a3859141001748" candidate_uuid: "35559c6ed1c848439c4ebc440df9a9d5" candidate_term: 1 candidate_status { last_received { term: 0 index: 0 } } ignore_live_leader: false dest_uuid: "b304a787951f47dfb8cffeb13a3e0265" is_pre_election: true
I20260709 12:24:33.726742  8713 raft_consensus.cc:2468] T 8077f31e5e8e4410a8a3859141001748 P b304a787951f47dfb8cffeb13a3e0265 [term 0 FOLLOWER]: Leader pre-election vote request: Granting yes vote for candidate 35559c6ed1c848439c4ebc440df9a9d5 in term 0.
I20260709 12:24:33.724496  8758 ts_tablet_manager.cc:1434] T 816cb656d59746868d712085d5ec2a68 P b304a787951f47dfb8cffeb13a3e0265: Time spent starting tablet: real 0.016s	user 0.006s	sys 0.002s
I20260709 12:24:33.731568  8565 raft_consensus.cc:2468] T 7df30c11a0894ca6ac76fd5bacb5e2f4 P 35559c6ed1c848439c4ebc440df9a9d5 [term 1 FOLLOWER]: Leader election vote request: Granting yes vote for candidate b304a787951f47dfb8cffeb13a3e0265 in term 1.
I20260709 12:24:33.728355  8529 leader_election.cc:304] T 8077f31e5e8e4410a8a3859141001748 P 35559c6ed1c848439c4ebc440df9a9d5 [CANDIDATE]: Term 1 pre-election: Election decided. Result: candidate won. Election summary: received 2 responses out of 3 voters: 2 yes votes; 0 no votes. yes voters: 35559c6ed1c848439c4ebc440df9a9d5, b304a787951f47dfb8cffeb13a3e0265; no voters: 
I20260709 12:24:33.732913  8758 tablet_bootstrap.cc:492] T d5236970e00c46cf9eed66b939e8f1af P b304a787951f47dfb8cffeb13a3e0265: Bootstrap starting.
I20260709 12:24:33.732955  8953 raft_consensus.cc:2804] T 8077f31e5e8e4410a8a3859141001748 P 35559c6ed1c848439c4ebc440df9a9d5 [term 0 FOLLOWER]: Leader pre-election won for term 1
I20260709 12:24:33.734122  8562 tablet_service.cc:1917] Received RequestConsensusVote() RPC: tablet_id: "2cb2623bbe234dd1870b83df0541f748" candidate_uuid: "b304a787951f47dfb8cffeb13a3e0265" candidate_term: 1 candidate_status { last_received { term: 0 index: 0 } } ignore_live_leader: false dest_uuid: "35559c6ed1c848439c4ebc440df9a9d5"
I20260709 12:24:33.734629  8953 raft_consensus.cc:493] T 8077f31e5e8e4410a8a3859141001748 P 35559c6ed1c848439c4ebc440df9a9d5 [term 0 FOLLOWER]: Starting leader election (no leader contacted us within the election timeout)
I20260709 12:24:33.734746  8562 raft_consensus.cc:3060] T 2cb2623bbe234dd1870b83df0541f748 P 35559c6ed1c848439c4ebc440df9a9d5 [term 0 FOLLOWER]: Advancing to term 1
I20260709 12:24:33.735145  8953 raft_consensus.cc:3060] T 8077f31e5e8e4410a8a3859141001748 P 35559c6ed1c848439c4ebc440df9a9d5 [term 0 FOLLOWER]: Advancing to term 1
I20260709 12:24:33.744988  8787 raft_consensus.cc:493] T 816cb656d59746868d712085d5ec2a68 P b304a787951f47dfb8cffeb13a3e0265 [term 0 FOLLOWER]: Starting pre-election (no leader contacted us within the election timeout)
I20260709 12:24:33.745532  8787 raft_consensus.cc:515] T 816cb656d59746868d712085d5ec2a68 P b304a787951f47dfb8cffeb13a3e0265 [term 0 FOLLOWER]: Starting pre-election with config: opid_index: -1 OBSOLETE_local: false peers { permanent_uuid: "35559c6ed1c848439c4ebc440df9a9d5" member_type: VOTER last_known_addr { host: "127.7.58.193" port: 34261 } } peers { permanent_uuid: "c554acdfebe04d1cb4b07d1314acab03" member_type: VOTER last_known_addr { host: "127.7.58.194" port: 41263 } } peers { permanent_uuid: "b304a787951f47dfb8cffeb13a3e0265" member_type: VOTER last_known_addr { host: "127.7.58.195" port: 34119 } }
I20260709 12:24:33.747514  8787 leader_election.cc:290] T 816cb656d59746868d712085d5ec2a68 P b304a787951f47dfb8cffeb13a3e0265 [CANDIDATE]: Term 1 pre-election: Requested pre-vote from peers 35559c6ed1c848439c4ebc440df9a9d5 (127.7.58.193:34261), c554acdfebe04d1cb4b07d1314acab03 (127.7.58.194:41263)
I20260709 12:24:33.749130  8641 tablet_service.cc:1917] Received RequestConsensusVote() RPC: tablet_id: "816cb656d59746868d712085d5ec2a68" candidate_uuid: "b304a787951f47dfb8cffeb13a3e0265" candidate_term: 1 candidate_status { last_received { term: 0 index: 0 } } ignore_live_leader: false dest_uuid: "c554acdfebe04d1cb4b07d1314acab03" is_pre_election: true
I20260709 12:24:33.741639  8562 raft_consensus.cc:2468] T 2cb2623bbe234dd1870b83df0541f748 P 35559c6ed1c848439c4ebc440df9a9d5 [term 1 FOLLOWER]: Leader election vote request: Granting yes vote for candidate b304a787951f47dfb8cffeb13a3e0265 in term 1.
I20260709 12:24:33.750077  8758 tablet_bootstrap.cc:654] T d5236970e00c46cf9eed66b939e8f1af P b304a787951f47dfb8cffeb13a3e0265: Neither blocks nor log segments found. Creating new log.
I20260709 12:24:33.751518  8763 tablet_bootstrap.cc:492] T e98babf925fa4bb488596df1d36c0752 P 35559c6ed1c848439c4ebc440df9a9d5: No bootstrap required, opened a new log
I20260709 12:24:33.751965  8763 ts_tablet_manager.cc:1403] T e98babf925fa4bb488596df1d36c0752 P 35559c6ed1c848439c4ebc440df9a9d5: Time spent bootstrapping tablet: real 0.040s	user 0.009s	sys 0.006s
I20260709 12:24:33.753443  8759 tablet_bootstrap.cc:492] T 1287a9cfbb834ec58edf63c8db7da6b7 P c554acdfebe04d1cb4b07d1314acab03: No bootstrap required, opened a new log
I20260709 12:24:33.754212  8759 ts_tablet_manager.cc:1403] T 1287a9cfbb834ec58edf63c8db7da6b7 P c554acdfebe04d1cb4b07d1314acab03: Time spent bootstrapping tablet: real 0.070s	user 0.016s	sys 0.007s
I20260709 12:24:33.741636  8953 raft_consensus.cc:515] T 8077f31e5e8e4410a8a3859141001748 P 35559c6ed1c848439c4ebc440df9a9d5 [term 1 FOLLOWER]: Starting leader election with config: opid_index: -1 OBSOLETE_local: false peers { permanent_uuid: "35559c6ed1c848439c4ebc440df9a9d5" member_type: VOTER last_known_addr { host: "127.7.58.193" port: 34261 } } peers { permanent_uuid: "c554acdfebe04d1cb4b07d1314acab03" member_type: VOTER last_known_addr { host: "127.7.58.194" port: 41263 } } peers { permanent_uuid: "b304a787951f47dfb8cffeb13a3e0265" member_type: VOTER last_known_addr { host: "127.7.58.195" port: 34119 } }
I20260709 12:24:33.757352  8953 leader_election.cc:290] T 8077f31e5e8e4410a8a3859141001748 P 35559c6ed1c848439c4ebc440df9a9d5 [CANDIDATE]: Term 1 election: Requested vote from peers c554acdfebe04d1cb4b07d1314acab03 (127.7.58.194:41263), b304a787951f47dfb8cffeb13a3e0265 (127.7.58.195:34119)
I20260709 12:24:33.755074  8763 raft_consensus.cc:359] T e98babf925fa4bb488596df1d36c0752 P 35559c6ed1c848439c4ebc440df9a9d5 [term 0 FOLLOWER]: Replica starting. Triggering 0 pending ops. Active config: opid_index: -1 OBSOLETE_local: false peers { permanent_uuid: "35559c6ed1c848439c4ebc440df9a9d5" member_type: VOTER last_known_addr { host: "127.7.58.193" port: 34261 } } peers { permanent_uuid: "c554acdfebe04d1cb4b07d1314acab03" member_type: VOTER last_known_addr { host: "127.7.58.194" port: 41263 } } peers { permanent_uuid: "b304a787951f47dfb8cffeb13a3e0265" member_type: VOTER last_known_addr { host: "127.7.58.195" port: 34119 } }
I20260709 12:24:33.758355  8763 raft_consensus.cc:385] T e98babf925fa4bb488596df1d36c0752 P 35559c6ed1c848439c4ebc440df9a9d5 [term 0 FOLLOWER]: Consensus starting up: Expiring failure detector timer to make a prompt election more likely
I20260709 12:24:33.758636  8763 raft_consensus.cc:740] T e98babf925fa4bb488596df1d36c0752 P 35559c6ed1c848439c4ebc440df9a9d5 [term 0 FOLLOWER]: Becoming Follower/Learner. State: Replica: 35559c6ed1c848439c4ebc440df9a9d5, State: Initialized, Role: FOLLOWER
I20260709 12:24:33.759004  8463 catalog_manager.cc:5697] T a78191c2d5374cdfbee61a906840e8f4 P b304a787951f47dfb8cffeb13a3e0265 reported cstate change: term changed from 0 to 1, leader changed from <none> to b304a787951f47dfb8cffeb13a3e0265 (127.7.58.195). New cstate: current_term: 1 leader_uuid: "b304a787951f47dfb8cffeb13a3e0265" committed_config { opid_index: -1 OBSOLETE_local: false peers { permanent_uuid: "35559c6ed1c848439c4ebc440df9a9d5" member_type: VOTER last_known_addr { host: "127.7.58.193" port: 34261 } health_report { overall_health: UNKNOWN } } peers { permanent_uuid: "c554acdfebe04d1cb4b07d1314acab03" member_type: VOTER last_known_addr { host: "127.7.58.194" port: 41263 } health_report { overall_health: UNKNOWN } } peers { permanent_uuid: "b304a787951f47dfb8cffeb13a3e0265" member_type: VOTER last_known_addr { host: "127.7.58.195" port: 34119 } health_report { overall_health: HEALTHY } } }
I20260709 12:24:33.762398  8713 tablet_service.cc:1917] Received RequestConsensusVote() RPC: tablet_id: "8077f31e5e8e4410a8a3859141001748" candidate_uuid: "35559c6ed1c848439c4ebc440df9a9d5" candidate_term: 1 candidate_status { last_received { term: 0 index: 0 } } ignore_live_leader: false dest_uuid: "b304a787951f47dfb8cffeb13a3e0265"
I20260709 12:24:33.763187  8713 raft_consensus.cc:3060] T 8077f31e5e8e4410a8a3859141001748 P b304a787951f47dfb8cffeb13a3e0265 [term 0 FOLLOWER]: Advancing to term 1
I20260709 12:24:33.764809  8759 raft_consensus.cc:359] T 1287a9cfbb834ec58edf63c8db7da6b7 P c554acdfebe04d1cb4b07d1314acab03 [term 0 FOLLOWER]: Replica starting. Triggering 0 pending ops. Active config: opid_index: -1 OBSOLETE_local: false peers { permanent_uuid: "35559c6ed1c848439c4ebc440df9a9d5" member_type: VOTER last_known_addr { host: "127.7.58.193" port: 34261 } } peers { permanent_uuid: "c554acdfebe04d1cb4b07d1314acab03" member_type: VOTER last_known_addr { host: "127.7.58.194" port: 41263 } } peers { permanent_uuid: "b304a787951f47dfb8cffeb13a3e0265" member_type: VOTER last_known_addr { host: "127.7.58.195" port: 34119 } }
I20260709 12:24:33.765902  8759 raft_consensus.cc:385] T 1287a9cfbb834ec58edf63c8db7da6b7 P c554acdfebe04d1cb4b07d1314acab03 [term 0 FOLLOWER]: Consensus starting up: Expiring failure detector timer to make a prompt election more likely
I20260709 12:24:33.766335  8759 raft_consensus.cc:740] T 1287a9cfbb834ec58edf63c8db7da6b7 P c554acdfebe04d1cb4b07d1314acab03 [term 0 FOLLOWER]: Becoming Follower/Learner. State: Replica: c554acdfebe04d1cb4b07d1314acab03, State: Initialized, Role: FOLLOWER
I20260709 12:24:33.767397  8759 consensus_queue.cc:260] T 1287a9cfbb834ec58edf63c8db7da6b7 P c554acdfebe04d1cb4b07d1314acab03 [NON_LEADER]: Queue going to NON_LEADER mode. State: All replicated index: 0, Majority replicated index: 0, Committed index: 0, Last appended: 0.0, Last appended by leader: 0, Current term: 0, Majority size: -1, State: 0, Mode: NON_LEADER, active raft config: opid_index: -1 OBSOLETE_local: false peers { permanent_uuid: "35559c6ed1c848439c4ebc440df9a9d5" member_type: VOTER last_known_addr { host: "127.7.58.193" port: 34261 } } peers { permanent_uuid: "c554acdfebe04d1cb4b07d1314acab03" member_type: VOTER last_known_addr { host: "127.7.58.194" port: 41263 } } peers { permanent_uuid: "b304a787951f47dfb8cffeb13a3e0265" member_type: VOTER last_known_addr { host: "127.7.58.195" port: 34119 } }
I20260709 12:24:33.759266  8763 consensus_queue.cc:260] T e98babf925fa4bb488596df1d36c0752 P 35559c6ed1c848439c4ebc440df9a9d5 [NON_LEADER]: Queue going to NON_LEADER mode. State: All replicated index: 0, Majority replicated index: 0, Committed index: 0, Last appended: 0.0, Last appended by leader: 0, Current term: 0, Majority size: -1, State: 0, Mode: NON_LEADER, active raft config: opid_index: -1 OBSOLETE_local: false peers { permanent_uuid: "35559c6ed1c848439c4ebc440df9a9d5" member_type: VOTER last_known_addr { host: "127.7.58.193" port: 34261 } } peers { permanent_uuid: "c554acdfebe04d1cb4b07d1314acab03" member_type: VOTER last_known_addr { host: "127.7.58.194" port: 41263 } } peers { permanent_uuid: "b304a787951f47dfb8cffeb13a3e0265" member_type: VOTER last_known_addr { host: "127.7.58.195" port: 34119 } }
I20260709 12:24:33.772361  8562 tablet_service.cc:1917] Received RequestConsensusVote() RPC: tablet_id: "816cb656d59746868d712085d5ec2a68" candidate_uuid: "b304a787951f47dfb8cffeb13a3e0265" candidate_term: 1 candidate_status { last_received { term: 0 index: 0 } } ignore_live_leader: false dest_uuid: "35559c6ed1c848439c4ebc440df9a9d5" is_pre_election: true
I20260709 12:24:33.773159  8562 raft_consensus.cc:2393] T 816cb656d59746868d712085d5ec2a68 P 35559c6ed1c848439c4ebc440df9a9d5 [term 1 FOLLOWER]: Leader pre-election vote request: Denying vote to candidate b304a787951f47dfb8cffeb13a3e0265 in current term 1: Already voted for candidate c554acdfebe04d1cb4b07d1314acab03 in this term.
I20260709 12:24:33.775319  8763 ts_tablet_manager.cc:1434] T e98babf925fa4bb488596df1d36c0752 P 35559c6ed1c848439c4ebc440df9a9d5: Time spent starting tablet: real 0.023s	user 0.006s	sys 0.001s
I20260709 12:24:33.776757  8763 tablet_bootstrap.cc:492] T 6f00ce716b13423c98beab242c942fc9 P 35559c6ed1c848439c4ebc440df9a9d5: Bootstrap starting.
I20260709 12:24:33.777220  8681 leader_election.cc:304] T 7df30c11a0894ca6ac76fd5bacb5e2f4 P b304a787951f47dfb8cffeb13a3e0265 [CANDIDATE]: Term 1 election: Election decided. Result: candidate won. Election summary: received 3 responses out of 3 voters: 2 yes votes; 1 no votes. yes voters: 35559c6ed1c848439c4ebc440df9a9d5, b304a787951f47dfb8cffeb13a3e0265; no voters: c554acdfebe04d1cb4b07d1314acab03
I20260709 12:24:33.779579  8821 raft_consensus.cc:2804] T 7df30c11a0894ca6ac76fd5bacb5e2f4 P b304a787951f47dfb8cffeb13a3e0265 [term 1 FOLLOWER]: Leader election won for term 1
I20260709 12:24:33.780049  8821 raft_consensus.cc:697] T 7df30c11a0894ca6ac76fd5bacb5e2f4 P b304a787951f47dfb8cffeb13a3e0265 [term 1 LEADER]: Becoming Leader. State: Replica: b304a787951f47dfb8cffeb13a3e0265, State: Running, Role: LEADER
