I20260709 12:08:34.115969  9363 raft_consensus.cc:515] T e917518eeb0b4ed39b643340fba77f38 P 5e09f6e6d85f4d3c814e157107ce1baf [term 4 FOLLOWER]: Starting forced leader election with config: opid_index: -1 OBSOLETE_local: false peers { permanent_uuid: "5e09f6e6d85f4d3c814e157107ce1baf" member_type: VOTER last_known_addr { host: "127.9.3.129" port: 36359 } } peers { permanent_uuid: "106eecb6043445c1b54e17cc3d00c059" member_type: VOTER last_known_addr { host: "127.9.3.130" port: 43191 } } peers { permanent_uuid: "d4f4a8c6c82e42df991da049ba740b84" member_type: VOTER last_known_addr { host: "127.9.3.131" port: 40953 } }
I20260709 12:08:34.117770  9363 leader_election.cc:290] T e917518eeb0b4ed39b643340fba77f38 P 5e09f6e6d85f4d3c814e157107ce1baf [CANDIDATE]: Term 4 election: Requested vote from peers 106eecb6043445c1b54e17cc3d00c059 (127.9.3.130:43191), d4f4a8c6c82e42df991da049ba740b84 (127.9.3.131:40953)
I20260709 12:08:34.118546  9440 tablet_service.cc:1917] Received RequestConsensusVote() RPC: tablet_id: "e917518eeb0b4ed39b643340fba77f38" candidate_uuid: "5e09f6e6d85f4d3c814e157107ce1baf" candidate_term: 4 candidate_status { last_received { term: 3 index: 3 } } ignore_live_leader: true dest_uuid: "106eecb6043445c1b54e17cc3d00c059"
I20260709 12:08:34.118862  9512 tablet_service.cc:1917] Received RequestConsensusVote() RPC: tablet_id: "e917518eeb0b4ed39b643340fba77f38" candidate_uuid: "5e09f6e6d85f4d3c814e157107ce1baf" candidate_term: 4 candidate_status { last_received { term: 3 index: 3 } } ignore_live_leader: true dest_uuid: "d4f4a8c6c82e42df991da049ba740b84"
I20260709 12:08:34.119118  9440 raft_consensus.cc:3055] T e917518eeb0b4ed39b643340fba77f38 P 106eecb6043445c1b54e17cc3d00c059 [term 3 LEADER]: Stepping down as leader of term 3
I20260709 12:08:34.119386  9512 raft_consensus.cc:3060] T e917518eeb0b4ed39b643340fba77f38 P d4f4a8c6c82e42df991da049ba740b84 [term 3 FOLLOWER]: Advancing to term 4
I20260709 12:08:34.119439  9440 raft_consensus.cc:740] T e917518eeb0b4ed39b643340fba77f38 P 106eecb6043445c1b54e17cc3d00c059 [term 3 LEADER]: Becoming Follower/Learner. State: Replica: 106eecb6043445c1b54e17cc3d00c059, State: Running, Role: LEADER
I20260709 12:08:34.120157  9440 consensus_queue.cc:260] T e917518eeb0b4ed39b643340fba77f38 P 106eecb6043445c1b54e17cc3d00c059 [NON_LEADER]: Queue going to NON_LEADER mode. State: All replicated index: 0, Majority replicated index: 3, Committed index: 3, Last appended: 3.3, Last appended by leader: 3, Current term: 3, Majority size: -1, State: 0, Mode: NON_LEADER, active raft config: opid_index: -1 OBSOLETE_local: false peers { permanent_uuid: "5e09f6e6d85f4d3c814e157107ce1baf" member_type: VOTER last_known_addr { host: "127.9.3.129" port: 36359 } } peers { permanent_uuid: "106eecb6043445c1b54e17cc3d00c059" member_type: VOTER last_known_addr { host: "127.9.3.130" port: 43191 } } peers { permanent_uuid: "d4f4a8c6c82e42df991da049ba740b84" member_type: VOTER last_known_addr { host: "127.9.3.131" port: 40953 } }
I20260709 12:08:34.121007  9440 raft_consensus.cc:3060] T e917518eeb0b4ed39b643340fba77f38 P 106eecb6043445c1b54e17cc3d00c059 [term 3 FOLLOWER]: Advancing to term 4
I20260709 12:08:34.123406  9512 raft_consensus.cc:2468] T e917518eeb0b4ed39b643340fba77f38 P d4f4a8c6c82e42df991da049ba740b84 [term 4 FOLLOWER]: Leader election vote request: Granting yes vote for candidate 5e09f6e6d85f4d3c814e157107ce1baf in term 4.
I20260709 12:08:34.124507  9330 leader_election.cc:304] T e917518eeb0b4ed39b643340fba77f38 P 5e09f6e6d85f4d3c814e157107ce1baf [CANDIDATE]: Term 4 election: Election decided. Result: candidate won. Election summary: received 2 responses out of 3 voters: 2 yes votes; 0 no votes. yes voters: 5e09f6e6d85f4d3c814e157107ce1baf, d4f4a8c6c82e42df991da049ba740b84; no voters: 
I20260709 12:08:34.125075  9440 raft_consensus.cc:2468] T e917518eeb0b4ed39b643340fba77f38 P 106eecb6043445c1b54e17cc3d00c059 [term 4 FOLLOWER]: Leader election vote request: Granting yes vote for candidate 5e09f6e6d85f4d3c814e157107ce1baf in term 4.
I20260709 12:08:34.126312  9723 raft_consensus.cc:2804] T e917518eeb0b4ed39b643340fba77f38 P 5e09f6e6d85f4d3c814e157107ce1baf [term 4 FOLLOWER]: Leader election won for term 4
I20260709 12:08:34.127409  9723 raft_consensus.cc:697] T e917518eeb0b4ed39b643340fba77f38 P 5e09f6e6d85f4d3c814e157107ce1baf [term 4 LEADER]: Becoming Leader. State: Replica: 5e09f6e6d85f4d3c814e157107ce1baf, State: Running, Role: LEADER
I20260709 12:08:34.128213  9723 consensus_queue.cc:237] T e917518eeb0b4ed39b643340fba77f38 P 5e09f6e6d85f4d3c814e157107ce1baf [LEADER]: Queue going to LEADER mode. State: All replicated index: 0, Majority replicated index: 3, Committed index: 3, Last appended: 3.3, Last appended by leader: 3, Current term: 4, Majority size: 2, State: 0, Mode: LEADER, active raft config: opid_index: -1 OBSOLETE_local: false peers { permanent_uuid: "5e09f6e6d85f4d3c814e157107ce1baf" member_type: VOTER last_known_addr { host: "127.9.3.129" port: 36359 } } peers { permanent_uuid: "106eecb6043445c1b54e17cc3d00c059" member_type: VOTER last_known_addr { host: "127.9.3.130" port: 43191 } } peers { permanent_uuid: "d4f4a8c6c82e42df991da049ba740b84" member_type: VOTER last_known_addr { host: "127.9.3.131" port: 40953 } }
I20260709 12:08:34.134665  9262 catalog_manager.cc:5697] T e917518eeb0b4ed39b643340fba77f38 P 5e09f6e6d85f4d3c814e157107ce1baf reported cstate change: term changed from 3 to 4, leader changed from 106eecb6043445c1b54e17cc3d00c059 (127.9.3.130) to 5e09f6e6d85f4d3c814e157107ce1baf (127.9.3.129). New cstate: current_term: 4 leader_uuid: "5e09f6e6d85f4d3c814e157107ce1baf" committed_config { opid_index: -1 OBSOLETE_local: false peers { permanent_uuid: "5e09f6e6d85f4d3c814e157107ce1baf" member_type: VOTER last_known_addr { host: "127.9.3.129" port: 36359 } health_report { overall_health: HEALTHY } } peers { permanent_uuid: "106eecb6043445c1b54e17cc3d00c059" member_type: VOTER last_known_addr { host: "127.9.3.130" port: 43191 } health_report { overall_health: UNKNOWN } } peers { permanent_uuid: "d4f4a8c6c82e42df991da049ba740b84" member_type: VOTER last_known_addr { host: "127.9.3.131" port: 40953 } health_report { overall_health: UNKNOWN } } }
I20260709 12:08:34.154273  9690 raft_consensus.cc:993] T fd61106e729841979c47edc396ebcd36 P 106eecb6043445c1b54e17cc3d00c059: : Instructing follower 5e09f6e6d85f4d3c814e157107ce1baf to start an election
I20260709 12:08:34.154700  9708 raft_consensus.cc:1081] T fd61106e729841979c47edc396ebcd36 P 106eecb6043445c1b54e17cc3d00c059 [term 2 LEADER]: Signalling peer 5e09f6e6d85f4d3c814e157107ce1baf to start an election
I20260709 12:08:34.156011  9363 tablet_service.cc:2044] Received Run Leader Election RPC: tablet_id: "fd61106e729841979c47edc396ebcd36"
dest_uuid: "5e09f6e6d85f4d3c814e157107ce1baf"
 from {username='slave'} at 127.0.0.1:33758
I20260709 12:08:34.156433  9363 raft_consensus.cc:493] T fd61106e729841979c47edc396ebcd36 P 5e09f6e6d85f4d3c814e157107ce1baf [term 2 FOLLOWER]: Starting forced leader election (received explicit request)
I20260709 12:08:34.156721  9363 raft_consensus.cc:3060] T fd61106e729841979c47edc396ebcd36 P 5e09f6e6d85f4d3c814e157107ce1baf [term 2 FOLLOWER]: Advancing to term 3
I20260709 12:08:34.160794  9363 raft_consensus.cc:515] T fd61106e729841979c47edc396ebcd36 P 5e09f6e6d85f4d3c814e157107ce1baf [term 3 FOLLOWER]: Starting forced leader election with config: opid_index: -1 OBSOLETE_local: false peers { permanent_uuid: "5e09f6e6d85f4d3c814e157107ce1baf" member_type: VOTER last_known_addr { host: "127.9.3.129" port: 36359 } } peers { permanent_uuid: "106eecb6043445c1b54e17cc3d00c059" member_type: VOTER last_known_addr { host: "127.9.3.130" port: 43191 } } peers { permanent_uuid: "d4f4a8c6c82e42df991da049ba740b84" member_type: VOTER last_known_addr { host: "127.9.3.131" port: 40953 } }
I20260709 12:08:34.162214  9363 leader_election.cc:290] T fd61106e729841979c47edc396ebcd36 P 5e09f6e6d85f4d3c814e157107ce1baf [CANDIDATE]: Term 3 election: Requested vote from peers 106eecb6043445c1b54e17cc3d00c059 (127.9.3.130:43191), d4f4a8c6c82e42df991da049ba740b84 (127.9.3.131:40953)
I20260709 12:08:34.162832  9440 tablet_service.cc:1917] Received RequestConsensusVote() RPC: tablet_id: "fd61106e729841979c47edc396ebcd36" candidate_uuid: "5e09f6e6d85f4d3c814e157107ce1baf" candidate_term: 3 candidate_status { last_received { term: 2 index: 2 } } ignore_live_leader: true dest_uuid: "106eecb6043445c1b54e17cc3d00c059"
I20260709 12:08:34.163178  9512 tablet_service.cc:1917] Received RequestConsensusVote() RPC: tablet_id: "fd61106e729841979c47edc396ebcd36" candidate_uuid: "5e09f6e6d85f4d3c814e157107ce1baf" candidate_term: 3 candidate_status { last_received { term: 2 index: 2 } } ignore_live_leader: true dest_uuid: "d4f4a8c6c82e42df991da049ba740b84"
I20260709 12:08:34.163367  9440 raft_consensus.cc:3055] T fd61106e729841979c47edc396ebcd36 P 106eecb6043445c1b54e17cc3d00c059 [term 2 LEADER]: Stepping down as leader of term 2
I20260709 12:08:34.163668  9512 raft_consensus.cc:3060] T fd61106e729841979c47edc396ebcd36 P d4f4a8c6c82e42df991da049ba740b84 [term 2 FOLLOWER]: Advancing to term 3
I20260709 12:08:34.163674  9440 raft_consensus.cc:740] T fd61106e729841979c47edc396ebcd36 P 106eecb6043445c1b54e17cc3d00c059 [term 2 LEADER]: Becoming Follower/Learner. State: Replica: 106eecb6043445c1b54e17cc3d00c059, State: Running, Role: LEADER
I20260709 12:08:34.164474  9440 consensus_queue.cc:260] T fd61106e729841979c47edc396ebcd36 P 106eecb6043445c1b54e17cc3d00c059 [NON_LEADER]: Queue going to NON_LEADER mode. State: All replicated index: 0, Majority replicated index: 2, Committed index: 2, Last appended: 2.2, Last appended by leader: 2, Current term: 2, Majority size: -1, State: 0, Mode: NON_LEADER, active raft config: opid_index: -1 OBSOLETE_local: false peers { permanent_uuid: "5e09f6e6d85f4d3c814e157107ce1baf" member_type: VOTER last_known_addr { host: "127.9.3.129" port: 36359 } } peers { permanent_uuid: "106eecb6043445c1b54e17cc3d00c059" member_type: VOTER last_known_addr { host: "127.9.3.130" port: 43191 } } peers { permanent_uuid: "d4f4a8c6c82e42df991da049ba740b84" member_type: VOTER last_known_addr { host: "127.9.3.131" port: 40953 } }
I20260709 12:08:34.165572  9440 raft_consensus.cc:3060] T fd61106e729841979c47edc396ebcd36 P 106eecb6043445c1b54e17cc3d00c059 [term 2 FOLLOWER]: Advancing to term 3
I20260709 12:08:34.169503  9512 raft_consensus.cc:2468] T fd61106e729841979c47edc396ebcd36 P d4f4a8c6c82e42df991da049ba740b84 [term 3 FOLLOWER]: Leader election vote request: Granting yes vote for candidate 5e09f6e6d85f4d3c814e157107ce1baf in term 3.
I20260709 12:08:34.170456  9330 leader_election.cc:304] T fd61106e729841979c47edc396ebcd36 P 5e09f6e6d85f4d3c814e157107ce1baf [CANDIDATE]: Term 3 election: Election decided. Result: candidate won. Election summary: received 2 responses out of 3 voters: 2 yes votes; 0 no votes. yes voters: 5e09f6e6d85f4d3c814e157107ce1baf, d4f4a8c6c82e42df991da049ba740b84; no voters: 
I20260709 12:08:34.171018  9440 raft_consensus.cc:2468] T fd61106e729841979c47edc396ebcd36 P 106eecb6043445c1b54e17cc3d00c059 [term 3 FOLLOWER]: Leader election vote request: Granting yes vote for candidate 5e09f6e6d85f4d3c814e157107ce1baf in term 3.
I20260709 12:08:34.171114  9723 raft_consensus.cc:2804] T fd61106e729841979c47edc396ebcd36 P 5e09f6e6d85f4d3c814e157107ce1baf [term 3 FOLLOWER]: Leader election won for term 3
I20260709 12:08:34.171669  9723 raft_consensus.cc:697] T fd61106e729841979c47edc396ebcd36 P 5e09f6e6d85f4d3c814e157107ce1baf [term 3 LEADER]: Becoming Leader. State: Replica: 5e09f6e6d85f4d3c814e157107ce1baf, State: Running, Role: LEADER
I20260709 12:08:34.172472  9723 consensus_queue.cc:237] T fd61106e729841979c47edc396ebcd36 P 5e09f6e6d85f4d3c814e157107ce1baf [LEADER]: Queue going to LEADER mode. State: All replicated index: 0, Majority replicated index: 2, Committed index: 2, Last appended: 2.2, Last appended by leader: 2, Current term: 3, Majority size: 2, State: 0, Mode: LEADER, active raft config: opid_index: -1 OBSOLETE_local: false peers { permanent_uuid: "5e09f6e6d85f4d3c814e157107ce1baf" member_type: VOTER last_known_addr { host: "127.9.3.129" port: 36359 } } peers { permanent_uuid: "106eecb6043445c1b54e17cc3d00c059" member_type: VOTER last_known_addr { host: "127.9.3.130" port: 43191 } } peers { permanent_uuid: "d4f4a8c6c82e42df991da049ba740b84" member_type: VOTER last_known_addr { host: "127.9.3.131" port: 40953 } }
I20260709 12:08:34.179255  9262 catalog_manager.cc:5697] T fd61106e729841979c47edc396ebcd36 P 5e09f6e6d85f4d3c814e157107ce1baf reported cstate change: term changed from 2 to 3, leader changed from 106eecb6043445c1b54e17cc3d00c059 (127.9.3.130) to 5e09f6e6d85f4d3c814e157107ce1baf (127.9.3.129). New cstate: current_term: 3 leader_uuid: "5e09f6e6d85f4d3c814e157107ce1baf" committed_config { opid_index: -1 OBSOLETE_local: false peers { permanent_uuid: "5e09f6e6d85f4d3c814e157107ce1baf" member_type: VOTER last_known_addr { host: "127.9.3.129" port: 36359 } health_report { overall_health: HEALTHY } } peers { permanent_uuid: "106eecb6043445c1b54e17cc3d00c059" member_type: VOTER last_known_addr { host: "127.9.3.130" port: 43191 } health_report { overall_health: UNKNOWN } } peers { permanent_uuid: "d4f4a8c6c82e42df991da049ba740b84" member_type: VOTER last_known_addr { host: "127.9.3.131" port: 40953 } health_report { overall_health: UNKNOWN } } }
I20260709 12:08:34.250228  9690 raft_consensus.cc:993] T 55bef79b226a48d282f504f22005b70f P 106eecb6043445c1b54e17cc3d00c059: : Instructing follower 5e09f6e6d85f4d3c814e157107ce1baf to start an election
I20260709 12:08:34.250720  9708 raft_consensus.cc:1081] T 55bef79b226a48d282f504f22005b70f P 106eecb6043445c1b54e17cc3d00c059 [term 2 LEADER]: Signalling peer 5e09f6e6d85f4d3c814e157107ce1baf to start an election
I20260709 12:08:34.252185  9363 tablet_service.cc:2044] Received Run Leader Election RPC: tablet_id: "55bef79b226a48d282f504f22005b70f"
dest_uuid: "5e09f6e6d85f4d3c814e157107ce1baf"
 from {username='slave'} at 127.0.0.1:33758
I20260709 12:08:34.252665  9363 raft_consensus.cc:493] T 55bef79b226a48d282f504f22005b70f P 5e09f6e6d85f4d3c814e157107ce1baf [term 2 FOLLOWER]: Starting forced leader election (received explicit request)
I20260709 12:08:34.253010  9363 raft_consensus.cc:3060] T 55bef79b226a48d282f504f22005b70f P 5e09f6e6d85f4d3c814e157107ce1baf [term 2 FOLLOWER]: Advancing to term 3
I20260709 12:08:34.257249  9363 raft_consensus.cc:515] T 55bef79b226a48d282f504f22005b70f P 5e09f6e6d85f4d3c814e157107ce1baf [term 3 FOLLOWER]: Starting forced leader election with config: opid_index: -1 OBSOLETE_local: false peers { permanent_uuid: "5e09f6e6d85f4d3c814e157107ce1baf" member_type: VOTER last_known_addr { host: "127.9.3.129" port: 36359 } } peers { permanent_uuid: "106eecb6043445c1b54e17cc3d00c059" member_type: VOTER last_known_addr { host: "127.9.3.130" port: 43191 } } peers { permanent_uuid: "d4f4a8c6c82e42df991da049ba740b84" member_type: VOTER last_known_addr { host: "127.9.3.131" port: 40953 } }
I20260709 12:08:34.258841  9363 leader_election.cc:290] T 55bef79b226a48d282f504f22005b70f P 5e09f6e6d85f4d3c814e157107ce1baf [CANDIDATE]: Term 3 election: Requested vote from peers 106eecb6043445c1b54e17cc3d00c059 (127.9.3.130:43191), d4f4a8c6c82e42df991da049ba740b84 (127.9.3.131:40953)
I20260709 12:08:34.259481  9440 tablet_service.cc:1917] Received RequestConsensusVote() RPC: tablet_id: "55bef79b226a48d282f504f22005b70f" candidate_uuid: "5e09f6e6d85f4d3c814e157107ce1baf" candidate_term: 3 candidate_status { last_received { term: 2 index: 2 } } ignore_live_leader: true dest_uuid: "106eecb6043445c1b54e17cc3d00c059"
I20260709 12:08:34.259788  9512 tablet_service.cc:1917] Received RequestConsensusVote() RPC: tablet_id: "55bef79b226a48d282f504f22005b70f" candidate_uuid: "5e09f6e6d85f4d3c814e157107ce1baf" candidate_term: 3 candidate_status { last_received { term: 2 index: 2 } } ignore_live_leader: true dest_uuid: "d4f4a8c6c82e42df991da049ba740b84"
I20260709 12:08:34.260015  9440 raft_consensus.cc:3055] T 55bef79b226a48d282f504f22005b70f P 106eecb6043445c1b54e17cc3d00c059 [term 2 LEADER]: Stepping down as leader of term 2
I20260709 12:08:34.260284  9512 raft_consensus.cc:3060] T 55bef79b226a48d282f504f22005b70f P d4f4a8c6c82e42df991da049ba740b84 [term 2 FOLLOWER]: Advancing to term 3
I20260709 12:08:34.260366  9440 raft_consensus.cc:740] T 55bef79b226a48d282f504f22005b70f P 106eecb6043445c1b54e17cc3d00c059 [term 2 LEADER]: Becoming Follower/Learner. State: Replica: 106eecb6043445c1b54e17cc3d00c059, State: Running, Role: LEADER
I20260709 12:08:34.261158  9440 consensus_queue.cc:260] T 55bef79b226a48d282f504f22005b70f P 106eecb6043445c1b54e17cc3d00c059 [NON_LEADER]: Queue going to NON_LEADER mode. State: All replicated index: 0, Majority replicated index: 2, Committed index: 2, Last appended: 2.2, Last appended by leader: 2, Current term: 2, Majority size: -1, State: 0, Mode: NON_LEADER, active raft config: opid_index: -1 OBSOLETE_local: false peers { permanent_uuid: "5e09f6e6d85f4d3c814e157107ce1baf" member_type: VOTER last_known_addr { host: "127.9.3.129" port: 36359 } } peers { permanent_uuid: "106eecb6043445c1b54e17cc3d00c059" member_type: VOTER last_known_addr { host: "127.9.3.130" port: 43191 } } peers { permanent_uuid: "d4f4a8c6c82e42df991da049ba740b84" member_type: VOTER last_known_addr { host: "127.9.3.131" port: 40953 } }
I20260709 12:08:34.262239  9440 raft_consensus.cc:3060] T 55bef79b226a48d282f504f22005b70f P 106eecb6043445c1b54e17cc3d00c059 [term 2 FOLLOWER]: Advancing to term 3
I20260709 12:08:34.266507  9512 raft_consensus.cc:2468] T 55bef79b226a48d282f504f22005b70f P d4f4a8c6c82e42df991da049ba740b84 [term 3 FOLLOWER]: Leader election vote request: Granting yes vote for candidate 5e09f6e6d85f4d3c814e157107ce1baf in term 3.
I20260709 12:08:34.267513  9330 leader_election.cc:304] T 55bef79b226a48d282f504f22005b70f P 5e09f6e6d85f4d3c814e157107ce1baf [CANDIDATE]: Term 3 election: Election decided. Result: candidate won. Election summary: received 2 responses out of 3 voters: 2 yes votes; 0 no votes. yes voters: 5e09f6e6d85f4d3c814e157107ce1baf, d4f4a8c6c82e42df991da049ba740b84; no voters: 
I20260709 12:08:34.268105  9440 raft_consensus.cc:2468] T 55bef79b226a48d282f504f22005b70f P 106eecb6043445c1b54e17cc3d00c059 [term 3 FOLLOWER]: Leader election vote request: Granting yes vote for candidate 5e09f6e6d85f4d3c814e157107ce1baf in term 3.
I20260709 12:08:34.268177  9723 raft_consensus.cc:2804] T 55bef79b226a48d282f504f22005b70f P 5e09f6e6d85f4d3c814e157107ce1baf [term 3 FOLLOWER]: Leader election won for term 3
I20260709 12:08:34.268893  9723 raft_consensus.cc:697] T 55bef79b226a48d282f504f22005b70f P 5e09f6e6d85f4d3c814e157107ce1baf [term 3 LEADER]: Becoming Leader. State: Replica: 5e09f6e6d85f4d3c814e157107ce1baf, State: Running, Role: LEADER
I20260709 12:08:34.269691  9723 consensus_queue.cc:237] T 55bef79b226a48d282f504f22005b70f P 5e09f6e6d85f4d3c814e157107ce1baf [LEADER]: Queue going to LEADER mode. State: All replicated index: 0, Majority replicated index: 2, Committed index: 2, Last appended: 2.2, Last appended by leader: 2, Current term: 3, Majority size: 2, State: 0, Mode: LEADER, active raft config: opid_index: -1 OBSOLETE_local: false peers { permanent_uuid: "5e09f6e6d85f4d3c814e157107ce1baf" member_type: VOTER last_known_addr { host: "127.9.3.129" port: 36359 } } peers { permanent_uuid: "106eecb6043445c1b54e17cc3d00c059" member_type: VOTER last_known_addr { host: "127.9.3.130" port: 43191 } } peers { permanent_uuid: "d4f4a8c6c82e42df991da049ba740b84" member_type: VOTER last_known_addr { host: "127.9.3.131" port: 40953 } }
I20260709 12:08:34.276191  9262 catalog_manager.cc:5697] T 55bef79b226a48d282f504f22005b70f P 5e09f6e6d85f4d3c814e157107ce1baf reported cstate change: term changed from 2 to 3, leader changed from 106eecb6043445c1b54e17cc3d00c059 (127.9.3.130) to 5e09f6e6d85f4d3c814e157107ce1baf (127.9.3.129). New cstate: current_term: 3 leader_uuid: "5e09f6e6d85f4d3c814e157107ce1baf" committed_config { opid_index: -1 OBSOLETE_local: false peers { permanent_uuid: "5e09f6e6d85f4d3c814e157107ce1baf" member_type: VOTER last_known_addr { host: "127.9.3.129" port: 36359 } health_report { overall_health: HEALTHY } } peers { permanent_uuid: "106eecb6043445c1b54e17cc3d00c059" member_type: VOTER last_known_addr { host: "127.9.3.130" port: 43191 } health_report { overall_health: UNKNOWN } } peers { permanent_uuid: "d4f4a8c6c82e42df991da049ba740b84" member_type: VOTER last_known_addr { host: "127.9.3.131" port: 40953 } health_report { overall_health: UNKNOWN } } }
I20260709 12:08:34.286882  9690 raft_consensus.cc:993] T 6559904488d247e9b9fdb7055451a7dc P 106eecb6043445c1b54e17cc3d00c059: : Instructing follower d4f4a8c6c82e42df991da049ba740b84 to start an election
I20260709 12:08:34.287336  9708 raft_consensus.cc:1081] T 6559904488d247e9b9fdb7055451a7dc P 106eecb6043445c1b54e17cc3d00c059 [term 1 LEADER]: Signalling peer d4f4a8c6c82e42df991da049ba740b84 to start an election
I20260709 12:08:34.288637  9512 tablet_service.cc:2044] Received Run Leader Election RPC: tablet_id: "6559904488d247e9b9fdb7055451a7dc"
dest_uuid: "d4f4a8c6c82e42df991da049ba740b84"
 from {username='slave'} at 127.0.0.1:55574
I20260709 12:08:34.289058  9512 raft_consensus.cc:493] T 6559904488d247e9b9fdb7055451a7dc P d4f4a8c6c82e42df991da049ba740b84 [term 1 FOLLOWER]: Starting forced leader election (received explicit request)
I20260709 12:08:34.289284  9512 raft_consensus.cc:3060] T 6559904488d247e9b9fdb7055451a7dc P d4f4a8c6c82e42df991da049ba740b84 [term 1 FOLLOWER]: Advancing to term 2
I20260709 12:08:34.293149  9512 raft_consensus.cc:515] T 6559904488d247e9b9fdb7055451a7dc P d4f4a8c6c82e42df991da049ba740b84 [term 2 FOLLOWER]: Starting forced leader election with config: opid_index: -1 OBSOLETE_local: false peers { permanent_uuid: "5e09f6e6d85f4d3c814e157107ce1baf" member_type: VOTER last_known_addr { host: "127.9.3.129" port: 36359 } } peers { permanent_uuid: "106eecb6043445c1b54e17cc3d00c059" member_type: VOTER last_known_addr { host: "127.9.3.130" port: 43191 } } peers { permanent_uuid: "d4f4a8c6c82e42df991da049ba740b84" member_type: VOTER last_known_addr { host: "127.9.3.131" port: 40953 } }
I20260709 12:08:34.294572  9512 leader_election.cc:290] T 6559904488d247e9b9fdb7055451a7dc P d4f4a8c6c82e42df991da049ba740b84 [CANDIDATE]: Term 2 election: Requested vote from peers 5e09f6e6d85f4d3c814e157107ce1baf (127.9.3.129:36359), 106eecb6043445c1b54e17cc3d00c059 (127.9.3.130:43191)
I20260709 12:08:34.295254  9363 tablet_service.cc:1917] Received RequestConsensusVote() RPC: tablet_id: "6559904488d247e9b9fdb7055451a7dc" candidate_uuid: "d4f4a8c6c82e42df991da049ba740b84" candidate_term: 2 candidate_status { last_received { term: 1 index: 1 } } ignore_live_leader: true dest_uuid: "5e09f6e6d85f4d3c814e157107ce1baf"
I20260709 12:08:34.295514  9440 tablet_service.cc:1917] Received RequestConsensusVote() RPC: tablet_id: "6559904488d247e9b9fdb7055451a7dc" candidate_uuid: "d4f4a8c6c82e42df991da049ba740b84" candidate_term: 2 candidate_status { last_received { term: 1 index: 1 } } ignore_live_leader: true dest_uuid: "106eecb6043445c1b54e17cc3d00c059"
I20260709 12:08:34.295795  9363 raft_consensus.cc:3060] T 6559904488d247e9b9fdb7055451a7dc P 5e09f6e6d85f4d3c814e157107ce1baf [term 1 FOLLOWER]: Advancing to term 2
I20260709 12:08:34.296005  9440 raft_consensus.cc:3055] T 6559904488d247e9b9fdb7055451a7dc P 106eecb6043445c1b54e17cc3d00c059 [term 1 LEADER]: Stepping down as leader of term 1
I20260709 12:08:34.296306  9440 raft_consensus.cc:740] T 6559904488d247e9b9fdb7055451a7dc P 106eecb6043445c1b54e17cc3d00c059 [term 1 LEADER]: Becoming Follower/Learner. State: Replica: 106eecb6043445c1b54e17cc3d00c059, State: Running, Role: LEADER
I20260709 12:08:34.296999  9440 consensus_queue.cc:260] T 6559904488d247e9b9fdb7055451a7dc P 106eecb6043445c1b54e17cc3d00c059 [NON_LEADER]: Queue going to NON_LEADER mode. State: All replicated index: 0, Majority replicated index: 1, Committed index: 1, Last appended: 1.1, Last appended by leader: 1, Current term: 1, Majority size: -1, State: 0, Mode: NON_LEADER, active raft config: opid_index: -1 OBSOLETE_local: false peers { permanent_uuid: "5e09f6e6d85f4d3c814e157107ce1baf" member_type: VOTER last_known_addr { host: "127.9.3.129" port: 36359 } } peers { permanent_uuid: "106eecb6043445c1b54e17cc3d00c059" member_type: VOTER last_known_addr { host: "127.9.3.130" port: 43191 } } peers { permanent_uuid: "d4f4a8c6c82e42df991da049ba740b84" member_type: VOTER last_known_addr { host: "127.9.3.131" port: 40953 } }
I20260709 12:08:34.298107  9440 raft_consensus.cc:3060] T 6559904488d247e9b9fdb7055451a7dc P 106eecb6043445c1b54e17cc3d00c059 [term 1 FOLLOWER]: Advancing to term 2
I20260709 12:08:34.301618  9363 raft_consensus.cc:2468] T 6559904488d247e9b9fdb7055451a7dc P 5e09f6e6d85f4d3c814e157107ce1baf [term 2 FOLLOWER]: Leader election vote request: Granting yes vote for candidate d4f4a8c6c82e42df991da049ba740b84 in term 2.
I20260709 12:08:34.302680  9480 leader_election.cc:304] T 6559904488d247e9b9fdb7055451a7dc P d4f4a8c6c82e42df991da049ba740b84 [CANDIDATE]: Term 2 election: Election decided. Result: candidate won. Election summary: received 2 responses out of 3 voters: 2 yes votes; 0 no votes. yes voters: 5e09f6e6d85f4d3c814e157107ce1baf, d4f4a8c6c82e42df991da049ba740b84; no voters: 
I20260709 12:08:34.303444  9682 raft_consensus.cc:2804] T 6559904488d247e9b9fdb7055451a7dc P d4f4a8c6c82e42df991da049ba740b84 [term 2 FOLLOWER]: Leader election won for term 2
I20260709 12:08:34.303453  9440 raft_consensus.cc:2468] T 6559904488d247e9b9fdb7055451a7dc P 106eecb6043445c1b54e17cc3d00c059 [term 2 FOLLOWER]: Leader election vote request: Granting yes vote for candidate d4f4a8c6c82e42df991da049ba740b84 in term 2.
I20260709 12:08:34.304111  9682 raft_consensus.cc:697] T 6559904488d247e9b9fdb7055451a7dc P d4f4a8c6c82e42df991da049ba740b84 [term 2 LEADER]: Becoming Leader. State: Replica: d4f4a8c6c82e42df991da049ba740b84, State: Running, Role: LEADER
I20260709 12:08:34.305069  9682 consensus_queue.cc:237] T 6559904488d247e9b9fdb7055451a7dc P d4f4a8c6c82e42df991da049ba740b84 [LEADER]: Queue going to LEADER mode. State: All replicated index: 0, Majority replicated index: 1, Committed index: 1, Last appended: 1.1, Last appended by leader: 1, Current term: 2, Majority size: 2, State: 0, Mode: LEADER, active raft config: opid_index: -1 OBSOLETE_local: false peers { permanent_uuid: "5e09f6e6d85f4d3c814e157107ce1baf" member_type: VOTER last_known_addr { host: "127.9.3.129" port: 36359 } } peers { permanent_uuid: "106eecb6043445c1b54e17cc3d00c059" member_type: VOTER last_known_addr { host: "127.9.3.130" port: 43191 } } peers { permanent_uuid: "d4f4a8c6c82e42df991da049ba740b84" member_type: VOTER last_known_addr { host: "127.9.3.131" port: 40953 } }
I20260709 12:08:34.311301  9262 catalog_manager.cc:5697] T 6559904488d247e9b9fdb7055451a7dc P d4f4a8c6c82e42df991da049ba740b84 reported cstate change: term changed from 1 to 2, leader changed from 106eecb6043445c1b54e17cc3d00c059 (127.9.3.130) to d4f4a8c6c82e42df991da049ba740b84 (127.9.3.131). New cstate: current_term: 2 leader_uuid: "d4f4a8c6c82e42df991da049ba740b84" committed_config { opid_index: -1 OBSOLETE_local: false peers { permanent_uuid: "5e09f6e6d85f4d3c814e157107ce1baf" member_type: VOTER last_known_addr { host: "127.9.3.129" port: 36359 } health_report { overall_health: UNKNOWN } } peers { permanent_uuid: "106eecb6043445c1b54e17cc3d00c059" member_type: VOTER last_known_addr { host: "127.9.3.130" port: 43191 } health_report { overall_health: UNKNOWN } } peers { permanent_uuid: "d4f4a8c6c82e42df991da049ba740b84" member_type: VOTER last_known_addr { host: "127.9.3.131" port: 40953 } health_report { overall_health: HEALTHY } } }
I20260709 12:08:34.353853  9440 raft_consensus.cc:1275] T 6a0f7b5bf8fe4af3b769bf4d1564348c P 106eecb6043445c1b54e17cc3d00c059 [term 2 FOLLOWER]: Refusing update from remote peer d4f4a8c6c82e42df991da049ba740b84: Log matching property violated. Preceding OpId in replica: term: 1 index: 1. Preceding OpId from leader: term: 2 index: 2. (index mismatch)
I20260709 12:08:34.355201  9682 consensus_queue.cc:1048] T 6a0f7b5bf8fe4af3b769bf4d1564348c P d4f4a8c6c82e42df991da049ba740b84 [LEADER]: Connected to new peer: Peer: permanent_uuid: "106eecb6043445c1b54e17cc3d00c059" member_type: VOTER last_known_addr { host: "127.9.3.130" port: 43191 }, Status: LMP_MISMATCH, Last received: 0.0, Next index: 2, Last known committed idx: 1, Time since last communication: 0.000s
I20260709 12:08:34.365788  9363 raft_consensus.cc:1275] T 6a0f7b5bf8fe4af3b769bf4d1564348c P 5e09f6e6d85f4d3c814e157107ce1baf [term 2 FOLLOWER]: Refusing update from remote peer d4f4a8c6c82e42df991da049ba740b84: Log matching property violated. Preceding OpId in replica: term: 1 index: 1. Preceding OpId from leader: term: 2 index: 2. (index mismatch)
I20260709 12:08:34.368698  9717 consensus_queue.cc:1048] T 6a0f7b5bf8fe4af3b769bf4d1564348c P d4f4a8c6c82e42df991da049ba740b84 [LEADER]: Connected to new peer: Peer: permanent_uuid: "5e09f6e6d85f4d3c814e157107ce1baf" member_type: VOTER last_known_addr { host: "127.9.3.129" port: 36359 }, Status: LMP_MISMATCH, Last received: 0.0, Next index: 2, Last known committed idx: 1, Time since last communication: 0.001s
I20260709 12:08:34.557336  9440 raft_consensus.cc:1275] T fd61106e729841979c47edc396ebcd36 P 106eecb6043445c1b54e17cc3d00c059 [term 3 FOLLOWER]: Refusing update from remote peer 5e09f6e6d85f4d3c814e157107ce1baf: Log matching property violated. Preceding OpId in replica: term: 2 index: 2. Preceding OpId from leader: term: 3 index: 3. (index mismatch)
I20260709 12:08:34.558620  9723 consensus_queue.cc:1048] T fd61106e729841979c47edc396ebcd36 P 5e09f6e6d85f4d3c814e157107ce1baf [LEADER]: Connected to new peer: Peer: permanent_uuid: "106eecb6043445c1b54e17cc3d00c059" member_type: VOTER last_known_addr { host: "127.9.3.130" port: 43191 }, Status: LMP_MISMATCH, Last received: 0.0, Next index: 3, Last known committed idx: 2, Time since last communication: 0.000s
I20260709 12:08:34.567550  9512 raft_consensus.cc:1275] T fd61106e729841979c47edc396ebcd36 P d4f4a8c6c82e42df991da049ba740b84 [term 3 FOLLOWER]: Refusing update from remote peer 5e09f6e6d85f4d3c814e157107ce1baf: Log matching property violated. Preceding OpId in replica: term: 2 index: 2. Preceding OpId from leader: term: 3 index: 3. (index mismatch)
I20260709 12:08:34.569211  9736 consensus_queue.cc:1048] T fd61106e729841979c47edc396ebcd36 P 5e09f6e6d85f4d3c814e157107ce1baf [LEADER]: Connected to new peer: Peer: permanent_uuid: "d4f4a8c6c82e42df991da049ba740b84" member_type: VOTER last_known_addr { host: "127.9.3.131" port: 40953 }, Status: LMP_MISMATCH, Last received: 0.0, Next index: 3, Last known committed idx: 2, Time since last communication: 0.001s
I20260709 12:08:34.613875  9512 raft_consensus.cc:1275] T e917518eeb0b4ed39b643340fba77f38 P d4f4a8c6c82e42df991da049ba740b84 [term 4 FOLLOWER]: Refusing update from remote peer 5e09f6e6d85f4d3c814e157107ce1baf: Log matching property violated. Preceding OpId in replica: term: 3 index: 3. Preceding OpId from leader: term: 4 index: 4. (index mismatch)
I20260709 12:08:34.615113  9736 consensus_queue.cc:1048] T e917518eeb0b4ed39b643340fba77f38 P 5e09f6e6d85f4d3c814e157107ce1baf [LEADER]: Connected to new peer: Peer: permanent_uuid: "d4f4a8c6c82e42df991da049ba740b84" member_type: VOTER last_known_addr { host: "127.9.3.131" port: 40953 }, Status: LMP_MISMATCH, Last received: 0.0, Next index: 4, Last known committed idx: 3, Time since last communication: 0.000s
I20260709 12:08:34.623939  9440 raft_consensus.cc:1275] T e917518eeb0b4ed39b643340fba77f38 P 106eecb6043445c1b54e17cc3d00c059 [term 4 FOLLOWER]: Refusing update from remote peer 5e09f6e6d85f4d3c814e157107ce1baf: Log matching property violated. Preceding OpId in replica: term: 3 index: 3. Preceding OpId from leader: term: 4 index: 4. (index mismatch)
I20260709 12:08:34.625846  9724 consensus_queue.cc:1048] T e917518eeb0b4ed39b643340fba77f38 P 5e09f6e6d85f4d3c814e157107ce1baf [LEADER]: Connected to new peer: Peer: permanent_uuid: "106eecb6043445c1b54e17cc3d00c059" member_type: VOTER last_known_addr { host: "127.9.3.130" port: 43191 }, Status: LMP_MISMATCH, Last received: 0.0, Next index: 4, Last known committed idx: 3, Time since last communication: 0.001s
I20260709 12:08:34.662521  9440 raft_consensus.cc:1275] T 55bef79b226a48d282f504f22005b70f P 106eecb6043445c1b54e17cc3d00c059 [term 3 FOLLOWER]: Refusing update from remote peer 5e09f6e6d85f4d3c814e157107ce1baf: Log matching property violated. Preceding OpId in replica: term: 2 index: 2. Preceding OpId from leader: term: 3 index: 3. (index mismatch)
I20260709 12:08:34.663573  9724 consensus_queue.cc:1048] T 55bef79b226a48d282f504f22005b70f P 5e09f6e6d85f4d3c814e157107ce1baf [LEADER]: Connected to new peer: Peer: permanent_uuid: "106eecb6043445c1b54e17cc3d00c059" member_type: VOTER last_known_addr { host: "127.9.3.130" port: 43191 }, Status: LMP_MISMATCH, Last received: 0.0, Next index: 3, Last known committed idx: 2, Time since last communication: 0.000s
I20260709 12:08:34.672176  9512 raft_consensus.cc:1275] T 55bef79b226a48d282f504f22005b70f P d4f4a8c6c82e42df991da049ba740b84 [term 3 FOLLOWER]: Refusing update from remote peer 5e09f6e6d85f4d3c814e157107ce1baf: Log matching property violated. Preceding OpId in replica: term: 2 index: 2. Preceding OpId from leader: term: 3 index: 3. (index mismatch)
I20260709 12:08:34.674230  9724 consensus_queue.cc:1048] T 55bef79b226a48d282f504f22005b70f P 5e09f6e6d85f4d3c814e157107ce1baf [LEADER]: Connected to new peer: Peer: permanent_uuid: "d4f4a8c6c82e42df991da049ba740b84" member_type: VOTER last_known_addr { host: "127.9.3.131" port: 40953 }, Status: LMP_MISMATCH, Last received: 0.0, Next index: 3, Last known committed idx: 2, Time since last communication: 0.000s
I20260709 12:08:34.771848  9230 auto_leader_rebalancer.cc:141] leader rebalance for table test-workload
I20260709 12:08:34.776659  9230 auto_leader_rebalancer.cc:440] table: test-workload, leader rebalance finish, leader transfer count: 0
I20260709 12:08:34.777076  9230 auto_leader_rebalancer.cc:515] All tables' leader rebalancing finished this round
I20260709 12:08:34.819201  9440 raft_consensus.cc:1275] T 6559904488d247e9b9fdb7055451a7dc P 106eecb6043445c1b54e17cc3d00c059 [term 2 FOLLOWER]: Refusing update from remote peer d4f4a8c6c82e42df991da049ba740b84: Log matching property violated. Preceding OpId in replica: term: 1 index: 1. Preceding OpId from leader: term: 2 index: 2. (index mismatch)
I20260709 12:08:34.820313  9731 consensus_queue.cc:1048] T 6559904488d247e9b9fdb7055451a7dc P d4f4a8c6c82e42df991da049ba740b84 [LEADER]: Connected to new peer: Peer: permanent_uuid: "106eecb6043445c1b54e17cc3d00c059" member_type: VOTER last_known_addr { host: "127.9.3.130" port: 43191 }, Status: LMP_MISMATCH, Last received: 0.0, Next index: 2, Last known committed idx: 1, Time since last communication: 0.000s
I20260709 12:08:34.828188  9363 raft_consensus.cc:1275] T 6559904488d247e9b9fdb7055451a7dc P 5e09f6e6d85f4d3c814e157107ce1baf [term 2 FOLLOWER]: Refusing update from remote peer d4f4a8c6c82e42df991da049ba740b84: Log matching property violated. Preceding OpId in replica: term: 1 index: 1. Preceding OpId from leader: term: 2 index: 2. (index mismatch)
I20260709 12:08:34.830056  9682 consensus_queue.cc:1048] T 6559904488d247e9b9fdb7055451a7dc P d4f4a8c6c82e42df991da049ba740b84 [LEADER]: Connected to new peer: Peer: permanent_uuid: "5e09f6e6d85f4d3c814e157107ce1baf" member_type: VOTER last_known_addr { host: "127.9.3.129" port: 36359 }, Status: LMP_MISMATCH, Last received: 0.0, Next index: 2, Last known committed idx: 1, Time since last communication: 0.000s
I20260709 12:08:35.778205  9230 auto_leader_rebalancer.cc:141] leader rebalance for table test-workload
I20260709 12:08:35.783265  9230 auto_leader_rebalancer.cc:440] table: test-workload, leader rebalance finish, leader transfer count: 0
I20260709 12:08:35.783705  9230 auto_leader_rebalancer.cc:515] All tables' leader rebalancing finished this round
I20260709 12:08:36.784657  9230 auto_leader_rebalancer.cc:141] leader rebalance for table test-workload
I20260709 12:08:36.789443  9230 auto_leader_rebalancer.cc:440] table: test-workload, leader rebalance finish, leader transfer count: 0
I20260709 12:08:36.789845  9230 auto_leader_rebalancer.cc:515] All tables' leader rebalancing finished this round
I20260709 12:08:37.791317  9230 auto_leader_rebalancer.cc:141] leader rebalance for table test-workload
I20260709 12:08:37.797703  9230 auto_leader_rebalancer.cc:440] table: test-workload, leader rebalance finish, leader transfer count: 0
I20260709 12:08:37.798151  9230 auto_leader_rebalancer.cc:515] All tables' leader rebalancing finished this round
I20260709 12:08:38.799122  9230 auto_leader_rebalancer.cc:141] leader rebalance for table test-workload
I20260709 12:08:38.804442  9230 auto_leader_rebalancer.cc:440] table: test-workload, leader rebalance finish, leader transfer count: 0
I20260709 12:08:38.804934  9230 auto_leader_rebalancer.cc:515] All tables' leader rebalancing finished this round
I20260709 12:08:39.806145  9230 auto_leader_rebalancer.cc:141] leader rebalance for table test-workload
I20260709 12:08:39.811612  9230 auto_leader_rebalancer.cc:440] table: test-workload, leader rebalance finish, leader transfer count: 0
I20260709 12:08:39.812211  9230 auto_leader_rebalancer.cc:515] All tables' leader rebalancing finished this round
I20260709 12:08:40.813294  9230 auto_leader_rebalancer.cc:141] leader rebalance for table test-workload
I20260709 12:08:40.818130  9230 auto_leader_rebalancer.cc:440] table: test-workload, leader rebalance finish, leader transfer count: 0
I20260709 12:08:40.818558  9230 auto_leader_rebalancer.cc:515] All tables' leader rebalancing finished this round
W20260709 12:08:41.934923  9406 outbound_call.cc:321] RPC callback for RPC call kudu.consensus.ConsensusService.UpdateConsensus -> {remote=127.9.3.129:36359, user_credentials={real_user=slave}} blocked reactor thread for 61838.2us
I20260709 12:08:42.310699  9230 auto_leader_rebalancer.cc:141] leader rebalance for table test-workload
I20260709 12:08:42.316224  9230 auto_leader_rebalancer.cc:440] table: test-workload, leader rebalance finish, leader transfer count: 0
I20260709 12:08:42.316638  9230 auto_leader_rebalancer.cc:515] All tables' leader rebalancing finished this round
W20260709 12:08:42.856228  9461 debug-util.cc:398] Leaking SignalData structure 0x7b080012d060 after lost signal to thread 9233
W20260709 12:08:42.856942  9461 debug-util.cc:398] Leaking SignalData structure 0x7b080012d740 after lost signal to thread 9296
W20260709 12:08:42.857661  9461 debug-util.cc:398] Leaking SignalData structure 0x7b080017c080 after lost signal to thread 9389
W20260709 12:08:42.858318  9461 debug-util.cc:398] Leaking SignalData structure 0x7b0800199080 after lost signal to thread 9464
W20260709 12:08:42.858996  9461 debug-util.cc:398] Leaking SignalData structure 0x7b08001d01c0 after lost signal to thread 9538
I20260709 12:08:43.317839  9230 auto_leader_rebalancer.cc:141] leader rebalance for table test-workload
I20260709 12:08:43.326411  9230 auto_leader_rebalancer.cc:440] table: test-workload, leader rebalance finish, leader transfer count: 0
I20260709 12:08:43.327140  9230 auto_leader_rebalancer.cc:515] All tables' leader rebalancing finished this round
I20260709 12:08:44.359982  9230 auto_leader_rebalancer-test.cc:340] The leader distribution is 
I20260709 12:08:44.360934  9230 tablet_server.cc:179] TabletServer@127.9.3.129:0 shutting down...
W20260709 12:08:44.395922  9406 proxy.cc:239] Call had error, refreshing address and retrying: Remote error: Service unavailable: service kudu.consensus.ConsensusService not registered on TabletServer
W20260709 12:08:44.401636  9406 consensus_peers.cc:597] T d735d5f259474d7887dbf1ca1ef13bb6 P 106eecb6043445c1b54e17cc3d00c059 -> Peer 5e09f6e6d85f4d3c814e157107ce1baf (127.9.3.129:36359): Couldn't send request to peer 5e09f6e6d85f4d3c814e157107ce1baf. Status: Remote error: Service unavailable: service kudu.consensus.ConsensusService not registered on TabletServer. This is attempt 1: this message will repeat every 5th retry.
I20260709 12:08:44.408156  9230 ts_tablet_manager.cc:1507] Shutting down tablet manager...
I20260709 12:08:44.409225  9230 tablet_replica.cc:333] T 797043d64ea446f58b171010e9bb8ee9 P 5e09f6e6d85f4d3c814e157107ce1baf: stopping tablet replica
I20260709 12:08:44.410348  9230 raft_consensus.cc:2243] T 797043d64ea446f58b171010e9bb8ee9 P 5e09f6e6d85f4d3c814e157107ce1baf [term 2 FOLLOWER]: Raft consensus shutting down.
I20260709 12:08:44.411226  9230 raft_consensus.cc:2272] T 797043d64ea446f58b171010e9bb8ee9 P 5e09f6e6d85f4d3c814e157107ce1baf [term 2 FOLLOWER]: Raft consensus is shut down!
I20260709 12:08:44.414798  9230 tablet_replica.cc:333] T fd61106e729841979c47edc396ebcd36 P 5e09f6e6d85f4d3c814e157107ce1baf: stopping tablet replica
I20260709 12:08:44.415575  9230 raft_consensus.cc:2243] T fd61106e729841979c47edc396ebcd36 P 5e09f6e6d85f4d3c814e157107ce1baf [term 3 LEADER]: Raft consensus shutting down.
I20260709 12:08:44.416777  9230 raft_consensus.cc:2272] T fd61106e729841979c47edc396ebcd36 P 5e09f6e6d85f4d3c814e157107ce1baf [term 3 FOLLOWER]: Raft consensus is shut down!
I20260709 12:08:44.419250  9230 tablet_replica.cc:333] T f59e994c909d45ddac3dda033d488ffa P 5e09f6e6d85f4d3c814e157107ce1baf: stopping tablet replica
I20260709 12:08:44.420109  9230 raft_consensus.cc:2243] T f59e994c909d45ddac3dda033d488ffa P 5e09f6e6d85f4d3c814e157107ce1baf [term 3 FOLLOWER]: Raft consensus shutting down.
I20260709 12:08:44.420707  9230 raft_consensus.cc:2272] T f59e994c909d45ddac3dda033d488ffa P 5e09f6e6d85f4d3c814e157107ce1baf [term 3 FOLLOWER]: Raft consensus is shut down!
I20260709 12:08:44.423342  9230 tablet_replica.cc:333] T e917518eeb0b4ed39b643340fba77f38 P 5e09f6e6d85f4d3c814e157107ce1baf: stopping tablet replica
I20260709 12:08:44.424077  9230 raft_consensus.cc:2243] T e917518eeb0b4ed39b643340fba77f38 P 5e09f6e6d85f4d3c814e157107ce1baf [term 4 LEADER]: Raft consensus shutting down.
I20260709 12:08:44.425124  9230 raft_consensus.cc:2272] T e917518eeb0b4ed39b643340fba77f38 P 5e09f6e6d85f4d3c814e157107ce1baf [term 4 FOLLOWER]: Raft consensus is shut down!
I20260709 12:08:44.427501  9230 tablet_replica.cc:333] T 6a0f7b5bf8fe4af3b769bf4d1564348c P 5e09f6e6d85f4d3c814e157107ce1baf: stopping tablet replica
I20260709 12:08:44.428186  9230 raft_consensus.cc:2243] T 6a0f7b5bf8fe4af3b769bf4d1564348c P 5e09f6e6d85f4d3c814e157107ce1baf [term 2 FOLLOWER]: Raft consensus shutting down.
I20260709 12:08:44.428742  9230 raft_consensus.cc:2272] T 6a0f7b5bf8fe4af3b769bf4d1564348c P 5e09f6e6d85f4d3c814e157107ce1baf [term 2 FOLLOWER]: Raft consensus is shut down!
I20260709 12:08:44.431064  9230 tablet_replica.cc:333] T 6559904488d247e9b9fdb7055451a7dc P 5e09f6e6d85f4d3c814e157107ce1baf: stopping tablet replica
I20260709 12:08:44.431731  9230 raft_consensus.cc:2243] T 6559904488d247e9b9fdb7055451a7dc P 5e09f6e6d85f4d3c814e157107ce1baf [term 2 FOLLOWER]: Raft consensus shutting down.
I20260709 12:08:44.432269  9230 raft_consensus.cc:2272] T 6559904488d247e9b9fdb7055451a7dc P 5e09f6e6d85f4d3c814e157107ce1baf [term 2 FOLLOWER]: Raft consensus is shut down!
I20260709 12:08:44.434615  9230 tablet_replica.cc:333] T d735d5f259474d7887dbf1ca1ef13bb6 P 5e09f6e6d85f4d3c814e157107ce1baf: stopping tablet replica
I20260709 12:08:44.435333  9230 raft_consensus.cc:2243] T d735d5f259474d7887dbf1ca1ef13bb6 P 5e09f6e6d85f4d3c814e157107ce1baf [term 3 FOLLOWER]: Raft consensus shutting down.
I20260709 12:08:44.435931  9230 raft_consensus.cc:2272] T d735d5f259474d7887dbf1ca1ef13bb6 P 5e09f6e6d85f4d3c814e157107ce1baf [term 3 FOLLOWER]: Raft consensus is shut down!
I20260709 12:08:44.438302  9230 tablet_replica.cc:333] T 55bef79b226a48d282f504f22005b70f P 5e09f6e6d85f4d3c814e157107ce1baf: stopping tablet replica
I20260709 12:08:44.438993  9230 raft_consensus.cc:2243] T 55bef79b226a48d282f504f22005b70f P 5e09f6e6d85f4d3c814e157107ce1baf [term 3 LEADER]: Raft consensus shutting down.
I20260709 12:08:44.439966  9230 raft_consensus.cc:2272] T 55bef79b226a48d282f504f22005b70f P 5e09f6e6d85f4d3c814e157107ce1baf [term 3 FOLLOWER]: Raft consensus is shut down!
I20260709 12:08:44.442441  9230 tablet_replica.cc:333] T 9cc100ba267a4e1d9bfdd6594a159c46 P 5e09f6e6d85f4d3c814e157107ce1baf: stopping tablet replica
I20260709 12:08:44.443068  9230 raft_consensus.cc:2243] T 9cc100ba267a4e1d9bfdd6594a159c46 P 5e09f6e6d85f4d3c814e157107ce1baf [term 4 FOLLOWER]: Raft consensus shutting down.
I20260709 12:08:44.443744  9230 raft_consensus.cc:2272] T 9cc100ba267a4e1d9bfdd6594a159c46 P 5e09f6e6d85f4d3c814e157107ce1baf [term 4 FOLLOWER]: Raft consensus is shut down!
I20260709 12:08:44.565096  9230 tablet_server.cc:196] TabletServer@127.9.3.129:0 shutdown complete.
W20260709 12:08:44.566449  9480 consensus_peers.cc:597] T 6a0f7b5bf8fe4af3b769bf4d1564348c P d4f4a8c6c82e42df991da049ba740b84 -> Peer 5e09f6e6d85f4d3c814e157107ce1baf (127.9.3.129:36359): Couldn't send request to peer 5e09f6e6d85f4d3c814e157107ce1baf. Status: Network error: Client connection negotiation failed: client connection to 127.9.3.129:36359: connect: Connection refused (error 111). This is attempt 1: this message will repeat every 5th retry.
W20260709 12:08:44.568951  9480 consensus_peers.cc:597] T 6559904488d247e9b9fdb7055451a7dc P d4f4a8c6c82e42df991da049ba740b84 -> Peer 5e09f6e6d85f4d3c814e157107ce1baf (127.9.3.129:36359): Couldn't send request to peer 5e09f6e6d85f4d3c814e157107ce1baf. Status: Network error: Client connection negotiation failed: client connection to 127.9.3.129:36359: connect: Connection refused (error 111). This is attempt 1: this message will repeat every 5th retry.
I20260709 12:08:44.597209  9230 tablet_server.cc:179] TabletServer@127.9.3.130:0 shutting down...
I20260709 12:08:44.626533  9230 ts_tablet_manager.cc:1507] Shutting down tablet manager...
I20260709 12:08:44.627266  9230 tablet_replica.cc:333] T f59e994c909d45ddac3dda033d488ffa P 106eecb6043445c1b54e17cc3d00c059: stopping tablet replica
I20260709 12:08:44.628043  9230 raft_consensus.cc:2243] T f59e994c909d45ddac3dda033d488ffa P 106eecb6043445c1b54e17cc3d00c059 [term 3 LEADER]: Raft consensus shutting down.
I20260709 12:08:44.629281  9230 raft_consensus.cc:2272] T f59e994c909d45ddac3dda033d488ffa P 106eecb6043445c1b54e17cc3d00c059 [term 3 FOLLOWER]: Raft consensus is shut down!
I20260709 12:08:44.632742  9230 tablet_replica.cc:333] T 9cc100ba267a4e1d9bfdd6594a159c46 P 106eecb6043445c1b54e17cc3d00c059: stopping tablet replica
I20260709 12:08:44.635141  9230 raft_consensus.cc:2243] T 9cc100ba267a4e1d9bfdd6594a159c46 P 106eecb6043445c1b54e17cc3d00c059 [term 4 LEADER]: Raft consensus shutting down.
I20260709 12:08:44.636128  9230 raft_consensus.cc:2272] T 9cc100ba267a4e1d9bfdd6594a159c46 P 106eecb6043445c1b54e17cc3d00c059 [term 4 FOLLOWER]: Raft consensus is shut down!
I20260709 12:08:44.638751  9230 tablet_replica.cc:333] T fd61106e729841979c47edc396ebcd36 P 106eecb6043445c1b54e17cc3d00c059: stopping tablet replica
I20260709 12:08:44.639519  9230 raft_consensus.cc:2243] T fd61106e729841979c47edc396ebcd36 P 106eecb6043445c1b54e17cc3d00c059 [term 3 FOLLOWER]: Raft consensus shutting down.
I20260709 12:08:44.640113  9230 raft_consensus.cc:2272] T fd61106e729841979c47edc396ebcd36 P 106eecb6043445c1b54e17cc3d00c059 [term 3 FOLLOWER]: Raft consensus is shut down!
I20260709 12:08:44.642141  9230 tablet_replica.cc:333] T d735d5f259474d7887dbf1ca1ef13bb6 P 106eecb6043445c1b54e17cc3d00c059: stopping tablet replica
I20260709 12:08:44.642647  9230 raft_consensus.cc:2243] T d735d5f259474d7887dbf1ca1ef13bb6 P 106eecb6043445c1b54e17cc3d00c059 [term 3 LEADER]: Raft consensus shutting down.
I20260709 12:08:44.643440  9230 raft_consensus.cc:2272] T d735d5f259474d7887dbf1ca1ef13bb6 P 106eecb6043445c1b54e17cc3d00c059 [term 3 FOLLOWER]: Raft consensus is shut down!
I20260709 12:08:44.645241  9230 tablet_replica.cc:333] T 6559904488d247e9b9fdb7055451a7dc P 106eecb6043445c1b54e17cc3d00c059: stopping tablet replica
I20260709 12:08:44.645752  9230 raft_consensus.cc:2243] T 6559904488d247e9b9fdb7055451a7dc P 106eecb6043445c1b54e17cc3d00c059 [term 2 FOLLOWER]: Raft consensus shutting down.
I20260709 12:08:44.646250  9230 raft_consensus.cc:2272] T 6559904488d247e9b9fdb7055451a7dc P 106eecb6043445c1b54e17cc3d00c059 [term 2 FOLLOWER]: Raft consensus is shut down!
I20260709 12:08:44.648124  9230 tablet_replica.cc:333] T 55bef79b226a48d282f504f22005b70f P 106eecb6043445c1b54e17cc3d00c059: stopping tablet replica
I20260709 12:08:44.648609  9230 raft_consensus.cc:2243] T 55bef79b226a48d282f504f22005b70f P 106eecb6043445c1b54e17cc3d00c059 [term 3 FOLLOWER]: Raft consensus shutting down.
I20260709 12:08:44.649049  9230 raft_consensus.cc:2272] T 55bef79b226a48d282f504f22005b70f P 106eecb6043445c1b54e17cc3d00c059 [term 3 FOLLOWER]: Raft consensus is shut down!
I20260709 12:08:44.650750  9230 tablet_replica.cc:333] T 6a0f7b5bf8fe4af3b769bf4d1564348c P 106eecb6043445c1b54e17cc3d00c059: stopping tablet replica
I20260709 12:08:44.651207  9230 raft_consensus.cc:2243] T 6a0f7b5bf8fe4af3b769bf4d1564348c P 106eecb6043445c1b54e17cc3d00c059 [term 2 FOLLOWER]: Raft consensus shutting down.
I20260709 12:08:44.651619  9230 raft_consensus.cc:2272] T 6a0f7b5bf8fe4af3b769bf4d1564348c P 106eecb6043445c1b54e17cc3d00c059 [term 2 FOLLOWER]: Raft consensus is shut down!
I20260709 12:08:44.653471  9230 tablet_replica.cc:333] T 797043d64ea446f58b171010e9bb8ee9 P 106eecb6043445c1b54e17cc3d00c059: stopping tablet replica
I20260709 12:08:44.653928  9230 raft_consensus.cc:2243] T 797043d64ea446f58b171010e9bb8ee9 P 106eecb6043445c1b54e17cc3d00c059 [term 2 FOLLOWER]: Raft consensus shutting down.
