I20260709 12:24:10.387384 11043 tablet_bootstrap.cc:492] T ab816bcc6183447994a2cc013e46c5f8 P e2d5c637307a407ab688f5ccd6f0fcea: No bootstrap required, opened a new log
I20260709 12:24:10.387907 11043 ts_tablet_manager.cc:1403] T ab816bcc6183447994a2cc013e46c5f8 P e2d5c637307a407ab688f5ccd6f0fcea: Time spent bootstrapping tablet: real 0.014s	user 0.009s	sys 0.003s
I20260709 12:24:10.388886 11045 ts_tablet_manager.cc:1434] T 114b16c8c992413dab64ab31b16cb06f P edcc56ddd3264984b4da6c1db59e7f08: Time spent starting tablet: real 0.022s	user 0.000s	sys 0.007s
I20260709 12:24:10.389851 11045 tablet_bootstrap.cc:492] T ab816bcc6183447994a2cc013e46c5f8 P edcc56ddd3264984b4da6c1db59e7f08: Bootstrap starting.
I20260709 12:24:10.390559 11043 raft_consensus.cc:359] T ab816bcc6183447994a2cc013e46c5f8 P e2d5c637307a407ab688f5ccd6f0fcea [term 0 FOLLOWER]: Replica starting. Triggering 0 pending ops. Active config: opid_index: -1 OBSOLETE_local: false peers { permanent_uuid: "80cd7d227db44f34a6108591dad9c040" member_type: VOTER last_known_addr { host: "127.9.116.65" port: 46265 } } peers { permanent_uuid: "e2d5c637307a407ab688f5ccd6f0fcea" member_type: VOTER last_known_addr { host: "127.9.116.66" port: 39339 } } peers { permanent_uuid: "edcc56ddd3264984b4da6c1db59e7f08" member_type: VOTER last_known_addr { host: "127.9.116.67" port: 39945 } }
I20260709 12:24:10.391238 11043 raft_consensus.cc:385] T ab816bcc6183447994a2cc013e46c5f8 P e2d5c637307a407ab688f5ccd6f0fcea [term 0 FOLLOWER]: Consensus starting up: Expiring failure detector timer to make a prompt election more likely
I20260709 12:24:10.391397 11047 tablet_bootstrap.cc:654] T 114b16c8c992413dab64ab31b16cb06f P 80cd7d227db44f34a6108591dad9c040: Neither blocks nor log segments found. Creating new log.
I20260709 12:24:10.391507 11043 raft_consensus.cc:740] T ab816bcc6183447994a2cc013e46c5f8 P e2d5c637307a407ab688f5ccd6f0fcea [term 0 FOLLOWER]: Becoming Follower/Learner. State: Replica: e2d5c637307a407ab688f5ccd6f0fcea, State: Initialized, Role: FOLLOWER
I20260709 12:24:10.392467 11043 consensus_queue.cc:260] T ab816bcc6183447994a2cc013e46c5f8 P e2d5c637307a407ab688f5ccd6f0fcea [NON_LEADER]: Queue going to NON_LEADER mode. State: All replicated index: 0, Majority replicated index: 0, Committed index: 0, Last appended: 0.0, Last appended by leader: 0, Current term: 0, Majority size: -1, State: 0, Mode: NON_LEADER, active raft config: opid_index: -1 OBSOLETE_local: false peers { permanent_uuid: "80cd7d227db44f34a6108591dad9c040" member_type: VOTER last_known_addr { host: "127.9.116.65" port: 46265 } } peers { permanent_uuid: "e2d5c637307a407ab688f5ccd6f0fcea" member_type: VOTER last_known_addr { host: "127.9.116.66" port: 39339 } } peers { permanent_uuid: "edcc56ddd3264984b4da6c1db59e7f08" member_type: VOTER last_known_addr { host: "127.9.116.67" port: 39945 } }
I20260709 12:24:10.395231 11043 ts_tablet_manager.cc:1434] T ab816bcc6183447994a2cc013e46c5f8 P e2d5c637307a407ab688f5ccd6f0fcea: Time spent starting tablet: real 0.007s	user 0.006s	sys 0.000s
I20260709 12:24:10.398837 11047 tablet_bootstrap.cc:492] T 114b16c8c992413dab64ab31b16cb06f P 80cd7d227db44f34a6108591dad9c040: No bootstrap required, opened a new log
I20260709 12:24:10.399924 11045 tablet_bootstrap.cc:654] T ab816bcc6183447994a2cc013e46c5f8 P edcc56ddd3264984b4da6c1db59e7f08: Neither blocks nor log segments found. Creating new log.
I20260709 12:24:10.399384 11047 ts_tablet_manager.cc:1403] T 114b16c8c992413dab64ab31b16cb06f P 80cd7d227db44f34a6108591dad9c040: Time spent bootstrapping tablet: real 0.015s	user 0.006s	sys 0.006s
I20260709 12:24:10.403894 11047 raft_consensus.cc:359] T 114b16c8c992413dab64ab31b16cb06f P 80cd7d227db44f34a6108591dad9c040 [term 0 FOLLOWER]: Replica starting. Triggering 0 pending ops. Active config: opid_index: -1 OBSOLETE_local: false peers { permanent_uuid: "80cd7d227db44f34a6108591dad9c040" member_type: VOTER last_known_addr { host: "127.9.116.65" port: 46265 } } peers { permanent_uuid: "e2d5c637307a407ab688f5ccd6f0fcea" member_type: VOTER last_known_addr { host: "127.9.116.66" port: 39339 } } peers { permanent_uuid: "edcc56ddd3264984b4da6c1db59e7f08" member_type: VOTER last_known_addr { host: "127.9.116.67" port: 39945 } }
I20260709 12:24:10.404636 11047 raft_consensus.cc:385] T 114b16c8c992413dab64ab31b16cb06f P 80cd7d227db44f34a6108591dad9c040 [term 0 FOLLOWER]: Consensus starting up: Expiring failure detector timer to make a prompt election more likely
I20260709 12:24:10.404927 11047 raft_consensus.cc:740] T 114b16c8c992413dab64ab31b16cb06f P 80cd7d227db44f34a6108591dad9c040 [term 0 FOLLOWER]: Becoming Follower/Learner. State: Replica: 80cd7d227db44f34a6108591dad9c040, State: Initialized, Role: FOLLOWER
I20260709 12:24:10.405777 11047 consensus_queue.cc:260] T 114b16c8c992413dab64ab31b16cb06f P 80cd7d227db44f34a6108591dad9c040 [NON_LEADER]: Queue going to NON_LEADER mode. State: All replicated index: 0, Majority replicated index: 0, Committed index: 0, Last appended: 0.0, Last appended by leader: 0, Current term: 0, Majority size: -1, State: 0, Mode: NON_LEADER, active raft config: opid_index: -1 OBSOLETE_local: false peers { permanent_uuid: "80cd7d227db44f34a6108591dad9c040" member_type: VOTER last_known_addr { host: "127.9.116.65" port: 46265 } } peers { permanent_uuid: "e2d5c637307a407ab688f5ccd6f0fcea" member_type: VOTER last_known_addr { host: "127.9.116.66" port: 39339 } } peers { permanent_uuid: "edcc56ddd3264984b4da6c1db59e7f08" member_type: VOTER last_known_addr { host: "127.9.116.67" port: 39945 } }
I20260709 12:24:10.406704 11211 raft_consensus.cc:493] T 114b16c8c992413dab64ab31b16cb06f P e2d5c637307a407ab688f5ccd6f0fcea [term 0 FOLLOWER]: Starting pre-election (no leader contacted us within the election timeout)
I20260709 12:24:10.407410 11211 raft_consensus.cc:515] T 114b16c8c992413dab64ab31b16cb06f P e2d5c637307a407ab688f5ccd6f0fcea [term 0 FOLLOWER]: Starting pre-election with config: opid_index: -1 OBSOLETE_local: false peers { permanent_uuid: "80cd7d227db44f34a6108591dad9c040" member_type: VOTER last_known_addr { host: "127.9.116.65" port: 46265 } } peers { permanent_uuid: "e2d5c637307a407ab688f5ccd6f0fcea" member_type: VOTER last_known_addr { host: "127.9.116.66" port: 39339 } } peers { permanent_uuid: "edcc56ddd3264984b4da6c1db59e7f08" member_type: VOTER last_known_addr { host: "127.9.116.67" port: 39945 } }
I20260709 12:24:10.411557 11000 tablet_service.cc:1917] Received RequestConsensusVote() RPC: tablet_id: "114b16c8c992413dab64ab31b16cb06f" candidate_uuid: "e2d5c637307a407ab688f5ccd6f0fcea" candidate_term: 1 candidate_status { last_received { term: 0 index: 0 } } ignore_live_leader: false dest_uuid: "edcc56ddd3264984b4da6c1db59e7f08" is_pre_election: true
I20260709 12:24:10.412632 11000 raft_consensus.cc:2468] T 114b16c8c992413dab64ab31b16cb06f P edcc56ddd3264984b4da6c1db59e7f08 [term 0 FOLLOWER]: Leader pre-election vote request: Granting yes vote for candidate e2d5c637307a407ab688f5ccd6f0fcea in term 0.
I20260709 12:24:10.414754 10852 tablet_service.cc:1917] Received RequestConsensusVote() RPC: tablet_id: "114b16c8c992413dab64ab31b16cb06f" candidate_uuid: "e2d5c637307a407ab688f5ccd6f0fcea" candidate_term: 1 candidate_status { last_received { term: 0 index: 0 } } ignore_live_leader: false dest_uuid: "80cd7d227db44f34a6108591dad9c040" is_pre_election: true
I20260709 12:24:10.416450 11043 tablet_bootstrap.cc:492] T f52e71e935934a298445f2f87c913f9e P e2d5c637307a407ab688f5ccd6f0fcea: Bootstrap starting.
I20260709 12:24:10.417156 10895 leader_election.cc:304] T 114b16c8c992413dab64ab31b16cb06f P e2d5c637307a407ab688f5ccd6f0fcea [CANDIDATE]: Term 1 pre-election: Election decided. Result: candidate won. Election summary: received 2 responses out of 3 voters: 2 yes votes; 0 no votes. yes voters: e2d5c637307a407ab688f5ccd6f0fcea, edcc56ddd3264984b4da6c1db59e7f08; no voters: 
I20260709 12:24:10.418130 11242 raft_consensus.cc:2804] T 114b16c8c992413dab64ab31b16cb06f P e2d5c637307a407ab688f5ccd6f0fcea [term 0 FOLLOWER]: Leader pre-election won for term 1
I20260709 12:24:10.415131 11047 ts_tablet_manager.cc:1434] T 114b16c8c992413dab64ab31b16cb06f P 80cd7d227db44f34a6108591dad9c040: Time spent starting tablet: real 0.014s	user 0.005s	sys 0.001s
I20260709 12:24:10.418497 11242 raft_consensus.cc:493] T 114b16c8c992413dab64ab31b16cb06f P e2d5c637307a407ab688f5ccd6f0fcea [term 0 FOLLOWER]: Starting leader election (no leader contacted us within the election timeout)
I20260709 12:24:10.418958 11242 raft_consensus.cc:3060] T 114b16c8c992413dab64ab31b16cb06f P e2d5c637307a407ab688f5ccd6f0fcea [term 0 FOLLOWER]: Advancing to term 1
I20260709 12:24:10.419445 11047 tablet_bootstrap.cc:492] T f5b822586ed04f2cb681fefd045b3f6d P 80cd7d227db44f34a6108591dad9c040: Bootstrap starting.
I20260709 12:24:10.425487 11043 tablet_bootstrap.cc:654] T f52e71e935934a298445f2f87c913f9e P e2d5c637307a407ab688f5ccd6f0fcea: Neither blocks nor log segments found. Creating new log.
I20260709 12:24:10.426080 11143 raft_consensus.cc:493] T 114b16c8c992413dab64ab31b16cb06f P 80cd7d227db44f34a6108591dad9c040 [term 0 FOLLOWER]: Starting pre-election (no leader contacted us within the election timeout)
I20260709 12:24:10.426656 11143 raft_consensus.cc:515] T 114b16c8c992413dab64ab31b16cb06f P 80cd7d227db44f34a6108591dad9c040 [term 0 FOLLOWER]: Starting pre-election with config: opid_index: -1 OBSOLETE_local: false peers { permanent_uuid: "80cd7d227db44f34a6108591dad9c040" member_type: VOTER last_known_addr { host: "127.9.116.65" port: 46265 } } peers { permanent_uuid: "e2d5c637307a407ab688f5ccd6f0fcea" member_type: VOTER last_known_addr { host: "127.9.116.66" port: 39339 } } peers { permanent_uuid: "edcc56ddd3264984b4da6c1db59e7f08" member_type: VOTER last_known_addr { host: "127.9.116.67" port: 39945 } }
I20260709 12:24:10.429014 11143 leader_election.cc:290] T 114b16c8c992413dab64ab31b16cb06f P 80cd7d227db44f34a6108591dad9c040 [CANDIDATE]: Term 1 pre-election: Requested pre-vote from peers e2d5c637307a407ab688f5ccd6f0fcea (127.9.116.66:39339), edcc56ddd3264984b4da6c1db59e7f08 (127.9.116.67:39945)
I20260709 12:24:10.430987 11000 tablet_service.cc:1917] Received RequestConsensusVote() RPC: tablet_id: "114b16c8c992413dab64ab31b16cb06f" candidate_uuid: "80cd7d227db44f34a6108591dad9c040" candidate_term: 1 candidate_status { last_received { term: 0 index: 0 } } ignore_live_leader: false dest_uuid: "edcc56ddd3264984b4da6c1db59e7f08" is_pre_election: true
I20260709 12:24:10.431965 11000 raft_consensus.cc:2468] T 114b16c8c992413dab64ab31b16cb06f P edcc56ddd3264984b4da6c1db59e7f08 [term 0 FOLLOWER]: Leader pre-election vote request: Granting yes vote for candidate 80cd7d227db44f34a6108591dad9c040 in term 0.
I20260709 12:24:10.433769 10820 leader_election.cc:304] T 114b16c8c992413dab64ab31b16cb06f P 80cd7d227db44f34a6108591dad9c040 [CANDIDATE]: Term 1 pre-election: Election decided. Result: candidate won. Election summary: received 2 responses out of 3 voters: 2 yes votes; 0 no votes. yes voters: 80cd7d227db44f34a6108591dad9c040, edcc56ddd3264984b4da6c1db59e7f08; no voters: 
I20260709 12:24:10.434931 11143 raft_consensus.cc:2804] T 114b16c8c992413dab64ab31b16cb06f P 80cd7d227db44f34a6108591dad9c040 [term 0 FOLLOWER]: Leader pre-election won for term 1
I20260709 12:24:10.435426 11143 raft_consensus.cc:493] T 114b16c8c992413dab64ab31b16cb06f P 80cd7d227db44f34a6108591dad9c040 [term 0 FOLLOWER]: Starting leader election (no leader contacted us within the election timeout)
I20260709 12:24:10.435911 11143 raft_consensus.cc:3060] T 114b16c8c992413dab64ab31b16cb06f P 80cd7d227db44f34a6108591dad9c040 [term 0 FOLLOWER]: Advancing to term 1
I20260709 12:24:10.437171 11047 tablet_bootstrap.cc:654] T f5b822586ed04f2cb681fefd045b3f6d P 80cd7d227db44f34a6108591dad9c040: Neither blocks nor log segments found. Creating new log.
I20260709 12:24:10.441108 11207 consensus_queue.cc:1048] T 577c93bfc0d84ec6ad610cad0cf16899 P e2d5c637307a407ab688f5ccd6f0fcea [LEADER]: Connected to new peer: Peer: permanent_uuid: "edcc56ddd3264984b4da6c1db59e7f08" member_type: VOTER last_known_addr { host: "127.9.116.67" port: 39945 }, Status: LMP_MISMATCH, Last received: 0.0, Next index: 1, Last known committed idx: 0, Time since last communication: 0.000s
I20260709 12:24:10.442397 11043 tablet_bootstrap.cc:492] T f52e71e935934a298445f2f87c913f9e P e2d5c637307a407ab688f5ccd6f0fcea: No bootstrap required, opened a new log
I20260709 12:24:10.443053 11043 ts_tablet_manager.cc:1403] T f52e71e935934a298445f2f87c913f9e P e2d5c637307a407ab688f5ccd6f0fcea: Time spent bootstrapping tablet: real 0.027s	user 0.014s	sys 0.003s
I20260709 12:24:10.444587 11213 raft_consensus.cc:493] T cb3b4ab419804fabb71d2a98c266b209 P 80cd7d227db44f34a6108591dad9c040 [term 0 FOLLOWER]: Starting pre-election (no leader contacted us within the election timeout)
I20260709 12:24:10.445140 11213 raft_consensus.cc:515] T cb3b4ab419804fabb71d2a98c266b209 P 80cd7d227db44f34a6108591dad9c040 [term 0 FOLLOWER]: Starting pre-election with config: opid_index: -1 OBSOLETE_local: false peers { permanent_uuid: "80cd7d227db44f34a6108591dad9c040" member_type: VOTER last_known_addr { host: "127.9.116.65" port: 46265 } } peers { permanent_uuid: "e2d5c637307a407ab688f5ccd6f0fcea" member_type: VOTER last_known_addr { host: "127.9.116.66" port: 39339 } } peers { permanent_uuid: "edcc56ddd3264984b4da6c1db59e7f08" member_type: VOTER last_known_addr { host: "127.9.116.67" port: 39945 } }
I20260709 12:24:10.446906 10925 tablet_service.cc:1917] Received RequestConsensusVote() RPC: tablet_id: "114b16c8c992413dab64ab31b16cb06f" candidate_uuid: "80cd7d227db44f34a6108591dad9c040" candidate_term: 1 candidate_status { last_received { term: 0 index: 0 } } ignore_live_leader: false dest_uuid: "e2d5c637307a407ab688f5ccd6f0fcea" is_pre_election: true
I20260709 12:24:10.448218 11043 raft_consensus.cc:359] T f52e71e935934a298445f2f87c913f9e P e2d5c637307a407ab688f5ccd6f0fcea [term 0 FOLLOWER]: Replica starting. Triggering 0 pending ops. Active config: opid_index: -1 OBSOLETE_local: false peers { permanent_uuid: "80cd7d227db44f34a6108591dad9c040" member_type: VOTER last_known_addr { host: "127.9.116.65" port: 46265 } } peers { permanent_uuid: "e2d5c637307a407ab688f5ccd6f0fcea" member_type: VOTER last_known_addr { host: "127.9.116.66" port: 39339 } } peers { permanent_uuid: "edcc56ddd3264984b4da6c1db59e7f08" member_type: VOTER last_known_addr { host: "127.9.116.67" port: 39945 } }
I20260709 12:24:10.448920 11043 raft_consensus.cc:385] T f52e71e935934a298445f2f87c913f9e P e2d5c637307a407ab688f5ccd6f0fcea [term 0 FOLLOWER]: Consensus starting up: Expiring failure detector timer to make a prompt election more likely
I20260709 12:24:10.448994 11211 leader_election.cc:290] T 114b16c8c992413dab64ab31b16cb06f P e2d5c637307a407ab688f5ccd6f0fcea [CANDIDATE]: Term 1 pre-election: Requested pre-vote from peers 80cd7d227db44f34a6108591dad9c040 (127.9.116.65:46265), edcc56ddd3264984b4da6c1db59e7f08 (127.9.116.67:39945)
I20260709 12:24:10.449414 11043 raft_consensus.cc:740] T f52e71e935934a298445f2f87c913f9e P e2d5c637307a407ab688f5ccd6f0fcea [term 0 FOLLOWER]: Becoming Follower/Learner. State: Replica: e2d5c637307a407ab688f5ccd6f0fcea, State: Initialized, Role: FOLLOWER
I20260709 12:24:10.451610 11213 leader_election.cc:290] T cb3b4ab419804fabb71d2a98c266b209 P 80cd7d227db44f34a6108591dad9c040 [CANDIDATE]: Term 1 pre-election: Requested pre-vote from peers e2d5c637307a407ab688f5ccd6f0fcea (127.9.116.66:39339), edcc56ddd3264984b4da6c1db59e7f08 (127.9.116.67:39945)
I20260709 12:24:10.454032 10999 tablet_service.cc:1917] Received RequestConsensusVote() RPC: tablet_id: "cb3b4ab419804fabb71d2a98c266b209" candidate_uuid: "80cd7d227db44f34a6108591dad9c040" candidate_term: 1 candidate_status { last_received { term: 0 index: 0 } } ignore_live_leader: false dest_uuid: "edcc56ddd3264984b4da6c1db59e7f08" is_pre_election: true
I20260709 12:24:10.457656 10926 tablet_service.cc:1917] Received RequestConsensusVote() RPC: tablet_id: "cb3b4ab419804fabb71d2a98c266b209" candidate_uuid: "80cd7d227db44f34a6108591dad9c040" candidate_term: 1 candidate_status { last_received { term: 0 index: 0 } } ignore_live_leader: false dest_uuid: "e2d5c637307a407ab688f5ccd6f0fcea" is_pre_election: true
I20260709 12:24:10.458678 10926 raft_consensus.cc:2393] T cb3b4ab419804fabb71d2a98c266b209 P e2d5c637307a407ab688f5ccd6f0fcea [term 1 FOLLOWER]: Leader pre-election vote request: Denying vote to candidate 80cd7d227db44f34a6108591dad9c040 in current term 1: Already voted for candidate edcc56ddd3264984b4da6c1db59e7f08 in this term.
I20260709 12:24:10.450127 11043 consensus_queue.cc:260] T f52e71e935934a298445f2f87c913f9e P e2d5c637307a407ab688f5ccd6f0fcea [NON_LEADER]: Queue going to NON_LEADER mode. State: All replicated index: 0, Majority replicated index: 0, Committed index: 0, Last appended: 0.0, Last appended by leader: 0, Current term: 0, Majority size: -1, State: 0, Mode: NON_LEADER, active raft config: opid_index: -1 OBSOLETE_local: false peers { permanent_uuid: "80cd7d227db44f34a6108591dad9c040" member_type: VOTER last_known_addr { host: "127.9.116.65" port: 46265 } } peers { permanent_uuid: "e2d5c637307a407ab688f5ccd6f0fcea" member_type: VOTER last_known_addr { host: "127.9.116.66" port: 39339 } } peers { permanent_uuid: "edcc56ddd3264984b4da6c1db59e7f08" member_type: VOTER last_known_addr { host: "127.9.116.67" port: 39945 } }
I20260709 12:24:10.464409 11043 ts_tablet_manager.cc:1434] T f52e71e935934a298445f2f87c913f9e P e2d5c637307a407ab688f5ccd6f0fcea: Time spent starting tablet: real 0.021s	user 0.004s	sys 0.005s
I20260709 12:24:10.465358 11043 tablet_bootstrap.cc:492] T f5b822586ed04f2cb681fefd045b3f6d P e2d5c637307a407ab688f5ccd6f0fcea: Bootstrap starting.
I20260709 12:24:10.471710 10819 leader_election.cc:304] T cb3b4ab419804fabb71d2a98c266b209 P 80cd7d227db44f34a6108591dad9c040 [CANDIDATE]: Term 1 pre-election: Election decided. Result: candidate lost. Election summary: received 3 responses out of 3 voters: 1 yes votes; 2 no votes. yes voters: 80cd7d227db44f34a6108591dad9c040; no voters: e2d5c637307a407ab688f5ccd6f0fcea, edcc56ddd3264984b4da6c1db59e7f08
I20260709 12:24:10.474851 11214 raft_consensus.cc:3060] T cb3b4ab419804fabb71d2a98c266b209 P 80cd7d227db44f34a6108591dad9c040 [term 0 FOLLOWER]: Advancing to term 1
I20260709 12:24:10.472110 11297 raft_consensus.cc:493] T ee998be153d94f6f91c39dace2c32f19 P e2d5c637307a407ab688f5ccd6f0fcea [term 0 FOLLOWER]: Starting pre-election (no leader contacted us within the election timeout)
I20260709 12:24:10.475987 11297 raft_consensus.cc:515] T ee998be153d94f6f91c39dace2c32f19 P e2d5c637307a407ab688f5ccd6f0fcea [term 0 FOLLOWER]: Starting pre-election with config: opid_index: -1 OBSOLETE_local: false peers { permanent_uuid: "80cd7d227db44f34a6108591dad9c040" member_type: VOTER last_known_addr { host: "127.9.116.65" port: 46265 } } peers { permanent_uuid: "e2d5c637307a407ab688f5ccd6f0fcea" member_type: VOTER last_known_addr { host: "127.9.116.66" port: 39339 } } peers { permanent_uuid: "edcc56ddd3264984b4da6c1db59e7f08" member_type: VOTER last_known_addr { host: "127.9.116.67" port: 39945 } }
I20260709 12:24:10.477977 11213 consensus_queue.cc:1048] T 73d7ffc5e5d146d1b661abde11cf2f04 P 80cd7d227db44f34a6108591dad9c040 [LEADER]: Connected to new peer: Peer: permanent_uuid: "e2d5c637307a407ab688f5ccd6f0fcea" member_type: VOTER last_known_addr { host: "127.9.116.66" port: 39339 }, Status: LMP_MISMATCH, Last received: 0.0, Next index: 1, Last known committed idx: 0, Time since last communication: 0.001s
I20260709 12:24:10.479081 11297 leader_election.cc:290] T ee998be153d94f6f91c39dace2c32f19 P e2d5c637307a407ab688f5ccd6f0fcea [CANDIDATE]: Term 1 pre-election: Requested pre-vote from peers 80cd7d227db44f34a6108591dad9c040 (127.9.116.65:46265), edcc56ddd3264984b4da6c1db59e7f08 (127.9.116.67:39945)
I20260709 12:24:10.481065 10850 tablet_service.cc:1917] Received RequestConsensusVote() RPC: tablet_id: "ee998be153d94f6f91c39dace2c32f19" candidate_uuid: "e2d5c637307a407ab688f5ccd6f0fcea" candidate_term: 1 candidate_status { last_received { term: 0 index: 0 } } ignore_live_leader: false dest_uuid: "80cd7d227db44f34a6108591dad9c040" is_pre_election: true
I20260709 12:24:10.482030 10850 raft_consensus.cc:2468] T ee998be153d94f6f91c39dace2c32f19 P 80cd7d227db44f34a6108591dad9c040 [term 0 FOLLOWER]: Leader pre-election vote request: Granting yes vote for candidate e2d5c637307a407ab688f5ccd6f0fcea in term 0.
I20260709 12:24:10.484886 10999 tablet_service.cc:1917] Received RequestConsensusVote() RPC: tablet_id: "ee998be153d94f6f91c39dace2c32f19" candidate_uuid: "e2d5c637307a407ab688f5ccd6f0fcea" candidate_term: 1 candidate_status { last_received { term: 0 index: 0 } } ignore_live_leader: false dest_uuid: "edcc56ddd3264984b4da6c1db59e7f08" is_pre_election: true
I20260709 12:24:10.485770 10999 raft_consensus.cc:2468] T ee998be153d94f6f91c39dace2c32f19 P edcc56ddd3264984b4da6c1db59e7f08 [term 0 FOLLOWER]: Leader pre-election vote request: Granting yes vote for candidate e2d5c637307a407ab688f5ccd6f0fcea in term 0.
I20260709 12:24:10.487236 11211 raft_consensus.cc:493] T 928860b1f6314ad3bd3582c7f89e460e P e2d5c637307a407ab688f5ccd6f0fcea [term 0 FOLLOWER]: Starting pre-election (no leader contacted us within the election timeout)
I20260709 12:24:10.487921 11211 raft_consensus.cc:515] T 928860b1f6314ad3bd3582c7f89e460e P e2d5c637307a407ab688f5ccd6f0fcea [term 0 FOLLOWER]: Starting pre-election with config: opid_index: -1 OBSOLETE_local: false peers { permanent_uuid: "80cd7d227db44f34a6108591dad9c040" member_type: VOTER last_known_addr { host: "127.9.116.65" port: 46265 } } peers { permanent_uuid: "e2d5c637307a407ab688f5ccd6f0fcea" member_type: VOTER last_known_addr { host: "127.9.116.66" port: 39339 } } peers { permanent_uuid: "edcc56ddd3264984b4da6c1db59e7f08" member_type: VOTER last_known_addr { host: "127.9.116.67" port: 39945 } }
I20260709 12:24:10.492147 10895 leader_election.cc:304] T ee998be153d94f6f91c39dace2c32f19 P e2d5c637307a407ab688f5ccd6f0fcea [CANDIDATE]: Term 1 pre-election: Election decided. Result: candidate won. Election summary: received 2 responses out of 3 voters: 2 yes votes; 0 no votes. yes voters: e2d5c637307a407ab688f5ccd6f0fcea, edcc56ddd3264984b4da6c1db59e7f08; no voters: 
I20260709 12:24:10.494546 11297 raft_consensus.cc:2804] T ee998be153d94f6f91c39dace2c32f19 P e2d5c637307a407ab688f5ccd6f0fcea [term 0 FOLLOWER]: Leader pre-election won for term 1
I20260709 12:24:10.495033 11297 raft_consensus.cc:493] T ee998be153d94f6f91c39dace2c32f19 P e2d5c637307a407ab688f5ccd6f0fcea [term 0 FOLLOWER]: Starting leader election (no leader contacted us within the election timeout)
I20260709 12:24:10.495517 11297 raft_consensus.cc:3060] T ee998be153d94f6f91c39dace2c32f19 P e2d5c637307a407ab688f5ccd6f0fcea [term 0 FOLLOWER]: Advancing to term 1
I20260709 12:24:10.493224 11211 leader_election.cc:290] T 928860b1f6314ad3bd3582c7f89e460e P e2d5c637307a407ab688f5ccd6f0fcea [CANDIDATE]: Term 1 pre-election: Requested pre-vote from peers 80cd7d227db44f34a6108591dad9c040 (127.9.116.65:46265), edcc56ddd3264984b4da6c1db59e7f08 (127.9.116.67:39945)
I20260709 12:24:10.495081 10999 tablet_service.cc:1917] Received RequestConsensusVote() RPC: tablet_id: "928860b1f6314ad3bd3582c7f89e460e" candidate_uuid: "e2d5c637307a407ab688f5ccd6f0fcea" candidate_term: 1 candidate_status { last_received { term: 0 index: 0 } } ignore_live_leader: false dest_uuid: "edcc56ddd3264984b4da6c1db59e7f08" is_pre_election: true
I20260709 12:24:10.496599 10999 raft_consensus.cc:2468] T 928860b1f6314ad3bd3582c7f89e460e P edcc56ddd3264984b4da6c1db59e7f08 [term 0 FOLLOWER]: Leader pre-election vote request: Granting yes vote for candidate e2d5c637307a407ab688f5ccd6f0fcea in term 0.
I20260709 12:24:10.498545 11047 tablet_bootstrap.cc:492] T f5b822586ed04f2cb681fefd045b3f6d P 80cd7d227db44f34a6108591dad9c040: No bootstrap required, opened a new log
I20260709 12:24:10.499214 11047 ts_tablet_manager.cc:1403] T f5b822586ed04f2cb681fefd045b3f6d P 80cd7d227db44f34a6108591dad9c040: Time spent bootstrapping tablet: real 0.080s	user 0.016s	sys 0.002s
I20260709 12:24:10.500634 10895 leader_election.cc:304] T 928860b1f6314ad3bd3582c7f89e460e P e2d5c637307a407ab688f5ccd6f0fcea [CANDIDATE]: Term 1 pre-election: Election decided. Result: candidate won. Election summary: received 2 responses out of 3 voters: 2 yes votes; 0 no votes. yes voters: e2d5c637307a407ab688f5ccd6f0fcea, edcc56ddd3264984b4da6c1db59e7f08; no voters: 
I20260709 12:24:10.503198 11207 raft_consensus.cc:2804] T 928860b1f6314ad3bd3582c7f89e460e P e2d5c637307a407ab688f5ccd6f0fcea [term 0 FOLLOWER]: Leader pre-election won for term 1
I20260709 12:24:10.503865 11207 raft_consensus.cc:493] T 928860b1f6314ad3bd3582c7f89e460e P e2d5c637307a407ab688f5ccd6f0fcea [term 0 FOLLOWER]: Starting leader election (no leader contacted us within the election timeout)
I20260709 12:24:10.504345 11207 raft_consensus.cc:3060] T 928860b1f6314ad3bd3582c7f89e460e P e2d5c637307a407ab688f5ccd6f0fcea [term 0 FOLLOWER]: Advancing to term 1
I20260709 12:24:10.506731 11043 tablet_bootstrap.cc:654] T f5b822586ed04f2cb681fefd045b3f6d P e2d5c637307a407ab688f5ccd6f0fcea: Neither blocks nor log segments found. Creating new log.
I20260709 12:24:10.491101 11242 raft_consensus.cc:515] T 114b16c8c992413dab64ab31b16cb06f P e2d5c637307a407ab688f5ccd6f0fcea [term 1 FOLLOWER]: Starting leader election with config: opid_index: -1 OBSOLETE_local: false peers { permanent_uuid: "80cd7d227db44f34a6108591dad9c040" member_type: VOTER last_known_addr { host: "127.9.116.65" port: 46265 } } peers { permanent_uuid: "e2d5c637307a407ab688f5ccd6f0fcea" member_type: VOTER last_known_addr { host: "127.9.116.66" port: 39339 } } peers { permanent_uuid: "edcc56ddd3264984b4da6c1db59e7f08" member_type: VOTER last_known_addr { host: "127.9.116.67" port: 39945 } }
I20260709 12:24:10.513216 11143 raft_consensus.cc:515] T 114b16c8c992413dab64ab31b16cb06f P 80cd7d227db44f34a6108591dad9c040 [term 1 FOLLOWER]: Starting leader election with config: opid_index: -1 OBSOLETE_local: false peers { permanent_uuid: "80cd7d227db44f34a6108591dad9c040" member_type: VOTER last_known_addr { host: "127.9.116.65" port: 46265 } } peers { permanent_uuid: "e2d5c637307a407ab688f5ccd6f0fcea" member_type: VOTER last_known_addr { host: "127.9.116.66" port: 39339 } } peers { permanent_uuid: "edcc56ddd3264984b4da6c1db59e7f08" member_type: VOTER last_known_addr { host: "127.9.116.67" port: 39945 } }
I20260709 12:24:10.523653 11212 consensus_queue.cc:1048] T 73d7ffc5e5d146d1b661abde11cf2f04 P 80cd7d227db44f34a6108591dad9c040 [LEADER]: Connected to new peer: Peer: permanent_uuid: "edcc56ddd3264984b4da6c1db59e7f08" member_type: VOTER last_known_addr { host: "127.9.116.67" port: 39945 }, Status: LMP_MISMATCH, Last received: 0.0, Next index: 1, Last known committed idx: 0, Time since last communication: 0.001s
I20260709 12:24:10.526814 11143 leader_election.cc:290] T 114b16c8c992413dab64ab31b16cb06f P 80cd7d227db44f34a6108591dad9c040 [CANDIDATE]: Term 1 election: Requested vote from peers e2d5c637307a407ab688f5ccd6f0fcea (127.9.116.66:39339), edcc56ddd3264984b4da6c1db59e7f08 (127.9.116.67:39945)
I20260709 12:24:10.528199 10852 raft_consensus.cc:2393] T 114b16c8c992413dab64ab31b16cb06f P 80cd7d227db44f34a6108591dad9c040 [term 1 FOLLOWER]: Leader pre-election vote request: Denying vote to candidate e2d5c637307a407ab688f5ccd6f0fcea in current term 1: Already voted for candidate 80cd7d227db44f34a6108591dad9c040 in this term.
I20260709 12:24:10.533591 10927 tablet_service.cc:1917] Received RequestConsensusVote() RPC: tablet_id: "114b16c8c992413dab64ab31b16cb06f" candidate_uuid: "80cd7d227db44f34a6108591dad9c040" candidate_term: 1 candidate_status { last_received { term: 0 index: 0 } } ignore_live_leader: false dest_uuid: "e2d5c637307a407ab688f5ccd6f0fcea"
I20260709 12:24:10.533501 10999 tablet_service.cc:1917] Received RequestConsensusVote() RPC: tablet_id: "114b16c8c992413dab64ab31b16cb06f" candidate_uuid: "80cd7d227db44f34a6108591dad9c040" candidate_term: 1 candidate_status { last_received { term: 0 index: 0 } } ignore_live_leader: false dest_uuid: "edcc56ddd3264984b4da6c1db59e7f08"
I20260709 12:24:10.535382 10999 raft_consensus.cc:3060] T 114b16c8c992413dab64ab31b16cb06f P edcc56ddd3264984b4da6c1db59e7f08 [term 0 FOLLOWER]: Advancing to term 1
I20260709 12:24:10.536121 11242 leader_election.cc:290] T 114b16c8c992413dab64ab31b16cb06f P e2d5c637307a407ab688f5ccd6f0fcea [CANDIDATE]: Term 1 election: Requested vote from peers 80cd7d227db44f34a6108591dad9c040 (127.9.116.65:46265), edcc56ddd3264984b4da6c1db59e7f08 (127.9.116.67:39945)
I20260709 12:24:10.537007 10925 raft_consensus.cc:2393] T 114b16c8c992413dab64ab31b16cb06f P e2d5c637307a407ab688f5ccd6f0fcea [term 1 FOLLOWER]: Leader pre-election vote request: Denying vote to candidate 80cd7d227db44f34a6108591dad9c040 in current term 1: Already voted for candidate e2d5c637307a407ab688f5ccd6f0fcea in this term.
I20260709 12:24:10.544675 11001 tablet_service.cc:1917] Received RequestConsensusVote() RPC: tablet_id: "114b16c8c992413dab64ab31b16cb06f" candidate_uuid: "e2d5c637307a407ab688f5ccd6f0fcea" candidate_term: 1 candidate_status { last_received { term: 0 index: 0 } } ignore_live_leader: false dest_uuid: "edcc56ddd3264984b4da6c1db59e7f08"
I20260709 12:24:10.547020 11297 raft_consensus.cc:515] T ee998be153d94f6f91c39dace2c32f19 P e2d5c637307a407ab688f5ccd6f0fcea [term 1 FOLLOWER]: Starting leader election with config: opid_index: -1 OBSOLETE_local: false peers { permanent_uuid: "80cd7d227db44f34a6108591dad9c040" member_type: VOTER last_known_addr { host: "127.9.116.65" port: 46265 } } peers { permanent_uuid: "e2d5c637307a407ab688f5ccd6f0fcea" member_type: VOTER last_known_addr { host: "127.9.116.66" port: 39339 } } peers { permanent_uuid: "edcc56ddd3264984b4da6c1db59e7f08" member_type: VOTER last_known_addr { host: "127.9.116.67" port: 39945 } }
I20260709 12:24:10.553174 10852 tablet_service.cc:1917] Received RequestConsensusVote() RPC: tablet_id: "ee998be153d94f6f91c39dace2c32f19" candidate_uuid: "e2d5c637307a407ab688f5ccd6f0fcea" candidate_term: 1 candidate_status { last_received { term: 0 index: 0 } } ignore_live_leader: false dest_uuid: "80cd7d227db44f34a6108591dad9c040"
I20260709 12:24:10.552992 10850 tablet_service.cc:1917] Received RequestConsensusVote() RPC: tablet_id: "114b16c8c992413dab64ab31b16cb06f" candidate_uuid: "e2d5c637307a407ab688f5ccd6f0fcea" candidate_term: 1 candidate_status { last_received { term: 0 index: 0 } } ignore_live_leader: false dest_uuid: "80cd7d227db44f34a6108591dad9c040"
I20260709 12:24:10.543560 10854 tablet_service.cc:1917] Received RequestConsensusVote() RPC: tablet_id: "928860b1f6314ad3bd3582c7f89e460e" candidate_uuid: "e2d5c637307a407ab688f5ccd6f0fcea" candidate_term: 1 candidate_status { last_received { term: 0 index: 0 } } ignore_live_leader: false dest_uuid: "80cd7d227db44f34a6108591dad9c040" is_pre_election: true
I20260709 12:24:10.554046 10852 raft_consensus.cc:3060] T ee998be153d94f6f91c39dace2c32f19 P 80cd7d227db44f34a6108591dad9c040 [term 0 FOLLOWER]: Advancing to term 1
I20260709 12:24:10.554620 10850 raft_consensus.cc:2393] T 114b16c8c992413dab64ab31b16cb06f P 80cd7d227db44f34a6108591dad9c040 [term 1 FOLLOWER]: Leader election vote request: Denying vote to candidate e2d5c637307a407ab688f5ccd6f0fcea in current term 1: Already voted for candidate 80cd7d227db44f34a6108591dad9c040 in this term.
I20260709 12:24:10.549502 11242 consensus_queue.cc:1048] T 577c93bfc0d84ec6ad610cad0cf16899 P e2d5c637307a407ab688f5ccd6f0fcea [LEADER]: Connected to new peer: Peer: permanent_uuid: "80cd7d227db44f34a6108591dad9c040" member_type: VOTER last_known_addr { host: "127.9.116.65" port: 46265 }, Status: LMP_MISMATCH, Last received: 0.0, Next index: 1, Last known committed idx: 0, Time since last communication: 0.011s
W20260709 12:24:10.562451 10894 leader_election.cc:343] T 928860b1f6314ad3bd3582c7f89e460e P e2d5c637307a407ab688f5ccd6f0fcea [CANDIDATE]: Term 1 pre-election: Tablet error from VoteRequest() call to peer 80cd7d227db44f34a6108591dad9c040 (127.9.116.65:46265): Illegal state: must be running to vote when last-logged opid is not known
I20260709 12:24:10.565598 11271 raft_consensus.cc:493] T f52e71e935934a298445f2f87c913f9e P e2d5c637307a407ab688f5ccd6f0fcea [term 0 FOLLOWER]: Starting pre-election (no leader contacted us within the election timeout)
I20260709 12:24:10.566291 11271 raft_consensus.cc:515] T f52e71e935934a298445f2f87c913f9e P e2d5c637307a407ab688f5ccd6f0fcea [term 0 FOLLOWER]: Starting pre-election with config: opid_index: -1 OBSOLETE_local: false peers { permanent_uuid: "80cd7d227db44f34a6108591dad9c040" member_type: VOTER last_known_addr { host: "127.9.116.65" port: 46265 } } peers { permanent_uuid: "e2d5c637307a407ab688f5ccd6f0fcea" member_type: VOTER last_known_addr { host: "127.9.116.66" port: 39339 } } peers { permanent_uuid: "edcc56ddd3264984b4da6c1db59e7f08" member_type: VOTER last_known_addr { host: "127.9.116.67" port: 39945 } }
I20260709 12:24:10.568262 10852 raft_consensus.cc:2468] T ee998be153d94f6f91c39dace2c32f19 P 80cd7d227db44f34a6108591dad9c040 [term 1 FOLLOWER]: Leader election vote request: Granting yes vote for candidate e2d5c637307a407ab688f5ccd6f0fcea in term 1.
I20260709 12:24:10.570201 11143 raft_consensus.cc:493] T 5794ba618e514e28a7542ab6af39d8c9 P 80cd7d227db44f34a6108591dad9c040 [term 0 FOLLOWER]: Starting pre-election (no leader contacted us within the election timeout)
I20260709 12:24:10.570761 11143 raft_consensus.cc:515] T 5794ba618e514e28a7542ab6af39d8c9 P 80cd7d227db44f34a6108591dad9c040 [term 0 FOLLOWER]: Starting pre-election with config: opid_index: -1 OBSOLETE_local: false peers { permanent_uuid: "80cd7d227db44f34a6108591dad9c040" member_type: VOTER last_known_addr { host: "127.9.116.65" port: 46265 } } peers { permanent_uuid: "e2d5c637307a407ab688f5ccd6f0fcea" member_type: VOTER last_known_addr { host: "127.9.116.66" port: 39339 } } peers { permanent_uuid: "edcc56ddd3264984b4da6c1db59e7f08" member_type: VOTER last_known_addr { host: "127.9.116.67" port: 39945 } }
I20260709 12:24:10.568606 11271 leader_election.cc:290] T f52e71e935934a298445f2f87c913f9e P e2d5c637307a407ab688f5ccd6f0fcea [CANDIDATE]: Term 1 pre-election: Requested pre-vote from peers 80cd7d227db44f34a6108591dad9c040 (127.9.116.65:46265), edcc56ddd3264984b4da6c1db59e7f08 (127.9.116.67:39945)
I20260709 12:24:10.574362 10925 tablet_service.cc:1917] Received RequestConsensusVote() RPC: tablet_id: "5794ba618e514e28a7542ab6af39d8c9" candidate_uuid: "80cd7d227db44f34a6108591dad9c040" candidate_term: 1 candidate_status { last_received { term: 0 index: 0 } } ignore_live_leader: false dest_uuid: "e2d5c637307a407ab688f5ccd6f0fcea" is_pre_election: true
I20260709 12:24:10.574728 11001 tablet_service.cc:1917] Received RequestConsensusVote() RPC: tablet_id: "5794ba618e514e28a7542ab6af39d8c9" candidate_uuid: "80cd7d227db44f34a6108591dad9c040" candidate_term: 1 candidate_status { last_received { term: 0 index: 0 } } ignore_live_leader: false dest_uuid: "edcc56ddd3264984b4da6c1db59e7f08" is_pre_election: true
I20260709 12:24:10.575013 10925 raft_consensus.cc:2468] T 5794ba618e514e28a7542ab6af39d8c9 P e2d5c637307a407ab688f5ccd6f0fcea [term 0 FOLLOWER]: Leader pre-election vote request: Granting yes vote for candidate 80cd7d227db44f34a6108591dad9c040 in term 0.
I20260709 12:24:10.575655 11001 raft_consensus.cc:2468] T 5794ba618e514e28a7542ab6af39d8c9 P edcc56ddd3264984b4da6c1db59e7f08 [term 0 FOLLOWER]: Leader pre-election vote request: Granting yes vote for candidate 80cd7d227db44f34a6108591dad9c040 in term 0.
I20260709 12:24:10.576756 10819 leader_election.cc:304] T 5794ba618e514e28a7542ab6af39d8c9 P 80cd7d227db44f34a6108591dad9c040 [CANDIDATE]: Term 1 pre-election: Election decided. Result: candidate won. Election summary: received 2 responses out of 3 voters: 2 yes votes; 0 no votes. yes voters: 80cd7d227db44f34a6108591dad9c040, e2d5c637307a407ab688f5ccd6f0fcea; no voters: 
I20260709 12:24:10.569727 10999 raft_consensus.cc:2468] T 114b16c8c992413dab64ab31b16cb06f P edcc56ddd3264984b4da6c1db59e7f08 [term 1 FOLLOWER]: Leader election vote request: Granting yes vote for candidate 80cd7d227db44f34a6108591dad9c040 in term 1.
I20260709 12:24:10.578480 10820 leader_election.cc:304] T 114b16c8c992413dab64ab31b16cb06f P 80cd7d227db44f34a6108591dad9c040 [CANDIDATE]: Term 1 election: Election decided. Result: candidate won. Election summary: received 3 responses out of 3 voters: 2 yes votes; 1 no votes. yes voters: 80cd7d227db44f34a6108591dad9c040, edcc56ddd3264984b4da6c1db59e7f08; no voters: e2d5c637307a407ab688f5ccd6f0fcea
I20260709 12:24:10.580044 11212 raft_consensus.cc:2804] T 114b16c8c992413dab64ab31b16cb06f P 80cd7d227db44f34a6108591dad9c040 [term 1 FOLLOWER]: Leader election won for term 1
I20260709 12:24:10.581596 11213 raft_consensus.cc:2804] T 5794ba618e514e28a7542ab6af39d8c9 P 80cd7d227db44f34a6108591dad9c040 [term 0 FOLLOWER]: Leader pre-election won for term 1
I20260709 12:24:10.582211 11213 raft_consensus.cc:493] T 5794ba618e514e28a7542ab6af39d8c9 P 80cd7d227db44f34a6108591dad9c040 [term 0 FOLLOWER]: Starting leader election (no leader contacted us within the election timeout)
I20260709 12:24:10.582625 11213 raft_consensus.cc:3060] T 5794ba618e514e28a7542ab6af39d8c9 P 80cd7d227db44f34a6108591dad9c040 [term 0 FOLLOWER]: Advancing to term 1
I20260709 12:24:10.553471 11214 raft_consensus.cc:2749] T cb3b4ab419804fabb71d2a98c266b209 P 80cd7d227db44f34a6108591dad9c040 [term 1 FOLLOWER]: Leader pre-election lost for term 1. Reason: could not achieve majority
I20260709 12:24:10.591758 11143 leader_election.cc:290] T 5794ba618e514e28a7542ab6af39d8c9 P 80cd7d227db44f34a6108591dad9c040 [CANDIDATE]: Term 1 pre-election: Requested pre-vote from peers e2d5c637307a407ab688f5ccd6f0fcea (127.9.116.66:39339), edcc56ddd3264984b4da6c1db59e7f08 (127.9.116.67:39945)
I20260709 12:24:10.596755 10999 tablet_service.cc:1917] Received RequestConsensusVote() RPC: tablet_id: "f52e71e935934a298445f2f87c913f9e" candidate_uuid: "e2d5c637307a407ab688f5ccd6f0fcea" candidate_term: 1 candidate_status { last_received { term: 0 index: 0 } } ignore_live_leader: false dest_uuid: "edcc56ddd3264984b4da6c1db59e7f08" is_pre_election: true
I20260709 12:24:10.598400 10895 leader_election.cc:304] T 114b16c8c992413dab64ab31b16cb06f P e2d5c637307a407ab688f5ccd6f0fcea [CANDIDATE]: Term 1 election: Election decided. Result: candidate lost. Election summary: received 3 responses out of 3 voters: 1 yes votes; 2 no votes. yes voters: e2d5c637307a407ab688f5ccd6f0fcea; no voters: 80cd7d227db44f34a6108591dad9c040, edcc56ddd3264984b4da6c1db59e7f08
I20260709 12:24:10.616087 11207 raft_consensus.cc:515] T 928860b1f6314ad3bd3582c7f89e460e P e2d5c637307a407ab688f5ccd6f0fcea [term 1 FOLLOWER]: Starting leader election with config: opid_index: -1 OBSOLETE_local: false peers { permanent_uuid: "80cd7d227db44f34a6108591dad9c040" member_type: VOTER last_known_addr { host: "127.9.116.65" port: 46265 } } peers { permanent_uuid: "e2d5c637307a407ab688f5ccd6f0fcea" member_type: VOTER last_known_addr { host: "127.9.116.66" port: 39339 } } peers { permanent_uuid: "edcc56ddd3264984b4da6c1db59e7f08" member_type: VOTER last_known_addr { host: "127.9.116.67" port: 39945 } }
I20260709 12:24:10.618405 11207 leader_election.cc:290] T 928860b1f6314ad3bd3582c7f89e460e P e2d5c637307a407ab688f5ccd6f0fcea [CANDIDATE]: Term 1 election: Requested vote from peers 80cd7d227db44f34a6108591dad9c040 (127.9.116.65:46265), edcc56ddd3264984b4da6c1db59e7f08 (127.9.116.67:39945)
I20260709 12:24:10.618858 11045 tablet_bootstrap.cc:492] T ab816bcc6183447994a2cc013e46c5f8 P edcc56ddd3264984b4da6c1db59e7f08: No bootstrap required, opened a new log
I20260709 12:24:10.619082 11211 raft_consensus.cc:2749] T 114b16c8c992413dab64ab31b16cb06f P e2d5c637307a407ab688f5ccd6f0fcea [term 1 FOLLOWER]: Leader election lost for term 1. Reason: could not achieve majority
I20260709 12:24:10.619666 11045 ts_tablet_manager.cc:1403] T ab816bcc6183447994a2cc013e46c5f8 P edcc56ddd3264984b4da6c1db59e7f08: Time spent bootstrapping tablet: real 0.230s	user 0.071s	sys 0.115s
I20260709 12:24:10.623535 11047 raft_consensus.cc:359] T f5b822586ed04f2cb681fefd045b3f6d P 80cd7d227db44f34a6108591dad9c040 [term 0 FOLLOWER]: Replica starting. Triggering 0 pending ops. Active config: opid_index: -1 OBSOLETE_local: false peers { permanent_uuid: "80cd7d227db44f34a6108591dad9c040" member_type: VOTER last_known_addr { host: "127.9.116.65" port: 46265 } } peers { permanent_uuid: "e2d5c637307a407ab688f5ccd6f0fcea" member_type: VOTER last_known_addr { host: "127.9.116.66" port: 39339 } } peers { permanent_uuid: "edcc56ddd3264984b4da6c1db59e7f08" member_type: VOTER last_known_addr { host: "127.9.116.67" port: 39945 } }
I20260709 12:24:10.624496 11047 raft_consensus.cc:385] T f5b822586ed04f2cb681fefd045b3f6d P 80cd7d227db44f34a6108591dad9c040 [term 0 FOLLOWER]: Consensus starting up: Expiring failure detector timer to make a prompt election more likely
I20260709 12:24:10.624863 11047 raft_consensus.cc:740] T f5b822586ed04f2cb681fefd045b3f6d P 80cd7d227db44f34a6108591dad9c040 [term 0 FOLLOWER]: Becoming Follower/Learner. State: Replica: 80cd7d227db44f34a6108591dad9c040, State: Initialized, Role: FOLLOWER
I20260709 12:24:10.625872 11043 tablet_bootstrap.cc:492] T f5b822586ed04f2cb681fefd045b3f6d P e2d5c637307a407ab688f5ccd6f0fcea: No bootstrap required, opened a new log
I20260709 12:24:10.625662 11047 consensus_queue.cc:260] T f5b822586ed04f2cb681fefd045b3f6d P 80cd7d227db44f34a6108591dad9c040 [NON_LEADER]: Queue going to NON_LEADER mode. State: All replicated index: 0, Majority replicated index: 0, Committed index: 0, Last appended: 0.0, Last appended by leader: 0, Current term: 0, Majority size: -1, State: 0, Mode: NON_LEADER, active raft config: opid_index: -1 OBSOLETE_local: false peers { permanent_uuid: "80cd7d227db44f34a6108591dad9c040" member_type: VOTER last_known_addr { host: "127.9.116.65" port: 46265 } } peers { permanent_uuid: "e2d5c637307a407ab688f5ccd6f0fcea" member_type: VOTER last_known_addr { host: "127.9.116.66" port: 39339 } } peers { permanent_uuid: "edcc56ddd3264984b4da6c1db59e7f08" member_type: VOTER last_known_addr { host: "127.9.116.67" port: 39945 } }
I20260709 12:24:10.627264 11043 ts_tablet_manager.cc:1403] T f5b822586ed04f2cb681fefd045b3f6d P e2d5c637307a407ab688f5ccd6f0fcea: Time spent bootstrapping tablet: real 0.162s	user 0.014s	sys 0.018s
I20260709 12:24:10.632807 11043 raft_consensus.cc:359] T f5b822586ed04f2cb681fefd045b3f6d P e2d5c637307a407ab688f5ccd6f0fcea [term 0 FOLLOWER]: Replica starting. Triggering 0 pending ops. Active config: opid_index: -1 OBSOLETE_local: false peers { permanent_uuid: "80cd7d227db44f34a6108591dad9c040" member_type: VOTER last_known_addr { host: "127.9.116.65" port: 46265 } } peers { permanent_uuid: "e2d5c637307a407ab688f5ccd6f0fcea" member_type: VOTER last_known_addr { host: "127.9.116.66" port: 39339 } } peers { permanent_uuid: "edcc56ddd3264984b4da6c1db59e7f08" member_type: VOTER last_known_addr { host: "127.9.116.67" port: 39945 } }
I20260709 12:24:10.633688 11043 raft_consensus.cc:385] T f5b822586ed04f2cb681fefd045b3f6d P e2d5c637307a407ab688f5ccd6f0fcea [term 0 FOLLOWER]: Consensus starting up: Expiring failure detector timer to make a prompt election more likely
I20260709 12:24:10.634141 11043 raft_consensus.cc:740] T f5b822586ed04f2cb681fefd045b3f6d P e2d5c637307a407ab688f5ccd6f0fcea [term 0 FOLLOWER]: Becoming Follower/Learner. State: Replica: e2d5c637307a407ab688f5ccd6f0fcea, State: Initialized, Role: FOLLOWER
I20260709 12:24:10.635072 11213 raft_consensus.cc:515] T 5794ba618e514e28a7542ab6af39d8c9 P 80cd7d227db44f34a6108591dad9c040 [term 1 FOLLOWER]: Starting leader election with config: opid_index: -1 OBSOLETE_local: false peers { permanent_uuid: "80cd7d227db44f34a6108591dad9c040" member_type: VOTER last_known_addr { host: "127.9.116.65" port: 46265 } } peers { permanent_uuid: "e2d5c637307a407ab688f5ccd6f0fcea" member_type: VOTER last_known_addr { host: "127.9.116.66" port: 39339 } } peers { permanent_uuid: "edcc56ddd3264984b4da6c1db59e7f08" member_type: VOTER last_known_addr { host: "127.9.116.67" port: 39945 } }
W20260709 12:24:10.636026 10895 leader_election.cc:343] T f52e71e935934a298445f2f87c913f9e P e2d5c637307a407ab688f5ccd6f0fcea [CANDIDATE]: Term 1 pre-election: Tablet error from VoteRequest() call to peer edcc56ddd3264984b4da6c1db59e7f08 (127.9.116.67:39945): Illegal state: must be running to vote when last-logged opid is not known
I20260709 12:24:10.636638 11043 consensus_queue.cc:260] T f5b822586ed04f2cb681fefd045b3f6d P e2d5c637307a407ab688f5ccd6f0fcea [NON_LEADER]: Queue going to NON_LEADER mode. State: All replicated index: 0, Majority replicated index: 0, Committed index: 0, Last appended: 0.0, Last appended by leader: 0, Current term: 0, Majority size: -1, State: 0, Mode: NON_LEADER, active raft config: opid_index: -1 OBSOLETE_local: false peers { permanent_uuid: "80cd7d227db44f34a6108591dad9c040" member_type: VOTER last_known_addr { host: "127.9.116.65" port: 46265 } } peers { permanent_uuid: "e2d5c637307a407ab688f5ccd6f0fcea" member_type: VOTER last_known_addr { host: "127.9.116.66" port: 39339 } } peers { permanent_uuid: "edcc56ddd3264984b4da6c1db59e7f08" member_type: VOTER last_known_addr { host: "127.9.116.67" port: 39945 } }
I20260709 12:24:10.637292 10894 leader_election.cc:304] T ee998be153d94f6f91c39dace2c32f19 P e2d5c637307a407ab688f5ccd6f0fcea [CANDIDATE]: Term 1 election: Election decided. Result: candidate won. Election summary: received 2 responses out of 3 voters: 2 yes votes; 0 no votes. yes voters: 80cd7d227db44f34a6108591dad9c040, e2d5c637307a407ab688f5ccd6f0fcea; no voters: 
I20260709 12:24:10.638348 11242 raft_consensus.cc:2804] T ee998be153d94f6f91c39dace2c32f19 P e2d5c637307a407ab688f5ccd6f0fcea [term 1 FOLLOWER]: Leader election won for term 1
I20260709 12:24:10.638679 11213 leader_election.cc:290] T 5794ba618e514e28a7542ab6af39d8c9 P 80cd7d227db44f34a6108591dad9c040 [CANDIDATE]: Term 1 election: Requested vote from peers e2d5c637307a407ab688f5ccd6f0fcea (127.9.116.66:39339), edcc56ddd3264984b4da6c1db59e7f08 (127.9.116.67:39945)
I20260709 12:24:10.634233 11297 leader_election.cc:290] T ee998be153d94f6f91c39dace2c32f19 P e2d5c637307a407ab688f5ccd6f0fcea [CANDIDATE]: Term 1 election: Requested vote from peers 80cd7d227db44f34a6108591dad9c040 (127.9.116.65:46265), edcc56ddd3264984b4da6c1db59e7f08 (127.9.116.67:39945)
I20260709 12:24:10.640493 11045 raft_consensus.cc:359] T ab816bcc6183447994a2cc013e46c5f8 P edcc56ddd3264984b4da6c1db59e7f08 [term 0 FOLLOWER]: Replica starting. Triggering 0 pending ops. Active config: opid_index: -1 OBSOLETE_local: false peers { permanent_uuid: "80cd7d227db44f34a6108591dad9c040" member_type: VOTER last_known_addr { host: "127.9.116.65" port: 46265 } } peers { permanent_uuid: "e2d5c637307a407ab688f5ccd6f0fcea" member_type: VOTER last_known_addr { host: "127.9.116.66" port: 39339 } } peers { permanent_uuid: "edcc56ddd3264984b4da6c1db59e7f08" member_type: VOTER last_known_addr { host: "127.9.116.67" port: 39945 } }
I20260709 12:24:10.641757 11045 raft_consensus.cc:385] T ab816bcc6183447994a2cc013e46c5f8 P edcc56ddd3264984b4da6c1db59e7f08 [term 0 FOLLOWER]: Consensus starting up: Expiring failure detector timer to make a prompt election more likely
I20260709 12:24:10.642513 11045 raft_consensus.cc:740] T ab816bcc6183447994a2cc013e46c5f8 P edcc56ddd3264984b4da6c1db59e7f08 [term 0 FOLLOWER]: Becoming Follower/Learner. State: Replica: edcc56ddd3264984b4da6c1db59e7f08, State: Initialized, Role: FOLLOWER
I20260709 12:24:10.641659 11212 raft_consensus.cc:697] T 114b16c8c992413dab64ab31b16cb06f P 80cd7d227db44f34a6108591dad9c040 [term 1 LEADER]: Becoming Leader. State: Replica: 80cd7d227db44f34a6108591dad9c040, State: Running, Role: LEADER
I20260709 12:24:10.645126 11212 consensus_queue.cc:237] T 114b16c8c992413dab64ab31b16cb06f P 80cd7d227db44f34a6108591dad9c040 [LEADER]: Queue going to LEADER mode. State: All replicated index: 0, Majority replicated index: 0, Committed index: 0, Last appended: 0.0, Last appended by leader: 0, Current term: 1, Majority size: 2, State: 0, Mode: LEADER, active raft config: opid_index: -1 OBSOLETE_local: false peers { permanent_uuid: "80cd7d227db44f34a6108591dad9c040" member_type: VOTER last_known_addr { host: "127.9.116.65" port: 46265 } } peers { permanent_uuid: "e2d5c637307a407ab688f5ccd6f0fcea" member_type: VOTER last_known_addr { host: "127.9.116.66" port: 39339 } } peers { permanent_uuid: "edcc56ddd3264984b4da6c1db59e7f08" member_type: VOTER last_known_addr { host: "127.9.116.67" port: 39945 } }
I20260709 12:24:10.643324 11045 consensus_queue.cc:260] T ab816bcc6183447994a2cc013e46c5f8 P edcc56ddd3264984b4da6c1db59e7f08 [NON_LEADER]: Queue going to NON_LEADER mode. State: All replicated index: 0, Majority replicated index: 0, Committed index: 0, Last appended: 0.0, Last appended by leader: 0, Current term: 0, Majority size: -1, State: 0, Mode: NON_LEADER, active raft config: opid_index: -1 OBSOLETE_local: false peers { permanent_uuid: "80cd7d227db44f34a6108591dad9c040" member_type: VOTER last_known_addr { host: "127.9.116.65" port: 46265 } } peers { permanent_uuid: "e2d5c637307a407ab688f5ccd6f0fcea" member_type: VOTER last_known_addr { host: "127.9.116.66" port: 39339 } } peers { permanent_uuid: "edcc56ddd3264984b4da6c1db59e7f08" member_type: VOTER last_known_addr { host: "127.9.116.67" port: 39945 } }
I20260709 12:24:10.648481 11043 ts_tablet_manager.cc:1434] T f5b822586ed04f2cb681fefd045b3f6d P e2d5c637307a407ab688f5ccd6f0fcea: Time spent starting tablet: real 0.021s	user 0.007s	sys 0.000s
I20260709 12:24:10.649688 11043 tablet_bootstrap.cc:492] T c72fddfc26044838a71a798f3371636b P e2d5c637307a407ab688f5ccd6f0fcea: Bootstrap starting.
