I20260709 12:23:54.609866 28910 ts_tablet_manager.cc:1434] T 95ff564689bc431d8120f43121ec19df P 3ba7dbbe459d4e9ab61009106d583409: Time spent starting tablet: real 0.006s	user 0.004s	sys 0.000s
I20260709 12:23:54.610702 28910 tablet_bootstrap.cc:492] T 07ccde3d6679493c9af2179777d7153d P 3ba7dbbe459d4e9ab61009106d583409: Bootstrap starting.
I20260709 12:23:54.614315 28911 tablet_bootstrap.cc:654] T 65a807e2a6734bc7be2738bc74f21878 P 84a7bd66fbe54fbd972e2cdafade8437: Neither blocks nor log segments found. Creating new log.
I20260709 12:23:54.615996 28910 tablet_bootstrap.cc:654] T 07ccde3d6679493c9af2179777d7153d P 3ba7dbbe459d4e9ab61009106d583409: Neither blocks nor log segments found. Creating new log.
I20260709 12:23:54.619624 28909 tablet_bootstrap.cc:492] T 29d48454f3474f38ac65200c51462278 P 78acdc032d8e44bda872894d74f3b29d: No bootstrap required, opened a new log
I20260709 12:23:54.620085 28909 ts_tablet_manager.cc:1403] T 29d48454f3474f38ac65200c51462278 P 78acdc032d8e44bda872894d74f3b29d: Time spent bootstrapping tablet: real 0.033s	user 0.008s	sys 0.005s
I20260709 12:23:54.622556 28909 raft_consensus.cc:359] T 29d48454f3474f38ac65200c51462278 P 78acdc032d8e44bda872894d74f3b29d [term 0 FOLLOWER]: Replica starting. Triggering 0 pending ops. Active config: opid_index: -1 OBSOLETE_local: false peers { permanent_uuid: "3ba7dbbe459d4e9ab61009106d583409" member_type: VOTER last_known_addr { host: "127.26.236.1" port: 41803 } } peers { permanent_uuid: "78acdc032d8e44bda872894d74f3b29d" member_type: VOTER last_known_addr { host: "127.26.236.2" port: 39167 } } peers { permanent_uuid: "84a7bd66fbe54fbd972e2cdafade8437" member_type: VOTER last_known_addr { host: "127.26.236.3" port: 35259 } }
I20260709 12:23:54.623214 28909 raft_consensus.cc:385] T 29d48454f3474f38ac65200c51462278 P 78acdc032d8e44bda872894d74f3b29d [term 0 FOLLOWER]: Consensus starting up: Expiring failure detector timer to make a prompt election more likely
I20260709 12:23:54.623479 28909 raft_consensus.cc:740] T 29d48454f3474f38ac65200c51462278 P 78acdc032d8e44bda872894d74f3b29d [term 0 FOLLOWER]: Becoming Follower/Learner. State: Replica: 78acdc032d8e44bda872894d74f3b29d, State: Initialized, Role: FOLLOWER
I20260709 12:23:54.624138 28909 consensus_queue.cc:260] T 29d48454f3474f38ac65200c51462278 P 78acdc032d8e44bda872894d74f3b29d [NON_LEADER]: Queue going to NON_LEADER mode. State: All replicated index: 0, Majority replicated index: 0, Committed index: 0, Last appended: 0.0, Last appended by leader: 0, Current term: 0, Majority size: -1, State: 0, Mode: NON_LEADER, active raft config: opid_index: -1 OBSOLETE_local: false peers { permanent_uuid: "3ba7dbbe459d4e9ab61009106d583409" member_type: VOTER last_known_addr { host: "127.26.236.1" port: 41803 } } peers { permanent_uuid: "78acdc032d8e44bda872894d74f3b29d" member_type: VOTER last_known_addr { host: "127.26.236.2" port: 39167 } } peers { permanent_uuid: "84a7bd66fbe54fbd972e2cdafade8437" member_type: VOTER last_known_addr { host: "127.26.236.3" port: 35259 } }
I20260709 12:23:54.626554 28909 ts_tablet_manager.cc:1434] T 29d48454f3474f38ac65200c51462278 P 78acdc032d8e44bda872894d74f3b29d: Time spent starting tablet: real 0.006s	user 0.003s	sys 0.002s
I20260709 12:23:54.627985 28909 tablet_bootstrap.cc:492] T b3ddac4be0fa4219bab9e52426754e91 P 78acdc032d8e44bda872894d74f3b29d: Bootstrap starting.
W20260709 12:23:54.632020 28833 consensus_peers.cc:597] T b3bc26c7cd9144c0bb126fee77ba6f10 P 84a7bd66fbe54fbd972e2cdafade8437 -> Peer 3ba7dbbe459d4e9ab61009106d583409 (127.26.236.1:41803): Couldn't send request to peer 3ba7dbbe459d4e9ab61009106d583409. Error code: TABLET_NOT_RUNNING (12). Status: Illegal state: Tablet not RUNNING: INITIALIZED. This is attempt 1: this message will repeat every 5th retry.
I20260709 12:23:54.637318 28910 tablet_bootstrap.cc:492] T 07ccde3d6679493c9af2179777d7153d P 3ba7dbbe459d4e9ab61009106d583409: No bootstrap required, opened a new log
I20260709 12:23:54.637923 28910 ts_tablet_manager.cc:1403] T 07ccde3d6679493c9af2179777d7153d P 3ba7dbbe459d4e9ab61009106d583409: Time spent bootstrapping tablet: real 0.027s	user 0.018s	sys 0.006s
I20260709 12:23:54.637475 28909 tablet_bootstrap.cc:654] T b3ddac4be0fa4219bab9e52426754e91 P 78acdc032d8e44bda872894d74f3b29d: Neither blocks nor log segments found. Creating new log.
I20260709 12:23:54.638723 28960 raft_consensus.cc:493] T f9a41ae8c2f24ddc835e1b81b276649a P 84a7bd66fbe54fbd972e2cdafade8437 [term 0 FOLLOWER]: Starting pre-election (no leader contacted us within the election timeout)
I20260709 12:23:54.639161 28960 raft_consensus.cc:515] T f9a41ae8c2f24ddc835e1b81b276649a P 84a7bd66fbe54fbd972e2cdafade8437 [term 0 FOLLOWER]: Starting pre-election with config: opid_index: -1 OBSOLETE_local: false peers { permanent_uuid: "84a7bd66fbe54fbd972e2cdafade8437" member_type: VOTER last_known_addr { host: "127.26.236.3" port: 35259 } } peers { permanent_uuid: "78acdc032d8e44bda872894d74f3b29d" member_type: VOTER last_known_addr { host: "127.26.236.2" port: 39167 } } peers { permanent_uuid: "3ba7dbbe459d4e9ab61009106d583409" member_type: VOTER last_known_addr { host: "127.26.236.1" port: 41803 } }
I20260709 12:23:54.640482 28910 raft_consensus.cc:359] T 07ccde3d6679493c9af2179777d7153d P 3ba7dbbe459d4e9ab61009106d583409 [term 0 FOLLOWER]: Replica starting. Triggering 0 pending ops. Active config: opid_index: -1 OBSOLETE_local: false peers { permanent_uuid: "3ba7dbbe459d4e9ab61009106d583409" member_type: VOTER last_known_addr { host: "127.26.236.1" port: 41803 } } peers { permanent_uuid: "78acdc032d8e44bda872894d74f3b29d" member_type: VOTER last_known_addr { host: "127.26.236.2" port: 39167 } } peers { permanent_uuid: "84a7bd66fbe54fbd972e2cdafade8437" member_type: VOTER last_known_addr { host: "127.26.236.3" port: 35259 } }
I20260709 12:23:54.641090 28910 raft_consensus.cc:385] T 07ccde3d6679493c9af2179777d7153d P 3ba7dbbe459d4e9ab61009106d583409 [term 0 FOLLOWER]: Consensus starting up: Expiring failure detector timer to make a prompt election more likely
I20260709 12:23:54.641178 28960 leader_election.cc:290] T f9a41ae8c2f24ddc835e1b81b276649a P 84a7bd66fbe54fbd972e2cdafade8437 [CANDIDATE]: Term 1 pre-election: Requested pre-vote from peers 78acdc032d8e44bda872894d74f3b29d (127.26.236.2:39167), 3ba7dbbe459d4e9ab61009106d583409 (127.26.236.1:41803)
I20260709 12:23:54.641359 28910 raft_consensus.cc:740] T 07ccde3d6679493c9af2179777d7153d P 3ba7dbbe459d4e9ab61009106d583409 [term 0 FOLLOWER]: Becoming Follower/Learner. State: Replica: 3ba7dbbe459d4e9ab61009106d583409, State: Initialized, Role: FOLLOWER
I20260709 12:23:54.641990 28910 consensus_queue.cc:260] T 07ccde3d6679493c9af2179777d7153d P 3ba7dbbe459d4e9ab61009106d583409 [NON_LEADER]: Queue going to NON_LEADER mode. State: All replicated index: 0, Majority replicated index: 0, Committed index: 0, Last appended: 0.0, Last appended by leader: 0, Current term: 0, Majority size: -1, State: 0, Mode: NON_LEADER, active raft config: opid_index: -1 OBSOLETE_local: false peers { permanent_uuid: "3ba7dbbe459d4e9ab61009106d583409" member_type: VOTER last_known_addr { host: "127.26.236.1" port: 41803 } } peers { permanent_uuid: "78acdc032d8e44bda872894d74f3b29d" member_type: VOTER last_known_addr { host: "127.26.236.2" port: 39167 } } peers { permanent_uuid: "84a7bd66fbe54fbd972e2cdafade8437" member_type: VOTER last_known_addr { host: "127.26.236.3" port: 35259 } }
I20260709 12:23:54.643471 28795 tablet_service.cc:1917] Received RequestConsensusVote() RPC: tablet_id: "f9a41ae8c2f24ddc835e1b81b276649a" candidate_uuid: "84a7bd66fbe54fbd972e2cdafade8437" candidate_term: 1 candidate_status { last_received { term: 0 index: 0 } } ignore_live_leader: false dest_uuid: "78acdc032d8e44bda872894d74f3b29d" is_pre_election: true
I20260709 12:23:54.643900 28910 ts_tablet_manager.cc:1434] T 07ccde3d6679493c9af2179777d7153d P 3ba7dbbe459d4e9ab61009106d583409: Time spent starting tablet: real 0.006s	user 0.005s	sys 0.000s
I20260709 12:23:54.644066 28795 raft_consensus.cc:2468] T f9a41ae8c2f24ddc835e1b81b276649a P 78acdc032d8e44bda872894d74f3b29d [term 0 FOLLOWER]: Leader pre-election vote request: Granting yes vote for candidate 84a7bd66fbe54fbd972e2cdafade8437 in term 0.
I20260709 12:23:54.644418 28717 tablet_service.cc:1917] Received RequestConsensusVote() RPC: tablet_id: "f9a41ae8c2f24ddc835e1b81b276649a" candidate_uuid: "84a7bd66fbe54fbd972e2cdafade8437" candidate_term: 1 candidate_status { last_received { term: 0 index: 0 } } ignore_live_leader: false dest_uuid: "3ba7dbbe459d4e9ab61009106d583409" is_pre_election: true
I20260709 12:23:54.644743 28910 tablet_bootstrap.cc:492] T b3bc26c7cd9144c0bb126fee77ba6f10 P 3ba7dbbe459d4e9ab61009106d583409: Bootstrap starting.
I20260709 12:23:54.644984 28717 raft_consensus.cc:2468] T f9a41ae8c2f24ddc835e1b81b276649a P 3ba7dbbe459d4e9ab61009106d583409 [term 0 FOLLOWER]: Leader pre-election vote request: Granting yes vote for candidate 84a7bd66fbe54fbd972e2cdafade8437 in term 0.
I20260709 12:23:54.645256 28834 leader_election.cc:304] T f9a41ae8c2f24ddc835e1b81b276649a P 84a7bd66fbe54fbd972e2cdafade8437 [CANDIDATE]: Term 1 pre-election: Election decided. Result: candidate won. Election summary: received 2 responses out of 3 voters: 2 yes votes; 0 no votes. yes voters: 78acdc032d8e44bda872894d74f3b29d, 84a7bd66fbe54fbd972e2cdafade8437; no voters: 
I20260709 12:23:54.646034 28960 raft_consensus.cc:2804] T f9a41ae8c2f24ddc835e1b81b276649a P 84a7bd66fbe54fbd972e2cdafade8437 [term 0 FOLLOWER]: Leader pre-election won for term 1
I20260709 12:23:54.646353 28960 raft_consensus.cc:493] T f9a41ae8c2f24ddc835e1b81b276649a P 84a7bd66fbe54fbd972e2cdafade8437 [term 0 FOLLOWER]: Starting leader election (no leader contacted us within the election timeout)
I20260709 12:23:54.646665 28960 raft_consensus.cc:3060] T f9a41ae8c2f24ddc835e1b81b276649a P 84a7bd66fbe54fbd972e2cdafade8437 [term 0 FOLLOWER]: Advancing to term 1
I20260709 12:23:54.648509 28919 raft_consensus.cc:493] T 07ccde3d6679493c9af2179777d7153d P 3ba7dbbe459d4e9ab61009106d583409 [term 0 FOLLOWER]: Starting pre-election (no leader contacted us within the election timeout)
I20260709 12:23:54.649019 28919 raft_consensus.cc:515] T 07ccde3d6679493c9af2179777d7153d P 3ba7dbbe459d4e9ab61009106d583409 [term 0 FOLLOWER]: Starting pre-election with config: opid_index: -1 OBSOLETE_local: false peers { permanent_uuid: "3ba7dbbe459d4e9ab61009106d583409" member_type: VOTER last_known_addr { host: "127.26.236.1" port: 41803 } } peers { permanent_uuid: "78acdc032d8e44bda872894d74f3b29d" member_type: VOTER last_known_addr { host: "127.26.236.2" port: 39167 } } peers { permanent_uuid: "84a7bd66fbe54fbd972e2cdafade8437" member_type: VOTER last_known_addr { host: "127.26.236.3" port: 35259 } }
I20260709 12:23:54.644062 28911 tablet_bootstrap.cc:492] T 65a807e2a6734bc7be2738bc74f21878 P 84a7bd66fbe54fbd972e2cdafade8437: No bootstrap required, opened a new log
I20260709 12:23:54.650771 28911 ts_tablet_manager.cc:1403] T 65a807e2a6734bc7be2738bc74f21878 P 84a7bd66fbe54fbd972e2cdafade8437: Time spent bootstrapping tablet: real 0.044s	user 0.017s	sys 0.015s
I20260709 12:23:54.656414 28910 tablet_bootstrap.cc:654] T b3bc26c7cd9144c0bb126fee77ba6f10 P 3ba7dbbe459d4e9ab61009106d583409: Neither blocks nor log segments found. Creating new log.
I20260709 12:23:54.657394 28919 leader_election.cc:290] T 07ccde3d6679493c9af2179777d7153d P 3ba7dbbe459d4e9ab61009106d583409 [CANDIDATE]: Term 1 pre-election: Requested pre-vote from peers 78acdc032d8e44bda872894d74f3b29d (127.26.236.2:39167), 84a7bd66fbe54fbd972e2cdafade8437 (127.26.236.3:35259)
I20260709 12:23:54.658903 28795 tablet_service.cc:1917] Received RequestConsensusVote() RPC: tablet_id: "07ccde3d6679493c9af2179777d7153d" candidate_uuid: "3ba7dbbe459d4e9ab61009106d583409" candidate_term: 1 candidate_status { last_received { term: 0 index: 0 } } ignore_live_leader: false dest_uuid: "78acdc032d8e44bda872894d74f3b29d" is_pre_election: true
I20260709 12:23:54.660717 28795 raft_consensus.cc:2468] T 07ccde3d6679493c9af2179777d7153d P 78acdc032d8e44bda872894d74f3b29d [term 0 FOLLOWER]: Leader pre-election vote request: Granting yes vote for candidate 3ba7dbbe459d4e9ab61009106d583409 in term 0.
I20260709 12:23:54.662070 28683 leader_election.cc:304] T 07ccde3d6679493c9af2179777d7153d P 3ba7dbbe459d4e9ab61009106d583409 [CANDIDATE]: Term 1 pre-election: Election decided. Result: candidate won. Election summary: received 2 responses out of 3 voters: 2 yes votes; 0 no votes. yes voters: 3ba7dbbe459d4e9ab61009106d583409, 78acdc032d8e44bda872894d74f3b29d; no voters: 
I20260709 12:23:54.659776 28867 tablet_service.cc:1917] Received RequestConsensusVote() RPC: tablet_id: "07ccde3d6679493c9af2179777d7153d" candidate_uuid: "3ba7dbbe459d4e9ab61009106d583409" candidate_term: 1 candidate_status { last_received { term: 0 index: 0 } } ignore_live_leader: false dest_uuid: "84a7bd66fbe54fbd972e2cdafade8437" is_pre_election: true
I20260709 12:23:54.663425 28919 raft_consensus.cc:2804] T 07ccde3d6679493c9af2179777d7153d P 3ba7dbbe459d4e9ab61009106d583409 [term 0 FOLLOWER]: Leader pre-election won for term 1
W20260709 12:23:54.663817 28684 leader_election.cc:343] T 07ccde3d6679493c9af2179777d7153d P 3ba7dbbe459d4e9ab61009106d583409 [CANDIDATE]: Term 1 pre-election: Tablet error from VoteRequest() call to peer 84a7bd66fbe54fbd972e2cdafade8437 (127.26.236.3:35259): Illegal state: must be running to vote when last-logged opid is not known
I20260709 12:23:54.664029 28960 raft_consensus.cc:515] T f9a41ae8c2f24ddc835e1b81b276649a P 84a7bd66fbe54fbd972e2cdafade8437 [term 1 FOLLOWER]: Starting leader election with config: opid_index: -1 OBSOLETE_local: false peers { permanent_uuid: "84a7bd66fbe54fbd972e2cdafade8437" member_type: VOTER last_known_addr { host: "127.26.236.3" port: 35259 } } peers { permanent_uuid: "78acdc032d8e44bda872894d74f3b29d" member_type: VOTER last_known_addr { host: "127.26.236.2" port: 39167 } } peers { permanent_uuid: "3ba7dbbe459d4e9ab61009106d583409" member_type: VOTER last_known_addr { host: "127.26.236.1" port: 41803 } }
I20260709 12:23:54.663830 28919 raft_consensus.cc:493] T 07ccde3d6679493c9af2179777d7153d P 3ba7dbbe459d4e9ab61009106d583409 [term 0 FOLLOWER]: Starting leader election (no leader contacted us within the election timeout)
I20260709 12:23:54.665158 28919 raft_consensus.cc:3060] T 07ccde3d6679493c9af2179777d7153d P 3ba7dbbe459d4e9ab61009106d583409 [term 0 FOLLOWER]: Advancing to term 1
I20260709 12:23:54.660279 28911 raft_consensus.cc:359] T 65a807e2a6734bc7be2738bc74f21878 P 84a7bd66fbe54fbd972e2cdafade8437 [term 0 FOLLOWER]: Replica starting. Triggering 0 pending ops. Active config: opid_index: -1 OBSOLETE_local: false peers { permanent_uuid: "3ba7dbbe459d4e9ab61009106d583409" member_type: VOTER last_known_addr { host: "127.26.236.1" port: 41803 } } peers { permanent_uuid: "78acdc032d8e44bda872894d74f3b29d" member_type: VOTER last_known_addr { host: "127.26.236.2" port: 39167 } } peers { permanent_uuid: "84a7bd66fbe54fbd972e2cdafade8437" member_type: VOTER last_known_addr { host: "127.26.236.3" port: 35259 } }
I20260709 12:23:54.665941 28911 raft_consensus.cc:385] T 65a807e2a6734bc7be2738bc74f21878 P 84a7bd66fbe54fbd972e2cdafade8437 [term 0 FOLLOWER]: Consensus starting up: Expiring failure detector timer to make a prompt election more likely
I20260709 12:23:54.666164 28960 leader_election.cc:290] T f9a41ae8c2f24ddc835e1b81b276649a P 84a7bd66fbe54fbd972e2cdafade8437 [CANDIDATE]: Term 1 election: Requested vote from peers 78acdc032d8e44bda872894d74f3b29d (127.26.236.2:39167), 3ba7dbbe459d4e9ab61009106d583409 (127.26.236.1:41803)
I20260709 12:23:54.666208 28911 raft_consensus.cc:740] T 65a807e2a6734bc7be2738bc74f21878 P 84a7bd66fbe54fbd972e2cdafade8437 [term 0 FOLLOWER]: Becoming Follower/Learner. State: Replica: 84a7bd66fbe54fbd972e2cdafade8437, State: Initialized, Role: FOLLOWER
I20260709 12:23:54.666895 28795 tablet_service.cc:1917] Received RequestConsensusVote() RPC: tablet_id: "f9a41ae8c2f24ddc835e1b81b276649a" candidate_uuid: "84a7bd66fbe54fbd972e2cdafade8437" candidate_term: 1 candidate_status { last_received { term: 0 index: 0 } } ignore_live_leader: false dest_uuid: "78acdc032d8e44bda872894d74f3b29d"
I20260709 12:23:54.667068 28911 consensus_queue.cc:260] T 65a807e2a6734bc7be2738bc74f21878 P 84a7bd66fbe54fbd972e2cdafade8437 [NON_LEADER]: Queue going to NON_LEADER mode. State: All replicated index: 0, Majority replicated index: 0, Committed index: 0, Last appended: 0.0, Last appended by leader: 0, Current term: 0, Majority size: -1, State: 0, Mode: NON_LEADER, active raft config: opid_index: -1 OBSOLETE_local: false peers { permanent_uuid: "3ba7dbbe459d4e9ab61009106d583409" member_type: VOTER last_known_addr { host: "127.26.236.1" port: 41803 } } peers { permanent_uuid: "78acdc032d8e44bda872894d74f3b29d" member_type: VOTER last_known_addr { host: "127.26.236.2" port: 39167 } } peers { permanent_uuid: "84a7bd66fbe54fbd972e2cdafade8437" member_type: VOTER last_known_addr { host: "127.26.236.3" port: 35259 } }
I20260709 12:23:54.667753 28795 raft_consensus.cc:3060] T f9a41ae8c2f24ddc835e1b81b276649a P 78acdc032d8e44bda872894d74f3b29d [term 0 FOLLOWER]: Advancing to term 1
I20260709 12:23:54.669859 28717 tablet_service.cc:1917] Received RequestConsensusVote() RPC: tablet_id: "f9a41ae8c2f24ddc835e1b81b276649a" candidate_uuid: "84a7bd66fbe54fbd972e2cdafade8437" candidate_term: 1 candidate_status { last_received { term: 0 index: 0 } } ignore_live_leader: false dest_uuid: "3ba7dbbe459d4e9ab61009106d583409"
I20260709 12:23:54.670178 28911 ts_tablet_manager.cc:1434] T 65a807e2a6734bc7be2738bc74f21878 P 84a7bd66fbe54fbd972e2cdafade8437: Time spent starting tablet: real 0.019s	user 0.006s	sys 0.000s
I20260709 12:23:54.670476 28717 raft_consensus.cc:3060] T f9a41ae8c2f24ddc835e1b81b276649a P 3ba7dbbe459d4e9ab61009106d583409 [term 0 FOLLOWER]: Advancing to term 1
I20260709 12:23:54.673625 28911 tablet_bootstrap.cc:492] T 07ccde3d6679493c9af2179777d7153d P 84a7bd66fbe54fbd972e2cdafade8437: Bootstrap starting.
I20260709 12:23:54.674531 28919 raft_consensus.cc:515] T 07ccde3d6679493c9af2179777d7153d P 3ba7dbbe459d4e9ab61009106d583409 [term 1 FOLLOWER]: Starting leader election with config: opid_index: -1 OBSOLETE_local: false peers { permanent_uuid: "3ba7dbbe459d4e9ab61009106d583409" member_type: VOTER last_known_addr { host: "127.26.236.1" port: 41803 } } peers { permanent_uuid: "78acdc032d8e44bda872894d74f3b29d" member_type: VOTER last_known_addr { host: "127.26.236.2" port: 39167 } } peers { permanent_uuid: "84a7bd66fbe54fbd972e2cdafade8437" member_type: VOTER last_known_addr { host: "127.26.236.3" port: 35259 } }
I20260709 12:23:54.676141 28910 tablet_bootstrap.cc:492] T b3bc26c7cd9144c0bb126fee77ba6f10 P 3ba7dbbe459d4e9ab61009106d583409: No bootstrap required, opened a new log
I20260709 12:23:54.676561 28910 ts_tablet_manager.cc:1403] T b3bc26c7cd9144c0bb126fee77ba6f10 P 3ba7dbbe459d4e9ab61009106d583409: Time spent bootstrapping tablet: real 0.032s	user 0.011s	sys 0.005s
I20260709 12:23:54.677134 28794 tablet_service.cc:1917] Received RequestConsensusVote() RPC: tablet_id: "07ccde3d6679493c9af2179777d7153d" candidate_uuid: "3ba7dbbe459d4e9ab61009106d583409" candidate_term: 1 candidate_status { last_received { term: 0 index: 0 } } ignore_live_leader: false dest_uuid: "78acdc032d8e44bda872894d74f3b29d"
I20260709 12:23:54.677654 28794 raft_consensus.cc:3060] T 07ccde3d6679493c9af2179777d7153d P 78acdc032d8e44bda872894d74f3b29d [term 0 FOLLOWER]: Advancing to term 1
I20260709 12:23:54.679072 28910 raft_consensus.cc:359] T b3bc26c7cd9144c0bb126fee77ba6f10 P 3ba7dbbe459d4e9ab61009106d583409 [term 0 FOLLOWER]: Replica starting. Triggering 0 pending ops. Active config: opid_index: -1 OBSOLETE_local: false peers { permanent_uuid: "3ba7dbbe459d4e9ab61009106d583409" member_type: VOTER last_known_addr { host: "127.26.236.1" port: 41803 } } peers { permanent_uuid: "78acdc032d8e44bda872894d74f3b29d" member_type: VOTER last_known_addr { host: "127.26.236.2" port: 39167 } } peers { permanent_uuid: "84a7bd66fbe54fbd972e2cdafade8437" member_type: VOTER last_known_addr { host: "127.26.236.3" port: 35259 } }
I20260709 12:23:54.679776 28910 raft_consensus.cc:385] T b3bc26c7cd9144c0bb126fee77ba6f10 P 3ba7dbbe459d4e9ab61009106d583409 [term 0 FOLLOWER]: Consensus starting up: Expiring failure detector timer to make a prompt election more likely
I20260709 12:23:54.680074 28910 raft_consensus.cc:740] T b3bc26c7cd9144c0bb126fee77ba6f10 P 3ba7dbbe459d4e9ab61009106d583409 [term 0 FOLLOWER]: Becoming Follower/Learner. State: Replica: 3ba7dbbe459d4e9ab61009106d583409, State: Initialized, Role: FOLLOWER
I20260709 12:23:54.680725 28910 consensus_queue.cc:260] T b3bc26c7cd9144c0bb126fee77ba6f10 P 3ba7dbbe459d4e9ab61009106d583409 [NON_LEADER]: Queue going to NON_LEADER mode. State: All replicated index: 0, Majority replicated index: 0, Committed index: 0, Last appended: 0.0, Last appended by leader: 0, Current term: 0, Majority size: -1, State: 0, Mode: NON_LEADER, active raft config: opid_index: -1 OBSOLETE_local: false peers { permanent_uuid: "3ba7dbbe459d4e9ab61009106d583409" member_type: VOTER last_known_addr { host: "127.26.236.1" port: 41803 } } peers { permanent_uuid: "78acdc032d8e44bda872894d74f3b29d" member_type: VOTER last_known_addr { host: "127.26.236.2" port: 39167 } } peers { permanent_uuid: "84a7bd66fbe54fbd972e2cdafade8437" member_type: VOTER last_known_addr { host: "127.26.236.3" port: 35259 } }
I20260709 12:23:54.682700 28910 ts_tablet_manager.cc:1434] T b3bc26c7cd9144c0bb126fee77ba6f10 P 3ba7dbbe459d4e9ab61009106d583409: Time spent starting tablet: real 0.006s	user 0.005s	sys 0.001s
I20260709 12:23:54.684355 28794 raft_consensus.cc:2468] T 07ccde3d6679493c9af2179777d7153d P 78acdc032d8e44bda872894d74f3b29d [term 1 FOLLOWER]: Leader election vote request: Granting yes vote for candidate 3ba7dbbe459d4e9ab61009106d583409 in term 1.
I20260709 12:23:54.685514 28683 leader_election.cc:304] T 07ccde3d6679493c9af2179777d7153d P 3ba7dbbe459d4e9ab61009106d583409 [CANDIDATE]: Term 1 election: Election decided. Result: candidate won. Election summary: received 2 responses out of 3 voters: 2 yes votes; 0 no votes. yes voters: 3ba7dbbe459d4e9ab61009106d583409, 78acdc032d8e44bda872894d74f3b29d; no voters: 
I20260709 12:23:54.686230 28867 tablet_service.cc:1917] Received RequestConsensusVote() RPC: tablet_id: "07ccde3d6679493c9af2179777d7153d" candidate_uuid: "3ba7dbbe459d4e9ab61009106d583409" candidate_term: 1 candidate_status { last_received { term: 0 index: 0 } } ignore_live_leader: false dest_uuid: "84a7bd66fbe54fbd972e2cdafade8437"
I20260709 12:23:54.686453 28966 raft_consensus.cc:2804] T 07ccde3d6679493c9af2179777d7153d P 3ba7dbbe459d4e9ab61009106d583409 [term 1 FOLLOWER]: Leader election won for term 1
I20260709 12:23:54.686882 28966 raft_consensus.cc:697] T 07ccde3d6679493c9af2179777d7153d P 3ba7dbbe459d4e9ab61009106d583409 [term 1 LEADER]: Becoming Leader. State: Replica: 3ba7dbbe459d4e9ab61009106d583409, State: Running, Role: LEADER
W20260709 12:23:54.687618 28684 leader_election.cc:343] T 07ccde3d6679493c9af2179777d7153d P 3ba7dbbe459d4e9ab61009106d583409 [CANDIDATE]: Term 1 election: Tablet error from VoteRequest() call to peer 84a7bd66fbe54fbd972e2cdafade8437 (127.26.236.3:35259): Illegal state: must be running to vote when last-logged opid is not known
I20260709 12:23:54.687728 28966 consensus_queue.cc:237] T 07ccde3d6679493c9af2179777d7153d P 3ba7dbbe459d4e9ab61009106d583409 [LEADER]: Queue going to LEADER mode. State: All replicated index: 0, Majority replicated index: 0, Committed index: 0, Last appended: 0.0, Last appended by leader: 0, Current term: 1, Majority size: 2, State: 0, Mode: LEADER, active raft config: opid_index: -1 OBSOLETE_local: false peers { permanent_uuid: "3ba7dbbe459d4e9ab61009106d583409" member_type: VOTER last_known_addr { host: "127.26.236.1" port: 41803 } } peers { permanent_uuid: "78acdc032d8e44bda872894d74f3b29d" member_type: VOTER last_known_addr { host: "127.26.236.2" port: 39167 } } peers { permanent_uuid: "84a7bd66fbe54fbd972e2cdafade8437" member_type: VOTER last_known_addr { host: "127.26.236.3" port: 35259 } }
I20260709 12:23:54.688293 28919 leader_election.cc:290] T 07ccde3d6679493c9af2179777d7153d P 3ba7dbbe459d4e9ab61009106d583409 [CANDIDATE]: Term 1 election: Requested vote from peers 78acdc032d8e44bda872894d74f3b29d (127.26.236.2:39167), 84a7bd66fbe54fbd972e2cdafade8437 (127.26.236.3:35259)
I20260709 12:23:54.690019 28910 tablet_bootstrap.cc:492] T 588d75e2ffcf47c1aed33da24938c79b P 3ba7dbbe459d4e9ab61009106d583409: Bootstrap starting.
I20260709 12:23:54.691056 28717 raft_consensus.cc:2468] T f9a41ae8c2f24ddc835e1b81b276649a P 3ba7dbbe459d4e9ab61009106d583409 [term 1 FOLLOWER]: Leader election vote request: Granting yes vote for candidate 84a7bd66fbe54fbd972e2cdafade8437 in term 1.
I20260709 12:23:54.693773 28795 raft_consensus.cc:2468] T f9a41ae8c2f24ddc835e1b81b276649a P 78acdc032d8e44bda872894d74f3b29d [term 1 FOLLOWER]: Leader election vote request: Granting yes vote for candidate 84a7bd66fbe54fbd972e2cdafade8437 in term 1.
I20260709 12:23:54.696533 28911 tablet_bootstrap.cc:654] T 07ccde3d6679493c9af2179777d7153d P 84a7bd66fbe54fbd972e2cdafade8437: Neither blocks nor log segments found. Creating new log.
I20260709 12:23:54.697889 28834 leader_election.cc:304] T f9a41ae8c2f24ddc835e1b81b276649a P 84a7bd66fbe54fbd972e2cdafade8437 [CANDIDATE]: Term 1 election: Election decided. Result: candidate won. Election summary: received 2 responses out of 3 voters: 2 yes votes; 0 no votes. yes voters: 78acdc032d8e44bda872894d74f3b29d, 84a7bd66fbe54fbd972e2cdafade8437; no voters: 
I20260709 12:23:54.700098 28960 raft_consensus.cc:2804] T f9a41ae8c2f24ddc835e1b81b276649a P 84a7bd66fbe54fbd972e2cdafade8437 [term 1 FOLLOWER]: Leader election won for term 1
I20260709 12:23:54.700758 28960 raft_consensus.cc:697] T f9a41ae8c2f24ddc835e1b81b276649a P 84a7bd66fbe54fbd972e2cdafade8437 [term 1 LEADER]: Becoming Leader. State: Replica: 84a7bd66fbe54fbd972e2cdafade8437, State: Running, Role: LEADER
I20260709 12:23:54.701560 28960 consensus_queue.cc:237] T f9a41ae8c2f24ddc835e1b81b276649a P 84a7bd66fbe54fbd972e2cdafade8437 [LEADER]: Queue going to LEADER mode. State: All replicated index: 0, Majority replicated index: 0, Committed index: 0, Last appended: 0.0, Last appended by leader: 0, Current term: 1, Majority size: 2, State: 0, Mode: LEADER, active raft config: opid_index: -1 OBSOLETE_local: false peers { permanent_uuid: "84a7bd66fbe54fbd972e2cdafade8437" member_type: VOTER last_known_addr { host: "127.26.236.3" port: 35259 } } peers { permanent_uuid: "78acdc032d8e44bda872894d74f3b29d" member_type: VOTER last_known_addr { host: "127.26.236.2" port: 39167 } } peers { permanent_uuid: "3ba7dbbe459d4e9ab61009106d583409" member_type: VOTER last_known_addr { host: "127.26.236.1" port: 41803 } }
I20260709 12:23:54.702603 28910 tablet_bootstrap.cc:654] T 588d75e2ffcf47c1aed33da24938c79b P 3ba7dbbe459d4e9ab61009106d583409: Neither blocks nor log segments found. Creating new log.
I20260709 12:23:54.700099 28909 tablet_bootstrap.cc:492] T b3ddac4be0fa4219bab9e52426754e91 P 78acdc032d8e44bda872894d74f3b29d: No bootstrap required, opened a new log
I20260709 12:23:54.705296 28909 ts_tablet_manager.cc:1403] T b3ddac4be0fa4219bab9e52426754e91 P 78acdc032d8e44bda872894d74f3b29d: Time spent bootstrapping tablet: real 0.078s	user 0.037s	sys 0.024s
I20260709 12:23:54.708218 28909 raft_consensus.cc:359] T b3ddac4be0fa4219bab9e52426754e91 P 78acdc032d8e44bda872894d74f3b29d [term 0 FOLLOWER]: Replica starting. Triggering 0 pending ops. Active config: opid_index: -1 OBSOLETE_local: false peers { permanent_uuid: "3ba7dbbe459d4e9ab61009106d583409" member_type: VOTER last_known_addr { host: "127.26.236.1" port: 41803 } } peers { permanent_uuid: "78acdc032d8e44bda872894d74f3b29d" member_type: VOTER last_known_addr { host: "127.26.236.2" port: 39167 } } peers { permanent_uuid: "84a7bd66fbe54fbd972e2cdafade8437" member_type: VOTER last_known_addr { host: "127.26.236.3" port: 35259 } }
I20260709 12:23:54.708873 28909 raft_consensus.cc:385] T b3ddac4be0fa4219bab9e52426754e91 P 78acdc032d8e44bda872894d74f3b29d [term 0 FOLLOWER]: Consensus starting up: Expiring failure detector timer to make a prompt election more likely
I20260709 12:23:54.709133 28909 raft_consensus.cc:740] T b3ddac4be0fa4219bab9e52426754e91 P 78acdc032d8e44bda872894d74f3b29d [term 0 FOLLOWER]: Becoming Follower/Learner. State: Replica: 78acdc032d8e44bda872894d74f3b29d, State: Initialized, Role: FOLLOWER
I20260709 12:23:54.709527 28911 tablet_bootstrap.cc:492] T 07ccde3d6679493c9af2179777d7153d P 84a7bd66fbe54fbd972e2cdafade8437: No bootstrap required, opened a new log
I20260709 12:23:54.709997 28911 ts_tablet_manager.cc:1403] T 07ccde3d6679493c9af2179777d7153d P 84a7bd66fbe54fbd972e2cdafade8437: Time spent bootstrapping tablet: real 0.037s	user 0.009s	sys 0.008s
I20260709 12:23:54.711094 28909 consensus_queue.cc:260] T b3ddac4be0fa4219bab9e52426754e91 P 78acdc032d8e44bda872894d74f3b29d [NON_LEADER]: Queue going to NON_LEADER mode. State: All replicated index: 0, Majority replicated index: 0, Committed index: 0, Last appended: 0.0, Last appended by leader: 0, Current term: 0, Majority size: -1, State: 0, Mode: NON_LEADER, active raft config: opid_index: -1 OBSOLETE_local: false peers { permanent_uuid: "3ba7dbbe459d4e9ab61009106d583409" member_type: VOTER last_known_addr { host: "127.26.236.1" port: 41803 } } peers { permanent_uuid: "78acdc032d8e44bda872894d74f3b29d" member_type: VOTER last_known_addr { host: "127.26.236.2" port: 39167 } } peers { permanent_uuid: "84a7bd66fbe54fbd972e2cdafade8437" member_type: VOTER last_known_addr { host: "127.26.236.3" port: 35259 } }
I20260709 12:23:54.712586 28911 raft_consensus.cc:359] T 07ccde3d6679493c9af2179777d7153d P 84a7bd66fbe54fbd972e2cdafade8437 [term 0 FOLLOWER]: Replica starting. Triggering 0 pending ops. Active config: opid_index: -1 OBSOLETE_local: false peers { permanent_uuid: "3ba7dbbe459d4e9ab61009106d583409" member_type: VOTER last_known_addr { host: "127.26.236.1" port: 41803 } } peers { permanent_uuid: "78acdc032d8e44bda872894d74f3b29d" member_type: VOTER last_known_addr { host: "127.26.236.2" port: 39167 } } peers { permanent_uuid: "84a7bd66fbe54fbd972e2cdafade8437" member_type: VOTER last_known_addr { host: "127.26.236.3" port: 35259 } }
I20260709 12:23:54.713259 28911 raft_consensus.cc:385] T 07ccde3d6679493c9af2179777d7153d P 84a7bd66fbe54fbd972e2cdafade8437 [term 0 FOLLOWER]: Consensus starting up: Expiring failure detector timer to make a prompt election more likely
I20260709 12:23:54.713575 28911 raft_consensus.cc:740] T 07ccde3d6679493c9af2179777d7153d P 84a7bd66fbe54fbd972e2cdafade8437 [term 0 FOLLOWER]: Becoming Follower/Learner. State: Replica: 84a7bd66fbe54fbd972e2cdafade8437, State: Initialized, Role: FOLLOWER
I20260709 12:23:54.714561 28910 tablet_bootstrap.cc:492] T 588d75e2ffcf47c1aed33da24938c79b P 3ba7dbbe459d4e9ab61009106d583409: No bootstrap required, opened a new log
I20260709 12:23:54.714221 28911 consensus_queue.cc:260] T 07ccde3d6679493c9af2179777d7153d P 84a7bd66fbe54fbd972e2cdafade8437 [NON_LEADER]: Queue going to NON_LEADER mode. State: All replicated index: 0, Majority replicated index: 0, Committed index: 0, Last appended: 0.0, Last appended by leader: 0, Current term: 0, Majority size: -1, State: 0, Mode: NON_LEADER, active raft config: opid_index: -1 OBSOLETE_local: false peers { permanent_uuid: "3ba7dbbe459d4e9ab61009106d583409" member_type: VOTER last_known_addr { host: "127.26.236.1" port: 41803 } } peers { permanent_uuid: "78acdc032d8e44bda872894d74f3b29d" member_type: VOTER last_known_addr { host: "127.26.236.2" port: 39167 } } peers { permanent_uuid: "84a7bd66fbe54fbd972e2cdafade8437" member_type: VOTER last_known_addr { host: "127.26.236.3" port: 35259 } }
I20260709 12:23:54.715055 28910 ts_tablet_manager.cc:1403] T 588d75e2ffcf47c1aed33da24938c79b P 3ba7dbbe459d4e9ab61009106d583409: Time spent bootstrapping tablet: real 0.025s	user 0.013s	sys 0.001s
I20260709 12:23:54.716250 28911 ts_tablet_manager.cc:1434] T 07ccde3d6679493c9af2179777d7153d P 84a7bd66fbe54fbd972e2cdafade8437: Time spent starting tablet: real 0.006s	user 0.005s	sys 0.000s
I20260709 12:23:54.717137 28909 ts_tablet_manager.cc:1434] T b3ddac4be0fa4219bab9e52426754e91 P 78acdc032d8e44bda872894d74f3b29d: Time spent starting tablet: real 0.012s	user 0.006s	sys 0.000s
I20260709 12:23:54.717782 28910 raft_consensus.cc:359] T 588d75e2ffcf47c1aed33da24938c79b P 3ba7dbbe459d4e9ab61009106d583409 [term 0 FOLLOWER]: Replica starting. Triggering 0 pending ops. Active config: opid_index: -1 OBSOLETE_local: false peers { permanent_uuid: "3ba7dbbe459d4e9ab61009106d583409" member_type: VOTER last_known_addr { host: "127.26.236.1" port: 41803 } } peers { permanent_uuid: "78acdc032d8e44bda872894d74f3b29d" member_type: VOTER last_known_addr { host: "127.26.236.2" port: 39167 } } peers { permanent_uuid: "84a7bd66fbe54fbd972e2cdafade8437" member_type: VOTER last_known_addr { host: "127.26.236.3" port: 35259 } }
I20260709 12:23:54.719395 28910 raft_consensus.cc:385] T 588d75e2ffcf47c1aed33da24938c79b P 3ba7dbbe459d4e9ab61009106d583409 [term 0 FOLLOWER]: Consensus starting up: Expiring failure detector timer to make a prompt election more likely
I20260709 12:23:54.719739 28910 raft_consensus.cc:740] T 588d75e2ffcf47c1aed33da24938c79b P 3ba7dbbe459d4e9ab61009106d583409 [term 0 FOLLOWER]: Becoming Follower/Learner. State: Replica: 3ba7dbbe459d4e9ab61009106d583409, State: Initialized, Role: FOLLOWER
I20260709 12:23:54.720410 28910 consensus_queue.cc:260] T 588d75e2ffcf47c1aed33da24938c79b P 3ba7dbbe459d4e9ab61009106d583409 [NON_LEADER]: Queue going to NON_LEADER mode. State: All replicated index: 0, Majority replicated index: 0, Committed index: 0, Last appended: 0.0, Last appended by leader: 0, Current term: 0, Majority size: -1, State: 0, Mode: NON_LEADER, active raft config: opid_index: -1 OBSOLETE_local: false peers { permanent_uuid: "3ba7dbbe459d4e9ab61009106d583409" member_type: VOTER last_known_addr { host: "127.26.236.1" port: 41803 } } peers { permanent_uuid: "78acdc032d8e44bda872894d74f3b29d" member_type: VOTER last_known_addr { host: "127.26.236.2" port: 39167 } } peers { permanent_uuid: "84a7bd66fbe54fbd972e2cdafade8437" member_type: VOTER last_known_addr { host: "127.26.236.3" port: 35259 } }
I20260709 12:23:54.719113 28909 tablet_bootstrap.cc:492] T effed5ddf5e04cd785f9570724a9ab7f P 78acdc032d8e44bda872894d74f3b29d: Bootstrap starting.
I20260709 12:23:54.722596 28910 ts_tablet_manager.cc:1434] T 588d75e2ffcf47c1aed33da24938c79b P 3ba7dbbe459d4e9ab61009106d583409: Time spent starting tablet: real 0.007s	user 0.004s	sys 0.000s
I20260709 12:23:54.721903 28613 catalog_manager.cc:5697] T f9a41ae8c2f24ddc835e1b81b276649a P 84a7bd66fbe54fbd972e2cdafade8437 reported cstate change: term changed from 0 to 1, leader changed from <none> to 84a7bd66fbe54fbd972e2cdafade8437 (127.26.236.3). New cstate: current_term: 1 leader_uuid: "84a7bd66fbe54fbd972e2cdafade8437" committed_config { opid_index: -1 OBSOLETE_local: false peers { permanent_uuid: "84a7bd66fbe54fbd972e2cdafade8437" member_type: VOTER last_known_addr { host: "127.26.236.3" port: 35259 } health_report { overall_health: HEALTHY } } peers { permanent_uuid: "78acdc032d8e44bda872894d74f3b29d" member_type: VOTER last_known_addr { host: "127.26.236.2" port: 39167 } health_report { overall_health: UNKNOWN } } peers { permanent_uuid: "3ba7dbbe459d4e9ab61009106d583409" member_type: VOTER last_known_addr { host: "127.26.236.1" port: 41803 } health_report { overall_health: UNKNOWN } } }
I20260709 12:23:54.723539 28910 tablet_bootstrap.cc:492] T 2710de1a980142068dcca094dd4c4ff9 P 3ba7dbbe459d4e9ab61009106d583409: Bootstrap starting.
I20260709 12:23:54.727440 28909 tablet_bootstrap.cc:654] T effed5ddf5e04cd785f9570724a9ab7f P 78acdc032d8e44bda872894d74f3b29d: Neither blocks nor log segments found. Creating new log.
I20260709 12:23:54.729540 28911 tablet_bootstrap.cc:492] T 7556a0ee40554937b48d478945460fa9 P 84a7bd66fbe54fbd972e2cdafade8437: Bootstrap starting.
I20260709 12:23:54.729696 28910 tablet_bootstrap.cc:654] T 2710de1a980142068dcca094dd4c4ff9 P 3ba7dbbe459d4e9ab61009106d583409: Neither blocks nor log segments found. Creating new log.
I20260709 12:23:54.735746 28911 tablet_bootstrap.cc:654] T 7556a0ee40554937b48d478945460fa9 P 84a7bd66fbe54fbd972e2cdafade8437: Neither blocks nor log segments found. Creating new log.
I20260709 12:23:54.736636 28612 catalog_manager.cc:5697] T 07ccde3d6679493c9af2179777d7153d P 3ba7dbbe459d4e9ab61009106d583409 reported cstate change: term changed from 0 to 1, leader changed from <none> to 3ba7dbbe459d4e9ab61009106d583409 (127.26.236.1). New cstate: current_term: 1 leader_uuid: "3ba7dbbe459d4e9ab61009106d583409" committed_config { opid_index: -1 OBSOLETE_local: false peers { permanent_uuid: "3ba7dbbe459d4e9ab61009106d583409" member_type: VOTER last_known_addr { host: "127.26.236.1" port: 41803 } health_report { overall_health: HEALTHY } } peers { permanent_uuid: "78acdc032d8e44bda872894d74f3b29d" member_type: VOTER last_known_addr { host: "127.26.236.2" port: 39167 } health_report { overall_health: UNKNOWN } } peers { permanent_uuid: "84a7bd66fbe54fbd972e2cdafade8437" member_type: VOTER last_known_addr { host: "127.26.236.3" port: 35259 } health_report { overall_health: UNKNOWN } } }
I20260709 12:23:54.740186 28909 tablet_bootstrap.cc:492] T effed5ddf5e04cd785f9570724a9ab7f P 78acdc032d8e44bda872894d74f3b29d: No bootstrap required, opened a new log
I20260709 12:23:54.740617 28909 ts_tablet_manager.cc:1403] T effed5ddf5e04cd785f9570724a9ab7f P 78acdc032d8e44bda872894d74f3b29d: Time spent bootstrapping tablet: real 0.022s	user 0.010s	sys 0.008s
I20260709 12:23:54.743209 28909 raft_consensus.cc:359] T effed5ddf5e04cd785f9570724a9ab7f P 78acdc032d8e44bda872894d74f3b29d [term 0 FOLLOWER]: Replica starting. Triggering 0 pending ops. Active config: opid_index: -1 OBSOLETE_local: false peers { permanent_uuid: "3ba7dbbe459d4e9ab61009106d583409" member_type: VOTER last_known_addr { host: "127.26.236.1" port: 41803 } } peers { permanent_uuid: "78acdc032d8e44bda872894d74f3b29d" member_type: VOTER last_known_addr { host: "127.26.236.2" port: 39167 } } peers { permanent_uuid: "84a7bd66fbe54fbd972e2cdafade8437" member_type: VOTER last_known_addr { host: "127.26.236.3" port: 35259 } }
I20260709 12:23:54.743851 28909 raft_consensus.cc:385] T effed5ddf5e04cd785f9570724a9ab7f P 78acdc032d8e44bda872894d74f3b29d [term 0 FOLLOWER]: Consensus starting up: Expiring failure detector timer to make a prompt election more likely
I20260709 12:23:54.744081 28910 tablet_bootstrap.cc:492] T 2710de1a980142068dcca094dd4c4ff9 P 3ba7dbbe459d4e9ab61009106d583409: No bootstrap required, opened a new log
I20260709 12:23:54.744107 28909 raft_consensus.cc:740] T effed5ddf5e04cd785f9570724a9ab7f P 78acdc032d8e44bda872894d74f3b29d [term 0 FOLLOWER]: Becoming Follower/Learner. State: Replica: 78acdc032d8e44bda872894d74f3b29d, State: Initialized, Role: FOLLOWER
I20260709 12:23:54.744519 28910 ts_tablet_manager.cc:1403] T 2710de1a980142068dcca094dd4c4ff9 P 3ba7dbbe459d4e9ab61009106d583409: Time spent bootstrapping tablet: real 0.021s	user 0.012s	sys 0.004s
I20260709 12:23:54.744975 28909 consensus_queue.cc:260] T effed5ddf5e04cd785f9570724a9ab7f P 78acdc032d8e44bda872894d74f3b29d [NON_LEADER]: Queue going to NON_LEADER mode. State: All replicated index: 0, Majority replicated index: 0, Committed index: 0, Last appended: 0.0, Last appended by leader: 0, Current term: 0, Majority size: -1, State: 0, Mode: NON_LEADER, active raft config: opid_index: -1 OBSOLETE_local: false peers { permanent_uuid: "3ba7dbbe459d4e9ab61009106d583409" member_type: VOTER last_known_addr { host: "127.26.236.1" port: 41803 } } peers { permanent_uuid: "78acdc032d8e44bda872894d74f3b29d" member_type: VOTER last_known_addr { host: "127.26.236.2" port: 39167 } } peers { permanent_uuid: "84a7bd66fbe54fbd972e2cdafade8437" member_type: VOTER last_known_addr { host: "127.26.236.3" port: 35259 } }
I20260709 12:23:54.745436 28911 tablet_bootstrap.cc:492] T 7556a0ee40554937b48d478945460fa9 P 84a7bd66fbe54fbd972e2cdafade8437: No bootstrap required, opened a new log
I20260709 12:23:54.746054 28911 ts_tablet_manager.cc:1403] T 7556a0ee40554937b48d478945460fa9 P 84a7bd66fbe54fbd972e2cdafade8437: Time spent bootstrapping tablet: real 0.017s	user 0.012s	sys 0.000s
I20260709 12:23:54.747115 28910 raft_consensus.cc:359] T 2710de1a980142068dcca094dd4c4ff9 P 3ba7dbbe459d4e9ab61009106d583409 [term 0 FOLLOWER]: Replica starting. Triggering 0 pending ops. Active config: opid_index: -1 OBSOLETE_local: false peers { permanent_uuid: "3ba7dbbe459d4e9ab61009106d583409" member_type: VOTER last_known_addr { host: "127.26.236.1" port: 41803 } } peers { permanent_uuid: "78acdc032d8e44bda872894d74f3b29d" member_type: VOTER last_known_addr { host: "127.26.236.2" port: 39167 } } peers { permanent_uuid: "84a7bd66fbe54fbd972e2cdafade8437" member_type: VOTER last_known_addr { host: "127.26.236.3" port: 35259 } }
I20260709 12:23:54.747766 28910 raft_consensus.cc:385] T 2710de1a980142068dcca094dd4c4ff9 P 3ba7dbbe459d4e9ab61009106d583409 [term 0 FOLLOWER]: Consensus starting up: Expiring failure detector timer to make a prompt election more likely
I20260709 12:23:54.748030 28910 raft_consensus.cc:740] T 2710de1a980142068dcca094dd4c4ff9 P 3ba7dbbe459d4e9ab61009106d583409 [term 0 FOLLOWER]: Becoming Follower/Learner. State: Replica: 3ba7dbbe459d4e9ab61009106d583409, State: Initialized, Role: FOLLOWER
I20260709 12:23:54.748729 28911 raft_consensus.cc:359] T 7556a0ee40554937b48d478945460fa9 P 84a7bd66fbe54fbd972e2cdafade8437 [term 0 FOLLOWER]: Replica starting. Triggering 0 pending ops. Active config: opid_index: -1 OBSOLETE_local: false peers { permanent_uuid: "3ba7dbbe459d4e9ab61009106d583409" member_type: VOTER last_known_addr { host: "127.26.236.1" port: 41803 } } peers { permanent_uuid: "78acdc032d8e44bda872894d74f3b29d" member_type: VOTER last_known_addr { host: "127.26.236.2" port: 39167 } } peers { permanent_uuid: "84a7bd66fbe54fbd972e2cdafade8437" member_type: VOTER last_known_addr { host: "127.26.236.3" port: 35259 } }
I20260709 12:23:54.748674 28910 consensus_queue.cc:260] T 2710de1a980142068dcca094dd4c4ff9 P 3ba7dbbe459d4e9ab61009106d583409 [NON_LEADER]: Queue going to NON_LEADER mode. State: All replicated index: 0, Majority replicated index: 0, Committed index: 0, Last appended: 0.0, Last appended by leader: 0, Current term: 0, Majority size: -1, State: 0, Mode: NON_LEADER, active raft config: opid_index: -1 OBSOLETE_local: false peers { permanent_uuid: "3ba7dbbe459d4e9ab61009106d583409" member_type: VOTER last_known_addr { host: "127.26.236.1" port: 41803 } } peers { permanent_uuid: "78acdc032d8e44bda872894d74f3b29d" member_type: VOTER last_known_addr { host: "127.26.236.2" port: 39167 } } peers { permanent_uuid: "84a7bd66fbe54fbd972e2cdafade8437" member_type: VOTER last_known_addr { host: "127.26.236.3" port: 35259 } }
I20260709 12:23:54.749296 28911 raft_consensus.cc:385] T 7556a0ee40554937b48d478945460fa9 P 84a7bd66fbe54fbd972e2cdafade8437 [term 0 FOLLOWER]: Consensus starting up: Expiring failure detector timer to make a prompt election more likely
I20260709 12:23:54.749554 28911 raft_consensus.cc:740] T 7556a0ee40554937b48d478945460fa9 P 84a7bd66fbe54fbd972e2cdafade8437 [term 0 FOLLOWER]: Becoming Follower/Learner. State: Replica: 84a7bd66fbe54fbd972e2cdafade8437, State: Initialized, Role: FOLLOWER
I20260709 12:23:54.750128 28911 consensus_queue.cc:260] T 7556a0ee40554937b48d478945460fa9 P 84a7bd66fbe54fbd972e2cdafade8437 [NON_LEADER]: Queue going to NON_LEADER mode. State: All replicated index: 0, Majority replicated index: 0, Committed index: 0, Last appended: 0.0, Last appended by leader: 0, Current term: 0, Majority size: -1, State: 0, Mode: NON_LEADER, active raft config: opid_index: -1 OBSOLETE_local: false peers { permanent_uuid: "3ba7dbbe459d4e9ab61009106d583409" member_type: VOTER last_known_addr { host: "127.26.236.1" port: 41803 } } peers { permanent_uuid: "78acdc032d8e44bda872894d74f3b29d" member_type: VOTER last_known_addr { host: "127.26.236.2" port: 39167 } } peers { permanent_uuid: "84a7bd66fbe54fbd972e2cdafade8437" member_type: VOTER last_known_addr { host: "127.26.236.3" port: 35259 } }
I20260709 12:23:54.750619 28910 ts_tablet_manager.cc:1434] T 2710de1a980142068dcca094dd4c4ff9 P 3ba7dbbe459d4e9ab61009106d583409: Time spent starting tablet: real 0.006s	user 0.002s	sys 0.003s
I20260709 12:23:54.751793 28911 ts_tablet_manager.cc:1434] T 7556a0ee40554937b48d478945460fa9 P 84a7bd66fbe54fbd972e2cdafade8437: Time spent starting tablet: real 0.005s	user 0.005s	sys 0.000s
I20260709 12:23:54.752570 28909 ts_tablet_manager.cc:1434] T effed5ddf5e04cd785f9570724a9ab7f P 78acdc032d8e44bda872894d74f3b29d: Time spent starting tablet: real 0.012s	user 0.004s	sys 0.003s
I20260709 12:23:54.752715 28910 tablet_bootstrap.cc:492] T 742629ce46da4091a31a864f38b125d8 P 3ba7dbbe459d4e9ab61009106d583409: Bootstrap starting.
I20260709 12:23:54.753415 28909 tablet_bootstrap.cc:492] T f930aa40b4b442b7b429ffefe62f8b4a P 78acdc032d8e44bda872894d74f3b29d: Bootstrap starting.
I20260709 12:23:54.756031 28911 tablet_bootstrap.cc:492] T f930aa40b4b442b7b429ffefe62f8b4a P 84a7bd66fbe54fbd972e2cdafade8437: Bootstrap starting.
I20260709 12:23:54.759327 28909 tablet_bootstrap.cc:654] T f930aa40b4b442b7b429ffefe62f8b4a P 78acdc032d8e44bda872894d74f3b29d: Neither blocks nor log segments found. Creating new log.
I20260709 12:23:54.759804 28910 tablet_bootstrap.cc:654] T 742629ce46da4091a31a864f38b125d8 P 3ba7dbbe459d4e9ab61009106d583409: Neither blocks nor log segments found. Creating new log.
I20260709 12:23:54.764915 28911 tablet_bootstrap.cc:654] T f930aa40b4b442b7b429ffefe62f8b4a P 84a7bd66fbe54fbd972e2cdafade8437: Neither blocks nor log segments found. Creating new log.
I20260709 12:23:54.774287 28909 tablet_bootstrap.cc:492] T f930aa40b4b442b7b429ffefe62f8b4a P 78acdc032d8e44bda872894d74f3b29d: No bootstrap required, opened a new log
I20260709 12:23:54.774775 28909 ts_tablet_manager.cc:1403] T f930aa40b4b442b7b429ffefe62f8b4a P 78acdc032d8e44bda872894d74f3b29d: Time spent bootstrapping tablet: real 0.022s	user 0.014s	sys 0.003s
I20260709 12:23:54.777099 28958 raft_consensus.cc:493] T effed5ddf5e04cd785f9570724a9ab7f P 78acdc032d8e44bda872894d74f3b29d [term 0 FOLLOWER]: Starting pre-election (no leader contacted us within the election timeout)
I20260709 12:23:54.777503 28909 raft_consensus.cc:359] T f930aa40b4b442b7b429ffefe62f8b4a P 78acdc032d8e44bda872894d74f3b29d [term 0 FOLLOWER]: Replica starting. Triggering 0 pending ops. Active config: opid_index: -1 OBSOLETE_local: false peers { permanent_uuid: "3ba7dbbe459d4e9ab61009106d583409" member_type: VOTER last_known_addr { host: "127.26.236.1" port: 41803 } } peers { permanent_uuid: "78acdc032d8e44bda872894d74f3b29d" member_type: VOTER last_known_addr { host: "127.26.236.2" port: 39167 } } peers { permanent_uuid: "84a7bd66fbe54fbd972e2cdafade8437" member_type: VOTER last_known_addr { host: "127.26.236.3" port: 35259 } }
I20260709 12:23:54.777529 28958 raft_consensus.cc:515] T effed5ddf5e04cd785f9570724a9ab7f P 78acdc032d8e44bda872894d74f3b29d [term 0 FOLLOWER]: Starting pre-election with config: opid_index: -1 OBSOLETE_local: false peers { permanent_uuid: "3ba7dbbe459d4e9ab61009106d583409" member_type: VOTER last_known_addr { host: "127.26.236.1" port: 41803 } } peers { permanent_uuid: "78acdc032d8e44bda872894d74f3b29d" member_type: VOTER last_known_addr { host: "127.26.236.2" port: 39167 } } peers { permanent_uuid: "84a7bd66fbe54fbd972e2cdafade8437" member_type: VOTER last_known_addr { host: "127.26.236.3" port: 35259 } }
I20260709 12:23:54.778367 28909 raft_consensus.cc:385] T f930aa40b4b442b7b429ffefe62f8b4a P 78acdc032d8e44bda872894d74f3b29d [term 0 FOLLOWER]: Consensus starting up: Expiring failure detector timer to make a prompt election more likely
I20260709 12:23:54.778568 28911 tablet_bootstrap.cc:492] T f930aa40b4b442b7b429ffefe62f8b4a P 84a7bd66fbe54fbd972e2cdafade8437: No bootstrap required, opened a new log
I20260709 12:23:54.779038 28911 ts_tablet_manager.cc:1403] T f930aa40b4b442b7b429ffefe62f8b4a P 84a7bd66fbe54fbd972e2cdafade8437: Time spent bootstrapping tablet: real 0.023s	user 0.014s	sys 0.000s
I20260709 12:23:54.779326 28909 raft_consensus.cc:740] T f930aa40b4b442b7b429ffefe62f8b4a P 78acdc032d8e44bda872894d74f3b29d [term 0 FOLLOWER]: Becoming Follower/Learner. State: Replica: 78acdc032d8e44bda872894d74f3b29d, State: Initialized, Role: FOLLOWER
I20260709 12:23:54.779933 28958 leader_election.cc:290] T effed5ddf5e04cd785f9570724a9ab7f P 78acdc032d8e44bda872894d74f3b29d [CANDIDATE]: Term 1 pre-election: Requested pre-vote from peers 3ba7dbbe459d4e9ab61009106d583409 (127.26.236.1:41803), 84a7bd66fbe54fbd972e2cdafade8437 (127.26.236.3:35259)
I20260709 12:23:54.780085 28909 consensus_queue.cc:260] T f930aa40b4b442b7b429ffefe62f8b4a P 78acdc032d8e44bda872894d74f3b29d [NON_LEADER]: Queue going to NON_LEADER mode. State: All replicated index: 0, Majority replicated index: 0, Committed index: 0, Last appended: 0.0, Last appended by leader: 0, Current term: 0, Majority size: -1, State: 0, Mode: NON_LEADER, active raft config: opid_index: -1 OBSOLETE_local: false peers { permanent_uuid: "3ba7dbbe459d4e9ab61009106d583409" member_type: VOTER last_known_addr { host: "127.26.236.1" port: 41803 } } peers { permanent_uuid: "78acdc032d8e44bda872894d74f3b29d" member_type: VOTER last_known_addr { host: "127.26.236.2" port: 39167 } } peers { permanent_uuid: "84a7bd66fbe54fbd972e2cdafade8437" member_type: VOTER last_known_addr { host: "127.26.236.3" port: 35259 } }
I20260709 12:23:54.781049 28910 tablet_bootstrap.cc:492] T 742629ce46da4091a31a864f38b125d8 P 3ba7dbbe459d4e9ab61009106d583409: No bootstrap required, opened a new log
