I20260709 12:23:24.558502 28418 raft_consensus.cc:515] T 0e43dbddde61447e9c8d70bc408ba686 P 11f3205381b3463aaa8e3257ca1ac973 [term 0 FOLLOWER]: Starting pre-election with config: opid_index: -1 OBSOLETE_local: false peers { permanent_uuid: "6278a889df16417398d958752f0fa4d6" member_type: VOTER last_known_addr { host: "127.26.236.1" port: 38091 } } peers { permanent_uuid: "309ede15c08741d4b6f4ccfae94939d1" member_type: VOTER last_known_addr { host: "127.26.236.2" port: 44545 } } peers { permanent_uuid: "11f3205381b3463aaa8e3257ca1ac973" member_type: VOTER last_known_addr { host: "127.26.236.3" port: 42787 } }
I20260709 12:23:24.558970 28369 tablet_service.cc:1917] Received RequestConsensusVote() RPC: tablet_id: "cb990aef3c7342bf8cd078558ee006c9" candidate_uuid: "309ede15c08741d4b6f4ccfae94939d1" candidate_term: 1 candidate_status { last_received { term: 0 index: 0 } } ignore_live_leader: false dest_uuid: "11f3205381b3463aaa8e3257ca1ac973" is_pre_election: true
W20260709 12:23:24.560252 28258 leader_election.cc:343] T cb990aef3c7342bf8cd078558ee006c9 P 309ede15c08741d4b6f4ccfae94939d1 [CANDIDATE]: Term 1 pre-election: Tablet error from VoteRequest() call to peer 11f3205381b3463aaa8e3257ca1ac973 (127.26.236.3:42787): Illegal state: must be running to vote when last-logged opid is not known
I20260709 12:23:24.561237 28418 leader_election.cc:290] T 0e43dbddde61447e9c8d70bc408ba686 P 11f3205381b3463aaa8e3257ca1ac973 [CANDIDATE]: Term 1 pre-election: Requested pre-vote from peers 6278a889df16417398d958752f0fa4d6 (127.26.236.1:38091), 309ede15c08741d4b6f4ccfae94939d1 (127.26.236.2:44545)
I20260709 12:23:24.563019 28411 tablet_bootstrap.cc:654] T f3205f21e8c14f52a171d55a4f922272 P 11f3205381b3463aaa8e3257ca1ac973: Neither blocks nor log segments found. Creating new log.
I20260709 12:23:24.564143 28410 raft_consensus.cc:359] T c3a00a6d0f29460788045bc72b5e5422 P 309ede15c08741d4b6f4ccfae94939d1 [term 0 FOLLOWER]: Replica starting. Triggering 0 pending ops. Active config: opid_index: -1 OBSOLETE_local: false peers { permanent_uuid: "6278a889df16417398d958752f0fa4d6" member_type: VOTER last_known_addr { host: "127.26.236.1" port: 38091 } } peers { permanent_uuid: "309ede15c08741d4b6f4ccfae94939d1" member_type: VOTER last_known_addr { host: "127.26.236.2" port: 44545 } } peers { permanent_uuid: "11f3205381b3463aaa8e3257ca1ac973" member_type: VOTER last_known_addr { host: "127.26.236.3" port: 42787 } }
I20260709 12:23:24.568439 28410 raft_consensus.cc:385] T c3a00a6d0f29460788045bc72b5e5422 P 309ede15c08741d4b6f4ccfae94939d1 [term 0 FOLLOWER]: Consensus starting up: Expiring failure detector timer to make a prompt election more likely
I20260709 12:23:24.581080 28410 raft_consensus.cc:740] T c3a00a6d0f29460788045bc72b5e5422 P 309ede15c08741d4b6f4ccfae94939d1 [term 0 FOLLOWER]: Becoming Follower/Learner. State: Replica: 309ede15c08741d4b6f4ccfae94939d1, State: Initialized, Role: FOLLOWER
I20260709 12:23:24.581728 28409 tablet_bootstrap.cc:492] T f3205f21e8c14f52a171d55a4f922272 P 6278a889df16417398d958752f0fa4d6: No bootstrap required, opened a new log
I20260709 12:23:24.582479 28409 ts_tablet_manager.cc:1403] T f3205f21e8c14f52a171d55a4f922272 P 6278a889df16417398d958752f0fa4d6: Time spent bootstrapping tablet: real 0.044s	user 0.015s	sys 0.015s
I20260709 12:23:24.581813 28410 consensus_queue.cc:260] T c3a00a6d0f29460788045bc72b5e5422 P 309ede15c08741d4b6f4ccfae94939d1 [NON_LEADER]: Queue going to NON_LEADER mode. State: All replicated index: 0, Majority replicated index: 0, Committed index: 0, Last appended: 0.0, Last appended by leader: 0, Current term: 0, Majority size: -1, State: 0, Mode: NON_LEADER, active raft config: opid_index: -1 OBSOLETE_local: false peers { permanent_uuid: "6278a889df16417398d958752f0fa4d6" member_type: VOTER last_known_addr { host: "127.26.236.1" port: 38091 } } peers { permanent_uuid: "309ede15c08741d4b6f4ccfae94939d1" member_type: VOTER last_known_addr { host: "127.26.236.2" port: 44545 } } peers { permanent_uuid: "11f3205381b3463aaa8e3257ca1ac973" member_type: VOTER last_known_addr { host: "127.26.236.3" port: 42787 } }
I20260709 12:23:24.585405 28410 ts_tablet_manager.cc:1434] T c3a00a6d0f29460788045bc72b5e5422 P 309ede15c08741d4b6f4ccfae94939d1: Time spent starting tablet: real 0.031s	user 0.006s	sys 0.001s
I20260709 12:23:24.585656 28409 raft_consensus.cc:359] T f3205f21e8c14f52a171d55a4f922272 P 6278a889df16417398d958752f0fa4d6 [term 0 FOLLOWER]: Replica starting. Triggering 0 pending ops. Active config: opid_index: -1 OBSOLETE_local: false peers { permanent_uuid: "6278a889df16417398d958752f0fa4d6" member_type: VOTER last_known_addr { host: "127.26.236.1" port: 38091 } } peers { permanent_uuid: "309ede15c08741d4b6f4ccfae94939d1" member_type: VOTER last_known_addr { host: "127.26.236.2" port: 44545 } } peers { permanent_uuid: "11f3205381b3463aaa8e3257ca1ac973" member_type: VOTER last_known_addr { host: "127.26.236.3" port: 42787 } }
I20260709 12:23:24.589922 28410 tablet_bootstrap.cc:492] T f3205f21e8c14f52a171d55a4f922272 P 309ede15c08741d4b6f4ccfae94939d1: Bootstrap starting.
I20260709 12:23:24.590909 28411 tablet_bootstrap.cc:492] T f3205f21e8c14f52a171d55a4f922272 P 11f3205381b3463aaa8e3257ca1ac973: No bootstrap required, opened a new log
I20260709 12:23:24.591401 28411 ts_tablet_manager.cc:1403] T f3205f21e8c14f52a171d55a4f922272 P 11f3205381b3463aaa8e3257ca1ac973: Time spent bootstrapping tablet: real 0.035s	user 0.005s	sys 0.009s
I20260709 12:23:24.587981 28409 raft_consensus.cc:385] T f3205f21e8c14f52a171d55a4f922272 P 6278a889df16417398d958752f0fa4d6 [term 0 FOLLOWER]: Consensus starting up: Expiring failure detector timer to make a prompt election more likely
I20260709 12:23:24.594756 28409 raft_consensus.cc:740] T f3205f21e8c14f52a171d55a4f922272 P 6278a889df16417398d958752f0fa4d6 [term 0 FOLLOWER]: Becoming Follower/Learner. State: Replica: 6278a889df16417398d958752f0fa4d6, State: Initialized, Role: FOLLOWER
I20260709 12:23:24.597189 28220 tablet_service.cc:1917] Received RequestConsensusVote() RPC: tablet_id: "0e43dbddde61447e9c8d70bc408ba686" candidate_uuid: "11f3205381b3463aaa8e3257ca1ac973" candidate_term: 1 candidate_status { last_received { term: 0 index: 0 } } ignore_live_leader: false dest_uuid: "6278a889df16417398d958752f0fa4d6" is_pre_election: true
I20260709 12:23:24.597808 28220 raft_consensus.cc:2468] T 0e43dbddde61447e9c8d70bc408ba686 P 6278a889df16417398d958752f0fa4d6 [term 0 FOLLOWER]: Leader pre-election vote request: Granting yes vote for candidate 11f3205381b3463aaa8e3257ca1ac973 in term 0.
I20260709 12:23:24.598994 28410 tablet_bootstrap.cc:654] T f3205f21e8c14f52a171d55a4f922272 P 309ede15c08741d4b6f4ccfae94939d1: Neither blocks nor log segments found. Creating new log.
I20260709 12:23:24.599334 28334 leader_election.cc:304] T 0e43dbddde61447e9c8d70bc408ba686 P 11f3205381b3463aaa8e3257ca1ac973 [CANDIDATE]: Term 1 pre-election: Election decided. Result: candidate won. Election summary: received 2 responses out of 3 voters: 2 yes votes; 0 no votes. yes voters: 11f3205381b3463aaa8e3257ca1ac973, 6278a889df16417398d958752f0fa4d6; no voters: 
I20260709 12:23:24.600147 28418 raft_consensus.cc:2804] T 0e43dbddde61447e9c8d70bc408ba686 P 11f3205381b3463aaa8e3257ca1ac973 [term 0 FOLLOWER]: Leader pre-election won for term 1
I20260709 12:23:24.600199 28220 tablet_service.cc:1917] Received RequestConsensusVote() RPC: tablet_id: "cb990aef3c7342bf8cd078558ee006c9" candidate_uuid: "309ede15c08741d4b6f4ccfae94939d1" candidate_term: 1 candidate_status { last_received { term: 0 index: 0 } } ignore_live_leader: false dest_uuid: "6278a889df16417398d958752f0fa4d6" is_pre_election: true
I20260709 12:23:24.600574 28418 raft_consensus.cc:493] T 0e43dbddde61447e9c8d70bc408ba686 P 11f3205381b3463aaa8e3257ca1ac973 [term 0 FOLLOWER]: Starting leader election (no leader contacted us within the election timeout)
I20260709 12:23:24.600839 28220 raft_consensus.cc:2468] T cb990aef3c7342bf8cd078558ee006c9 P 6278a889df16417398d958752f0fa4d6 [term 0 FOLLOWER]: Leader pre-election vote request: Granting yes vote for candidate 309ede15c08741d4b6f4ccfae94939d1 in term 0.
I20260709 12:23:24.601052 28418 raft_consensus.cc:3060] T 0e43dbddde61447e9c8d70bc408ba686 P 11f3205381b3463aaa8e3257ca1ac973 [term 0 FOLLOWER]: Advancing to term 1
I20260709 12:23:24.595944 28409 consensus_queue.cc:260] T f3205f21e8c14f52a171d55a4f922272 P 6278a889df16417398d958752f0fa4d6 [NON_LEADER]: Queue going to NON_LEADER mode. State: All replicated index: 0, Majority replicated index: 0, Committed index: 0, Last appended: 0.0, Last appended by leader: 0, Current term: 0, Majority size: -1, State: 0, Mode: NON_LEADER, active raft config: opid_index: -1 OBSOLETE_local: false peers { permanent_uuid: "6278a889df16417398d958752f0fa4d6" member_type: VOTER last_known_addr { host: "127.26.236.1" port: 38091 } } peers { permanent_uuid: "309ede15c08741d4b6f4ccfae94939d1" member_type: VOTER last_known_addr { host: "127.26.236.2" port: 44545 } } peers { permanent_uuid: "11f3205381b3463aaa8e3257ca1ac973" member_type: VOTER last_known_addr { host: "127.26.236.3" port: 42787 } }
I20260709 12:23:24.600765 28411 raft_consensus.cc:359] T f3205f21e8c14f52a171d55a4f922272 P 11f3205381b3463aaa8e3257ca1ac973 [term 0 FOLLOWER]: Replica starting. Triggering 0 pending ops. Active config: opid_index: -1 OBSOLETE_local: false peers { permanent_uuid: "6278a889df16417398d958752f0fa4d6" member_type: VOTER last_known_addr { host: "127.26.236.1" port: 38091 } } peers { permanent_uuid: "309ede15c08741d4b6f4ccfae94939d1" member_type: VOTER last_known_addr { host: "127.26.236.2" port: 44545 } } peers { permanent_uuid: "11f3205381b3463aaa8e3257ca1ac973" member_type: VOTER last_known_addr { host: "127.26.236.3" port: 42787 } }
I20260709 12:23:24.602643 28411 raft_consensus.cc:385] T f3205f21e8c14f52a171d55a4f922272 P 11f3205381b3463aaa8e3257ca1ac973 [term 0 FOLLOWER]: Consensus starting up: Expiring failure detector timer to make a prompt election more likely
I20260709 12:23:24.603067 28411 raft_consensus.cc:740] T f3205f21e8c14f52a171d55a4f922272 P 11f3205381b3463aaa8e3257ca1ac973 [term 0 FOLLOWER]: Becoming Follower/Learner. State: Replica: 11f3205381b3463aaa8e3257ca1ac973, State: Initialized, Role: FOLLOWER
I20260709 12:23:24.605166 28411 consensus_queue.cc:260] T f3205f21e8c14f52a171d55a4f922272 P 11f3205381b3463aaa8e3257ca1ac973 [NON_LEADER]: Queue going to NON_LEADER mode. State: All replicated index: 0, Majority replicated index: 0, Committed index: 0, Last appended: 0.0, Last appended by leader: 0, Current term: 0, Majority size: -1, State: 0, Mode: NON_LEADER, active raft config: opid_index: -1 OBSOLETE_local: false peers { permanent_uuid: "6278a889df16417398d958752f0fa4d6" member_type: VOTER last_known_addr { host: "127.26.236.1" port: 38091 } } peers { permanent_uuid: "309ede15c08741d4b6f4ccfae94939d1" member_type: VOTER last_known_addr { host: "127.26.236.2" port: 44545 } } peers { permanent_uuid: "11f3205381b3463aaa8e3257ca1ac973" member_type: VOTER last_known_addr { host: "127.26.236.3" port: 42787 } }
I20260709 12:23:24.610385 28423 raft_consensus.cc:493] T c3a00a6d0f29460788045bc72b5e5422 P 309ede15c08741d4b6f4ccfae94939d1 [term 0 FOLLOWER]: Starting pre-election (no leader contacted us within the election timeout)
I20260709 12:23:24.610842 28423 raft_consensus.cc:515] T c3a00a6d0f29460788045bc72b5e5422 P 309ede15c08741d4b6f4ccfae94939d1 [term 0 FOLLOWER]: Starting pre-election with config: opid_index: -1 OBSOLETE_local: false peers { permanent_uuid: "6278a889df16417398d958752f0fa4d6" member_type: VOTER last_known_addr { host: "127.26.236.1" port: 38091 } } peers { permanent_uuid: "309ede15c08741d4b6f4ccfae94939d1" member_type: VOTER last_known_addr { host: "127.26.236.2" port: 44545 } } peers { permanent_uuid: "11f3205381b3463aaa8e3257ca1ac973" member_type: VOTER last_known_addr { host: "127.26.236.3" port: 42787 } }
I20260709 12:23:24.602082 28260 leader_election.cc:304] T cb990aef3c7342bf8cd078558ee006c9 P 309ede15c08741d4b6f4ccfae94939d1 [CANDIDATE]: Term 1 pre-election: Election decided. Result: candidate won. Election summary: received 3 responses out of 3 voters: 2 yes votes; 1 no votes. yes voters: 309ede15c08741d4b6f4ccfae94939d1, 6278a889df16417398d958752f0fa4d6; no voters: 11f3205381b3463aaa8e3257ca1ac973
I20260709 12:23:24.612113 28415 raft_consensus.cc:2804] T cb990aef3c7342bf8cd078558ee006c9 P 309ede15c08741d4b6f4ccfae94939d1 [term 0 FOLLOWER]: Leader pre-election won for term 1
I20260709 12:23:24.612444 28415 raft_consensus.cc:493] T cb990aef3c7342bf8cd078558ee006c9 P 309ede15c08741d4b6f4ccfae94939d1 [term 0 FOLLOWER]: Starting leader election (no leader contacted us within the election timeout)
I20260709 12:23:24.615026 28423 leader_election.cc:290] T c3a00a6d0f29460788045bc72b5e5422 P 309ede15c08741d4b6f4ccfae94939d1 [CANDIDATE]: Term 1 pre-election: Requested pre-vote from peers 6278a889df16417398d958752f0fa4d6 (127.26.236.1:38091), 11f3205381b3463aaa8e3257ca1ac973 (127.26.236.3:42787)
I20260709 12:23:24.614159 28415 raft_consensus.cc:3060] T cb990aef3c7342bf8cd078558ee006c9 P 309ede15c08741d4b6f4ccfae94939d1 [term 0 FOLLOWER]: Advancing to term 1
I20260709 12:23:24.615722 28409 ts_tablet_manager.cc:1434] T f3205f21e8c14f52a171d55a4f922272 P 6278a889df16417398d958752f0fa4d6: Time spent starting tablet: real 0.033s	user 0.008s	sys 0.001s
I20260709 12:23:24.616552 28369 tablet_service.cc:1917] Received RequestConsensusVote() RPC: tablet_id: "c3a00a6d0f29460788045bc72b5e5422" candidate_uuid: "309ede15c08741d4b6f4ccfae94939d1" candidate_term: 1 candidate_status { last_received { term: 0 index: 0 } } ignore_live_leader: false dest_uuid: "11f3205381b3463aaa8e3257ca1ac973" is_pre_election: true
I20260709 12:23:24.617138 28369 raft_consensus.cc:2468] T c3a00a6d0f29460788045bc72b5e5422 P 11f3205381b3463aaa8e3257ca1ac973 [term 0 FOLLOWER]: Leader pre-election vote request: Granting yes vote for candidate 309ede15c08741d4b6f4ccfae94939d1 in term 0.
I20260709 12:23:24.618371 28409 tablet_bootstrap.cc:492] T 5c8078029c6b4b31b113e6b38f294782 P 6278a889df16417398d958752f0fa4d6: Bootstrap starting.
I20260709 12:23:24.618309 28258 leader_election.cc:304] T c3a00a6d0f29460788045bc72b5e5422 P 309ede15c08741d4b6f4ccfae94939d1 [CANDIDATE]: Term 1 pre-election: Election decided. Result: candidate won. Election summary: received 2 responses out of 3 voters: 2 yes votes; 0 no votes. yes voters: 11f3205381b3463aaa8e3257ca1ac973, 309ede15c08741d4b6f4ccfae94939d1; no voters: 
I20260709 12:23:24.619153 28423 raft_consensus.cc:2804] T c3a00a6d0f29460788045bc72b5e5422 P 309ede15c08741d4b6f4ccfae94939d1 [term 0 FOLLOWER]: Leader pre-election won for term 1
I20260709 12:23:24.619488 28423 raft_consensus.cc:493] T c3a00a6d0f29460788045bc72b5e5422 P 309ede15c08741d4b6f4ccfae94939d1 [term 0 FOLLOWER]: Starting leader election (no leader contacted us within the election timeout)
I20260709 12:23:24.619822 28423 raft_consensus.cc:3060] T c3a00a6d0f29460788045bc72b5e5422 P 309ede15c08741d4b6f4ccfae94939d1 [term 0 FOLLOWER]: Advancing to term 1
I20260709 12:23:24.620921 28418 raft_consensus.cc:515] T 0e43dbddde61447e9c8d70bc408ba686 P 11f3205381b3463aaa8e3257ca1ac973 [term 1 FOLLOWER]: Starting leader election with config: opid_index: -1 OBSOLETE_local: false peers { permanent_uuid: "6278a889df16417398d958752f0fa4d6" member_type: VOTER last_known_addr { host: "127.26.236.1" port: 38091 } } peers { permanent_uuid: "309ede15c08741d4b6f4ccfae94939d1" member_type: VOTER last_known_addr { host: "127.26.236.2" port: 44545 } } peers { permanent_uuid: "11f3205381b3463aaa8e3257ca1ac973" member_type: VOTER last_known_addr { host: "127.26.236.3" port: 42787 } }
I20260709 12:23:24.625983 28415 raft_consensus.cc:515] T cb990aef3c7342bf8cd078558ee006c9 P 309ede15c08741d4b6f4ccfae94939d1 [term 1 FOLLOWER]: Starting leader election with config: opid_index: -1 OBSOLETE_local: false peers { permanent_uuid: "6278a889df16417398d958752f0fa4d6" member_type: VOTER last_known_addr { host: "127.26.236.1" port: 38091 } } peers { permanent_uuid: "309ede15c08741d4b6f4ccfae94939d1" member_type: VOTER last_known_addr { host: "127.26.236.2" port: 44545 } } peers { permanent_uuid: "11f3205381b3463aaa8e3257ca1ac973" member_type: VOTER last_known_addr { host: "127.26.236.3" port: 42787 } }
I20260709 12:23:24.629165 28415 leader_election.cc:290] T cb990aef3c7342bf8cd078558ee006c9 P 309ede15c08741d4b6f4ccfae94939d1 [CANDIDATE]: Term 1 election: Requested vote from peers 6278a889df16417398d958752f0fa4d6 (127.26.236.1:38091), 11f3205381b3463aaa8e3257ca1ac973 (127.26.236.3:42787)
I20260709 12:23:24.629908 28369 tablet_service.cc:1917] Received RequestConsensusVote() RPC: tablet_id: "cb990aef3c7342bf8cd078558ee006c9" candidate_uuid: "309ede15c08741d4b6f4ccfae94939d1" candidate_term: 1 candidate_status { last_received { term: 0 index: 0 } } ignore_live_leader: false dest_uuid: "11f3205381b3463aaa8e3257ca1ac973"
W20260709 12:23:24.632158 28166 auto_rebalancer.cc:288] Could not retrieve cluster info: Service unavailable: Tablet not running
W20260709 12:23:24.632860 28258 leader_election.cc:343] T cb990aef3c7342bf8cd078558ee006c9 P 309ede15c08741d4b6f4ccfae94939d1 [CANDIDATE]: Term 1 election: Tablet error from VoteRequest() call to peer 11f3205381b3463aaa8e3257ca1ac973 (127.26.236.3:42787): Illegal state: must be running to vote when last-logged opid is not known
I20260709 12:23:24.633749 28220 tablet_service.cc:1917] Received RequestConsensusVote() RPC: tablet_id: "0e43dbddde61447e9c8d70bc408ba686" candidate_uuid: "11f3205381b3463aaa8e3257ca1ac973" candidate_term: 1 candidate_status { last_received { term: 0 index: 0 } } ignore_live_leader: false dest_uuid: "6278a889df16417398d958752f0fa4d6"
I20260709 12:23:24.634325 28418 leader_election.cc:290] T 0e43dbddde61447e9c8d70bc408ba686 P 11f3205381b3463aaa8e3257ca1ac973 [CANDIDATE]: Term 1 election: Requested vote from peers 6278a889df16417398d958752f0fa4d6 (127.26.236.1:38091), 309ede15c08741d4b6f4ccfae94939d1 (127.26.236.2:44545)
I20260709 12:23:24.634929 28219 tablet_service.cc:1917] Received RequestConsensusVote() RPC: tablet_id: "c3a00a6d0f29460788045bc72b5e5422" candidate_uuid: "309ede15c08741d4b6f4ccfae94939d1" candidate_term: 1 candidate_status { last_received { term: 0 index: 0 } } ignore_live_leader: false dest_uuid: "6278a889df16417398d958752f0fa4d6" is_pre_election: true
I20260709 12:23:24.635560 28219 raft_consensus.cc:2468] T c3a00a6d0f29460788045bc72b5e5422 P 6278a889df16417398d958752f0fa4d6 [term 0 FOLLOWER]: Leader pre-election vote request: Granting yes vote for candidate 309ede15c08741d4b6f4ccfae94939d1 in term 0.
I20260709 12:23:24.636806 28414 raft_consensus.cc:493] T c3a00a6d0f29460788045bc72b5e5422 P 6278a889df16417398d958752f0fa4d6 [term 0 FOLLOWER]: Starting pre-election (no leader contacted us within the election timeout)
I20260709 12:23:24.636642 28218 tablet_service.cc:1917] Received RequestConsensusVote() RPC: tablet_id: "cb990aef3c7342bf8cd078558ee006c9" candidate_uuid: "309ede15c08741d4b6f4ccfae94939d1" candidate_term: 1 candidate_status { last_received { term: 0 index: 0 } } ignore_live_leader: false dest_uuid: "6278a889df16417398d958752f0fa4d6"
I20260709 12:23:24.637249 28414 raft_consensus.cc:515] T c3a00a6d0f29460788045bc72b5e5422 P 6278a889df16417398d958752f0fa4d6 [term 0 FOLLOWER]: Starting pre-election with config: opid_index: -1 OBSOLETE_local: false peers { permanent_uuid: "6278a889df16417398d958752f0fa4d6" member_type: VOTER last_known_addr { host: "127.26.236.1" port: 38091 } } peers { permanent_uuid: "309ede15c08741d4b6f4ccfae94939d1" member_type: VOTER last_known_addr { host: "127.26.236.2" port: 44545 } } peers { permanent_uuid: "11f3205381b3463aaa8e3257ca1ac973" member_type: VOTER last_known_addr { host: "127.26.236.3" port: 42787 } }
I20260709 12:23:24.637511 28218 raft_consensus.cc:3060] T cb990aef3c7342bf8cd078558ee006c9 P 6278a889df16417398d958752f0fa4d6 [term 0 FOLLOWER]: Advancing to term 1
I20260709 12:23:24.634296 28220 raft_consensus.cc:3060] T 0e43dbddde61447e9c8d70bc408ba686 P 6278a889df16417398d958752f0fa4d6 [term 0 FOLLOWER]: Advancing to term 1
I20260709 12:23:24.639338 28414 leader_election.cc:290] T c3a00a6d0f29460788045bc72b5e5422 P 6278a889df16417398d958752f0fa4d6 [CANDIDATE]: Term 1 pre-election: Requested pre-vote from peers 309ede15c08741d4b6f4ccfae94939d1 (127.26.236.2:44545), 11f3205381b3463aaa8e3257ca1ac973 (127.26.236.3:42787)
I20260709 12:23:24.641798 28294 tablet_service.cc:1917] Received RequestConsensusVote() RPC: tablet_id: "0e43dbddde61447e9c8d70bc408ba686" candidate_uuid: "11f3205381b3463aaa8e3257ca1ac973" candidate_term: 1 candidate_status { last_received { term: 0 index: 0 } } ignore_live_leader: false dest_uuid: "309ede15c08741d4b6f4ccfae94939d1"
I20260709 12:23:24.640687 28295 tablet_service.cc:1917] Received RequestConsensusVote() RPC: tablet_id: "0e43dbddde61447e9c8d70bc408ba686" candidate_uuid: "11f3205381b3463aaa8e3257ca1ac973" candidate_term: 1 candidate_status { last_received { term: 0 index: 0 } } ignore_live_leader: false dest_uuid: "309ede15c08741d4b6f4ccfae94939d1" is_pre_election: true
I20260709 12:23:24.642203 28411 ts_tablet_manager.cc:1434] T f3205f21e8c14f52a171d55a4f922272 P 11f3205381b3463aaa8e3257ca1ac973: Time spent starting tablet: real 0.050s	user 0.016s	sys 0.012s
I20260709 12:23:24.642328 28410 tablet_bootstrap.cc:492] T f3205f21e8c14f52a171d55a4f922272 P 309ede15c08741d4b6f4ccfae94939d1: No bootstrap required, opened a new log
I20260709 12:23:24.644017 28410 ts_tablet_manager.cc:1403] T f3205f21e8c14f52a171d55a4f922272 P 309ede15c08741d4b6f4ccfae94939d1: Time spent bootstrapping tablet: real 0.054s	user 0.017s	sys 0.005s
I20260709 12:23:24.646752 28410 raft_consensus.cc:359] T f3205f21e8c14f52a171d55a4f922272 P 309ede15c08741d4b6f4ccfae94939d1 [term 0 FOLLOWER]: Replica starting. Triggering 0 pending ops. Active config: opid_index: -1 OBSOLETE_local: false peers { permanent_uuid: "6278a889df16417398d958752f0fa4d6" member_type: VOTER last_known_addr { host: "127.26.236.1" port: 38091 } } peers { permanent_uuid: "309ede15c08741d4b6f4ccfae94939d1" member_type: VOTER last_known_addr { host: "127.26.236.2" port: 44545 } } peers { permanent_uuid: "11f3205381b3463aaa8e3257ca1ac973" member_type: VOTER last_known_addr { host: "127.26.236.3" port: 42787 } }
I20260709 12:23:24.647125 28369 tablet_service.cc:1917] Received RequestConsensusVote() RPC: tablet_id: "cb990aef3c7342bf8cd078558ee006c9" candidate_uuid: "6278a889df16417398d958752f0fa4d6" candidate_term: 1 candidate_status { last_received { term: 0 index: 0 } } ignore_live_leader: false dest_uuid: "11f3205381b3463aaa8e3257ca1ac973" is_pre_election: true
I20260709 12:23:24.647330 28410 raft_consensus.cc:385] T f3205f21e8c14f52a171d55a4f922272 P 309ede15c08741d4b6f4ccfae94939d1 [term 0 FOLLOWER]: Consensus starting up: Expiring failure detector timer to make a prompt election more likely
I20260709 12:23:24.642436 28294 raft_consensus.cc:3060] T 0e43dbddde61447e9c8d70bc408ba686 P 309ede15c08741d4b6f4ccfae94939d1 [term 0 FOLLOWER]: Advancing to term 1
I20260709 12:23:24.647789 28410 raft_consensus.cc:740] T f3205f21e8c14f52a171d55a4f922272 P 309ede15c08741d4b6f4ccfae94939d1 [term 0 FOLLOWER]: Becoming Follower/Learner. State: Replica: 309ede15c08741d4b6f4ccfae94939d1, State: Initialized, Role: FOLLOWER
I20260709 12:23:24.647305 28368 tablet_service.cc:1917] Received RequestConsensusVote() RPC: tablet_id: "c3a00a6d0f29460788045bc72b5e5422" candidate_uuid: "6278a889df16417398d958752f0fa4d6" candidate_term: 1 candidate_status { last_received { term: 0 index: 0 } } ignore_live_leader: false dest_uuid: "11f3205381b3463aaa8e3257ca1ac973" is_pre_election: true
I20260709 12:23:24.648598 28410 consensus_queue.cc:260] T f3205f21e8c14f52a171d55a4f922272 P 309ede15c08741d4b6f4ccfae94939d1 [NON_LEADER]: Queue going to NON_LEADER mode. State: All replicated index: 0, Majority replicated index: 0, Committed index: 0, Last appended: 0.0, Last appended by leader: 0, Current term: 0, Majority size: -1, State: 0, Mode: NON_LEADER, active raft config: opid_index: -1 OBSOLETE_local: false peers { permanent_uuid: "6278a889df16417398d958752f0fa4d6" member_type: VOTER last_known_addr { host: "127.26.236.1" port: 38091 } } peers { permanent_uuid: "309ede15c08741d4b6f4ccfae94939d1" member_type: VOTER last_known_addr { host: "127.26.236.2" port: 44545 } } peers { permanent_uuid: "11f3205381b3463aaa8e3257ca1ac973" member_type: VOTER last_known_addr { host: "127.26.236.3" port: 42787 } }
I20260709 12:23:24.649816 28368 raft_consensus.cc:2468] T c3a00a6d0f29460788045bc72b5e5422 P 11f3205381b3463aaa8e3257ca1ac973 [term 0 FOLLOWER]: Leader pre-election vote request: Granting yes vote for candidate 6278a889df16417398d958752f0fa4d6 in term 0.
I20260709 12:23:24.651700 28411 tablet_bootstrap.cc:492] T cb990aef3c7342bf8cd078558ee006c9 P 11f3205381b3463aaa8e3257ca1ac973: Bootstrap starting.
W20260709 12:23:24.648589 28183 leader_election.cc:343] T cb990aef3c7342bf8cd078558ee006c9 P 6278a889df16417398d958752f0fa4d6 [CANDIDATE]: Term 1 pre-election: Tablet error from VoteRequest() call to peer 11f3205381b3463aaa8e3257ca1ac973 (127.26.236.3:42787): Illegal state: must be running to vote when last-logged opid is not known
I20260709 12:23:24.655179 28183 leader_election.cc:304] T c3a00a6d0f29460788045bc72b5e5422 P 6278a889df16417398d958752f0fa4d6 [CANDIDATE]: Term 1 pre-election: Election decided. Result: candidate won. Election summary: received 2 responses out of 3 voters: 2 yes votes; 0 no votes. yes voters: 11f3205381b3463aaa8e3257ca1ac973, 6278a889df16417398d958752f0fa4d6; no voters: 
I20260709 12:23:24.656102 28414 raft_consensus.cc:2804] T c3a00a6d0f29460788045bc72b5e5422 P 6278a889df16417398d958752f0fa4d6 [term 0 FOLLOWER]: Leader pre-election won for term 1
I20260709 12:23:24.656463 28414 raft_consensus.cc:493] T c3a00a6d0f29460788045bc72b5e5422 P 6278a889df16417398d958752f0fa4d6 [term 0 FOLLOWER]: Starting leader election (no leader contacted us within the election timeout)
I20260709 12:23:24.656800 28414 raft_consensus.cc:3060] T c3a00a6d0f29460788045bc72b5e5422 P 6278a889df16417398d958752f0fa4d6 [term 0 FOLLOWER]: Advancing to term 1
I20260709 12:23:24.658598 28411 tablet_bootstrap.cc:654] T cb990aef3c7342bf8cd078558ee006c9 P 11f3205381b3463aaa8e3257ca1ac973: Neither blocks nor log segments found. Creating new log.
I20260709 12:23:24.659636 28410 ts_tablet_manager.cc:1434] T f3205f21e8c14f52a171d55a4f922272 P 309ede15c08741d4b6f4ccfae94939d1: Time spent starting tablet: real 0.015s	user 0.005s	sys 0.008s
I20260709 12:23:24.660606 28410 tablet_bootstrap.cc:492] T 5c5b573264074816884fb96f10305133 P 309ede15c08741d4b6f4ccfae94939d1: Bootstrap starting.
I20260709 12:23:24.663978 28414 raft_consensus.cc:515] T c3a00a6d0f29460788045bc72b5e5422 P 6278a889df16417398d958752f0fa4d6 [term 1 FOLLOWER]: Starting leader election with config: opid_index: -1 OBSOLETE_local: false peers { permanent_uuid: "6278a889df16417398d958752f0fa4d6" member_type: VOTER last_known_addr { host: "127.26.236.1" port: 38091 } } peers { permanent_uuid: "309ede15c08741d4b6f4ccfae94939d1" member_type: VOTER last_known_addr { host: "127.26.236.2" port: 44545 } } peers { permanent_uuid: "11f3205381b3463aaa8e3257ca1ac973" member_type: VOTER last_known_addr { host: "127.26.236.3" port: 42787 } }
I20260709 12:23:24.666879 28410 tablet_bootstrap.cc:654] T 5c5b573264074816884fb96f10305133 P 309ede15c08741d4b6f4ccfae94939d1: Neither blocks nor log segments found. Creating new log.
I20260709 12:23:24.667697 28368 tablet_service.cc:1917] Received RequestConsensusVote() RPC: tablet_id: "c3a00a6d0f29460788045bc72b5e5422" candidate_uuid: "6278a889df16417398d958752f0fa4d6" candidate_term: 1 candidate_status { last_received { term: 0 index: 0 } } ignore_live_leader: false dest_uuid: "11f3205381b3463aaa8e3257ca1ac973"
I20260709 12:23:24.668232 28368 raft_consensus.cc:3060] T c3a00a6d0f29460788045bc72b5e5422 P 11f3205381b3463aaa8e3257ca1ac973 [term 0 FOLLOWER]: Advancing to term 1
I20260709 12:23:24.670706 28423 raft_consensus.cc:515] T c3a00a6d0f29460788045bc72b5e5422 P 309ede15c08741d4b6f4ccfae94939d1 [term 1 FOLLOWER]: Starting leader election with config: opid_index: -1 OBSOLETE_local: false peers { permanent_uuid: "6278a889df16417398d958752f0fa4d6" member_type: VOTER last_known_addr { host: "127.26.236.1" port: 38091 } } peers { permanent_uuid: "309ede15c08741d4b6f4ccfae94939d1" member_type: VOTER last_known_addr { host: "127.26.236.2" port: 44545 } } peers { permanent_uuid: "11f3205381b3463aaa8e3257ca1ac973" member_type: VOTER last_known_addr { host: "127.26.236.3" port: 42787 } }
I20260709 12:23:24.671450 28294 raft_consensus.cc:2468] T 0e43dbddde61447e9c8d70bc408ba686 P 309ede15c08741d4b6f4ccfae94939d1 [term 1 FOLLOWER]: Leader election vote request: Granting yes vote for candidate 11f3205381b3463aaa8e3257ca1ac973 in term 1.
I20260709 12:23:24.676692 28219 tablet_service.cc:1917] Received RequestConsensusVote() RPC: tablet_id: "c3a00a6d0f29460788045bc72b5e5422" candidate_uuid: "309ede15c08741d4b6f4ccfae94939d1" candidate_term: 1 candidate_status { last_received { term: 0 index: 0 } } ignore_live_leader: false dest_uuid: "6278a889df16417398d958752f0fa4d6"
I20260709 12:23:24.677471 28219 raft_consensus.cc:2393] T c3a00a6d0f29460788045bc72b5e5422 P 6278a889df16417398d958752f0fa4d6 [term 1 FOLLOWER]: Leader election vote request: Denying vote to candidate 309ede15c08741d4b6f4ccfae94939d1 in current term 1: Already voted for candidate 6278a889df16417398d958752f0fa4d6 in this term.
I20260709 12:23:24.678944 28409 tablet_bootstrap.cc:654] T 5c8078029c6b4b31b113e6b38f294782 P 6278a889df16417398d958752f0fa4d6: Neither blocks nor log segments found. Creating new log.
I20260709 12:23:24.679255 28423 leader_election.cc:290] T c3a00a6d0f29460788045bc72b5e5422 P 309ede15c08741d4b6f4ccfae94939d1 [CANDIDATE]: Term 1 election: Requested vote from peers 6278a889df16417398d958752f0fa4d6 (127.26.236.1:38091), 11f3205381b3463aaa8e3257ca1ac973 (127.26.236.3:42787)
I20260709 12:23:24.673530 28335 leader_election.cc:304] T 0e43dbddde61447e9c8d70bc408ba686 P 11f3205381b3463aaa8e3257ca1ac973 [CANDIDATE]: Term 1 election: Election decided. Result: candidate won. Election summary: received 2 responses out of 3 voters: 2 yes votes; 0 no votes. yes voters: 11f3205381b3463aaa8e3257ca1ac973, 309ede15c08741d4b6f4ccfae94939d1; no voters: 
I20260709 12:23:24.681788 28294 tablet_service.cc:1917] Received RequestConsensusVote() RPC: tablet_id: "cb990aef3c7342bf8cd078558ee006c9" candidate_uuid: "6278a889df16417398d958752f0fa4d6" candidate_term: 1 candidate_status { last_received { term: 0 index: 0 } } ignore_live_leader: false dest_uuid: "309ede15c08741d4b6f4ccfae94939d1" is_pre_election: true
I20260709 12:23:24.682248 28369 tablet_service.cc:1917] Received RequestConsensusVote() RPC: tablet_id: "c3a00a6d0f29460788045bc72b5e5422" candidate_uuid: "309ede15c08741d4b6f4ccfae94939d1" candidate_term: 1 candidate_status { last_received { term: 0 index: 0 } } ignore_live_leader: false dest_uuid: "11f3205381b3463aaa8e3257ca1ac973"
I20260709 12:23:24.683221 28293 tablet_service.cc:1917] Received RequestConsensusVote() RPC: tablet_id: "c3a00a6d0f29460788045bc72b5e5422" candidate_uuid: "6278a889df16417398d958752f0fa4d6" candidate_term: 1 candidate_status { last_received { term: 0 index: 0 } } ignore_live_leader: false dest_uuid: "309ede15c08741d4b6f4ccfae94939d1"
I20260709 12:23:24.684055 28293 raft_consensus.cc:2393] T c3a00a6d0f29460788045bc72b5e5422 P 309ede15c08741d4b6f4ccfae94939d1 [term 1 FOLLOWER]: Leader election vote request: Denying vote to candidate 6278a889df16417398d958752f0fa4d6 in current term 1: Already voted for candidate 309ede15c08741d4b6f4ccfae94939d1 in this term.
I20260709 12:23:24.682606 28294 raft_consensus.cc:2393] T cb990aef3c7342bf8cd078558ee006c9 P 309ede15c08741d4b6f4ccfae94939d1 [term 1 FOLLOWER]: Leader pre-election vote request: Denying vote to candidate 6278a889df16417398d958752f0fa4d6 in current term 1: Already voted for candidate 309ede15c08741d4b6f4ccfae94939d1 in this term.
I20260709 12:23:24.684980 28295 tablet_service.cc:1917] Received RequestConsensusVote() RPC: tablet_id: "c3a00a6d0f29460788045bc72b5e5422" candidate_uuid: "6278a889df16417398d958752f0fa4d6" candidate_term: 1 candidate_status { last_received { term: 0 index: 0 } } ignore_live_leader: false dest_uuid: "309ede15c08741d4b6f4ccfae94939d1" is_pre_election: true
I20260709 12:23:24.685698 28295 raft_consensus.cc:2393] T c3a00a6d0f29460788045bc72b5e5422 P 309ede15c08741d4b6f4ccfae94939d1 [term 1 FOLLOWER]: Leader pre-election vote request: Denying vote to candidate 6278a889df16417398d958752f0fa4d6 in current term 1: Already voted for candidate 309ede15c08741d4b6f4ccfae94939d1 in this term.
I20260709 12:23:24.683836 28258 leader_election.cc:304] T c3a00a6d0f29460788045bc72b5e5422 P 309ede15c08741d4b6f4ccfae94939d1 [CANDIDATE]: Term 1 election: Election decided. Result: candidate lost. Election summary: received 3 responses out of 3 voters: 1 yes votes; 2 no votes. yes voters: 309ede15c08741d4b6f4ccfae94939d1; no voters: 11f3205381b3463aaa8e3257ca1ac973, 6278a889df16417398d958752f0fa4d6
I20260709 12:23:24.687341 28186 leader_election.cc:304] T cb990aef3c7342bf8cd078558ee006c9 P 6278a889df16417398d958752f0fa4d6 [CANDIDATE]: Term 1 pre-election: Election decided. Result: candidate lost. Election summary: received 3 responses out of 3 voters: 1 yes votes; 2 no votes. yes voters: 6278a889df16417398d958752f0fa4d6; no voters: 11f3205381b3463aaa8e3257ca1ac973, 309ede15c08741d4b6f4ccfae94939d1
I20260709 12:23:24.682500 28439 raft_consensus.cc:2804] T 0e43dbddde61447e9c8d70bc408ba686 P 11f3205381b3463aaa8e3257ca1ac973 [term 1 FOLLOWER]: Leader election won for term 1
I20260709 12:23:24.688068 28439 raft_consensus.cc:697] T 0e43dbddde61447e9c8d70bc408ba686 P 11f3205381b3463aaa8e3257ca1ac973 [term 1 LEADER]: Becoming Leader. State: Replica: 11f3205381b3463aaa8e3257ca1ac973, State: Running, Role: LEADER
I20260709 12:23:24.688513 28368 raft_consensus.cc:2468] T c3a00a6d0f29460788045bc72b5e5422 P 11f3205381b3463aaa8e3257ca1ac973 [term 1 FOLLOWER]: Leader election vote request: Granting yes vote for candidate 6278a889df16417398d958752f0fa4d6 in term 1.
I20260709 12:23:24.674026 28415 raft_consensus.cc:493] T 0e43dbddde61447e9c8d70bc408ba686 P 309ede15c08741d4b6f4ccfae94939d1 [term 1 FOLLOWER]: Starting pre-election (no leader contacted us within the election timeout)
I20260709 12:23:24.688905 28439 consensus_queue.cc:237] T 0e43dbddde61447e9c8d70bc408ba686 P 11f3205381b3463aaa8e3257ca1ac973 [LEADER]: Queue going to LEADER mode. State: All replicated index: 0, Majority replicated index: 0, Committed index: 0, Last appended: 0.0, Last appended by leader: 0, Current term: 1, Majority size: 2, State: 0, Mode: LEADER, active raft config: opid_index: -1 OBSOLETE_local: false peers { permanent_uuid: "6278a889df16417398d958752f0fa4d6" member_type: VOTER last_known_addr { host: "127.26.236.1" port: 38091 } } peers { permanent_uuid: "309ede15c08741d4b6f4ccfae94939d1" member_type: VOTER last_known_addr { host: "127.26.236.2" port: 44545 } } peers { permanent_uuid: "11f3205381b3463aaa8e3257ca1ac973" member_type: VOTER last_known_addr { host: "127.26.236.3" port: 42787 } }
I20260709 12:23:24.690204 28183 leader_election.cc:304] T c3a00a6d0f29460788045bc72b5e5422 P 6278a889df16417398d958752f0fa4d6 [CANDIDATE]: Term 1 election: Election decided. Result: candidate won. Election summary: received 3 responses out of 3 voters: 2 yes votes; 1 no votes. yes voters: 11f3205381b3463aaa8e3257ca1ac973, 6278a889df16417398d958752f0fa4d6; no voters: 309ede15c08741d4b6f4ccfae94939d1
I20260709 12:23:24.674168 28414 leader_election.cc:290] T c3a00a6d0f29460788045bc72b5e5422 P 6278a889df16417398d958752f0fa4d6 [CANDIDATE]: Term 1 election: Requested vote from peers 309ede15c08741d4b6f4ccfae94939d1 (127.26.236.2:44545), 11f3205381b3463aaa8e3257ca1ac973 (127.26.236.3:42787)
I20260709 12:23:24.692775 28415 raft_consensus.cc:515] T 0e43dbddde61447e9c8d70bc408ba686 P 309ede15c08741d4b6f4ccfae94939d1 [term 1 FOLLOWER]: Starting pre-election with config: opid_index: -1 OBSOLETE_local: false peers { permanent_uuid: "6278a889df16417398d958752f0fa4d6" member_type: VOTER last_known_addr { host: "127.26.236.1" port: 38091 } } peers { permanent_uuid: "309ede15c08741d4b6f4ccfae94939d1" member_type: VOTER last_known_addr { host: "127.26.236.2" port: 44545 } } peers { permanent_uuid: "11f3205381b3463aaa8e3257ca1ac973" member_type: VOTER last_known_addr { host: "127.26.236.3" port: 42787 } }
I20260709 12:23:24.690708 28423 raft_consensus.cc:2749] T c3a00a6d0f29460788045bc72b5e5422 P 309ede15c08741d4b6f4ccfae94939d1 [term 1 FOLLOWER]: Leader election lost for term 1. Reason: could not achieve majority
I20260709 12:23:24.704829 28218 raft_consensus.cc:2468] T cb990aef3c7342bf8cd078558ee006c9 P 6278a889df16417398d958752f0fa4d6 [term 1 FOLLOWER]: Leader election vote request: Granting yes vote for candidate 309ede15c08741d4b6f4ccfae94939d1 in term 1.
I20260709 12:23:24.705087 28220 raft_consensus.cc:2468] T 0e43dbddde61447e9c8d70bc408ba686 P 6278a889df16417398d958752f0fa4d6 [term 1 FOLLOWER]: Leader election vote request: Granting yes vote for candidate 11f3205381b3463aaa8e3257ca1ac973 in term 1.
I20260709 12:23:24.707064 28442 raft_consensus.cc:2804] T c3a00a6d0f29460788045bc72b5e5422 P 6278a889df16417398d958752f0fa4d6 [term 1 FOLLOWER]: Leader election won for term 1
I20260709 12:23:24.707329 28260 leader_election.cc:304] T cb990aef3c7342bf8cd078558ee006c9 P 309ede15c08741d4b6f4ccfae94939d1 [CANDIDATE]: Term 1 election: Election decided. Result: candidate won. Election summary: received 3 responses out of 3 voters: 2 yes votes; 1 no votes. yes voters: 309ede15c08741d4b6f4ccfae94939d1, 6278a889df16417398d958752f0fa4d6; no voters: 11f3205381b3463aaa8e3257ca1ac973
I20260709 12:23:24.707540 28442 raft_consensus.cc:697] T c3a00a6d0f29460788045bc72b5e5422 P 6278a889df16417398d958752f0fa4d6 [term 1 LEADER]: Becoming Leader. State: Replica: 6278a889df16417398d958752f0fa4d6, State: Running, Role: LEADER
I20260709 12:23:24.708591 28423 raft_consensus.cc:2804] T cb990aef3c7342bf8cd078558ee006c9 P 309ede15c08741d4b6f4ccfae94939d1 [term 1 FOLLOWER]: Leader election won for term 1
I20260709 12:23:24.708423 28442 consensus_queue.cc:237] T c3a00a6d0f29460788045bc72b5e5422 P 6278a889df16417398d958752f0fa4d6 [LEADER]: Queue going to LEADER mode. State: All replicated index: 0, Majority replicated index: 0, Committed index: 0, Last appended: 0.0, Last appended by leader: 0, Current term: 1, Majority size: 2, State: 0, Mode: LEADER, active raft config: opid_index: -1 OBSOLETE_local: false peers { permanent_uuid: "6278a889df16417398d958752f0fa4d6" member_type: VOTER last_known_addr { host: "127.26.236.1" port: 38091 } } peers { permanent_uuid: "309ede15c08741d4b6f4ccfae94939d1" member_type: VOTER last_known_addr { host: "127.26.236.2" port: 44545 } } peers { permanent_uuid: "11f3205381b3463aaa8e3257ca1ac973" member_type: VOTER last_known_addr { host: "127.26.236.3" port: 42787 } }
I20260709 12:23:24.709043 28423 raft_consensus.cc:697] T cb990aef3c7342bf8cd078558ee006c9 P 309ede15c08741d4b6f4ccfae94939d1 [term 1 LEADER]: Becoming Leader. State: Replica: 309ede15c08741d4b6f4ccfae94939d1, State: Running, Role: LEADER
I20260709 12:23:24.710301 28423 consensus_queue.cc:237] T cb990aef3c7342bf8cd078558ee006c9 P 309ede15c08741d4b6f4ccfae94939d1 [LEADER]: Queue going to LEADER mode. State: All replicated index: 0, Majority replicated index: 0, Committed index: 0, Last appended: 0.0, Last appended by leader: 0, Current term: 1, Majority size: 2, State: 0, Mode: LEADER, active raft config: opid_index: -1 OBSOLETE_local: false peers { permanent_uuid: "6278a889df16417398d958752f0fa4d6" member_type: VOTER last_known_addr { host: "127.26.236.1" port: 38091 } } peers { permanent_uuid: "309ede15c08741d4b6f4ccfae94939d1" member_type: VOTER last_known_addr { host: "127.26.236.2" port: 44545 } } peers { permanent_uuid: "11f3205381b3463aaa8e3257ca1ac973" member_type: VOTER last_known_addr { host: "127.26.236.3" port: 42787 } }
I20260709 12:23:24.706744 28414 raft_consensus.cc:2749] T cb990aef3c7342bf8cd078558ee006c9 P 6278a889df16417398d958752f0fa4d6 [term 1 FOLLOWER]: Leader pre-election lost for term 1. Reason: could not achieve majority
I20260709 12:23:24.720240 28220 tablet_service.cc:1917] Received RequestConsensusVote() RPC: tablet_id: "0e43dbddde61447e9c8d70bc408ba686" candidate_uuid: "309ede15c08741d4b6f4ccfae94939d1" candidate_term: 2 candidate_status { last_received { term: 0 index: 0 } } ignore_live_leader: false dest_uuid: "6278a889df16417398d958752f0fa4d6" is_pre_election: true
I20260709 12:23:24.720948 28220 raft_consensus.cc:2468] T 0e43dbddde61447e9c8d70bc408ba686 P 6278a889df16417398d958752f0fa4d6 [term 1 FOLLOWER]: Leader pre-election vote request: Granting yes vote for candidate 309ede15c08741d4b6f4ccfae94939d1 in term 1.
I20260709 12:23:24.722023 28260 leader_election.cc:304] T 0e43dbddde61447e9c8d70bc408ba686 P 309ede15c08741d4b6f4ccfae94939d1 [CANDIDATE]: Term 2 pre-election: Election decided. Result: candidate won. Election summary: received 2 responses out of 3 voters: 2 yes votes; 0 no votes. yes voters: 309ede15c08741d4b6f4ccfae94939d1, 6278a889df16417398d958752f0fa4d6; no voters: 
I20260709 12:23:24.723078 28440 raft_consensus.cc:2804] T 0e43dbddde61447e9c8d70bc408ba686 P 309ede15c08741d4b6f4ccfae94939d1 [term 1 FOLLOWER]: Leader pre-election won for term 2
I20260709 12:23:24.723490 28411 tablet_bootstrap.cc:492] T cb990aef3c7342bf8cd078558ee006c9 P 11f3205381b3463aaa8e3257ca1ac973: No bootstrap required, opened a new log
I20260709 12:23:24.723526 28440 raft_consensus.cc:493] T 0e43dbddde61447e9c8d70bc408ba686 P 309ede15c08741d4b6f4ccfae94939d1 [term 1 FOLLOWER]: Starting leader election (no leader contacted us within the election timeout)
I20260709 12:23:24.724045 28440 raft_consensus.cc:3060] T 0e43dbddde61447e9c8d70bc408ba686 P 309ede15c08741d4b6f4ccfae94939d1 [term 1 FOLLOWER]: Advancing to term 2
I20260709 12:23:24.724032 28368 tablet_service.cc:1917] Received RequestConsensusVote() RPC: tablet_id: "0e43dbddde61447e9c8d70bc408ba686" candidate_uuid: "309ede15c08741d4b6f4ccfae94939d1" candidate_term: 2 candidate_status { last_received { term: 0 index: 0 } } ignore_live_leader: false dest_uuid: "11f3205381b3463aaa8e3257ca1ac973" is_pre_election: true
I20260709 12:23:24.722733 28117 catalog_manager.cc:5697] T c3a00a6d0f29460788045bc72b5e5422 P 6278a889df16417398d958752f0fa4d6 reported cstate change: term changed from 0 to 1, leader changed from <none> to 6278a889df16417398d958752f0fa4d6 (127.26.236.1). New cstate: current_term: 1 leader_uuid: "6278a889df16417398d958752f0fa4d6" committed_config { opid_index: -1 OBSOLETE_local: false peers { permanent_uuid: "6278a889df16417398d958752f0fa4d6" member_type: VOTER last_known_addr { host: "127.26.236.1" port: 38091 } health_report { overall_health: HEALTHY } } peers { permanent_uuid: "309ede15c08741d4b6f4ccfae94939d1" member_type: VOTER last_known_addr { host: "127.26.236.2" port: 44545 } health_report { overall_health: UNKNOWN } } peers { permanent_uuid: "11f3205381b3463aaa8e3257ca1ac973" member_type: VOTER last_known_addr { host: "127.26.236.3" port: 42787 } health_report { overall_health: UNKNOWN } } }
I20260709 12:23:24.724018 28411 ts_tablet_manager.cc:1403] T cb990aef3c7342bf8cd078558ee006c9 P 11f3205381b3463aaa8e3257ca1ac973: Time spent bootstrapping tablet: real 0.073s	user 0.010s	sys 0.018s
I20260709 12:23:24.725355 28415 leader_election.cc:290] T 0e43dbddde61447e9c8d70bc408ba686 P 309ede15c08741d4b6f4ccfae94939d1 [CANDIDATE]: Term 2 pre-election: Requested pre-vote from peers 6278a889df16417398d958752f0fa4d6 (127.26.236.1:38091), 11f3205381b3463aaa8e3257ca1ac973 (127.26.236.3:42787)
I20260709 12:23:24.735672 28410 tablet_bootstrap.cc:492] T 5c5b573264074816884fb96f10305133 P 309ede15c08741d4b6f4ccfae94939d1: No bootstrap required, opened a new log
I20260709 12:23:24.736198 28410 ts_tablet_manager.cc:1403] T 5c5b573264074816884fb96f10305133 P 309ede15c08741d4b6f4ccfae94939d1: Time spent bootstrapping tablet: real 0.076s	user 0.024s	sys 0.001s
I20260709 12:23:24.739262 28410 raft_consensus.cc:359] T 5c5b573264074816884fb96f10305133 P 309ede15c08741d4b6f4ccfae94939d1 [term 0 FOLLOWER]: Replica starting. Triggering 0 pending ops. Active config: opid_index: -1 OBSOLETE_local: false peers { permanent_uuid: "6278a889df16417398d958752f0fa4d6" member_type: VOTER last_known_addr { host: "127.26.236.1" port: 38091 } } peers { permanent_uuid: "309ede15c08741d4b6f4ccfae94939d1" member_type: VOTER last_known_addr { host: "127.26.236.2" port: 44545 } } peers { permanent_uuid: "11f3205381b3463aaa8e3257ca1ac973" member_type: VOTER last_known_addr { host: "127.26.236.3" port: 42787 } }
I20260709 12:23:24.740044 28410 raft_consensus.cc:385] T 5c5b573264074816884fb96f10305133 P 309ede15c08741d4b6f4ccfae94939d1 [term 0 FOLLOWER]: Consensus starting up: Expiring failure detector timer to make a prompt election more likely
I20260709 12:23:24.740336 28410 raft_consensus.cc:740] T 5c5b573264074816884fb96f10305133 P 309ede15c08741d4b6f4ccfae94939d1 [term 0 FOLLOWER]: Becoming Follower/Learner. State: Replica: 309ede15c08741d4b6f4ccfae94939d1, State: Initialized, Role: FOLLOWER
I20260709 12:23:24.741158 28410 consensus_queue.cc:260] T 5c5b573264074816884fb96f10305133 P 309ede15c08741d4b6f4ccfae94939d1 [NON_LEADER]: Queue going to NON_LEADER mode. State: All replicated index: 0, Majority replicated index: 0, Committed index: 0, Last appended: 0.0, Last appended by leader: 0, Current term: 0, Majority size: -1, State: 0, Mode: NON_LEADER, active raft config: opid_index: -1 OBSOLETE_local: false peers { permanent_uuid: "6278a889df16417398d958752f0fa4d6" member_type: VOTER last_known_addr { host: "127.26.236.1" port: 38091 } } peers { permanent_uuid: "309ede15c08741d4b6f4ccfae94939d1" member_type: VOTER last_known_addr { host: "127.26.236.2" port: 44545 } } peers { permanent_uuid: "11f3205381b3463aaa8e3257ca1ac973" member_type: VOTER last_known_addr { host: "127.26.236.3" port: 42787 } }
I20260709 12:23:24.743863 28410 ts_tablet_manager.cc:1434] T 5c5b573264074816884fb96f10305133 P 309ede15c08741d4b6f4ccfae94939d1: Time spent starting tablet: real 0.007s	user 0.007s	sys 0.000s
I20260709 12:23:24.744863 28410 tablet_bootstrap.cc:492] T 17b643f2cb5a4d6b817ce2f8216c8543 P 309ede15c08741d4b6f4ccfae94939d1: Bootstrap starting.
I20260709 12:23:24.751372 28410 tablet_bootstrap.cc:654] T 17b643f2cb5a4d6b817ce2f8216c8543 P 309ede15c08741d4b6f4ccfae94939d1: Neither blocks nor log segments found. Creating new log.
I20260709 12:23:24.733721 28118 catalog_manager.cc:5697] T 0e43dbddde61447e9c8d70bc408ba686 P 11f3205381b3463aaa8e3257ca1ac973 reported cstate change: term changed from 0 to 1, leader changed from <none> to 11f3205381b3463aaa8e3257ca1ac973 (127.26.236.3). New cstate: current_term: 1 leader_uuid: "11f3205381b3463aaa8e3257ca1ac973" committed_config { opid_index: -1 OBSOLETE_local: false peers { permanent_uuid: "6278a889df16417398d958752f0fa4d6" member_type: VOTER last_known_addr { host: "127.26.236.1" port: 38091 } health_report { overall_health: UNKNOWN } } peers { permanent_uuid: "309ede15c08741d4b6f4ccfae94939d1" member_type: VOTER last_known_addr { host: "127.26.236.2" port: 44545 } health_report { overall_health: UNKNOWN } } peers { permanent_uuid: "11f3205381b3463aaa8e3257ca1ac973" member_type: VOTER last_known_addr { host: "127.26.236.3" port: 42787 } health_report { overall_health: HEALTHY } } }
I20260709 12:23:24.754441 28440 raft_consensus.cc:515] T 0e43dbddde61447e9c8d70bc408ba686 P 309ede15c08741d4b6f4ccfae94939d1 [term 2 FOLLOWER]: Starting leader election with config: opid_index: -1 OBSOLETE_local: false peers { permanent_uuid: "6278a889df16417398d958752f0fa4d6" member_type: VOTER last_known_addr { host: "127.26.236.1" port: 38091 } } peers { permanent_uuid: "309ede15c08741d4b6f4ccfae94939d1" member_type: VOTER last_known_addr { host: "127.26.236.2" port: 44545 } } peers { permanent_uuid: "11f3205381b3463aaa8e3257ca1ac973" member_type: VOTER last_known_addr { host: "127.26.236.3" port: 42787 } }
I20260709 12:23:24.757599 28411 raft_consensus.cc:359] T cb990aef3c7342bf8cd078558ee006c9 P 11f3205381b3463aaa8e3257ca1ac973 [term 0 FOLLOWER]: Replica starting. Triggering 0 pending ops. Active config: opid_index: -1 OBSOLETE_local: false peers { permanent_uuid: "6278a889df16417398d958752f0fa4d6" member_type: VOTER last_known_addr { host: "127.26.236.1" port: 38091 } } peers { permanent_uuid: "309ede15c08741d4b6f4ccfae94939d1" member_type: VOTER last_known_addr { host: "127.26.236.2" port: 44545 } } peers { permanent_uuid: "11f3205381b3463aaa8e3257ca1ac973" member_type: VOTER last_known_addr { host: "127.26.236.3" port: 42787 } }
I20260709 12:23:24.758317 28411 raft_consensus.cc:385] T cb990aef3c7342bf8cd078558ee006c9 P 11f3205381b3463aaa8e3257ca1ac973 [term 0 FOLLOWER]: Consensus starting up: Expiring failure detector timer to make a prompt election more likely
I20260709 12:23:24.758618 28411 raft_consensus.cc:740] T cb990aef3c7342bf8cd078558ee006c9 P 11f3205381b3463aaa8e3257ca1ac973 [term 0 FOLLOWER]: Becoming Follower/Learner. State: Replica: 11f3205381b3463aaa8e3257ca1ac973, State: Initialized, Role: FOLLOWER
I20260709 12:23:24.762120 28440 leader_election.cc:290] T 0e43dbddde61447e9c8d70bc408ba686 P 309ede15c08741d4b6f4ccfae94939d1 [CANDIDATE]: Term 2 election: Requested vote from peers 6278a889df16417398d958752f0fa4d6 (127.26.236.1:38091), 11f3205381b3463aaa8e3257ca1ac973 (127.26.236.3:42787)
I20260709 12:23:24.764031 28409 tablet_bootstrap.cc:492] T 5c8078029c6b4b31b113e6b38f294782 P 6278a889df16417398d958752f0fa4d6: No bootstrap required, opened a new log
