I20260709 12:23:55.968683 32684 consensus_queue.cc:1048] T 223e91cba37f4c72bd868b923ba94580 P 1c04bc4199a84c17839b37db51f98c1a [LEADER]: Connected to new peer: Peer: permanent_uuid: "7dbcff5c5d774812a36f8f0c162a4228" member_type: VOTER last_known_addr { host: "127.30.109.67" port: 42095 }, Status: LMP_MISMATCH, Last received: 0.0, Next index: 1, Last known committed idx: 0, Time since last communication: 0.013s
I20260709 12:23:55.972213 32294 leader_election.cc:304] T dae450d27e284d648ebf2671c5eac212 P b85d5f7f62264ecd89885cd6a79c5643 [CANDIDATE]: Term 1 election: Election decided. Result: candidate won. Election summary: received 3 responses out of 3 voters: 2 yes votes; 1 no votes. yes voters: 7dbcff5c5d774812a36f8f0c162a4228, b85d5f7f62264ecd89885cd6a79c5643; no voters: 1c04bc4199a84c17839b37db51f98c1a
I20260709 12:23:55.980798 32322 tablet_service.cc:1917] Received RequestConsensusVote() RPC: tablet_id: "4bf4ef6f5fc74e8c9d98614d9903bb19" candidate_uuid: "7dbcff5c5d774812a36f8f0c162a4228" candidate_term: 1 candidate_status { last_received { term: 0 index: 0 } } ignore_live_leader: false dest_uuid: "b85d5f7f62264ecd89885cd6a79c5643"
I20260709 12:23:55.985561 32403 raft_consensus.cc:2468] T 4bf4ef6f5fc74e8c9d98614d9903bb19 P 1c04bc4199a84c17839b37db51f98c1a [term 1 FOLLOWER]: Leader election vote request: Granting yes vote for candidate 7dbcff5c5d774812a36f8f0c162a4228 in term 1.
I20260709 12:23:55.987257 32440 leader_election.cc:304] T 4bf4ef6f5fc74e8c9d98614d9903bb19 P 7dbcff5c5d774812a36f8f0c162a4228 [CANDIDATE]: Term 1 election: Election decided. Result: candidate won. Election summary: received 2 responses out of 3 voters: 2 yes votes; 0 no votes. yes voters: 1c04bc4199a84c17839b37db51f98c1a, 7dbcff5c5d774812a36f8f0c162a4228; no voters: 
I20260709 12:23:55.988600 32522 raft_consensus.cc:2804] T 4bf4ef6f5fc74e8c9d98614d9903bb19 P 7dbcff5c5d774812a36f8f0c162a4228 [term 1 FOLLOWER]: Leader election won for term 1
I20260709 12:23:55.989212 32522 raft_consensus.cc:697] T 4bf4ef6f5fc74e8c9d98614d9903bb19 P 7dbcff5c5d774812a36f8f0c162a4228 [term 1 LEADER]: Becoming Leader. State: Replica: 7dbcff5c5d774812a36f8f0c162a4228, State: Running, Role: LEADER
I20260709 12:23:55.990271 32522 consensus_queue.cc:237] T 4bf4ef6f5fc74e8c9d98614d9903bb19 P 7dbcff5c5d774812a36f8f0c162a4228 [LEADER]: Queue going to LEADER mode. State: All replicated index: 0, Majority replicated index: 0, Committed index: 0, Last appended: 0.0, Last appended by leader: 0, Current term: 1, Majority size: 2, State: 0, Mode: LEADER, active raft config: opid_index: -1 OBSOLETE_local: false peers { permanent_uuid: "b85d5f7f62264ecd89885cd6a79c5643" member_type: VOTER last_known_addr { host: "127.30.109.65" port: 40861 } } peers { permanent_uuid: "1c04bc4199a84c17839b37db51f98c1a" member_type: VOTER last_known_addr { host: "127.30.109.66" port: 41547 } } peers { permanent_uuid: "7dbcff5c5d774812a36f8f0c162a4228" member_type: VOTER last_known_addr { host: "127.30.109.67" port: 42095 } }
W20260709 12:23:55.996850 32368 leader_election.cc:343] T 4bf4ef6f5fc74e8c9d98614d9903bb19 P 1c04bc4199a84c17839b37db51f98c1a [CANDIDATE]: Term 1 pre-election: Tablet error from VoteRequest() call to peer b85d5f7f62264ecd89885cd6a79c5643 (127.30.109.65:40861): Illegal state: must be running to vote when last-logged opid is not known
I20260709 12:23:55.999719 32327 tablet_service.cc:1917] Received RequestConsensusVote() RPC: tablet_id: "5a498dffdd874e7980a799a659a015a3" candidate_uuid: "1c04bc4199a84c17839b37db51f98c1a" candidate_term: 1 candidate_status { last_received { term: 0 index: 0 } } ignore_live_leader: false dest_uuid: "b85d5f7f62264ecd89885cd6a79c5643"
I20260709 12:23:55.998010 32681 raft_consensus.cc:2804] T dae450d27e284d648ebf2671c5eac212 P b85d5f7f62264ecd89885cd6a79c5643 [term 1 FOLLOWER]: Leader election won for term 1
I20260709 12:23:56.004532 32681 raft_consensus.cc:697] T dae450d27e284d648ebf2671c5eac212 P b85d5f7f62264ecd89885cd6a79c5643 [term 1 LEADER]: Becoming Leader. State: Replica: b85d5f7f62264ecd89885cd6a79c5643, State: Running, Role: LEADER
I20260709 12:23:56.005324 32681 consensus_queue.cc:237] T dae450d27e284d648ebf2671c5eac212 P b85d5f7f62264ecd89885cd6a79c5643 [LEADER]: Queue going to LEADER mode. State: All replicated index: 0, Majority replicated index: 0, Committed index: 0, Last appended: 0.0, Last appended by leader: 0, Current term: 1, Majority size: 2, State: 0, Mode: LEADER, active raft config: opid_index: -1 OBSOLETE_local: false peers { permanent_uuid: "b85d5f7f62264ecd89885cd6a79c5643" member_type: VOTER last_known_addr { host: "127.30.109.65" port: 40861 } } peers { permanent_uuid: "1c04bc4199a84c17839b37db51f98c1a" member_type: VOTER last_known_addr { host: "127.30.109.66" port: 41547 } } peers { permanent_uuid: "7dbcff5c5d774812a36f8f0c162a4228" member_type: VOTER last_known_addr { host: "127.30.109.67" port: 42095 } }
I20260709 12:23:56.014504 32369 leader_election.cc:304] T 4bf4ef6f5fc74e8c9d98614d9903bb19 P 1c04bc4199a84c17839b37db51f98c1a [CANDIDATE]: Term 1 pre-election: Election decided. Result: candidate lost. Election summary: received 3 responses out of 3 voters: 1 yes votes; 2 no votes. yes voters: 1c04bc4199a84c17839b37db51f98c1a; no voters: 7dbcff5c5d774812a36f8f0c162a4228, b85d5f7f62264ecd89885cd6a79c5643
I20260709 12:23:56.016897 32684 raft_consensus.cc:2749] T 4bf4ef6f5fc74e8c9d98614d9903bb19 P 1c04bc4199a84c17839b37db51f98c1a [term 1 FOLLOWER]: Leader pre-election lost for term 1. Reason: could not achieve majority
I20260709 12:23:56.023259 32323 raft_consensus.cc:2468] T 7941ab3a716a493d99c98ab4e178254d P b85d5f7f62264ecd89885cd6a79c5643 [term 1 FOLLOWER]: Leader election vote request: Granting yes vote for candidate 1c04bc4199a84c17839b37db51f98c1a in term 1.
W20260709 12:23:56.034183 32689 log.cc:927] Time spent T b0cc1b745e9540e6bcc90d8506562ebd P 1c04bc4199a84c17839b37db51f98c1a: Append to log took a long time: real 0.055s	user 0.001s	sys 0.000s
I20260709 12:23:56.041563 32517 tablet_bootstrap.cc:654] T e2b4f1332f8d45d8a361afe54c43de86 P 7dbcff5c5d774812a36f8f0c162a4228: Neither blocks nor log segments found. Creating new log.
W20260709 12:23:56.021507 32368 leader_election.cc:343] T 5a498dffdd874e7980a799a659a015a3 P 1c04bc4199a84c17839b37db51f98c1a [CANDIDATE]: Term 1 election: Tablet error from VoteRequest() call to peer b85d5f7f62264ecd89885cd6a79c5643 (127.30.109.65:40861): Illegal state: must be running to vote when last-logged opid is not known
I20260709 12:23:56.045723 32474 raft_consensus.cc:2468] T 7941ab3a716a493d99c98ab4e178254d P 7dbcff5c5d774812a36f8f0c162a4228 [term 1 FOLLOWER]: Leader election vote request: Granting yes vote for candidate 1c04bc4199a84c17839b37db51f98c1a in term 1.
I20260709 12:23:56.051127 32369 leader_election.cc:304] T 7941ab3a716a493d99c98ab4e178254d P 1c04bc4199a84c17839b37db51f98c1a [CANDIDATE]: Term 1 election: Election decided. Result: candidate won. Election summary: received 2 responses out of 3 voters: 2 yes votes; 0 no votes. yes voters: 1c04bc4199a84c17839b37db51f98c1a, 7dbcff5c5d774812a36f8f0c162a4228; no voters: 
I20260709 12:23:56.091697 32684 raft_consensus.cc:2804] T 7941ab3a716a493d99c98ab4e178254d P 1c04bc4199a84c17839b37db51f98c1a [term 1 FOLLOWER]: Leader election won for term 1
I20260709 12:23:56.092257 32684 raft_consensus.cc:697] T 7941ab3a716a493d99c98ab4e178254d P 1c04bc4199a84c17839b37db51f98c1a [term 1 LEADER]: Becoming Leader. State: Replica: 1c04bc4199a84c17839b37db51f98c1a, State: Running, Role: LEADER
I20260709 12:23:56.093082 32684 consensus_queue.cc:237] T 7941ab3a716a493d99c98ab4e178254d P 1c04bc4199a84c17839b37db51f98c1a [LEADER]: Queue going to LEADER mode. State: All replicated index: 0, Majority replicated index: 0, Committed index: 0, Last appended: 0.0, Last appended by leader: 0, Current term: 1, Majority size: 2, State: 0, Mode: LEADER, active raft config: opid_index: -1 OBSOLETE_local: false peers { permanent_uuid: "b85d5f7f62264ecd89885cd6a79c5643" member_type: VOTER last_known_addr { host: "127.30.109.65" port: 40861 } } peers { permanent_uuid: "1c04bc4199a84c17839b37db51f98c1a" member_type: VOTER last_known_addr { host: "127.30.109.66" port: 41547 } } peers { permanent_uuid: "7dbcff5c5d774812a36f8f0c162a4228" member_type: VOTER last_known_addr { host: "127.30.109.67" port: 42095 } }
W20260709 12:23:56.102746 32691 log.cc:927] Time spent T 223e91cba37f4c72bd868b923ba94580 P 1c04bc4199a84c17839b37db51f98c1a: Append to log took a long time: real 0.132s	user 0.001s	sys 0.002s
I20260709 12:23:56.093786 32474 tablet_service.cc:1917] Received RequestConsensusVote() RPC: tablet_id: "5a498dffdd874e7980a799a659a015a3" candidate_uuid: "1c04bc4199a84c17839b37db51f98c1a" candidate_term: 1 candidate_status { last_received { term: 0 index: 0 } } ignore_live_leader: false dest_uuid: "7dbcff5c5d774812a36f8f0c162a4228"
I20260709 12:23:56.128038 32474 raft_consensus.cc:2393] T 5a498dffdd874e7980a799a659a015a3 P 7dbcff5c5d774812a36f8f0c162a4228 [term 1 FOLLOWER]: Leader election vote request: Denying vote to candidate 1c04bc4199a84c17839b37db51f98c1a in current term 1: Already voted for candidate 7dbcff5c5d774812a36f8f0c162a4228 in this term.
W20260709 12:23:56.138320 32368 outbound_call.cc:321] RPC callback for RPC call kudu.consensus.ConsensusService.RequestConsensusVote -> {remote=127.30.109.65:40861, user_credentials={real_user=slave}} blocked reactor thread for 79024.4us
I20260709 12:23:56.142853 32546 raft_consensus.cc:493] T e2b4f1332f8d45d8a361afe54c43de86 P b85d5f7f62264ecd89885cd6a79c5643 [term 0 FOLLOWER]: Starting pre-election (no leader contacted us within the election timeout)
I20260709 12:23:56.143507 32546 raft_consensus.cc:515] T e2b4f1332f8d45d8a361afe54c43de86 P b85d5f7f62264ecd89885cd6a79c5643 [term 0 FOLLOWER]: Starting pre-election with config: opid_index: -1 OBSOLETE_local: false peers { permanent_uuid: "b85d5f7f62264ecd89885cd6a79c5643" member_type: VOTER last_known_addr { host: "127.30.109.65" port: 40861 } } peers { permanent_uuid: "1c04bc4199a84c17839b37db51f98c1a" member_type: VOTER last_known_addr { host: "127.30.109.66" port: 41547 } } peers { permanent_uuid: "7dbcff5c5d774812a36f8f0c162a4228" member_type: VOTER last_known_addr { host: "127.30.109.67" port: 42095 } }
I20260709 12:23:56.145732 32546 leader_election.cc:290] T e2b4f1332f8d45d8a361afe54c43de86 P b85d5f7f62264ecd89885cd6a79c5643 [CANDIDATE]: Term 1 pre-election: Requested pre-vote from peers 1c04bc4199a84c17839b37db51f98c1a (127.30.109.66:41547), 7dbcff5c5d774812a36f8f0c162a4228 (127.30.109.67:42095)
W20260709 12:23:56.146759 32442 leader_election.cc:343] T 4bf4ef6f5fc74e8c9d98614d9903bb19 P 7dbcff5c5d774812a36f8f0c162a4228 [CANDIDATE]: Term 1 election: Tablet error from VoteRequest() call to peer b85d5f7f62264ecd89885cd6a79c5643 (127.30.109.65:40861): Illegal state: must be running to vote when last-logged opid is not known
I20260709 12:23:56.150344 32518 tablet_bootstrap.cc:492] T dd8394281fef4dfaafc22d36d1b11a98 P 1c04bc4199a84c17839b37db51f98c1a: No bootstrap required, opened a new log
I20260709 12:23:56.152288 32518 ts_tablet_manager.cc:1403] T dd8394281fef4dfaafc22d36d1b11a98 P 1c04bc4199a84c17839b37db51f98c1a: Time spent bootstrapping tablet: real 0.399s	user 0.019s	sys 0.011s
I20260709 12:23:56.154241 32521 tablet_bootstrap.cc:492] T b0cc1b745e9540e6bcc90d8506562ebd P b85d5f7f62264ecd89885cd6a79c5643: No bootstrap required, opened a new log
I20260709 12:23:56.154930 32521 ts_tablet_manager.cc:1403] T b0cc1b745e9540e6bcc90d8506562ebd P b85d5f7f62264ecd89885cd6a79c5643: Time spent bootstrapping tablet: real 0.434s	user 0.025s	sys 0.027s
I20260709 12:23:56.169757 32475 tablet_service.cc:1917] Received RequestConsensusVote() RPC: tablet_id: "e2b4f1332f8d45d8a361afe54c43de86" candidate_uuid: "b85d5f7f62264ecd89885cd6a79c5643" candidate_term: 1 candidate_status { last_received { term: 0 index: 0 } } ignore_live_leader: false dest_uuid: "7dbcff5c5d774812a36f8f0c162a4228" is_pre_election: true
I20260709 12:23:56.170934 32684 raft_consensus.cc:493] T 4c599be4cd92420dbe4b329aca9ec8bc P 1c04bc4199a84c17839b37db51f98c1a [term 0 FOLLOWER]: Starting pre-election (no leader contacted us within the election timeout)
I20260709 12:23:56.171411 32684 raft_consensus.cc:515] T 4c599be4cd92420dbe4b329aca9ec8bc P 1c04bc4199a84c17839b37db51f98c1a [term 0 FOLLOWER]: Starting pre-election with config: opid_index: -1 OBSOLETE_local: false peers { permanent_uuid: "b85d5f7f62264ecd89885cd6a79c5643" member_type: VOTER last_known_addr { host: "127.30.109.65" port: 40861 } } peers { permanent_uuid: "1c04bc4199a84c17839b37db51f98c1a" member_type: VOTER last_known_addr { host: "127.30.109.66" port: 41547 } } peers { permanent_uuid: "7dbcff5c5d774812a36f8f0c162a4228" member_type: VOTER last_known_addr { host: "127.30.109.67" port: 42095 } }
I20260709 12:23:56.171995 32224 catalog_manager.cc:5697] T dae450d27e284d648ebf2671c5eac212 P b85d5f7f62264ecd89885cd6a79c5643 reported cstate change: term changed from 0 to 1, leader changed from <none> to b85d5f7f62264ecd89885cd6a79c5643 (127.30.109.65). New cstate: current_term: 1 leader_uuid: "b85d5f7f62264ecd89885cd6a79c5643" committed_config { opid_index: -1 OBSOLETE_local: false peers { permanent_uuid: "b85d5f7f62264ecd89885cd6a79c5643" member_type: VOTER last_known_addr { host: "127.30.109.65" port: 40861 } health_report { overall_health: HEALTHY } } peers { permanent_uuid: "1c04bc4199a84c17839b37db51f98c1a" member_type: VOTER last_known_addr { host: "127.30.109.66" port: 41547 } health_report { overall_health: UNKNOWN } } peers { permanent_uuid: "7dbcff5c5d774812a36f8f0c162a4228" member_type: VOTER last_known_addr { host: "127.30.109.67" port: 42095 } health_report { overall_health: UNKNOWN } } }
I20260709 12:23:56.174865 32399 tablet_service.cc:1917] Received RequestConsensusVote() RPC: tablet_id: "e2b4f1332f8d45d8a361afe54c43de86" candidate_uuid: "b85d5f7f62264ecd89885cd6a79c5643" candidate_term: 1 candidate_status { last_received { term: 0 index: 0 } } ignore_live_leader: false dest_uuid: "1c04bc4199a84c17839b37db51f98c1a" is_pre_election: true
I20260709 12:23:56.175535 32399 raft_consensus.cc:2468] T e2b4f1332f8d45d8a361afe54c43de86 P 1c04bc4199a84c17839b37db51f98c1a [term 0 FOLLOWER]: Leader pre-election vote request: Granting yes vote for candidate b85d5f7f62264ecd89885cd6a79c5643 in term 0.
I20260709 12:23:56.179193 32291 leader_election.cc:304] T e2b4f1332f8d45d8a361afe54c43de86 P b85d5f7f62264ecd89885cd6a79c5643 [CANDIDATE]: Term 1 pre-election: Election decided. Result: candidate won. Election summary: received 2 responses out of 3 voters: 2 yes votes; 0 no votes. yes voters: 1c04bc4199a84c17839b37db51f98c1a, b85d5f7f62264ecd89885cd6a79c5643; no voters: 
I20260709 12:23:56.181218 32570 raft_consensus.cc:2804] T e2b4f1332f8d45d8a361afe54c43de86 P b85d5f7f62264ecd89885cd6a79c5643 [term 0 FOLLOWER]: Leader pre-election won for term 1
I20260709 12:23:56.181625 32570 raft_consensus.cc:493] T e2b4f1332f8d45d8a361afe54c43de86 P b85d5f7f62264ecd89885cd6a79c5643 [term 0 FOLLOWER]: Starting leader election (no leader contacted us within the election timeout)
I20260709 12:23:56.182009 32570 raft_consensus.cc:3060] T e2b4f1332f8d45d8a361afe54c43de86 P b85d5f7f62264ecd89885cd6a79c5643 [term 0 FOLLOWER]: Advancing to term 1
I20260709 12:23:56.183683 32369 leader_election.cc:304] T 5a498dffdd874e7980a799a659a015a3 P 1c04bc4199a84c17839b37db51f98c1a [CANDIDATE]: Term 1 election: Election decided. Result: candidate lost. Election summary: received 3 responses out of 3 voters: 1 yes votes; 2 no votes. yes voters: 1c04bc4199a84c17839b37db51f98c1a; no voters: 7dbcff5c5d774812a36f8f0c162a4228, b85d5f7f62264ecd89885cd6a79c5643
I20260709 12:23:56.192878 32693 raft_consensus.cc:2749] T 5a498dffdd874e7980a799a659a015a3 P 1c04bc4199a84c17839b37db51f98c1a [term 1 FOLLOWER]: Leader election lost for term 1. Reason: could not achieve majority
I20260709 12:23:56.201459 32328 tablet_service.cc:1917] Received RequestConsensusVote() RPC: tablet_id: "4c599be4cd92420dbe4b329aca9ec8bc" candidate_uuid: "1c04bc4199a84c17839b37db51f98c1a" candidate_term: 1 candidate_status { last_received { term: 0 index: 0 } } ignore_live_leader: false dest_uuid: "b85d5f7f62264ecd89885cd6a79c5643" is_pre_election: true
W20260709 12:23:56.203935 32368 leader_election.cc:343] T 4c599be4cd92420dbe4b329aca9ec8bc P 1c04bc4199a84c17839b37db51f98c1a [CANDIDATE]: Term 1 pre-election: Tablet error from VoteRequest() call to peer b85d5f7f62264ecd89885cd6a79c5643 (127.30.109.65:40861): Illegal state: must be running to vote when last-logged opid is not known
I20260709 12:23:56.205293 32588 consensus_queue.cc:1048] T 5a2d5333e15641af8ead9089dc2c2d9f P 7dbcff5c5d774812a36f8f0c162a4228 [LEADER]: Connected to new peer: Peer: permanent_uuid: "1c04bc4199a84c17839b37db51f98c1a" member_type: VOTER last_known_addr { host: "127.30.109.66" port: 41547 }, Status: LMP_MISMATCH, Last received: 0.0, Next index: 1, Last known committed idx: 0, Time since last communication: 0.003s
I20260709 12:23:56.208743 32684 leader_election.cc:290] T 4c599be4cd92420dbe4b329aca9ec8bc P 1c04bc4199a84c17839b37db51f98c1a [CANDIDATE]: Term 1 pre-election: Requested pre-vote from peers b85d5f7f62264ecd89885cd6a79c5643 (127.30.109.65:40861), 7dbcff5c5d774812a36f8f0c162a4228 (127.30.109.67:42095)
I20260709 12:23:56.213290 32473 tablet_service.cc:1917] Received RequestConsensusVote() RPC: tablet_id: "4c599be4cd92420dbe4b329aca9ec8bc" candidate_uuid: "1c04bc4199a84c17839b37db51f98c1a" candidate_term: 1 candidate_status { last_received { term: 0 index: 0 } } ignore_live_leader: false dest_uuid: "7dbcff5c5d774812a36f8f0c162a4228" is_pre_election: true
I20260709 12:23:56.213802 32570 raft_consensus.cc:515] T e2b4f1332f8d45d8a361afe54c43de86 P b85d5f7f62264ecd89885cd6a79c5643 [term 1 FOLLOWER]: Starting leader election with config: opid_index: -1 OBSOLETE_local: false peers { permanent_uuid: "b85d5f7f62264ecd89885cd6a79c5643" member_type: VOTER last_known_addr { host: "127.30.109.65" port: 40861 } } peers { permanent_uuid: "1c04bc4199a84c17839b37db51f98c1a" member_type: VOTER last_known_addr { host: "127.30.109.66" port: 41547 } } peers { permanent_uuid: "7dbcff5c5d774812a36f8f0c162a4228" member_type: VOTER last_known_addr { host: "127.30.109.67" port: 42095 } }
I20260709 12:23:56.222334 32398 tablet_service.cc:1917] Received RequestConsensusVote() RPC: tablet_id: "e2b4f1332f8d45d8a361afe54c43de86" candidate_uuid: "b85d5f7f62264ecd89885cd6a79c5643" candidate_term: 1 candidate_status { last_received { term: 0 index: 0 } } ignore_live_leader: false dest_uuid: "1c04bc4199a84c17839b37db51f98c1a"
I20260709 12:23:56.217555 32518 raft_consensus.cc:359] T dd8394281fef4dfaafc22d36d1b11a98 P 1c04bc4199a84c17839b37db51f98c1a [term 0 FOLLOWER]: Replica starting. Triggering 0 pending ops. Active config: opid_index: -1 OBSOLETE_local: false peers { permanent_uuid: "b85d5f7f62264ecd89885cd6a79c5643" member_type: VOTER last_known_addr { host: "127.30.109.65" port: 40861 } } peers { permanent_uuid: "1c04bc4199a84c17839b37db51f98c1a" member_type: VOTER last_known_addr { host: "127.30.109.66" port: 41547 } } peers { permanent_uuid: "7dbcff5c5d774812a36f8f0c162a4228" member_type: VOTER last_known_addr { host: "127.30.109.67" port: 42095 } }
I20260709 12:23:56.223315 32518 raft_consensus.cc:385] T dd8394281fef4dfaafc22d36d1b11a98 P 1c04bc4199a84c17839b37db51f98c1a [term 0 FOLLOWER]: Consensus starting up: Expiring failure detector timer to make a prompt election more likely
I20260709 12:23:56.223688 32518 raft_consensus.cc:740] T dd8394281fef4dfaafc22d36d1b11a98 P 1c04bc4199a84c17839b37db51f98c1a [term 0 FOLLOWER]: Becoming Follower/Learner. State: Replica: 1c04bc4199a84c17839b37db51f98c1a, State: Initialized, Role: FOLLOWER
I20260709 12:23:56.223773 32570 leader_election.cc:290] T e2b4f1332f8d45d8a361afe54c43de86 P b85d5f7f62264ecd89885cd6a79c5643 [CANDIDATE]: Term 1 election: Requested vote from peers 1c04bc4199a84c17839b37db51f98c1a (127.30.109.66:41547), 7dbcff5c5d774812a36f8f0c162a4228 (127.30.109.67:42095)
I20260709 12:23:56.219031 32558 consensus_queue.cc:1048] T cfb1fef6841c47fdb4d2d27d6500ff59 P 1c04bc4199a84c17839b37db51f98c1a [LEADER]: Connected to new peer: Peer: permanent_uuid: "7dbcff5c5d774812a36f8f0c162a4228" member_type: VOTER last_known_addr { host: "127.30.109.67" port: 42095 }, Status: LMP_MISMATCH, Last received: 0.0, Next index: 1, Last known committed idx: 0, Time since last communication: 0.001s
W20260709 12:23:56.219776 32294 leader_election.cc:343] T e2b4f1332f8d45d8a361afe54c43de86 P b85d5f7f62264ecd89885cd6a79c5643 [CANDIDATE]: Term 1 pre-election: Tablet error from VoteRequest() call to peer 7dbcff5c5d774812a36f8f0c162a4228 (127.30.109.67:42095): Illegal state: must be running to vote when last-logged opid is not known
I20260709 12:23:56.222949 32398 raft_consensus.cc:3060] T e2b4f1332f8d45d8a361afe54c43de86 P 1c04bc4199a84c17839b37db51f98c1a [term 0 FOLLOWER]: Advancing to term 1
I20260709 12:23:56.227415 32518 consensus_queue.cc:260] T dd8394281fef4dfaafc22d36d1b11a98 P 1c04bc4199a84c17839b37db51f98c1a [NON_LEADER]: Queue going to NON_LEADER mode. State: All replicated index: 0, Majority replicated index: 0, Committed index: 0, Last appended: 0.0, Last appended by leader: 0, Current term: 0, Majority size: -1, State: 0, Mode: NON_LEADER, active raft config: opid_index: -1 OBSOLETE_local: false peers { permanent_uuid: "b85d5f7f62264ecd89885cd6a79c5643" member_type: VOTER last_known_addr { host: "127.30.109.65" port: 40861 } } peers { permanent_uuid: "1c04bc4199a84c17839b37db51f98c1a" member_type: VOTER last_known_addr { host: "127.30.109.66" port: 41547 } } peers { permanent_uuid: "7dbcff5c5d774812a36f8f0c162a4228" member_type: VOTER last_known_addr { host: "127.30.109.67" port: 42095 } }
I20260709 12:23:56.230134 32518 ts_tablet_manager.cc:1434] T dd8394281fef4dfaafc22d36d1b11a98 P 1c04bc4199a84c17839b37db51f98c1a: Time spent starting tablet: real 0.077s	user 0.003s	sys 0.004s
I20260709 12:23:56.230974 32517 tablet_bootstrap.cc:492] T e2b4f1332f8d45d8a361afe54c43de86 P 7dbcff5c5d774812a36f8f0c162a4228: No bootstrap required, opened a new log
I20260709 12:23:56.231015 32518 tablet_bootstrap.cc:492] T 28d429a663f94988b58ea5ccb7cde879 P 1c04bc4199a84c17839b37db51f98c1a: Bootstrap starting.
W20260709 12:23:56.218932 32369 leader_election.cc:343] T 4c599be4cd92420dbe4b329aca9ec8bc P 1c04bc4199a84c17839b37db51f98c1a [CANDIDATE]: Term 1 pre-election: Tablet error from VoteRequest() call to peer 7dbcff5c5d774812a36f8f0c162a4228 (127.30.109.67:42095): Illegal state: must be running to vote when last-logged opid is not known
I20260709 12:23:56.231652 32517 ts_tablet_manager.cc:1403] T e2b4f1332f8d45d8a361afe54c43de86 P 7dbcff5c5d774812a36f8f0c162a4228: Time spent bootstrapping tablet: real 0.315s	user 0.020s	sys 0.037s
I20260709 12:23:56.231699 32225 catalog_manager.cc:5697] T 7941ab3a716a493d99c98ab4e178254d P 1c04bc4199a84c17839b37db51f98c1a reported cstate change: term changed from 0 to 1, leader changed from <none> to 1c04bc4199a84c17839b37db51f98c1a (127.30.109.66). New cstate: current_term: 1 leader_uuid: "1c04bc4199a84c17839b37db51f98c1a" committed_config { opid_index: -1 OBSOLETE_local: false peers { permanent_uuid: "b85d5f7f62264ecd89885cd6a79c5643" member_type: VOTER last_known_addr { host: "127.30.109.65" port: 40861 } health_report { overall_health: UNKNOWN } } peers { permanent_uuid: "1c04bc4199a84c17839b37db51f98c1a" member_type: VOTER last_known_addr { host: "127.30.109.66" port: 41547 } health_report { overall_health: HEALTHY } } peers { permanent_uuid: "7dbcff5c5d774812a36f8f0c162a4228" member_type: VOTER last_known_addr { host: "127.30.109.67" port: 42095 } health_report { overall_health: UNKNOWN } } }
I20260709 12:23:56.237696 32369 leader_election.cc:304] T 4c599be4cd92420dbe4b329aca9ec8bc P 1c04bc4199a84c17839b37db51f98c1a [CANDIDATE]: Term 1 pre-election: Election decided. Result: candidate lost. Election summary: received 3 responses out of 3 voters: 1 yes votes; 2 no votes. yes voters: 1c04bc4199a84c17839b37db51f98c1a; no voters: 7dbcff5c5d774812a36f8f0c162a4228, b85d5f7f62264ecd89885cd6a79c5643
I20260709 12:23:56.238777 32558 raft_consensus.cc:2749] T 4c599be4cd92420dbe4b329aca9ec8bc P 1c04bc4199a84c17839b37db51f98c1a [term 0 FOLLOWER]: Leader pre-election lost for term 1. Reason: could not achieve majority
I20260709 12:23:56.249423 32476 tablet_service.cc:1917] Received RequestConsensusVote() RPC: tablet_id: "e2b4f1332f8d45d8a361afe54c43de86" candidate_uuid: "b85d5f7f62264ecd89885cd6a79c5643" candidate_term: 1 candidate_status { last_received { term: 0 index: 0 } } ignore_live_leader: false dest_uuid: "7dbcff5c5d774812a36f8f0c162a4228"
W20260709 12:23:56.254987 32294 leader_election.cc:343] T e2b4f1332f8d45d8a361afe54c43de86 P b85d5f7f62264ecd89885cd6a79c5643 [CANDIDATE]: Term 1 election: Tablet error from VoteRequest() call to peer 7dbcff5c5d774812a36f8f0c162a4228 (127.30.109.67:42095): Illegal state: must be running to vote when last-logged opid is not known
I20260709 12:23:56.264027 32224 catalog_manager.cc:5697] T 4bf4ef6f5fc74e8c9d98614d9903bb19 P 7dbcff5c5d774812a36f8f0c162a4228 reported cstate change: term changed from 0 to 1, leader changed from <none> to 7dbcff5c5d774812a36f8f0c162a4228 (127.30.109.67). New cstate: current_term: 1 leader_uuid: "7dbcff5c5d774812a36f8f0c162a4228" committed_config { opid_index: -1 OBSOLETE_local: false peers { permanent_uuid: "b85d5f7f62264ecd89885cd6a79c5643" member_type: VOTER last_known_addr { host: "127.30.109.65" port: 40861 } health_report { overall_health: UNKNOWN } } peers { permanent_uuid: "1c04bc4199a84c17839b37db51f98c1a" member_type: VOTER last_known_addr { host: "127.30.109.66" port: 41547 } health_report { overall_health: UNKNOWN } } peers { permanent_uuid: "7dbcff5c5d774812a36f8f0c162a4228" member_type: VOTER last_known_addr { host: "127.30.109.67" port: 42095 } health_report { overall_health: HEALTHY } } }
I20260709 12:23:56.265333 32517 raft_consensus.cc:359] T e2b4f1332f8d45d8a361afe54c43de86 P 7dbcff5c5d774812a36f8f0c162a4228 [term 0 FOLLOWER]: Replica starting. Triggering 0 pending ops. Active config: opid_index: -1 OBSOLETE_local: false peers { permanent_uuid: "b85d5f7f62264ecd89885cd6a79c5643" member_type: VOTER last_known_addr { host: "127.30.109.65" port: 40861 } } peers { permanent_uuid: "1c04bc4199a84c17839b37db51f98c1a" member_type: VOTER last_known_addr { host: "127.30.109.66" port: 41547 } } peers { permanent_uuid: "7dbcff5c5d774812a36f8f0c162a4228" member_type: VOTER last_known_addr { host: "127.30.109.67" port: 42095 } }
I20260709 12:23:56.266039 32517 raft_consensus.cc:385] T e2b4f1332f8d45d8a361afe54c43de86 P 7dbcff5c5d774812a36f8f0c162a4228 [term 0 FOLLOWER]: Consensus starting up: Expiring failure detector timer to make a prompt election more likely
I20260709 12:23:56.266335 32517 raft_consensus.cc:740] T e2b4f1332f8d45d8a361afe54c43de86 P 7dbcff5c5d774812a36f8f0c162a4228 [term 0 FOLLOWER]: Becoming Follower/Learner. State: Replica: 7dbcff5c5d774812a36f8f0c162a4228, State: Initialized, Role: FOLLOWER
I20260709 12:23:56.268457 32521 raft_consensus.cc:359] T b0cc1b745e9540e6bcc90d8506562ebd P b85d5f7f62264ecd89885cd6a79c5643 [term 0 FOLLOWER]: Replica starting. Triggering 0 pending ops. Active config: opid_index: -1 OBSOLETE_local: false peers { permanent_uuid: "b85d5f7f62264ecd89885cd6a79c5643" member_type: VOTER last_known_addr { host: "127.30.109.65" port: 40861 } } peers { permanent_uuid: "1c04bc4199a84c17839b37db51f98c1a" member_type: VOTER last_known_addr { host: "127.30.109.66" port: 41547 } } peers { permanent_uuid: "7dbcff5c5d774812a36f8f0c162a4228" member_type: VOTER last_known_addr { host: "127.30.109.67" port: 42095 } }
I20260709 12:23:56.269132 32521 raft_consensus.cc:385] T b0cc1b745e9540e6bcc90d8506562ebd P b85d5f7f62264ecd89885cd6a79c5643 [term 0 FOLLOWER]: Consensus starting up: Expiring failure detector timer to make a prompt election more likely
I20260709 12:23:56.269222 32398 raft_consensus.cc:2468] T e2b4f1332f8d45d8a361afe54c43de86 P 1c04bc4199a84c17839b37db51f98c1a [term 1 FOLLOWER]: Leader election vote request: Granting yes vote for candidate b85d5f7f62264ecd89885cd6a79c5643 in term 1.
I20260709 12:23:56.269431 32521 raft_consensus.cc:740] T b0cc1b745e9540e6bcc90d8506562ebd P b85d5f7f62264ecd89885cd6a79c5643 [term 0 FOLLOWER]: Becoming Follower/Learner. State: Replica: b85d5f7f62264ecd89885cd6a79c5643, State: Initialized, Role: FOLLOWER
I20260709 12:23:56.266966 32517 consensus_queue.cc:260] T e2b4f1332f8d45d8a361afe54c43de86 P 7dbcff5c5d774812a36f8f0c162a4228 [NON_LEADER]: Queue going to NON_LEADER mode. State: All replicated index: 0, Majority replicated index: 0, Committed index: 0, Last appended: 0.0, Last appended by leader: 0, Current term: 0, Majority size: -1, State: 0, Mode: NON_LEADER, active raft config: opid_index: -1 OBSOLETE_local: false peers { permanent_uuid: "b85d5f7f62264ecd89885cd6a79c5643" member_type: VOTER last_known_addr { host: "127.30.109.65" port: 40861 } } peers { permanent_uuid: "1c04bc4199a84c17839b37db51f98c1a" member_type: VOTER last_known_addr { host: "127.30.109.66" port: 41547 } } peers { permanent_uuid: "7dbcff5c5d774812a36f8f0c162a4228" member_type: VOTER last_known_addr { host: "127.30.109.67" port: 42095 } }
I20260709 12:23:56.273483 32517 ts_tablet_manager.cc:1434] T e2b4f1332f8d45d8a361afe54c43de86 P 7dbcff5c5d774812a36f8f0c162a4228: Time spent starting tablet: real 0.040s	user 0.005s	sys 0.000s
I20260709 12:23:56.275544 32517 tablet_bootstrap.cc:492] T 043b2a5381a1460dbd81462e3ca17bb8 P 7dbcff5c5d774812a36f8f0c162a4228: Bootstrap starting.
I20260709 12:23:56.274194 32521 consensus_queue.cc:260] T b0cc1b745e9540e6bcc90d8506562ebd P b85d5f7f62264ecd89885cd6a79c5643 [NON_LEADER]: Queue going to NON_LEADER mode. State: All replicated index: 0, Majority replicated index: 0, Committed index: 0, Last appended: 0.0, Last appended by leader: 0, Current term: 0, Majority size: -1, State: 0, Mode: NON_LEADER, active raft config: opid_index: -1 OBSOLETE_local: false peers { permanent_uuid: "b85d5f7f62264ecd89885cd6a79c5643" member_type: VOTER last_known_addr { host: "127.30.109.65" port: 40861 } } peers { permanent_uuid: "1c04bc4199a84c17839b37db51f98c1a" member_type: VOTER last_known_addr { host: "127.30.109.66" port: 41547 } } peers { permanent_uuid: "7dbcff5c5d774812a36f8f0c162a4228" member_type: VOTER last_known_addr { host: "127.30.109.67" port: 42095 } }
I20260709 12:23:56.279973 32521 ts_tablet_manager.cc:1434] T b0cc1b745e9540e6bcc90d8506562ebd P b85d5f7f62264ecd89885cd6a79c5643: Time spent starting tablet: real 0.124s	user 0.007s	sys 0.000s
I20260709 12:23:56.280962 32521 tablet_bootstrap.cc:492] T dd8394281fef4dfaafc22d36d1b11a98 P b85d5f7f62264ecd89885cd6a79c5643: Bootstrap starting.
I20260709 12:23:56.283699 32518 tablet_bootstrap.cc:654] T 28d429a663f94988b58ea5ccb7cde879 P 1c04bc4199a84c17839b37db51f98c1a: Neither blocks nor log segments found. Creating new log.
I20260709 12:23:56.290505 32291 leader_election.cc:304] T e2b4f1332f8d45d8a361afe54c43de86 P b85d5f7f62264ecd89885cd6a79c5643 [CANDIDATE]: Term 1 election: Election decided. Result: candidate won. Election summary: received 3 responses out of 3 voters: 2 yes votes; 1 no votes. yes voters: 1c04bc4199a84c17839b37db51f98c1a, b85d5f7f62264ecd89885cd6a79c5643; no voters: 7dbcff5c5d774812a36f8f0c162a4228
I20260709 12:23:56.291715 32570 raft_consensus.cc:2804] T e2b4f1332f8d45d8a361afe54c43de86 P b85d5f7f62264ecd89885cd6a79c5643 [term 1 FOLLOWER]: Leader election won for term 1
I20260709 12:23:56.292189 32570 raft_consensus.cc:697] T e2b4f1332f8d45d8a361afe54c43de86 P b85d5f7f62264ecd89885cd6a79c5643 [term 1 LEADER]: Becoming Leader. State: Replica: b85d5f7f62264ecd89885cd6a79c5643, State: Running, Role: LEADER
I20260709 12:23:56.292981 32570 consensus_queue.cc:237] T e2b4f1332f8d45d8a361afe54c43de86 P b85d5f7f62264ecd89885cd6a79c5643 [LEADER]: Queue going to LEADER mode. State: All replicated index: 0, Majority replicated index: 0, Committed index: 0, Last appended: 0.0, Last appended by leader: 0, Current term: 1, Majority size: 2, State: 0, Mode: LEADER, active raft config: opid_index: -1 OBSOLETE_local: false peers { permanent_uuid: "b85d5f7f62264ecd89885cd6a79c5643" member_type: VOTER last_known_addr { host: "127.30.109.65" port: 40861 } } peers { permanent_uuid: "1c04bc4199a84c17839b37db51f98c1a" member_type: VOTER last_known_addr { host: "127.30.109.66" port: 41547 } } peers { permanent_uuid: "7dbcff5c5d774812a36f8f0c162a4228" member_type: VOTER last_known_addr { host: "127.30.109.67" port: 42095 } }
W20260709 12:23:56.324873 32368 consensus_peers.cc:597] T cfb1fef6841c47fdb4d2d27d6500ff59 P 1c04bc4199a84c17839b37db51f98c1a -> Peer b85d5f7f62264ecd89885cd6a79c5643 (127.30.109.65:40861): Couldn't send request to peer b85d5f7f62264ecd89885cd6a79c5643. Error code: TABLET_NOT_RUNNING (12). Status: Illegal state: Tablet not RUNNING: INITIALIZED. This is attempt 1: this message will repeat every 5th retry.
I20260709 12:23:56.331019 32521 tablet_bootstrap.cc:654] T dd8394281fef4dfaafc22d36d1b11a98 P b85d5f7f62264ecd89885cd6a79c5643: Neither blocks nor log segments found. Creating new log.
I20260709 12:23:56.331899 32517 tablet_bootstrap.cc:654] T 043b2a5381a1460dbd81462e3ca17bb8 P 7dbcff5c5d774812a36f8f0c162a4228: Neither blocks nor log segments found. Creating new log.
I20260709 12:23:56.352157 32517 tablet_bootstrap.cc:492] T 043b2a5381a1460dbd81462e3ca17bb8 P 7dbcff5c5d774812a36f8f0c162a4228: No bootstrap required, opened a new log
I20260709 12:23:56.352708 32517 ts_tablet_manager.cc:1403] T 043b2a5381a1460dbd81462e3ca17bb8 P 7dbcff5c5d774812a36f8f0c162a4228: Time spent bootstrapping tablet: real 0.077s	user 0.012s	sys 0.001s
I20260709 12:23:56.355573 32518 tablet_bootstrap.cc:492] T 28d429a663f94988b58ea5ccb7cde879 P 1c04bc4199a84c17839b37db51f98c1a: No bootstrap required, opened a new log
I20260709 12:23:56.355427 32517 raft_consensus.cc:359] T 043b2a5381a1460dbd81462e3ca17bb8 P 7dbcff5c5d774812a36f8f0c162a4228 [term 0 FOLLOWER]: Replica starting. Triggering 0 pending ops. Active config: opid_index: -1 OBSOLETE_local: false peers { permanent_uuid: "b85d5f7f62264ecd89885cd6a79c5643" member_type: VOTER last_known_addr { host: "127.30.109.65" port: 40861 } } peers { permanent_uuid: "1c04bc4199a84c17839b37db51f98c1a" member_type: VOTER last_known_addr { host: "127.30.109.66" port: 41547 } } peers { permanent_uuid: "7dbcff5c5d774812a36f8f0c162a4228" member_type: VOTER last_known_addr { host: "127.30.109.67" port: 42095 } }
I20260709 12:23:56.356072 32518 ts_tablet_manager.cc:1403] T 28d429a663f94988b58ea5ccb7cde879 P 1c04bc4199a84c17839b37db51f98c1a: Time spent bootstrapping tablet: real 0.125s	user 0.029s	sys 0.013s
I20260709 12:23:56.356166 32517 raft_consensus.cc:385] T 043b2a5381a1460dbd81462e3ca17bb8 P 7dbcff5c5d774812a36f8f0c162a4228 [term 0 FOLLOWER]: Consensus starting up: Expiring failure detector timer to make a prompt election more likely
I20260709 12:23:56.356544 32517 raft_consensus.cc:740] T 043b2a5381a1460dbd81462e3ca17bb8 P 7dbcff5c5d774812a36f8f0c162a4228 [term 0 FOLLOWER]: Becoming Follower/Learner. State: Replica: 7dbcff5c5d774812a36f8f0c162a4228, State: Initialized, Role: FOLLOWER
I20260709 12:23:56.357728 32517 consensus_queue.cc:260] T 043b2a5381a1460dbd81462e3ca17bb8 P 7dbcff5c5d774812a36f8f0c162a4228 [NON_LEADER]: Queue going to NON_LEADER mode. State: All replicated index: 0, Majority replicated index: 0, Committed index: 0, Last appended: 0.0, Last appended by leader: 0, Current term: 0, Majority size: -1, State: 0, Mode: NON_LEADER, active raft config: opid_index: -1 OBSOLETE_local: false peers { permanent_uuid: "b85d5f7f62264ecd89885cd6a79c5643" member_type: VOTER last_known_addr { host: "127.30.109.65" port: 40861 } } peers { permanent_uuid: "1c04bc4199a84c17839b37db51f98c1a" member_type: VOTER last_known_addr { host: "127.30.109.66" port: 41547 } } peers { permanent_uuid: "7dbcff5c5d774812a36f8f0c162a4228" member_type: VOTER last_known_addr { host: "127.30.109.67" port: 42095 } }
I20260709 12:23:56.358794 32518 raft_consensus.cc:359] T 28d429a663f94988b58ea5ccb7cde879 P 1c04bc4199a84c17839b37db51f98c1a [term 0 FOLLOWER]: Replica starting. Triggering 0 pending ops. Active config: opid_index: -1 OBSOLETE_local: false peers { permanent_uuid: "b85d5f7f62264ecd89885cd6a79c5643" member_type: VOTER last_known_addr { host: "127.30.109.65" port: 40861 } } peers { permanent_uuid: "1c04bc4199a84c17839b37db51f98c1a" member_type: VOTER last_known_addr { host: "127.30.109.66" port: 41547 } } peers { permanent_uuid: "7dbcff5c5d774812a36f8f0c162a4228" member_type: VOTER last_known_addr { host: "127.30.109.67" port: 42095 } }
I20260709 12:23:56.359535 32518 raft_consensus.cc:385] T 28d429a663f94988b58ea5ccb7cde879 P 1c04bc4199a84c17839b37db51f98c1a [term 0 FOLLOWER]: Consensus starting up: Expiring failure detector timer to make a prompt election more likely
I20260709 12:23:56.359867 32518 raft_consensus.cc:740] T 28d429a663f94988b58ea5ccb7cde879 P 1c04bc4199a84c17839b37db51f98c1a [term 0 FOLLOWER]: Becoming Follower/Learner. State: Replica: 1c04bc4199a84c17839b37db51f98c1a, State: Initialized, Role: FOLLOWER
I20260709 12:23:56.360961 32517 ts_tablet_manager.cc:1434] T 043b2a5381a1460dbd81462e3ca17bb8 P 7dbcff5c5d774812a36f8f0c162a4228: Time spent starting tablet: real 0.008s	user 0.006s	sys 0.000s
I20260709 12:23:56.361148 32521 tablet_bootstrap.cc:492] T dd8394281fef4dfaafc22d36d1b11a98 P b85d5f7f62264ecd89885cd6a79c5643: No bootstrap required, opened a new log
I20260709 12:23:56.361668 32521 ts_tablet_manager.cc:1403] T dd8394281fef4dfaafc22d36d1b11a98 P b85d5f7f62264ecd89885cd6a79c5643: Time spent bootstrapping tablet: real 0.081s	user 0.014s	sys 0.000s
I20260709 12:23:56.360615 32518 consensus_queue.cc:260] T 28d429a663f94988b58ea5ccb7cde879 P 1c04bc4199a84c17839b37db51f98c1a [NON_LEADER]: Queue going to NON_LEADER mode. State: All replicated index: 0, Majority replicated index: 0, Committed index: 0, Last appended: 0.0, Last appended by leader: 0, Current term: 0, Majority size: -1, State: 0, Mode: NON_LEADER, active raft config: opid_index: -1 OBSOLETE_local: false peers { permanent_uuid: "b85d5f7f62264ecd89885cd6a79c5643" member_type: VOTER last_known_addr { host: "127.30.109.65" port: 40861 } } peers { permanent_uuid: "1c04bc4199a84c17839b37db51f98c1a" member_type: VOTER last_known_addr { host: "127.30.109.66" port: 41547 } } peers { permanent_uuid: "7dbcff5c5d774812a36f8f0c162a4228" member_type: VOTER last_known_addr { host: "127.30.109.67" port: 42095 } }
I20260709 12:23:56.363265 32518 ts_tablet_manager.cc:1434] T 28d429a663f94988b58ea5ccb7cde879 P 1c04bc4199a84c17839b37db51f98c1a: Time spent starting tablet: real 0.007s	user 0.005s	sys 0.000s
I20260709 12:23:56.363883 32517 tablet_bootstrap.cc:492] T dd8394281fef4dfaafc22d36d1b11a98 P 7dbcff5c5d774812a36f8f0c162a4228: Bootstrap starting.
I20260709 12:23:56.364411 32518 tablet_bootstrap.cc:492] T 07c43067444d4dfd8fc246502e337d30 P 1c04bc4199a84c17839b37db51f98c1a: Bootstrap starting.
I20260709 12:23:56.367193 32521 raft_consensus.cc:359] T dd8394281fef4dfaafc22d36d1b11a98 P b85d5f7f62264ecd89885cd6a79c5643 [term 0 FOLLOWER]: Replica starting. Triggering 0 pending ops. Active config: opid_index: -1 OBSOLETE_local: false peers { permanent_uuid: "b85d5f7f62264ecd89885cd6a79c5643" member_type: VOTER last_known_addr { host: "127.30.109.65" port: 40861 } } peers { permanent_uuid: "1c04bc4199a84c17839b37db51f98c1a" member_type: VOTER last_known_addr { host: "127.30.109.66" port: 41547 } } peers { permanent_uuid: "7dbcff5c5d774812a36f8f0c162a4228" member_type: VOTER last_known_addr { host: "127.30.109.67" port: 42095 } }
I20260709 12:23:56.367904 32521 raft_consensus.cc:385] T dd8394281fef4dfaafc22d36d1b11a98 P b85d5f7f62264ecd89885cd6a79c5643 [term 0 FOLLOWER]: Consensus starting up: Expiring failure detector timer to make a prompt election more likely
I20260709 12:23:56.368223 32521 raft_consensus.cc:740] T dd8394281fef4dfaafc22d36d1b11a98 P b85d5f7f62264ecd89885cd6a79c5643 [term 0 FOLLOWER]: Becoming Follower/Learner. State: Replica: b85d5f7f62264ecd89885cd6a79c5643, State: Initialized, Role: FOLLOWER
I20260709 12:23:56.368893 32521 consensus_queue.cc:260] T dd8394281fef4dfaafc22d36d1b11a98 P b85d5f7f62264ecd89885cd6a79c5643 [NON_LEADER]: Queue going to NON_LEADER mode. State: All replicated index: 0, Majority replicated index: 0, Committed index: 0, Last appended: 0.0, Last appended by leader: 0, Current term: 0, Majority size: -1, State: 0, Mode: NON_LEADER, active raft config: opid_index: -1 OBSOLETE_local: false peers { permanent_uuid: "b85d5f7f62264ecd89885cd6a79c5643" member_type: VOTER last_known_addr { host: "127.30.109.65" port: 40861 } } peers { permanent_uuid: "1c04bc4199a84c17839b37db51f98c1a" member_type: VOTER last_known_addr { host: "127.30.109.66" port: 41547 } } peers { permanent_uuid: "7dbcff5c5d774812a36f8f0c162a4228" member_type: VOTER last_known_addr { host: "127.30.109.67" port: 42095 } }
I20260709 12:23:56.369906 32517 tablet_bootstrap.cc:654] T dd8394281fef4dfaafc22d36d1b11a98 P 7dbcff5c5d774812a36f8f0c162a4228: Neither blocks nor log segments found. Creating new log.
I20260709 12:23:56.369906 32518 tablet_bootstrap.cc:654] T 07c43067444d4dfd8fc246502e337d30 P 1c04bc4199a84c17839b37db51f98c1a: Neither blocks nor log segments found. Creating new log.
I20260709 12:23:56.371206 32521 ts_tablet_manager.cc:1434] T dd8394281fef4dfaafc22d36d1b11a98 P b85d5f7f62264ecd89885cd6a79c5643: Time spent starting tablet: real 0.009s	user 0.005s	sys 0.000s
I20260709 12:23:56.372112 32521 tablet_bootstrap.cc:492] T 5a498dffdd874e7980a799a659a015a3 P b85d5f7f62264ecd89885cd6a79c5643: Bootstrap starting.
I20260709 12:23:56.377588 32521 tablet_bootstrap.cc:654] T 5a498dffdd874e7980a799a659a015a3 P b85d5f7f62264ecd89885cd6a79c5643: Neither blocks nor log segments found. Creating new log.
I20260709 12:23:56.382043 32518 tablet_bootstrap.cc:492] T 07c43067444d4dfd8fc246502e337d30 P 1c04bc4199a84c17839b37db51f98c1a: No bootstrap required, opened a new log
I20260709 12:23:56.382683 32518 ts_tablet_manager.cc:1403] T 07c43067444d4dfd8fc246502e337d30 P 1c04bc4199a84c17839b37db51f98c1a: Time spent bootstrapping tablet: real 0.018s	user 0.012s	sys 0.004s
I20260709 12:23:56.387185 32517 tablet_bootstrap.cc:492] T dd8394281fef4dfaafc22d36d1b11a98 P 7dbcff5c5d774812a36f8f0c162a4228: No bootstrap required, opened a new log
I20260709 12:23:56.387952 32517 ts_tablet_manager.cc:1403] T dd8394281fef4dfaafc22d36d1b11a98 P 7dbcff5c5d774812a36f8f0c162a4228: Time spent bootstrapping tablet: real 0.024s	user 0.013s	sys 0.005s
I20260709 12:23:56.391423 32517 raft_consensus.cc:359] T dd8394281fef4dfaafc22d36d1b11a98 P 7dbcff5c5d774812a36f8f0c162a4228 [term 0 FOLLOWER]: Replica starting. Triggering 0 pending ops. Active config: opid_index: -1 OBSOLETE_local: false peers { permanent_uuid: "b85d5f7f62264ecd89885cd6a79c5643" member_type: VOTER last_known_addr { host: "127.30.109.65" port: 40861 } } peers { permanent_uuid: "1c04bc4199a84c17839b37db51f98c1a" member_type: VOTER last_known_addr { host: "127.30.109.66" port: 41547 } } peers { permanent_uuid: "7dbcff5c5d774812a36f8f0c162a4228" member_type: VOTER last_known_addr { host: "127.30.109.67" port: 42095 } }
I20260709 12:23:56.392396 32517 raft_consensus.cc:385] T dd8394281fef4dfaafc22d36d1b11a98 P 7dbcff5c5d774812a36f8f0c162a4228 [term 0 FOLLOWER]: Consensus starting up: Expiring failure detector timer to make a prompt election more likely
I20260709 12:23:56.392812 32517 raft_consensus.cc:740] T dd8394281fef4dfaafc22d36d1b11a98 P 7dbcff5c5d774812a36f8f0c162a4228 [term 0 FOLLOWER]: Becoming Follower/Learner. State: Replica: 7dbcff5c5d774812a36f8f0c162a4228, State: Initialized, Role: FOLLOWER
I20260709 12:23:56.395876 32517 consensus_queue.cc:260] T dd8394281fef4dfaafc22d36d1b11a98 P 7dbcff5c5d774812a36f8f0c162a4228 [NON_LEADER]: Queue going to NON_LEADER mode. State: All replicated index: 0, Majority replicated index: 0, Committed index: 0, Last appended: 0.0, Last appended by leader: 0, Current term: 0, Majority size: -1, State: 0, Mode: NON_LEADER, active raft config: opid_index: -1 OBSOLETE_local: false peers { permanent_uuid: "b85d5f7f62264ecd89885cd6a79c5643" member_type: VOTER last_known_addr { host: "127.30.109.65" port: 40861 } } peers { permanent_uuid: "1c04bc4199a84c17839b37db51f98c1a" member_type: VOTER last_known_addr { host: "127.30.109.66" port: 41547 } } peers { permanent_uuid: "7dbcff5c5d774812a36f8f0c162a4228" member_type: VOTER last_known_addr { host: "127.30.109.67" port: 42095 } }
I20260709 12:23:56.403035 32517 ts_tablet_manager.cc:1434] T dd8394281fef4dfaafc22d36d1b11a98 P 7dbcff5c5d774812a36f8f0c162a4228: Time spent starting tablet: real 0.015s	user 0.006s	sys 0.000s
I20260709 12:23:56.404036 32517 tablet_bootstrap.cc:492] T 7ae1183d9c4a468395ebfb2197766b76 P 7dbcff5c5d774812a36f8f0c162a4228: Bootstrap starting.
I20260709 12:23:56.405726 32680 raft_consensus.cc:493] T 043b2a5381a1460dbd81462e3ca17bb8 P 7dbcff5c5d774812a36f8f0c162a4228 [term 0 FOLLOWER]: Starting pre-election (no leader contacted us within the election timeout)
I20260709 12:23:56.406251 32680 raft_consensus.cc:515] T 043b2a5381a1460dbd81462e3ca17bb8 P 7dbcff5c5d774812a36f8f0c162a4228 [term 0 FOLLOWER]: Starting pre-election with config: opid_index: -1 OBSOLETE_local: false peers { permanent_uuid: "b85d5f7f62264ecd89885cd6a79c5643" member_type: VOTER last_known_addr { host: "127.30.109.65" port: 40861 } } peers { permanent_uuid: "1c04bc4199a84c17839b37db51f98c1a" member_type: VOTER last_known_addr { host: "127.30.109.66" port: 41547 } } peers { permanent_uuid: "7dbcff5c5d774812a36f8f0c162a4228" member_type: VOTER last_known_addr { host: "127.30.109.67" port: 42095 } }
I20260709 12:23:56.408535 32680 leader_election.cc:290] T 043b2a5381a1460dbd81462e3ca17bb8 P 7dbcff5c5d774812a36f8f0c162a4228 [CANDIDATE]: Term 1 pre-election: Requested pre-vote from peers b85d5f7f62264ecd89885cd6a79c5643 (127.30.109.65:40861), 1c04bc4199a84c17839b37db51f98c1a (127.30.109.66:41547)
I20260709 12:23:56.408603 32225 catalog_manager.cc:5697] T e2b4f1332f8d45d8a361afe54c43de86 P b85d5f7f62264ecd89885cd6a79c5643 reported cstate change: term changed from 0 to 1, leader changed from <none> to b85d5f7f62264ecd89885cd6a79c5643 (127.30.109.65). New cstate: current_term: 1 leader_uuid: "b85d5f7f62264ecd89885cd6a79c5643" committed_config { opid_index: -1 OBSOLETE_local: false peers { permanent_uuid: "b85d5f7f62264ecd89885cd6a79c5643" member_type: VOTER last_known_addr { host: "127.30.109.65" port: 40861 } health_report { overall_health: HEALTHY } } peers { permanent_uuid: "1c04bc4199a84c17839b37db51f98c1a" member_type: VOTER last_known_addr { host: "127.30.109.66" port: 41547 } health_report { overall_health: UNKNOWN } } peers { permanent_uuid: "7dbcff5c5d774812a36f8f0c162a4228" member_type: VOTER last_known_addr { host: "127.30.109.67" port: 42095 } health_report { overall_health: UNKNOWN } } }
I20260709 12:23:56.409402 32522 raft_consensus.cc:493] T 28d429a663f94988b58ea5ccb7cde879 P 7dbcff5c5d774812a36f8f0c162a4228 [term 0 FOLLOWER]: Starting pre-election (no leader contacted us within the election timeout)
I20260709 12:23:56.410247 32517 tablet_bootstrap.cc:654] T 7ae1183d9c4a468395ebfb2197766b76 P 7dbcff5c5d774812a36f8f0c162a4228: Neither blocks nor log segments found. Creating new log.
I20260709 12:23:56.409904 32522 raft_consensus.cc:515] T 28d429a663f94988b58ea5ccb7cde879 P 7dbcff5c5d774812a36f8f0c162a4228 [term 0 FOLLOWER]: Starting pre-election with config: opid_index: -1 OBSOLETE_local: false peers { permanent_uuid: "b85d5f7f62264ecd89885cd6a79c5643" member_type: VOTER last_known_addr { host: "127.30.109.65" port: 40861 } } peers { permanent_uuid: "1c04bc4199a84c17839b37db51f98c1a" member_type: VOTER last_known_addr { host: "127.30.109.66" port: 41547 } } peers { permanent_uuid: "7dbcff5c5d774812a36f8f0c162a4228" member_type: VOTER last_known_addr { host: "127.30.109.67" port: 42095 } }
I20260709 12:23:56.410588 32399 tablet_service.cc:1917] Received RequestConsensusVote() RPC: tablet_id: "043b2a5381a1460dbd81462e3ca17bb8" candidate_uuid: "7dbcff5c5d774812a36f8f0c162a4228" candidate_term: 1 candidate_status { last_received { term: 0 index: 0 } } ignore_live_leader: false dest_uuid: "1c04bc4199a84c17839b37db51f98c1a" is_pre_election: true
I20260709 12:23:56.394550 32518 raft_consensus.cc:359] T 07c43067444d4dfd8fc246502e337d30 P 1c04bc4199a84c17839b37db51f98c1a [term 0 FOLLOWER]: Replica starting. Triggering 0 pending ops. Active config: opid_index: -1 OBSOLETE_local: false peers { permanent_uuid: "b85d5f7f62264ecd89885cd6a79c5643" member_type: VOTER last_known_addr { host: "127.30.109.65" port: 40861 } } peers { permanent_uuid: "1c04bc4199a84c17839b37db51f98c1a" member_type: VOTER last_known_addr { host: "127.30.109.66" port: 41547 } } peers { permanent_uuid: "7dbcff5c5d774812a36f8f0c162a4228" member_type: VOTER last_known_addr { host: "127.30.109.67" port: 42095 } }
I20260709 12:23:56.411520 32518 raft_consensus.cc:385] T 07c43067444d4dfd8fc246502e337d30 P 1c04bc4199a84c17839b37db51f98c1a [term 0 FOLLOWER]: Consensus starting up: Expiring failure detector timer to make a prompt election more likely
I20260709 12:23:56.411816 32518 raft_consensus.cc:740] T 07c43067444d4dfd8fc246502e337d30 P 1c04bc4199a84c17839b37db51f98c1a [term 0 FOLLOWER]: Becoming Follower/Learner. State: Replica: 1c04bc4199a84c17839b37db51f98c1a, State: Initialized, Role: FOLLOWER
I20260709 12:23:56.411971 32522 leader_election.cc:290] T 28d429a663f94988b58ea5ccb7cde879 P 7dbcff5c5d774812a36f8f0c162a4228 [CANDIDATE]: Term 1 pre-election: Requested pre-vote from peers b85d5f7f62264ecd89885cd6a79c5643 (127.30.109.65:40861), 1c04bc4199a84c17839b37db51f98c1a (127.30.109.66:41547)
