I20260709 12:23:53.679600  8882 consensus_queue.cc:237] T f7608ddfad724db2bd95b6492b0be46c P 08d7d985d4384b3a8d9728bf6a8cf9ce [LEADER]: Queue going to LEADER mode. State: All replicated index: 0, Majority replicated index: 0, Committed index: 0, Last appended: 0.0, Last appended by leader: 0, Current term: 1, Majority size: 2, State: 0, Mode: LEADER, active raft config: opid_index: -1 OBSOLETE_local: false peers { permanent_uuid: "90edf55f368d40f4996b83e5f88f2aa7" member_type: VOTER last_known_addr { host: "127.7.24.193" port: 43175 } } peers { permanent_uuid: "08d7d985d4384b3a8d9728bf6a8cf9ce" member_type: VOTER last_known_addr { host: "127.7.24.194" port: 34049 } } peers { permanent_uuid: "98ae5275011c4df7a4c43a36ef79fcde" member_type: VOTER last_known_addr { host: "127.7.24.195" port: 46143 } }
I20260709 12:23:53.684417  8675 raft_consensus.cc:359] T 825f1714c79b4e5cb7849f4cfb45d93a P 90edf55f368d40f4996b83e5f88f2aa7 [term 0 FOLLOWER]: Replica starting. Triggering 0 pending ops. Active config: opid_index: -1 OBSOLETE_local: false peers { permanent_uuid: "90edf55f368d40f4996b83e5f88f2aa7" member_type: VOTER last_known_addr { host: "127.7.24.193" port: 43175 } } peers { permanent_uuid: "08d7d985d4384b3a8d9728bf6a8cf9ce" member_type: VOTER last_known_addr { host: "127.7.24.194" port: 34049 } } peers { permanent_uuid: "98ae5275011c4df7a4c43a36ef79fcde" member_type: VOTER last_known_addr { host: "127.7.24.195" port: 46143 } }
I20260709 12:23:53.685102  8675 raft_consensus.cc:385] T 825f1714c79b4e5cb7849f4cfb45d93a P 90edf55f368d40f4996b83e5f88f2aa7 [term 0 FOLLOWER]: Consensus starting up: Expiring failure detector timer to make a prompt election more likely
I20260709 12:23:53.685354  8675 raft_consensus.cc:740] T 825f1714c79b4e5cb7849f4cfb45d93a P 90edf55f368d40f4996b83e5f88f2aa7 [term 0 FOLLOWER]: Becoming Follower/Learner. State: Replica: 90edf55f368d40f4996b83e5f88f2aa7, State: Initialized, Role: FOLLOWER
I20260709 12:23:53.685953  8675 consensus_queue.cc:260] T 825f1714c79b4e5cb7849f4cfb45d93a P 90edf55f368d40f4996b83e5f88f2aa7 [NON_LEADER]: Queue going to NON_LEADER mode. State: All replicated index: 0, Majority replicated index: 0, Committed index: 0, Last appended: 0.0, Last appended by leader: 0, Current term: 0, Majority size: -1, State: 0, Mode: NON_LEADER, active raft config: opid_index: -1 OBSOLETE_local: false peers { permanent_uuid: "90edf55f368d40f4996b83e5f88f2aa7" member_type: VOTER last_known_addr { host: "127.7.24.193" port: 43175 } } peers { permanent_uuid: "08d7d985d4384b3a8d9728bf6a8cf9ce" member_type: VOTER last_known_addr { host: "127.7.24.194" port: 34049 } } peers { permanent_uuid: "98ae5275011c4df7a4c43a36ef79fcde" member_type: VOTER last_known_addr { host: "127.7.24.195" port: 46143 } }
I20260709 12:23:53.692255  8875 consensus_queue.cc:1048] T fd79bb9aabc24f52947335f663fce6cf P 08d7d985d4384b3a8d9728bf6a8cf9ce [LEADER]: Connected to new peer: Peer: permanent_uuid: "98ae5275011c4df7a4c43a36ef79fcde" member_type: VOTER last_known_addr { host: "127.7.24.195" port: 46143 }, Status: LMP_MISMATCH, Last received: 0.0, Next index: 1, Last known committed idx: 0, Time since last communication: 0.005s
I20260709 12:23:53.694660  8675 ts_tablet_manager.cc:1434] T 825f1714c79b4e5cb7849f4cfb45d93a P 90edf55f368d40f4996b83e5f88f2aa7: Time spent starting tablet: real 0.032s	user 0.006s	sys 0.000s
I20260709 12:23:53.695578  8675 tablet_bootstrap.cc:492] T 8cd2443a8f3747ef85199749df0a0ed8 P 90edf55f368d40f4996b83e5f88f2aa7: Bootstrap starting.
W20260709 12:23:53.706525  8448 leader_election.cc:343] T 2840c37e408e4964a7669fc158fc6ada P 90edf55f368d40f4996b83e5f88f2aa7 [CANDIDATE]: Term 1 pre-election: Tablet error from VoteRequest() call to peer 98ae5275011c4df7a4c43a36ef79fcde (127.7.24.195:46143): Illegal state: must be running to vote when last-logged opid is not known
I20260709 12:23:53.716221  8675 tablet_bootstrap.cc:654] T 8cd2443a8f3747ef85199749df0a0ed8 P 90edf55f368d40f4996b83e5f88f2aa7: Neither blocks nor log segments found. Creating new log.
I20260709 12:23:53.717363  8745 raft_consensus.cc:515] T f7608ddfad724db2bd95b6492b0be46c P 90edf55f368d40f4996b83e5f88f2aa7 [term 1 FOLLOWER]: Starting leader election with config: opid_index: -1 OBSOLETE_local: false peers { permanent_uuid: "90edf55f368d40f4996b83e5f88f2aa7" member_type: VOTER last_known_addr { host: "127.7.24.193" port: 43175 } } peers { permanent_uuid: "08d7d985d4384b3a8d9728bf6a8cf9ce" member_type: VOTER last_known_addr { host: "127.7.24.194" port: 34049 } } peers { permanent_uuid: "98ae5275011c4df7a4c43a36ef79fcde" member_type: VOTER last_known_addr { host: "127.7.24.195" port: 46143 } }
I20260709 12:23:53.709966  8481 tablet_service.cc:1917] Received RequestConsensusVote() RPC: tablet_id: "f7608ddfad724db2bd95b6492b0be46c" candidate_uuid: "08d7d985d4384b3a8d9728bf6a8cf9ce" candidate_term: 1 candidate_status { last_received { term: 0 index: 0 } } ignore_live_leader: false dest_uuid: "90edf55f368d40f4996b83e5f88f2aa7"
I20260709 12:23:53.731135  8481 raft_consensus.cc:2393] T f7608ddfad724db2bd95b6492b0be46c P 90edf55f368d40f4996b83e5f88f2aa7 [term 1 FOLLOWER]: Leader election vote request: Denying vote to candidate 08d7d985d4384b3a8d9728bf6a8cf9ce in current term 1: Already voted for candidate 90edf55f368d40f4996b83e5f88f2aa7 in this term.
I20260709 12:23:53.738999  8483 tablet_service.cc:1917] Received RequestConsensusVote() RPC: tablet_id: "825f1714c79b4e5cb7849f4cfb45d93a" candidate_uuid: "08d7d985d4384b3a8d9728bf6a8cf9ce" candidate_term: 1 candidate_status { last_received { term: 0 index: 0 } } ignore_live_leader: false dest_uuid: "90edf55f368d40f4996b83e5f88f2aa7" is_pre_election: true
I20260709 12:23:53.739830  8483 raft_consensus.cc:2468] T 825f1714c79b4e5cb7849f4cfb45d93a P 90edf55f368d40f4996b83e5f88f2aa7 [term 0 FOLLOWER]: Leader pre-election vote request: Granting yes vote for candidate 08d7d985d4384b3a8d9728bf6a8cf9ce in term 0.
I20260709 12:23:53.747642  8674 tablet_bootstrap.cc:492] T 8cd2443a8f3747ef85199749df0a0ed8 P 08d7d985d4384b3a8d9728bf6a8cf9ce: No bootstrap required, opened a new log
I20260709 12:23:53.748159  8674 ts_tablet_manager.cc:1403] T 8cd2443a8f3747ef85199749df0a0ed8 P 08d7d985d4384b3a8d9728bf6a8cf9ce: Time spent bootstrapping tablet: real 0.306s	user 0.013s	sys 0.009s
I20260709 12:23:53.753181  8676 tablet_bootstrap.cc:654] T 007fc1840d6b4cfc9d08b7347db6bd5f P 98ae5275011c4df7a4c43a36ef79fcde: Neither blocks nor log segments found. Creating new log.
I20260709 12:23:53.756918  8745 leader_election.cc:290] T f7608ddfad724db2bd95b6492b0be46c P 90edf55f368d40f4996b83e5f88f2aa7 [CANDIDATE]: Term 1 election: Requested vote from peers 08d7d985d4384b3a8d9728bf6a8cf9ce (127.7.24.194:34049), 98ae5275011c4df7a4c43a36ef79fcde (127.7.24.195:46143)
I20260709 12:23:53.761523  8630 tablet_service.cc:1917] Received RequestConsensusVote() RPC: tablet_id: "f7608ddfad724db2bd95b6492b0be46c" candidate_uuid: "90edf55f368d40f4996b83e5f88f2aa7" candidate_term: 1 candidate_status { last_received { term: 0 index: 0 } } ignore_live_leader: false dest_uuid: "98ae5275011c4df7a4c43a36ef79fcde"
I20260709 12:23:53.762478  8674 raft_consensus.cc:359] T 8cd2443a8f3747ef85199749df0a0ed8 P 08d7d985d4384b3a8d9728bf6a8cf9ce [term 0 FOLLOWER]: Replica starting. Triggering 0 pending ops. Active config: opid_index: -1 OBSOLETE_local: false peers { permanent_uuid: "90edf55f368d40f4996b83e5f88f2aa7" member_type: VOTER last_known_addr { host: "127.7.24.193" port: 43175 } } peers { permanent_uuid: "08d7d985d4384b3a8d9728bf6a8cf9ce" member_type: VOTER last_known_addr { host: "127.7.24.194" port: 34049 } } peers { permanent_uuid: "98ae5275011c4df7a4c43a36ef79fcde" member_type: VOTER last_known_addr { host: "127.7.24.195" port: 46143 } }
I20260709 12:23:53.763154  8674 raft_consensus.cc:385] T 8cd2443a8f3747ef85199749df0a0ed8 P 08d7d985d4384b3a8d9728bf6a8cf9ce [term 0 FOLLOWER]: Consensus starting up: Expiring failure detector timer to make a prompt election more likely
I20260709 12:23:53.763422  8674 raft_consensus.cc:740] T 8cd2443a8f3747ef85199749df0a0ed8 P 08d7d985d4384b3a8d9728bf6a8cf9ce [term 0 FOLLOWER]: Becoming Follower/Learner. State: Replica: 08d7d985d4384b3a8d9728bf6a8cf9ce, State: Initialized, Role: FOLLOWER
I20260709 12:23:53.766691  8674 consensus_queue.cc:260] T 8cd2443a8f3747ef85199749df0a0ed8 P 08d7d985d4384b3a8d9728bf6a8cf9ce [NON_LEADER]: Queue going to NON_LEADER mode. State: All replicated index: 0, Majority replicated index: 0, Committed index: 0, Last appended: 0.0, Last appended by leader: 0, Current term: 0, Majority size: -1, State: 0, Mode: NON_LEADER, active raft config: opid_index: -1 OBSOLETE_local: false peers { permanent_uuid: "90edf55f368d40f4996b83e5f88f2aa7" member_type: VOTER last_known_addr { host: "127.7.24.193" port: 43175 } } peers { permanent_uuid: "08d7d985d4384b3a8d9728bf6a8cf9ce" member_type: VOTER last_known_addr { host: "127.7.24.194" port: 34049 } } peers { permanent_uuid: "98ae5275011c4df7a4c43a36ef79fcde" member_type: VOTER last_known_addr { host: "127.7.24.195" port: 46143 } }
I20260709 12:23:53.768198  8630 raft_consensus.cc:2393] T f7608ddfad724db2bd95b6492b0be46c P 98ae5275011c4df7a4c43a36ef79fcde [term 1 FOLLOWER]: Leader election vote request: Denying vote to candidate 90edf55f368d40f4996b83e5f88f2aa7 in current term 1: Already voted for candidate 08d7d985d4384b3a8d9728bf6a8cf9ce in this term.
I20260709 12:23:53.781319  8559 tablet_service.cc:1917] Received RequestConsensusVote() RPC: tablet_id: "2840c37e408e4964a7669fc158fc6ada" candidate_uuid: "90edf55f368d40f4996b83e5f88f2aa7" candidate_term: 1 candidate_status { last_received { term: 0 index: 0 } } ignore_live_leader: false dest_uuid: "08d7d985d4384b3a8d9728bf6a8cf9ce" is_pre_election: true
I20260709 12:23:53.791633  8559 tablet_service.cc:1917] Received RequestConsensusVote() RPC: tablet_id: "f7608ddfad724db2bd95b6492b0be46c" candidate_uuid: "90edf55f368d40f4996b83e5f88f2aa7" candidate_term: 1 candidate_status { last_received { term: 0 index: 0 } } ignore_live_leader: false dest_uuid: "08d7d985d4384b3a8d9728bf6a8cf9ce"
I20260709 12:23:53.791673  8674 ts_tablet_manager.cc:1434] T 8cd2443a8f3747ef85199749df0a0ed8 P 08d7d985d4384b3a8d9728bf6a8cf9ce: Time spent starting tablet: real 0.043s	user 0.005s	sys 0.002s
I20260709 12:23:53.794162  8674 tablet_bootstrap.cc:492] T e8d02511f13842a690fa9441371dd43c P 08d7d985d4384b3a8d9728bf6a8cf9ce: Bootstrap starting.
I20260709 12:23:53.799553  8676 tablet_bootstrap.cc:492] T 007fc1840d6b4cfc9d08b7347db6bd5f P 98ae5275011c4df7a4c43a36ef79fcde: No bootstrap required, opened a new log
I20260709 12:23:53.800105  8676 ts_tablet_manager.cc:1403] T 007fc1840d6b4cfc9d08b7347db6bd5f P 98ae5275011c4df7a4c43a36ef79fcde: Time spent bootstrapping tablet: real 0.145s	user 0.005s	sys 0.008s
I20260709 12:23:53.800805  8896 consensus_queue.cc:1048] T 1d945df289b3493cb4336f88024c0662 P 98ae5275011c4df7a4c43a36ef79fcde [LEADER]: Connected to new peer: Peer: permanent_uuid: "90edf55f368d40f4996b83e5f88f2aa7" member_type: VOTER last_known_addr { host: "127.7.24.193" port: 43175 }, Status: LMP_MISMATCH, Last received: 0.0, Next index: 1, Last known committed idx: 0, Time since last communication: 0.002s
W20260709 12:23:53.808848  8449 leader_election.cc:343] T 2840c37e408e4964a7669fc158fc6ada P 90edf55f368d40f4996b83e5f88f2aa7 [CANDIDATE]: Term 1 pre-election: Tablet error from VoteRequest() call to peer 08d7d985d4384b3a8d9728bf6a8cf9ce (127.7.24.194:34049): Illegal state: must be running to vote when last-logged opid is not known
I20260709 12:23:53.809325  8449 leader_election.cc:304] T 2840c37e408e4964a7669fc158fc6ada P 90edf55f368d40f4996b83e5f88f2aa7 [CANDIDATE]: Term 1 pre-election: Election decided. Result: candidate lost. Election summary: received 3 responses out of 3 voters: 1 yes votes; 2 no votes. yes voters: 90edf55f368d40f4996b83e5f88f2aa7; no voters: 08d7d985d4384b3a8d9728bf6a8cf9ce, 98ae5275011c4df7a4c43a36ef79fcde
I20260709 12:23:53.811417  8378 catalog_manager.cc:5697] T b70d5411c08c4b62995504956e36b736 P 08d7d985d4384b3a8d9728bf6a8cf9ce reported cstate change: term changed from 0 to 1, leader changed from <none> to 08d7d985d4384b3a8d9728bf6a8cf9ce (127.7.24.194). New cstate: current_term: 1 leader_uuid: "08d7d985d4384b3a8d9728bf6a8cf9ce" committed_config { opid_index: -1 OBSOLETE_local: false peers { permanent_uuid: "90edf55f368d40f4996b83e5f88f2aa7" member_type: VOTER last_known_addr { host: "127.7.24.193" port: 43175 } health_report { overall_health: UNKNOWN } } peers { permanent_uuid: "08d7d985d4384b3a8d9728bf6a8cf9ce" member_type: VOTER last_known_addr { host: "127.7.24.194" port: 34049 } health_report { overall_health: HEALTHY } } peers { permanent_uuid: "98ae5275011c4df7a4c43a36ef79fcde" member_type: VOTER last_known_addr { host: "127.7.24.195" port: 46143 } health_report { overall_health: UNKNOWN } } }
I20260709 12:23:53.827740  8523 leader_election.cc:304] T 825f1714c79b4e5cb7849f4cfb45d93a P 08d7d985d4384b3a8d9728bf6a8cf9ce [CANDIDATE]: Term 1 pre-election: Election decided. Result: candidate won. Election summary: received 3 responses out of 3 voters: 2 yes votes; 1 no votes. yes voters: 08d7d985d4384b3a8d9728bf6a8cf9ce, 90edf55f368d40f4996b83e5f88f2aa7; no voters: 98ae5275011c4df7a4c43a36ef79fcde
I20260709 12:23:53.828307  8684 raft_consensus.cc:2749] T 2840c37e408e4964a7669fc158fc6ada P 90edf55f368d40f4996b83e5f88f2aa7 [term 0 FOLLOWER]: Leader pre-election lost for term 1. Reason: could not achieve majority
I20260709 12:23:53.828946  8875 raft_consensus.cc:2804] T 825f1714c79b4e5cb7849f4cfb45d93a P 08d7d985d4384b3a8d9728bf6a8cf9ce [term 0 FOLLOWER]: Leader pre-election won for term 1
I20260709 12:23:53.830025  8875 raft_consensus.cc:493] T 825f1714c79b4e5cb7849f4cfb45d93a P 08d7d985d4384b3a8d9728bf6a8cf9ce [term 0 FOLLOWER]: Starting leader election (no leader contacted us within the election timeout)
I20260709 12:23:53.830381  8875 raft_consensus.cc:3060] T 825f1714c79b4e5cb7849f4cfb45d93a P 08d7d985d4384b3a8d9728bf6a8cf9ce [term 0 FOLLOWER]: Advancing to term 1
I20260709 12:23:53.830685  8449 leader_election.cc:304] T f7608ddfad724db2bd95b6492b0be46c P 90edf55f368d40f4996b83e5f88f2aa7 [CANDIDATE]: Term 1 election: Election decided. Result: candidate lost. Election summary: received 3 responses out of 3 voters: 1 yes votes; 2 no votes. yes voters: 90edf55f368d40f4996b83e5f88f2aa7; no voters: 08d7d985d4384b3a8d9728bf6a8cf9ce, 98ae5275011c4df7a4c43a36ef79fcde
I20260709 12:23:53.836679  8744 raft_consensus.cc:2749] T f7608ddfad724db2bd95b6492b0be46c P 90edf55f368d40f4996b83e5f88f2aa7 [term 1 FOLLOWER]: Leader election lost for term 1. Reason: could not achieve majority
I20260709 12:23:53.837371  8676 raft_consensus.cc:359] T 007fc1840d6b4cfc9d08b7347db6bd5f P 98ae5275011c4df7a4c43a36ef79fcde [term 0 FOLLOWER]: Replica starting. Triggering 0 pending ops. Active config: opid_index: -1 OBSOLETE_local: false peers { permanent_uuid: "90edf55f368d40f4996b83e5f88f2aa7" member_type: VOTER last_known_addr { host: "127.7.24.193" port: 43175 } } peers { permanent_uuid: "08d7d985d4384b3a8d9728bf6a8cf9ce" member_type: VOTER last_known_addr { host: "127.7.24.194" port: 34049 } } peers { permanent_uuid: "98ae5275011c4df7a4c43a36ef79fcde" member_type: VOTER last_known_addr { host: "127.7.24.195" port: 46143 } }
I20260709 12:23:53.838032  8676 raft_consensus.cc:385] T 007fc1840d6b4cfc9d08b7347db6bd5f P 98ae5275011c4df7a4c43a36ef79fcde [term 0 FOLLOWER]: Consensus starting up: Expiring failure detector timer to make a prompt election more likely
I20260709 12:23:53.838284  8676 raft_consensus.cc:740] T 007fc1840d6b4cfc9d08b7347db6bd5f P 98ae5275011c4df7a4c43a36ef79fcde [term 0 FOLLOWER]: Becoming Follower/Learner. State: Replica: 98ae5275011c4df7a4c43a36ef79fcde, State: Initialized, Role: FOLLOWER
I20260709 12:23:53.838657  8883 consensus_queue.cc:1048] T fd79bb9aabc24f52947335f663fce6cf P 08d7d985d4384b3a8d9728bf6a8cf9ce [LEADER]: Connected to new peer: Peer: permanent_uuid: "90edf55f368d40f4996b83e5f88f2aa7" member_type: VOTER last_known_addr { host: "127.7.24.193" port: 43175 }, Status: LMP_MISMATCH, Last received: 0.0, Next index: 1, Last known committed idx: 0, Time since last communication: 0.001s
I20260709 12:23:53.838922  8676 consensus_queue.cc:260] T 007fc1840d6b4cfc9d08b7347db6bd5f P 98ae5275011c4df7a4c43a36ef79fcde [NON_LEADER]: Queue going to NON_LEADER mode. State: All replicated index: 0, Majority replicated index: 0, Committed index: 0, Last appended: 0.0, Last appended by leader: 0, Current term: 0, Majority size: -1, State: 0, Mode: NON_LEADER, active raft config: opid_index: -1 OBSOLETE_local: false peers { permanent_uuid: "90edf55f368d40f4996b83e5f88f2aa7" member_type: VOTER last_known_addr { host: "127.7.24.193" port: 43175 } } peers { permanent_uuid: "08d7d985d4384b3a8d9728bf6a8cf9ce" member_type: VOTER last_known_addr { host: "127.7.24.194" port: 34049 } } peers { permanent_uuid: "98ae5275011c4df7a4c43a36ef79fcde" member_type: VOTER last_known_addr { host: "127.7.24.195" port: 46143 } }
I20260709 12:23:53.841988  8676 ts_tablet_manager.cc:1434] T 007fc1840d6b4cfc9d08b7347db6bd5f P 98ae5275011c4df7a4c43a36ef79fcde: Time spent starting tablet: real 0.042s	user 0.005s	sys 0.000s
I20260709 12:23:53.842842  8676 tablet_bootstrap.cc:492] T 0fdf4e70e47148a1b9427f555dd50d36 P 98ae5275011c4df7a4c43a36ef79fcde: Bootstrap starting.
I20260709 12:23:53.844302  8675 tablet_bootstrap.cc:492] T 8cd2443a8f3747ef85199749df0a0ed8 P 90edf55f368d40f4996b83e5f88f2aa7: No bootstrap required, opened a new log
I20260709 12:23:53.844738  8675 ts_tablet_manager.cc:1403] T 8cd2443a8f3747ef85199749df0a0ed8 P 90edf55f368d40f4996b83e5f88f2aa7: Time spent bootstrapping tablet: real 0.149s	user 0.026s	sys 0.017s
I20260709 12:23:53.847245  8675 raft_consensus.cc:359] T 8cd2443a8f3747ef85199749df0a0ed8 P 90edf55f368d40f4996b83e5f88f2aa7 [term 0 FOLLOWER]: Replica starting. Triggering 0 pending ops. Active config: opid_index: -1 OBSOLETE_local: false peers { permanent_uuid: "90edf55f368d40f4996b83e5f88f2aa7" member_type: VOTER last_known_addr { host: "127.7.24.193" port: 43175 } } peers { permanent_uuid: "08d7d985d4384b3a8d9728bf6a8cf9ce" member_type: VOTER last_known_addr { host: "127.7.24.194" port: 34049 } } peers { permanent_uuid: "98ae5275011c4df7a4c43a36ef79fcde" member_type: VOTER last_known_addr { host: "127.7.24.195" port: 46143 } }
I20260709 12:23:53.847873  8675 raft_consensus.cc:385] T 8cd2443a8f3747ef85199749df0a0ed8 P 90edf55f368d40f4996b83e5f88f2aa7 [term 0 FOLLOWER]: Consensus starting up: Expiring failure detector timer to make a prompt election more likely
I20260709 12:23:53.850376  8675 raft_consensus.cc:740] T 8cd2443a8f3747ef85199749df0a0ed8 P 90edf55f368d40f4996b83e5f88f2aa7 [term 0 FOLLOWER]: Becoming Follower/Learner. State: Replica: 90edf55f368d40f4996b83e5f88f2aa7, State: Initialized, Role: FOLLOWER
I20260709 12:23:53.850906  8675 consensus_queue.cc:260] T 8cd2443a8f3747ef85199749df0a0ed8 P 90edf55f368d40f4996b83e5f88f2aa7 [NON_LEADER]: Queue going to NON_LEADER mode. State: All replicated index: 0, Majority replicated index: 0, Committed index: 0, Last appended: 0.0, Last appended by leader: 0, Current term: 0, Majority size: -1, State: 0, Mode: NON_LEADER, active raft config: opid_index: -1 OBSOLETE_local: false peers { permanent_uuid: "90edf55f368d40f4996b83e5f88f2aa7" member_type: VOTER last_known_addr { host: "127.7.24.193" port: 43175 } } peers { permanent_uuid: "08d7d985d4384b3a8d9728bf6a8cf9ce" member_type: VOTER last_known_addr { host: "127.7.24.194" port: 34049 } } peers { permanent_uuid: "98ae5275011c4df7a4c43a36ef79fcde" member_type: VOTER last_known_addr { host: "127.7.24.195" port: 46143 } }
I20260709 12:23:53.856393  8675 ts_tablet_manager.cc:1434] T 8cd2443a8f3747ef85199749df0a0ed8 P 90edf55f368d40f4996b83e5f88f2aa7: Time spent starting tablet: real 0.011s	user 0.005s	sys 0.001s
I20260709 12:23:53.857213  8675 tablet_bootstrap.cc:492] T 007fc1840d6b4cfc9d08b7347db6bd5f P 90edf55f368d40f4996b83e5f88f2aa7: Bootstrap starting.
I20260709 12:23:53.857885  8875 raft_consensus.cc:515] T 825f1714c79b4e5cb7849f4cfb45d93a P 08d7d985d4384b3a8d9728bf6a8cf9ce [term 1 FOLLOWER]: Starting leader election with config: opid_index: -1 OBSOLETE_local: false peers { permanent_uuid: "90edf55f368d40f4996b83e5f88f2aa7" member_type: VOTER last_known_addr { host: "127.7.24.193" port: 43175 } } peers { permanent_uuid: "08d7d985d4384b3a8d9728bf6a8cf9ce" member_type: VOTER last_known_addr { host: "127.7.24.194" port: 34049 } } peers { permanent_uuid: "98ae5275011c4df7a4c43a36ef79fcde" member_type: VOTER last_known_addr { host: "127.7.24.195" port: 46143 } }
I20260709 12:23:53.871686  8676 tablet_bootstrap.cc:654] T 0fdf4e70e47148a1b9427f555dd50d36 P 98ae5275011c4df7a4c43a36ef79fcde: Neither blocks nor log segments found. Creating new log.
I20260709 12:23:53.876435  8674 tablet_bootstrap.cc:654] T e8d02511f13842a690fa9441371dd43c P 08d7d985d4384b3a8d9728bf6a8cf9ce: Neither blocks nor log segments found. Creating new log.
I20260709 12:23:53.877686  8556 raft_consensus.cc:3060] T 1d945df289b3493cb4336f88024c0662 P 08d7d985d4384b3a8d9728bf6a8cf9ce [term 0 FOLLOWER]: Advancing to term 1
I20260709 12:23:53.878014  8875 leader_election.cc:290] T 825f1714c79b4e5cb7849f4cfb45d93a P 08d7d985d4384b3a8d9728bf6a8cf9ce [CANDIDATE]: Term 1 election: Requested vote from peers 90edf55f368d40f4996b83e5f88f2aa7 (127.7.24.193:43175), 98ae5275011c4df7a4c43a36ef79fcde (127.7.24.195:46143)
I20260709 12:23:53.878197  8633 tablet_service.cc:1917] Received RequestConsensusVote() RPC: tablet_id: "825f1714c79b4e5cb7849f4cfb45d93a" candidate_uuid: "08d7d985d4384b3a8d9728bf6a8cf9ce" candidate_term: 1 candidate_status { last_received { term: 0 index: 0 } } ignore_live_leader: false dest_uuid: "98ae5275011c4df7a4c43a36ef79fcde"
W20260709 12:23:53.879792  8524 leader_election.cc:343] T 825f1714c79b4e5cb7849f4cfb45d93a P 08d7d985d4384b3a8d9728bf6a8cf9ce [CANDIDATE]: Term 1 election: Tablet error from VoteRequest() call to peer 98ae5275011c4df7a4c43a36ef79fcde (127.7.24.195:46143): Illegal state: must be running to vote when last-logged opid is not known
I20260709 12:23:53.884724  8875 consensus_queue.cc:1048] T b70d5411c08c4b62995504956e36b736 P 08d7d985d4384b3a8d9728bf6a8cf9ce [LEADER]: Connected to new peer: Peer: permanent_uuid: "98ae5275011c4df7a4c43a36ef79fcde" member_type: VOTER last_known_addr { host: "127.7.24.195" port: 46143 }, Status: LMP_MISMATCH, Last received: 0.0, Next index: 1, Last known committed idx: 0, Time since last communication: 0.000s
I20260709 12:23:53.888536  8380 catalog_manager.cc:5697] T f7608ddfad724db2bd95b6492b0be46c P 08d7d985d4384b3a8d9728bf6a8cf9ce reported cstate change: term changed from 0 to 1, leader changed from <none> to 08d7d985d4384b3a8d9728bf6a8cf9ce (127.7.24.194). New cstate: current_term: 1 leader_uuid: "08d7d985d4384b3a8d9728bf6a8cf9ce" committed_config { opid_index: -1 OBSOLETE_local: false peers { permanent_uuid: "90edf55f368d40f4996b83e5f88f2aa7" member_type: VOTER last_known_addr { host: "127.7.24.193" port: 43175 } health_report { overall_health: UNKNOWN } } peers { permanent_uuid: "08d7d985d4384b3a8d9728bf6a8cf9ce" member_type: VOTER last_known_addr { host: "127.7.24.194" port: 34049 } health_report { overall_health: HEALTHY } } peers { permanent_uuid: "98ae5275011c4df7a4c43a36ef79fcde" member_type: VOTER last_known_addr { host: "127.7.24.195" port: 46143 } health_report { overall_health: UNKNOWN } } }
I20260709 12:23:53.894991  8481 tablet_service.cc:1917] Received RequestConsensusVote() RPC: tablet_id: "825f1714c79b4e5cb7849f4cfb45d93a" candidate_uuid: "08d7d985d4384b3a8d9728bf6a8cf9ce" candidate_term: 1 candidate_status { last_received { term: 0 index: 0 } } ignore_live_leader: false dest_uuid: "90edf55f368d40f4996b83e5f88f2aa7"
I20260709 12:23:53.895627  8481 raft_consensus.cc:3060] T 825f1714c79b4e5cb7849f4cfb45d93a P 90edf55f368d40f4996b83e5f88f2aa7 [term 0 FOLLOWER]: Advancing to term 1
I20260709 12:23:53.899614  8878 raft_consensus.cc:493] T 2f59a3ccad704fbf8940750d85c72371 P 98ae5275011c4df7a4c43a36ef79fcde [term 0 FOLLOWER]: Starting pre-election (no leader contacted us within the election timeout)
W20260709 12:23:53.899812  8429 auto_rebalancer.cc:288] Could not retrieve cluster info: Service unavailable: Tablet not running
I20260709 12:23:53.899981  8675 tablet_bootstrap.cc:654] T 007fc1840d6b4cfc9d08b7347db6bd5f P 90edf55f368d40f4996b83e5f88f2aa7: Neither blocks nor log segments found. Creating new log.
I20260709 12:23:53.900108  8878 raft_consensus.cc:515] T 2f59a3ccad704fbf8940750d85c72371 P 98ae5275011c4df7a4c43a36ef79fcde [term 0 FOLLOWER]: Starting pre-election with config: opid_index: -1 OBSOLETE_local: false peers { permanent_uuid: "90edf55f368d40f4996b83e5f88f2aa7" member_type: VOTER last_known_addr { host: "127.7.24.193" port: 43175 } } peers { permanent_uuid: "08d7d985d4384b3a8d9728bf6a8cf9ce" member_type: VOTER last_known_addr { host: "127.7.24.194" port: 34049 } } peers { permanent_uuid: "98ae5275011c4df7a4c43a36ef79fcde" member_type: VOTER last_known_addr { host: "127.7.24.195" port: 46143 } }
I20260709 12:23:53.905566  8483 tablet_service.cc:1917] Received RequestConsensusVote() RPC: tablet_id: "2f59a3ccad704fbf8940750d85c72371" candidate_uuid: "98ae5275011c4df7a4c43a36ef79fcde" candidate_term: 1 candidate_status { last_received { term: 0 index: 0 } } ignore_live_leader: false dest_uuid: "90edf55f368d40f4996b83e5f88f2aa7" is_pre_election: true
I20260709 12:23:53.906200  8483 raft_consensus.cc:2468] T 2f59a3ccad704fbf8940750d85c72371 P 90edf55f368d40f4996b83e5f88f2aa7 [term 0 FOLLOWER]: Leader pre-election vote request: Granting yes vote for candidate 98ae5275011c4df7a4c43a36ef79fcde in term 0.
I20260709 12:23:53.907477  8597 leader_election.cc:304] T 2f59a3ccad704fbf8940750d85c72371 P 98ae5275011c4df7a4c43a36ef79fcde [CANDIDATE]: Term 1 pre-election: Election decided. Result: candidate won. Election summary: received 2 responses out of 3 voters: 2 yes votes; 0 no votes. yes voters: 90edf55f368d40f4996b83e5f88f2aa7, 98ae5275011c4df7a4c43a36ef79fcde; no voters: 
I20260709 12:23:53.908286  8896 raft_consensus.cc:2804] T 2f59a3ccad704fbf8940750d85c72371 P 98ae5275011c4df7a4c43a36ef79fcde [term 0 FOLLOWER]: Leader pre-election won for term 1
I20260709 12:23:53.908720  8896 raft_consensus.cc:493] T 2f59a3ccad704fbf8940750d85c72371 P 98ae5275011c4df7a4c43a36ef79fcde [term 0 FOLLOWER]: Starting leader election (no leader contacted us within the election timeout)
I20260709 12:23:53.909032  8896 raft_consensus.cc:3060] T 2f59a3ccad704fbf8940750d85c72371 P 98ae5275011c4df7a4c43a36ef79fcde [term 0 FOLLOWER]: Advancing to term 1
I20260709 12:23:53.910127  8875 raft_consensus.cc:493] T 1d945df289b3493cb4336f88024c0662 P 08d7d985d4384b3a8d9728bf6a8cf9ce [term 1 FOLLOWER]: Starting pre-election (no leader contacted us within the election timeout)
I20260709 12:23:53.910869  8875 raft_consensus.cc:515] T 1d945df289b3493cb4336f88024c0662 P 08d7d985d4384b3a8d9728bf6a8cf9ce [term 1 FOLLOWER]: Starting pre-election with config: opid_index: -1 OBSOLETE_local: false peers { permanent_uuid: "90edf55f368d40f4996b83e5f88f2aa7" member_type: VOTER last_known_addr { host: "127.7.24.193" port: 43175 } } peers { permanent_uuid: "08d7d985d4384b3a8d9728bf6a8cf9ce" member_type: VOTER last_known_addr { host: "127.7.24.194" port: 34049 } } peers { permanent_uuid: "98ae5275011c4df7a4c43a36ef79fcde" member_type: VOTER last_known_addr { host: "127.7.24.195" port: 46143 } }
I20260709 12:23:53.903704  8878 leader_election.cc:290] T 2f59a3ccad704fbf8940750d85c72371 P 98ae5275011c4df7a4c43a36ef79fcde [CANDIDATE]: Term 1 pre-election: Requested pre-vote from peers 90edf55f368d40f4996b83e5f88f2aa7 (127.7.24.193:43175), 08d7d985d4384b3a8d9728bf6a8cf9ce (127.7.24.194:34049)
I20260709 12:23:53.927342  8675 tablet_bootstrap.cc:492] T 007fc1840d6b4cfc9d08b7347db6bd5f P 90edf55f368d40f4996b83e5f88f2aa7: No bootstrap required, opened a new log
I20260709 12:23:53.928198  8675 ts_tablet_manager.cc:1403] T 007fc1840d6b4cfc9d08b7347db6bd5f P 90edf55f368d40f4996b83e5f88f2aa7: Time spent bootstrapping tablet: real 0.071s	user 0.008s	sys 0.004s
I20260709 12:23:53.919414  8481 raft_consensus.cc:2468] T 825f1714c79b4e5cb7849f4cfb45d93a P 90edf55f368d40f4996b83e5f88f2aa7 [term 1 FOLLOWER]: Leader election vote request: Granting yes vote for candidate 08d7d985d4384b3a8d9728bf6a8cf9ce in term 1.
I20260709 12:23:53.929752  8873 consensus_queue.cc:1048] T b70d5411c08c4b62995504956e36b736 P 08d7d985d4384b3a8d9728bf6a8cf9ce [LEADER]: Connected to new peer: Peer: permanent_uuid: "90edf55f368d40f4996b83e5f88f2aa7" member_type: VOTER last_known_addr { host: "127.7.24.193" port: 43175 }, Status: LMP_MISMATCH, Last received: 0.0, Next index: 1, Last known committed idx: 0, Time since last communication: 0.001s
I20260709 12:23:53.931165  8630 tablet_service.cc:1917] Received RequestConsensusVote() RPC: tablet_id: "1d945df289b3493cb4336f88024c0662" candidate_uuid: "08d7d985d4384b3a8d9728bf6a8cf9ce" candidate_term: 2 candidate_status { last_received { term: 0 index: 0 } } ignore_live_leader: false dest_uuid: "98ae5275011c4df7a4c43a36ef79fcde" is_pre_election: true
I20260709 12:23:53.926755  8875 leader_election.cc:290] T 1d945df289b3493cb4336f88024c0662 P 08d7d985d4384b3a8d9728bf6a8cf9ce [CANDIDATE]: Term 2 pre-election: Requested pre-vote from peers 90edf55f368d40f4996b83e5f88f2aa7 (127.7.24.193:43175), 98ae5275011c4df7a4c43a36ef79fcde (127.7.24.195:46143)
I20260709 12:23:53.931778  8896 raft_consensus.cc:515] T 2f59a3ccad704fbf8940750d85c72371 P 98ae5275011c4df7a4c43a36ef79fcde [term 1 FOLLOWER]: Starting leader election with config: opid_index: -1 OBSOLETE_local: false peers { permanent_uuid: "90edf55f368d40f4996b83e5f88f2aa7" member_type: VOTER last_known_addr { host: "127.7.24.193" port: 43175 } } peers { permanent_uuid: "08d7d985d4384b3a8d9728bf6a8cf9ce" member_type: VOTER last_known_addr { host: "127.7.24.194" port: 34049 } } peers { permanent_uuid: "98ae5275011c4df7a4c43a36ef79fcde" member_type: VOTER last_known_addr { host: "127.7.24.195" port: 46143 } }
I20260709 12:23:53.932933  8481 tablet_service.cc:1917] Received RequestConsensusVote() RPC: tablet_id: "1d945df289b3493cb4336f88024c0662" candidate_uuid: "08d7d985d4384b3a8d9728bf6a8cf9ce" candidate_term: 2 candidate_status { last_received { term: 0 index: 0 } } ignore_live_leader: false dest_uuid: "90edf55f368d40f4996b83e5f88f2aa7" is_pre_election: true
I20260709 12:23:53.933446  8523 leader_election.cc:304] T 825f1714c79b4e5cb7849f4cfb45d93a P 08d7d985d4384b3a8d9728bf6a8cf9ce [CANDIDATE]: Term 1 election: Election decided. Result: candidate won. Election summary: received 3 responses out of 3 voters: 2 yes votes; 1 no votes. yes voters: 08d7d985d4384b3a8d9728bf6a8cf9ce, 90edf55f368d40f4996b83e5f88f2aa7; no voters: 98ae5275011c4df7a4c43a36ef79fcde
I20260709 12:23:53.933652  8556 tablet_service.cc:1917] Received RequestConsensusVote() RPC: tablet_id: "2f59a3ccad704fbf8940750d85c72371" candidate_uuid: "98ae5275011c4df7a4c43a36ef79fcde" candidate_term: 1 candidate_status { last_received { term: 0 index: 0 } } ignore_live_leader: false dest_uuid: "08d7d985d4384b3a8d9728bf6a8cf9ce" is_pre_election: true
I20260709 12:23:53.938205  8896 leader_election.cc:290] T 2f59a3ccad704fbf8940750d85c72371 P 98ae5275011c4df7a4c43a36ef79fcde [CANDIDATE]: Term 1 election: Requested vote from peers 90edf55f368d40f4996b83e5f88f2aa7 (127.7.24.193:43175), 08d7d985d4384b3a8d9728bf6a8cf9ce (127.7.24.194:34049)
I20260709 12:23:53.940953  8875 raft_consensus.cc:2804] T 825f1714c79b4e5cb7849f4cfb45d93a P 08d7d985d4384b3a8d9728bf6a8cf9ce [term 1 FOLLOWER]: Leader election won for term 1
I20260709 12:23:53.941529  8875 raft_consensus.cc:697] T 825f1714c79b4e5cb7849f4cfb45d93a P 08d7d985d4384b3a8d9728bf6a8cf9ce [term 1 LEADER]: Becoming Leader. State: Replica: 08d7d985d4384b3a8d9728bf6a8cf9ce, State: Running, Role: LEADER
W20260709 12:23:53.942651  8599 leader_election.cc:343] T 2f59a3ccad704fbf8940750d85c72371 P 98ae5275011c4df7a4c43a36ef79fcde [CANDIDATE]: Term 1 pre-election: Tablet error from VoteRequest() call to peer 08d7d985d4384b3a8d9728bf6a8cf9ce (127.7.24.194:34049): Illegal state: must be running to vote when last-logged opid is not known
I20260709 12:23:53.942480  8875 consensus_queue.cc:237] T 825f1714c79b4e5cb7849f4cfb45d93a P 08d7d985d4384b3a8d9728bf6a8cf9ce [LEADER]: Queue going to LEADER mode. State: All replicated index: 0, Majority replicated index: 0, Committed index: 0, Last appended: 0.0, Last appended by leader: 0, Current term: 1, Majority size: 2, State: 0, Mode: LEADER, active raft config: opid_index: -1 OBSOLETE_local: false peers { permanent_uuid: "90edf55f368d40f4996b83e5f88f2aa7" member_type: VOTER last_known_addr { host: "127.7.24.193" port: 43175 } } peers { permanent_uuid: "08d7d985d4384b3a8d9728bf6a8cf9ce" member_type: VOTER last_known_addr { host: "127.7.24.194" port: 34049 } } peers { permanent_uuid: "98ae5275011c4df7a4c43a36ef79fcde" member_type: VOTER last_known_addr { host: "127.7.24.195" port: 46143 } }
I20260709 12:23:53.946187  8675 raft_consensus.cc:359] T 007fc1840d6b4cfc9d08b7347db6bd5f P 90edf55f368d40f4996b83e5f88f2aa7 [term 0 FOLLOWER]: Replica starting. Triggering 0 pending ops. Active config: opid_index: -1 OBSOLETE_local: false peers { permanent_uuid: "90edf55f368d40f4996b83e5f88f2aa7" member_type: VOTER last_known_addr { host: "127.7.24.193" port: 43175 } } peers { permanent_uuid: "08d7d985d4384b3a8d9728bf6a8cf9ce" member_type: VOTER last_known_addr { host: "127.7.24.194" port: 34049 } } peers { permanent_uuid: "98ae5275011c4df7a4c43a36ef79fcde" member_type: VOTER last_known_addr { host: "127.7.24.195" port: 46143 } }
I20260709 12:23:53.946815  8675 raft_consensus.cc:385] T 007fc1840d6b4cfc9d08b7347db6bd5f P 90edf55f368d40f4996b83e5f88f2aa7 [term 0 FOLLOWER]: Consensus starting up: Expiring failure detector timer to make a prompt election more likely
I20260709 12:23:53.947055  8675 raft_consensus.cc:740] T 007fc1840d6b4cfc9d08b7347db6bd5f P 90edf55f368d40f4996b83e5f88f2aa7 [term 0 FOLLOWER]: Becoming Follower/Learner. State: Replica: 90edf55f368d40f4996b83e5f88f2aa7, State: Initialized, Role: FOLLOWER
I20260709 12:23:53.939710  8878 consensus_queue.cc:1048] T 1d945df289b3493cb4336f88024c0662 P 98ae5275011c4df7a4c43a36ef79fcde [LEADER]: Connected to new peer: Peer: permanent_uuid: "08d7d985d4384b3a8d9728bf6a8cf9ce" member_type: VOTER last_known_addr { host: "127.7.24.194" port: 34049 }, Status: LMP_MISMATCH, Last received: 0.0, Next index: 1, Last known committed idx: 0, Time since last communication: 0.004s
I20260709 12:23:53.947232  8674 tablet_bootstrap.cc:492] T e8d02511f13842a690fa9441371dd43c P 08d7d985d4384b3a8d9728bf6a8cf9ce: No bootstrap required, opened a new log
I20260709 12:23:53.948908  8674 ts_tablet_manager.cc:1403] T e8d02511f13842a690fa9441371dd43c P 08d7d985d4384b3a8d9728bf6a8cf9ce: Time spent bootstrapping tablet: real 0.155s	user 0.017s	sys 0.000s
I20260709 12:23:53.953750  8480 tablet_service.cc:1917] Received RequestConsensusVote() RPC: tablet_id: "2f59a3ccad704fbf8940750d85c72371" candidate_uuid: "98ae5275011c4df7a4c43a36ef79fcde" candidate_term: 1 candidate_status { last_received { term: 0 index: 0 } } ignore_live_leader: false dest_uuid: "90edf55f368d40f4996b83e5f88f2aa7"
I20260709 12:23:53.950084  8675 consensus_queue.cc:260] T 007fc1840d6b4cfc9d08b7347db6bd5f P 90edf55f368d40f4996b83e5f88f2aa7 [NON_LEADER]: Queue going to NON_LEADER mode. State: All replicated index: 0, Majority replicated index: 0, Committed index: 0, Last appended: 0.0, Last appended by leader: 0, Current term: 0, Majority size: -1, State: 0, Mode: NON_LEADER, active raft config: opid_index: -1 OBSOLETE_local: false peers { permanent_uuid: "90edf55f368d40f4996b83e5f88f2aa7" member_type: VOTER last_known_addr { host: "127.7.24.193" port: 43175 } } peers { permanent_uuid: "08d7d985d4384b3a8d9728bf6a8cf9ce" member_type: VOTER last_known_addr { host: "127.7.24.194" port: 34049 } } peers { permanent_uuid: "98ae5275011c4df7a4c43a36ef79fcde" member_type: VOTER last_known_addr { host: "127.7.24.195" port: 46143 } }
I20260709 12:23:53.958035  8480 raft_consensus.cc:3060] T 2f59a3ccad704fbf8940750d85c72371 P 90edf55f368d40f4996b83e5f88f2aa7 [term 0 FOLLOWER]: Advancing to term 1
I20260709 12:23:53.962558  8676 tablet_bootstrap.cc:492] T 0fdf4e70e47148a1b9427f555dd50d36 P 98ae5275011c4df7a4c43a36ef79fcde: No bootstrap required, opened a new log
I20260709 12:23:53.963019  8676 ts_tablet_manager.cc:1403] T 0fdf4e70e47148a1b9427f555dd50d36 P 98ae5275011c4df7a4c43a36ef79fcde: Time spent bootstrapping tablet: real 0.120s	user 0.014s	sys 0.011s
I20260709 12:23:53.968511  8674 raft_consensus.cc:359] T e8d02511f13842a690fa9441371dd43c P 08d7d985d4384b3a8d9728bf6a8cf9ce [term 0 FOLLOWER]: Replica starting. Triggering 0 pending ops. Active config: opid_index: -1 OBSOLETE_local: false peers { permanent_uuid: "90edf55f368d40f4996b83e5f88f2aa7" member_type: VOTER last_known_addr { host: "127.7.24.193" port: 43175 } } peers { permanent_uuid: "08d7d985d4384b3a8d9728bf6a8cf9ce" member_type: VOTER last_known_addr { host: "127.7.24.194" port: 34049 } } peers { permanent_uuid: "98ae5275011c4df7a4c43a36ef79fcde" member_type: VOTER last_known_addr { host: "127.7.24.195" port: 46143 } }
I20260709 12:23:53.969257  8674 raft_consensus.cc:385] T e8d02511f13842a690fa9441371dd43c P 08d7d985d4384b3a8d9728bf6a8cf9ce [term 0 FOLLOWER]: Consensus starting up: Expiring failure detector timer to make a prompt election more likely
I20260709 12:23:53.969520  8674 raft_consensus.cc:740] T e8d02511f13842a690fa9441371dd43c P 08d7d985d4384b3a8d9728bf6a8cf9ce [term 0 FOLLOWER]: Becoming Follower/Learner. State: Replica: 08d7d985d4384b3a8d9728bf6a8cf9ce, State: Initialized, Role: FOLLOWER
I20260709 12:23:53.969935  8523 leader_election.cc:304] T 1d945df289b3493cb4336f88024c0662 P 08d7d985d4384b3a8d9728bf6a8cf9ce [CANDIDATE]: Term 2 pre-election: Election decided. Result: candidate lost. Election summary: received 3 responses out of 3 voters: 1 yes votes; 2 no votes. yes voters: 08d7d985d4384b3a8d9728bf6a8cf9ce; no voters: 90edf55f368d40f4996b83e5f88f2aa7, 98ae5275011c4df7a4c43a36ef79fcde
I20260709 12:23:53.970180  8674 consensus_queue.cc:260] T e8d02511f13842a690fa9441371dd43c P 08d7d985d4384b3a8d9728bf6a8cf9ce [NON_LEADER]: Queue going to NON_LEADER mode. State: All replicated index: 0, Majority replicated index: 0, Committed index: 0, Last appended: 0.0, Last appended by leader: 0, Current term: 0, Majority size: -1, State: 0, Mode: NON_LEADER, active raft config: opid_index: -1 OBSOLETE_local: false peers { permanent_uuid: "90edf55f368d40f4996b83e5f88f2aa7" member_type: VOTER last_known_addr { host: "127.7.24.193" port: 43175 } } peers { permanent_uuid: "08d7d985d4384b3a8d9728bf6a8cf9ce" member_type: VOTER last_known_addr { host: "127.7.24.194" port: 34049 } } peers { permanent_uuid: "98ae5275011c4df7a4c43a36ef79fcde" member_type: VOTER last_known_addr { host: "127.7.24.195" port: 46143 } }
I20260709 12:23:53.971165  8873 raft_consensus.cc:2749] T 1d945df289b3493cb4336f88024c0662 P 08d7d985d4384b3a8d9728bf6a8cf9ce [term 1 FOLLOWER]: Leader pre-election lost for term 2. Reason: could not achieve majority
I20260709 12:23:53.973294  8674 ts_tablet_manager.cc:1434] T e8d02511f13842a690fa9441371dd43c P 08d7d985d4384b3a8d9728bf6a8cf9ce: Time spent starting tablet: real 0.024s	user 0.006s	sys 0.000s
I20260709 12:23:53.974197  8674 tablet_bootstrap.cc:492] T 007fc1840d6b4cfc9d08b7347db6bd5f P 08d7d985d4384b3a8d9728bf6a8cf9ce: Bootstrap starting.
I20260709 12:23:53.976207  8556 tablet_service.cc:1917] Received RequestConsensusVote() RPC: tablet_id: "2f59a3ccad704fbf8940750d85c72371" candidate_uuid: "98ae5275011c4df7a4c43a36ef79fcde" candidate_term: 1 candidate_status { last_received { term: 0 index: 0 } } ignore_live_leader: false dest_uuid: "08d7d985d4384b3a8d9728bf6a8cf9ce"
I20260709 12:23:53.977180  8676 raft_consensus.cc:359] T 0fdf4e70e47148a1b9427f555dd50d36 P 98ae5275011c4df7a4c43a36ef79fcde [term 0 FOLLOWER]: Replica starting. Triggering 0 pending ops. Active config: opid_index: -1 OBSOLETE_local: false peers { permanent_uuid: "90edf55f368d40f4996b83e5f88f2aa7" member_type: VOTER last_known_addr { host: "127.7.24.193" port: 43175 } } peers { permanent_uuid: "08d7d985d4384b3a8d9728bf6a8cf9ce" member_type: VOTER last_known_addr { host: "127.7.24.194" port: 34049 } } peers { permanent_uuid: "98ae5275011c4df7a4c43a36ef79fcde" member_type: VOTER last_known_addr { host: "127.7.24.195" port: 46143 } }
I20260709 12:23:53.978204  8676 raft_consensus.cc:385] T 0fdf4e70e47148a1b9427f555dd50d36 P 98ae5275011c4df7a4c43a36ef79fcde [term 0 FOLLOWER]: Consensus starting up: Expiring failure detector timer to make a prompt election more likely
I20260709 12:23:53.978592  8676 raft_consensus.cc:740] T 0fdf4e70e47148a1b9427f555dd50d36 P 98ae5275011c4df7a4c43a36ef79fcde [term 0 FOLLOWER]: Becoming Follower/Learner. State: Replica: 98ae5275011c4df7a4c43a36ef79fcde, State: Initialized, Role: FOLLOWER
I20260709 12:23:53.979247  8676 consensus_queue.cc:260] T 0fdf4e70e47148a1b9427f555dd50d36 P 98ae5275011c4df7a4c43a36ef79fcde [NON_LEADER]: Queue going to NON_LEADER mode. State: All replicated index: 0, Majority replicated index: 0, Committed index: 0, Last appended: 0.0, Last appended by leader: 0, Current term: 0, Majority size: -1, State: 0, Mode: NON_LEADER, active raft config: opid_index: -1 OBSOLETE_local: false peers { permanent_uuid: "90edf55f368d40f4996b83e5f88f2aa7" member_type: VOTER last_known_addr { host: "127.7.24.193" port: 43175 } } peers { permanent_uuid: "08d7d985d4384b3a8d9728bf6a8cf9ce" member_type: VOTER last_known_addr { host: "127.7.24.194" port: 34049 } } peers { permanent_uuid: "98ae5275011c4df7a4c43a36ef79fcde" member_type: VOTER last_known_addr { host: "127.7.24.195" port: 46143 } }
I20260709 12:23:53.984341  8675 ts_tablet_manager.cc:1434] T 007fc1840d6b4cfc9d08b7347db6bd5f P 90edf55f368d40f4996b83e5f88f2aa7: Time spent starting tablet: real 0.056s	user 0.005s	sys 0.001s
I20260709 12:23:53.985014  8675 tablet_bootstrap.cc:492] T cea671f069be4c7eb2b49b9daf6630a7 P 90edf55f368d40f4996b83e5f88f2aa7: Bootstrap starting.
I20260709 12:23:53.988387  8676 ts_tablet_manager.cc:1434] T 0fdf4e70e47148a1b9427f555dd50d36 P 98ae5275011c4df7a4c43a36ef79fcde: Time spent starting tablet: real 0.025s	user 0.007s	sys 0.001s
I20260709 12:23:53.989593  8676 tablet_bootstrap.cc:492] T cea671f069be4c7eb2b49b9daf6630a7 P 98ae5275011c4df7a4c43a36ef79fcde: Bootstrap starting.
I20260709 12:23:53.994695  8378 catalog_manager.cc:5697] T 825f1714c79b4e5cb7849f4cfb45d93a P 08d7d985d4384b3a8d9728bf6a8cf9ce reported cstate change: term changed from 0 to 1, leader changed from <none> to 08d7d985d4384b3a8d9728bf6a8cf9ce (127.7.24.194). New cstate: current_term: 1 leader_uuid: "08d7d985d4384b3a8d9728bf6a8cf9ce" committed_config { opid_index: -1 OBSOLETE_local: false peers { permanent_uuid: "90edf55f368d40f4996b83e5f88f2aa7" member_type: VOTER last_known_addr { host: "127.7.24.193" port: 43175 } health_report { overall_health: UNKNOWN } } peers { permanent_uuid: "08d7d985d4384b3a8d9728bf6a8cf9ce" member_type: VOTER last_known_addr { host: "127.7.24.194" port: 34049 } health_report { overall_health: HEALTHY } } peers { permanent_uuid: "98ae5275011c4df7a4c43a36ef79fcde" member_type: VOTER last_known_addr { host: "127.7.24.195" port: 46143 } health_report { overall_health: UNKNOWN } } }
I20260709 12:23:53.997692  8480 raft_consensus.cc:2468] T 2f59a3ccad704fbf8940750d85c72371 P 90edf55f368d40f4996b83e5f88f2aa7 [term 1 FOLLOWER]: Leader election vote request: Granting yes vote for candidate 98ae5275011c4df7a4c43a36ef79fcde in term 1.
I20260709 12:23:53.998914  8597 leader_election.cc:304] T 2f59a3ccad704fbf8940750d85c72371 P 98ae5275011c4df7a4c43a36ef79fcde [CANDIDATE]: Term 1 election: Election decided. Result: candidate won. Election summary: received 2 responses out of 3 voters: 2 yes votes; 0 no votes. yes voters: 90edf55f368d40f4996b83e5f88f2aa7, 98ae5275011c4df7a4c43a36ef79fcde; no voters: 
I20260709 12:23:53.999708  8896 raft_consensus.cc:2804] T 2f59a3ccad704fbf8940750d85c72371 P 98ae5275011c4df7a4c43a36ef79fcde [term 1 FOLLOWER]: Leader election won for term 1
I20260709 12:23:54.000169  8896 raft_consensus.cc:697] T 2f59a3ccad704fbf8940750d85c72371 P 98ae5275011c4df7a4c43a36ef79fcde [term 1 LEADER]: Becoming Leader. State: Replica: 98ae5275011c4df7a4c43a36ef79fcde, State: Running, Role: LEADER
I20260709 12:23:54.002264  8875 raft_consensus.cc:493] T 8cd2443a8f3747ef85199749df0a0ed8 P 08d7d985d4384b3a8d9728bf6a8cf9ce [term 0 FOLLOWER]: Starting pre-election (no leader contacted us within the election timeout)
W20260709 12:23:54.003217  8599 leader_election.cc:343] T 2f59a3ccad704fbf8940750d85c72371 P 98ae5275011c4df7a4c43a36ef79fcde [CANDIDATE]: Term 1 election: Tablet error from VoteRequest() call to peer 08d7d985d4384b3a8d9728bf6a8cf9ce (127.7.24.194:34049): Illegal state: must be running to vote when last-logged opid is not known
I20260709 12:23:54.000938  8896 consensus_queue.cc:237] T 2f59a3ccad704fbf8940750d85c72371 P 98ae5275011c4df7a4c43a36ef79fcde [LEADER]: Queue going to LEADER mode. State: All replicated index: 0, Majority replicated index: 0, Committed index: 0, Last appended: 0.0, Last appended by leader: 0, Current term: 1, Majority size: 2, State: 0, Mode: LEADER, active raft config: opid_index: -1 OBSOLETE_local: false peers { permanent_uuid: "90edf55f368d40f4996b83e5f88f2aa7" member_type: VOTER last_known_addr { host: "127.7.24.193" port: 43175 } } peers { permanent_uuid: "08d7d985d4384b3a8d9728bf6a8cf9ce" member_type: VOTER last_known_addr { host: "127.7.24.194" port: 34049 } } peers { permanent_uuid: "98ae5275011c4df7a4c43a36ef79fcde" member_type: VOTER last_known_addr { host: "127.7.24.195" port: 46143 } }
I20260709 12:23:54.005762  8674 tablet_bootstrap.cc:654] T 007fc1840d6b4cfc9d08b7347db6bd5f P 08d7d985d4384b3a8d9728bf6a8cf9ce: Neither blocks nor log segments found. Creating new log.
I20260709 12:23:54.002825  8875 raft_consensus.cc:515] T 8cd2443a8f3747ef85199749df0a0ed8 P 08d7d985d4384b3a8d9728bf6a8cf9ce [term 0 FOLLOWER]: Starting pre-election with config: opid_index: -1 OBSOLETE_local: false peers { permanent_uuid: "90edf55f368d40f4996b83e5f88f2aa7" member_type: VOTER last_known_addr { host: "127.7.24.193" port: 43175 } } peers { permanent_uuid: "08d7d985d4384b3a8d9728bf6a8cf9ce" member_type: VOTER last_known_addr { host: "127.7.24.194" port: 34049 } } peers { permanent_uuid: "98ae5275011c4df7a4c43a36ef79fcde" member_type: VOTER last_known_addr { host: "127.7.24.195" port: 46143 } }
I20260709 12:23:54.012959  8675 tablet_bootstrap.cc:654] T cea671f069be4c7eb2b49b9daf6630a7 P 90edf55f368d40f4996b83e5f88f2aa7: Neither blocks nor log segments found. Creating new log.
I20260709 12:23:54.017903  8875 leader_election.cc:290] T 8cd2443a8f3747ef85199749df0a0ed8 P 08d7d985d4384b3a8d9728bf6a8cf9ce [CANDIDATE]: Term 1 pre-election: Requested pre-vote from peers 90edf55f368d40f4996b83e5f88f2aa7 (127.7.24.193:43175), 98ae5275011c4df7a4c43a36ef79fcde (127.7.24.195:46143)
I20260709 12:23:54.018420  8478 tablet_service.cc:1917] Received RequestConsensusVote() RPC: tablet_id: "8cd2443a8f3747ef85199749df0a0ed8" candidate_uuid: "08d7d985d4384b3a8d9728bf6a8cf9ce" candidate_term: 1 candidate_status { last_received { term: 0 index: 0 } } ignore_live_leader: false dest_uuid: "90edf55f368d40f4996b83e5f88f2aa7" is_pre_election: true
I20260709 12:23:54.019016  8478 raft_consensus.cc:2468] T 8cd2443a8f3747ef85199749df0a0ed8 P 90edf55f368d40f4996b83e5f88f2aa7 [term 0 FOLLOWER]: Leader pre-election vote request: Granting yes vote for candidate 08d7d985d4384b3a8d9728bf6a8cf9ce in term 0.
I20260709 12:23:54.019927  8633 tablet_service.cc:1917] Received RequestConsensusVote() RPC: tablet_id: "8cd2443a8f3747ef85199749df0a0ed8" candidate_uuid: "08d7d985d4384b3a8d9728bf6a8cf9ce" candidate_term: 1 candidate_status { last_received { term: 0 index: 0 } } ignore_live_leader: false dest_uuid: "98ae5275011c4df7a4c43a36ef79fcde" is_pre_election: true
I20260709 12:23:54.020524  8633 raft_consensus.cc:2468] T 8cd2443a8f3747ef85199749df0a0ed8 P 98ae5275011c4df7a4c43a36ef79fcde [term 0 FOLLOWER]: Leader pre-election vote request: Granting yes vote for candidate 08d7d985d4384b3a8d9728bf6a8cf9ce in term 0.
I20260709 12:23:54.021731  8523 leader_election.cc:304] T 8cd2443a8f3747ef85199749df0a0ed8 P 08d7d985d4384b3a8d9728bf6a8cf9ce [CANDIDATE]: Term 1 pre-election: Election decided. Result: candidate won. Election summary: received 2 responses out of 3 voters: 2 yes votes; 0 no votes. yes voters: 08d7d985d4384b3a8d9728bf6a8cf9ce, 90edf55f368d40f4996b83e5f88f2aa7; no voters: 
I20260709 12:23:54.022825  8875 raft_consensus.cc:2804] T 8cd2443a8f3747ef85199749df0a0ed8 P 08d7d985d4384b3a8d9728bf6a8cf9ce [term 0 FOLLOWER]: Leader pre-election won for term 1
I20260709 12:23:54.023171  8875 raft_consensus.cc:493] T 8cd2443a8f3747ef85199749df0a0ed8 P 08d7d985d4384b3a8d9728bf6a8cf9ce [term 0 FOLLOWER]: Starting leader election (no leader contacted us within the election timeout)
I20260709 12:23:54.027086  8875 raft_consensus.cc:3060] T 8cd2443a8f3747ef85199749df0a0ed8 P 08d7d985d4384b3a8d9728bf6a8cf9ce [term 0 FOLLOWER]: Advancing to term 1
I20260709 12:23:54.028095  8676 tablet_bootstrap.cc:654] T cea671f069be4c7eb2b49b9daf6630a7 P 98ae5275011c4df7a4c43a36ef79fcde: Neither blocks nor log segments found. Creating new log.
