I20260709 12:23:45.282104 11929 tablet_service.cc:1511] Processing CreateTablet for tablet 4945b4d561634a6b83c1fe06b7690353 (DEFAULT_TABLE table=test-workload [id=14790ebcf1b34337b8205adfadfe4ecc]), partition=RANGE (key) PARTITION 727960540 <= VALUES < 764358567
I20260709 12:23:45.283537 11926 data_dirs.cc:400] Could only allocate 1 dirs of requested 3 for tablet 8f6c6da50f0345d4aec8f6e2b73995d3. 1 dirs total, 0 dirs full, 0 dirs failed
I20260709 12:23:45.290279 12133 ts_tablet_manager.cc:1434] T 809d340e32ae4dabba857894f837741f P 0508b2b4a3e140ec90c803c671ebd247: Time spent starting tablet: real 0.284s	user 0.010s	sys 0.017s
I20260709 12:23:45.294718 12145 tablet_bootstrap.cc:654] T cb1a32f440c6472abe99375c9f099a4c P c39e6c8c28df45469de69fc2960cd2d4: Neither blocks nor log segments found. Creating new log.
I20260709 12:23:45.303874 12083 tablet_service.cc:1511] Processing CreateTablet for tablet ce19120ad4c84f919a7215bae240e776 (DEFAULT_TABLE table=test-workload [id=14790ebcf1b34337b8205adfadfe4ecc]), partition=RANGE (key) PARTITION 1674309242 <= VALUES < 1710707269
I20260709 12:23:45.306916 11929 data_dirs.cc:400] Could only allocate 1 dirs of requested 3 for tablet 4945b4d561634a6b83c1fe06b7690353. 1 dirs total, 0 dirs full, 0 dirs failed
W20260709 12:23:45.307469 11965 debug-util.cc:398] Leaking SignalData structure 0x7b08000b3cc0 after lost signal to thread 10768
W20260709 12:23:45.308439 11965 debug-util.cc:398] Leaking SignalData structure 0x7b08001b8900 after lost signal to thread 11876
I20260709 12:23:45.313892 12007 data_dirs.cc:400] Could only allocate 1 dirs of requested 3 for tablet aacb7a8f7aea4032922e299d4f1d2110. 1 dirs total, 0 dirs full, 0 dirs failed
I20260709 12:23:45.317790 12000 data_dirs.cc:400] Could only allocate 1 dirs of requested 3 for tablet 9f03f2b304a64c07b8f8777cd87f83b9. 1 dirs total, 0 dirs full, 0 dirs failed
I20260709 12:23:45.322190 12074 tablet_service.cc:1511] Processing CreateTablet for tablet e72b9a1fb03245419a82ba825bce27f7 (DEFAULT_TABLE table=test-workload [id=14790ebcf1b34337b8205adfadfe4ecc]), partition=RANGE (key) PARTITION 1710707269 <= VALUES < 1747105296
I20260709 12:23:45.305317 12083 data_dirs.cc:400] Could only allocate 1 dirs of requested 3 for tablet ce19120ad4c84f919a7215bae240e776. 1 dirs total, 0 dirs full, 0 dirs failed
I20260709 12:23:45.333691 12074 data_dirs.cc:400] Could only allocate 1 dirs of requested 3 for tablet e72b9a1fb03245419a82ba825bce27f7. 1 dirs total, 0 dirs full, 0 dirs failed
I20260709 12:23:45.349360 11931 tablet_service.cc:1511] Processing CreateTablet for tablet accebd7ac4594117ae0bb7843cf9d92a (DEFAULT_TABLE table=test-workload [id=14790ebcf1b34337b8205adfadfe4ecc]), partition=RANGE (key) PARTITION 764358567 <= VALUES < 800756594
I20260709 12:23:45.350726 11931 data_dirs.cc:400] Could only allocate 1 dirs of requested 3 for tablet accebd7ac4594117ae0bb7843cf9d92a. 1 dirs total, 0 dirs full, 0 dirs failed
I20260709 12:23:45.351274 12079 tablet_service.cc:1511] Processing CreateTablet for tablet 26cd8d042ef74f328dd1373955556082 (DEFAULT_TABLE table=test-workload [id=14790ebcf1b34337b8205adfadfe4ecc]), partition=RANGE (key) PARTITION 1783503323 <= VALUES < 1819901350
I20260709 12:23:45.352548 12079 data_dirs.cc:400] Could only allocate 1 dirs of requested 3 for tablet 26cd8d042ef74f328dd1373955556082. 1 dirs total, 0 dirs full, 0 dirs failed
I20260709 12:23:45.355999 12133 tablet_bootstrap.cc:492] T 9744ec1e27b64c36ac66bc0d8e186122 P 0508b2b4a3e140ec90c803c671ebd247: Bootstrap starting.
I20260709 12:23:45.357529 12076 tablet_service.cc:1511] Processing CreateTablet for tablet 40f308c86a144c5a9badde58d7f6ee99 (DEFAULT_TABLE table=test-workload [id=14790ebcf1b34337b8205adfadfe4ecc]), partition=RANGE (key) PARTITION 1819901350 <= VALUES < 1856299377
I20260709 12:23:45.358948 12076 data_dirs.cc:400] Could only allocate 1 dirs of requested 3 for tablet 40f308c86a144c5a9badde58d7f6ee99. 1 dirs total, 0 dirs full, 0 dirs failed
I20260709 12:23:45.329762 12081 tablet_service.cc:1511] Processing CreateTablet for tablet b450382e6a764223a55aab60fa2673f6 (DEFAULT_TABLE table=test-workload [id=14790ebcf1b34337b8205adfadfe4ecc]), partition=RANGE (key) PARTITION 1747105296 <= VALUES < 1783503323
I20260709 12:23:45.378456 12006 tablet_service.cc:1511] Processing CreateTablet for tablet ce19120ad4c84f919a7215bae240e776 (DEFAULT_TABLE table=test-workload [id=14790ebcf1b34337b8205adfadfe4ecc]), partition=RANGE (key) PARTITION 1674309242 <= VALUES < 1710707269
I20260709 12:23:45.382496 12001 tablet_service.cc:1511] Processing CreateTablet for tablet e72b9a1fb03245419a82ba825bce27f7 (DEFAULT_TABLE table=test-workload [id=14790ebcf1b34337b8205adfadfe4ecc]), partition=RANGE (key) PARTITION 1710707269 <= VALUES < 1747105296
I20260709 12:23:45.398260 12001 data_dirs.cc:400] Could only allocate 1 dirs of requested 3 for tablet e72b9a1fb03245419a82ba825bce27f7. 1 dirs total, 0 dirs full, 0 dirs failed
I20260709 12:23:45.398326 12078 tablet_service.cc:1511] Processing CreateTablet for tablet b71a5e16227b43b0aa3048142164b895 (DEFAULT_TABLE table=test-workload [id=14790ebcf1b34337b8205adfadfe4ecc]), partition=RANGE (key) PARTITION 1929095431 <= VALUES < 1965493458
I20260709 12:23:45.402313 12079 tablet_service.cc:1511] Processing CreateTablet for tablet 2d711033e7724dc5b65eee034eb13ed9 (DEFAULT_TABLE table=test-workload [id=14790ebcf1b34337b8205adfadfe4ecc]), partition=RANGE (key) PARTITION 1965493458 <= VALUES < 2001891485
I20260709 12:23:45.405455 11928 tablet_service.cc:1511] Processing CreateTablet for tablet 297b5d2da06b460c918b017eec8ba76d (DEFAULT_TABLE table=test-workload [id=14790ebcf1b34337b8205adfadfe4ecc]), partition=RANGE (key) PARTITION 837154621 <= VALUES < 873552648
I20260709 12:23:45.392007 12075 tablet_service.cc:1511] Processing CreateTablet for tablet f74e4a93e511437c9fbd363d62b95ad9 (DEFAULT_TABLE table=test-workload [id=14790ebcf1b34337b8205adfadfe4ecc]), partition=RANGE (key) PARTITION 1856299377 <= VALUES < 1892697404
W20260709 12:23:45.341085 12059 outbound_call.cc:321] RPC callback for RPC call kudu.consensus.ConsensusService.RequestConsensusVote -> {remote=127.10.131.66:44051, user_credentials={real_user=slave}} blocked reactor thread for 119508us
I20260709 12:23:45.406853 11928 data_dirs.cc:400] Could only allocate 1 dirs of requested 3 for tablet 297b5d2da06b460c918b017eec8ba76d. 1 dirs total, 0 dirs full, 0 dirs failed
I20260709 12:23:45.407510 12093 tablet_service.cc:1917] Received RequestConsensusVote() RPC: tablet_id: "809d340e32ae4dabba857894f837741f" candidate_uuid: "344124ba036248529db1b0d15f42b0f5" candidate_term: 1 candidate_status { last_received { term: 0 index: 0 } } ignore_live_leader: false dest_uuid: "0508b2b4a3e140ec90c803c671ebd247"
I20260709 12:23:45.408471 12093 raft_consensus.cc:3060] T 809d340e32ae4dabba857894f837741f P 0508b2b4a3e140ec90c803c671ebd247 [term 0 FOLLOWER]: Advancing to term 1
I20260709 12:23:45.393187 12081 data_dirs.cc:400] Could only allocate 1 dirs of requested 3 for tablet b450382e6a764223a55aab60fa2673f6. 1 dirs total, 0 dirs full, 0 dirs failed
I20260709 12:23:45.395232 12134 tablet_bootstrap.cc:492] T f5c15c9b6a7b45ed802d6465daf69a16 P 344124ba036248529db1b0d15f42b0f5: No bootstrap required, opened a new log
I20260709 12:23:45.413995 12134 ts_tablet_manager.cc:1403] T f5c15c9b6a7b45ed802d6465daf69a16 P 344124ba036248529db1b0d15f42b0f5: Time spent bootstrapping tablet: real 0.318s	user 0.013s	sys 0.010s
I20260709 12:23:45.416002 12005 tablet_service.cc:1511] Processing CreateTablet for tablet 26cd8d042ef74f328dd1373955556082 (DEFAULT_TABLE table=test-workload [id=14790ebcf1b34337b8205adfadfe4ecc]), partition=RANGE (key) PARTITION 1783503323 <= VALUES < 1819901350
I20260709 12:23:45.395795 12008 tablet_service.cc:1511] Processing CreateTablet for tablet b450382e6a764223a55aab60fa2673f6 (DEFAULT_TABLE table=test-workload [id=14790ebcf1b34337b8205adfadfe4ecc]), partition=RANGE (key) PARTITION 1747105296 <= VALUES < 1783503323
I20260709 12:23:45.396667 12077 tablet_service.cc:1511] Processing CreateTablet for tablet 75ee2590f45b41428e8cacb62d878c35 (DEFAULT_TABLE table=test-workload [id=14790ebcf1b34337b8205adfadfe4ecc]), partition=RANGE (key) PARTITION 1892697404 <= VALUES < 1929095431
I20260709 12:23:45.419245 12079 data_dirs.cc:400] Could only allocate 1 dirs of requested 3 for tablet 2d711033e7724dc5b65eee034eb13ed9. 1 dirs total, 0 dirs full, 0 dirs failed
I20260709 12:23:45.424525 12077 data_dirs.cc:400] Could only allocate 1 dirs of requested 3 for tablet 75ee2590f45b41428e8cacb62d878c35. 1 dirs total, 0 dirs full, 0 dirs failed
I20260709 12:23:45.425045 11930 tablet_service.cc:1511] Processing CreateTablet for tablet 66503c08b18b438fa45c361bec1c944c (DEFAULT_TABLE table=test-workload [id=14790ebcf1b34337b8205adfadfe4ecc]), partition=RANGE (key) PARTITION 982746729 <= VALUES < 1019144756
I20260709 12:23:45.426297 11930 data_dirs.cc:400] Could only allocate 1 dirs of requested 3 for tablet 66503c08b18b438fa45c361bec1c944c. 1 dirs total, 0 dirs full, 0 dirs failed
I20260709 12:23:45.427740 12093 raft_consensus.cc:2468] T 809d340e32ae4dabba857894f837741f P 0508b2b4a3e140ec90c803c671ebd247 [term 1 FOLLOWER]: Leader election vote request: Granting yes vote for candidate 344124ba036248529db1b0d15f42b0f5 in term 1.
I20260709 12:23:45.418872 11925 tablet_service.cc:1511] Processing CreateTablet for tablet 78e2da29650e42499403c2090a26aea4 (DEFAULT_TABLE table=test-workload [id=14790ebcf1b34337b8205adfadfe4ecc]), partition=RANGE (key) PARTITION 909950675 <= VALUES < 946348702
I20260709 12:23:45.412978 11932 tablet_service.cc:1511] Processing CreateTablet for tablet 95469e0a37494ac88738fdbdcb31119b (DEFAULT_TABLE table=test-workload [id=14790ebcf1b34337b8205adfadfe4ecc]), partition=RANGE (key) PARTITION 873552648 <= VALUES < 909950675
I20260709 12:23:45.429526 11925 data_dirs.cc:400] Could only allocate 1 dirs of requested 3 for tablet 78e2da29650e42499403c2090a26aea4. 1 dirs total, 0 dirs full, 0 dirs failed
I20260709 12:23:45.417037 12134 raft_consensus.cc:359] T f5c15c9b6a7b45ed802d6465daf69a16 P 344124ba036248529db1b0d15f42b0f5 [term 0 FOLLOWER]: Replica starting. Triggering 0 pending ops. Active config: opid_index: -1 OBSOLETE_local: false peers { permanent_uuid: "c39e6c8c28df45469de69fc2960cd2d4" member_type: VOTER last_known_addr { host: "127.10.131.65" port: 38441 } } peers { permanent_uuid: "344124ba036248529db1b0d15f42b0f5" member_type: VOTER last_known_addr { host: "127.10.131.66" port: 44051 } } peers { permanent_uuid: "0508b2b4a3e140ec90c803c671ebd247" member_type: VOTER last_known_addr { host: "127.10.131.67" port: 38809 } }
I20260709 12:23:45.429534 11983 leader_election.cc:304] T 809d340e32ae4dabba857894f837741f P 344124ba036248529db1b0d15f42b0f5 [CANDIDATE]: Term 1 election: Election decided. Result: candidate won. Election summary: received 3 responses out of 3 voters: 2 yes votes; 1 no votes. yes voters: 0508b2b4a3e140ec90c803c671ebd247, 344124ba036248529db1b0d15f42b0f5; no voters: c39e6c8c28df45469de69fc2960cd2d4
I20260709 12:23:45.430135 12134 raft_consensus.cc:385] T f5c15c9b6a7b45ed802d6465daf69a16 P 344124ba036248529db1b0d15f42b0f5 [term 0 FOLLOWER]: Consensus starting up: Expiring failure detector timer to make a prompt election more likely
I20260709 12:23:45.430476 12134 raft_consensus.cc:740] T f5c15c9b6a7b45ed802d6465daf69a16 P 344124ba036248529db1b0d15f42b0f5 [term 0 FOLLOWER]: Becoming Follower/Learner. State: Replica: 344124ba036248529db1b0d15f42b0f5, State: Initialized, Role: FOLLOWER
I20260709 12:23:45.430796 12137 raft_consensus.cc:2804] T 809d340e32ae4dabba857894f837741f P 344124ba036248529db1b0d15f42b0f5 [term 1 FOLLOWER]: Leader election won for term 1
I20260709 12:23:45.431422 12134 consensus_queue.cc:260] T f5c15c9b6a7b45ed802d6465daf69a16 P 344124ba036248529db1b0d15f42b0f5 [NON_LEADER]: Queue going to NON_LEADER mode. State: All replicated index: 0, Majority replicated index: 0, Committed index: 0, Last appended: 0.0, Last appended by leader: 0, Current term: 0, Majority size: -1, State: 0, Mode: NON_LEADER, active raft config: opid_index: -1 OBSOLETE_local: false peers { permanent_uuid: "c39e6c8c28df45469de69fc2960cd2d4" member_type: VOTER last_known_addr { host: "127.10.131.65" port: 38441 } } peers { permanent_uuid: "344124ba036248529db1b0d15f42b0f5" member_type: VOTER last_known_addr { host: "127.10.131.66" port: 44051 } } peers { permanent_uuid: "0508b2b4a3e140ec90c803c671ebd247" member_type: VOTER last_known_addr { host: "127.10.131.67" port: 38809 } }
I20260709 12:23:45.431895 11933 tablet_service.cc:1511] Processing CreateTablet for tablet e10d4355f8954a5796e3ffb30d492af6 (DEFAULT_TABLE table=test-workload [id=14790ebcf1b34337b8205adfadfe4ecc]), partition=RANGE (key) PARTITION 1164736864 <= VALUES < 1201134891
I20260709 12:23:45.432053 12075 data_dirs.cc:400] Could only allocate 1 dirs of requested 3 for tablet f74e4a93e511437c9fbd363d62b95ad9. 1 dirs total, 0 dirs full, 0 dirs failed
I20260709 12:23:45.433117 11933 data_dirs.cc:400] Could only allocate 1 dirs of requested 3 for tablet e10d4355f8954a5796e3ffb30d492af6. 1 dirs total, 0 dirs full, 0 dirs failed
I20260709 12:23:45.430464 12133 tablet_bootstrap.cc:654] T 9744ec1e27b64c36ac66bc0d8e186122 P 0508b2b4a3e140ec90c803c671ebd247: Neither blocks nor log segments found. Creating new log.
I20260709 12:23:45.437816 12078 data_dirs.cc:400] Could only allocate 1 dirs of requested 3 for tablet b71a5e16227b43b0aa3048142164b895. 1 dirs total, 0 dirs full, 0 dirs failed
I20260709 12:23:45.442355 11926 tablet_service.cc:1511] Processing CreateTablet for tablet f8d9d50a65b346f2b034d2cb7e174702 (DEFAULT_TABLE table=test-workload [id=14790ebcf1b34337b8205adfadfe4ecc]), partition=RANGE (key) PARTITION 1055542783 <= VALUES < 1091940810
I20260709 12:23:45.444435 12080 tablet_service.cc:1511] Processing CreateTablet for tablet 3f249d8313da4f729ddc457d6e049206 (DEFAULT_TABLE table=test-workload [id=14790ebcf1b34337b8205adfadfe4ecc]), partition=RANGE (key) PARTITION 2001891485 <= VALUES < 2038289512
I20260709 12:23:45.458263 12080 data_dirs.cc:400] Could only allocate 1 dirs of requested 3 for tablet 3f249d8313da4f729ddc457d6e049206. 1 dirs total, 0 dirs full, 0 dirs failed
I20260709 12:23:45.448252 12082 tablet_service.cc:1511] Processing CreateTablet for tablet 40aefc350336454198c1a2f51c47d36b (DEFAULT_TABLE table=test-workload [id=14790ebcf1b34337b8205adfadfe4ecc]), partition=RANGE (key) PARTITION 2038289512 <= VALUES < 2074687539
I20260709 12:23:45.417372 12005 data_dirs.cc:400] Could only allocate 1 dirs of requested 3 for tablet 26cd8d042ef74f328dd1373955556082. 1 dirs total, 0 dirs full, 0 dirs failed
I20260709 12:23:45.454751 12003 tablet_service.cc:1511] Processing CreateTablet for tablet 40f308c86a144c5a9badde58d7f6ee99 (DEFAULT_TABLE table=test-workload [id=14790ebcf1b34337b8205adfadfe4ecc]), partition=RANGE (key) PARTITION 1819901350 <= VALUES < 1856299377
I20260709 12:23:45.446504 11932 data_dirs.cc:400] Could only allocate 1 dirs of requested 3 for tablet 95469e0a37494ac88738fdbdcb31119b. 1 dirs total, 0 dirs full, 0 dirs failed
I20260709 12:23:45.470371 12004 tablet_service.cc:1511] Processing CreateTablet for tablet f74e4a93e511437c9fbd363d62b95ad9 (DEFAULT_TABLE table=test-workload [id=14790ebcf1b34337b8205adfadfe4ecc]), partition=RANGE (key) PARTITION 1856299377 <= VALUES < 1892697404
I20260709 12:23:45.470700 12009 tablet_service.cc:1511] Processing CreateTablet for tablet b71a5e16227b43b0aa3048142164b895 (DEFAULT_TABLE table=test-workload [id=14790ebcf1b34337b8205adfadfe4ecc]), partition=RANGE (key) PARTITION 1929095431 <= VALUES < 1965493458
I20260709 12:23:45.470371 11929 tablet_service.cc:1511] Processing CreateTablet for tablet a8de66090d644841940dcf5360ce85ac (DEFAULT_TABLE table=test-workload [id=14790ebcf1b34337b8205adfadfe4ecc]), partition=RANGE (key) PARTITION 1091940810 <= VALUES < 1128338837
I20260709 12:23:45.473946 12082 data_dirs.cc:400] Could only allocate 1 dirs of requested 3 for tablet 40aefc350336454198c1a2f51c47d36b. 1 dirs total, 0 dirs full, 0 dirs failed
I20260709 12:23:45.479101 12006 data_dirs.cc:400] Could only allocate 1 dirs of requested 3 for tablet ce19120ad4c84f919a7215bae240e776. 1 dirs total, 0 dirs full, 0 dirs failed
I20260709 12:23:45.491458 12083 tablet_service.cc:1511] Processing CreateTablet for tablet 311ba51b2ad94ae7bfd04a9b3f2c266b (DEFAULT_TABLE table=test-workload [id=14790ebcf1b34337b8205adfadfe4ecc]), partition=RANGE (key) PARTITION 2074687539 <= VALUES < 2111085566
I20260709 12:23:45.498394 12083 data_dirs.cc:400] Could only allocate 1 dirs of requested 3 for tablet 311ba51b2ad94ae7bfd04a9b3f2c266b. 1 dirs total, 0 dirs full, 0 dirs failed
I20260709 12:23:45.490144 12008 data_dirs.cc:400] Could only allocate 1 dirs of requested 3 for tablet b450382e6a764223a55aab60fa2673f6. 1 dirs total, 0 dirs full, 0 dirs failed
I20260709 12:23:45.489353 12145 tablet_bootstrap.cc:492] T cb1a32f440c6472abe99375c9f099a4c P c39e6c8c28df45469de69fc2960cd2d4: No bootstrap required, opened a new log
I20260709 12:23:45.503561 12133 tablet_bootstrap.cc:492] T 9744ec1e27b64c36ac66bc0d8e186122 P 0508b2b4a3e140ec90c803c671ebd247: No bootstrap required, opened a new log
I20260709 12:23:45.504104 12133 ts_tablet_manager.cc:1403] T 9744ec1e27b64c36ac66bc0d8e186122 P 0508b2b4a3e140ec90c803c671ebd247: Time spent bootstrapping tablet: real 0.148s	user 0.010s	sys 0.003s
I20260709 12:23:45.481403 11927 tablet_service.cc:1511] Processing CreateTablet for tablet e0272979b5494a00869be2bb25865bef (DEFAULT_TABLE table=test-workload [id=14790ebcf1b34337b8205adfadfe4ecc]), partition=RANGE (key) PARTITION 946348702 <= VALUES < 982746729
I20260709 12:23:45.505946 12145 ts_tablet_manager.cc:1403] T cb1a32f440c6472abe99375c9f099a4c P c39e6c8c28df45469de69fc2960cd2d4: Time spent bootstrapping tablet: real 0.257s	user 0.015s	sys 0.011s
I20260709 12:23:45.499735 11929 data_dirs.cc:400] Could only allocate 1 dirs of requested 3 for tablet a8de66090d644841940dcf5360ce85ac. 1 dirs total, 0 dirs full, 0 dirs failed
I20260709 12:23:45.507000 11927 data_dirs.cc:400] Could only allocate 1 dirs of requested 3 for tablet e0272979b5494a00869be2bb25865bef. 1 dirs total, 0 dirs full, 0 dirs failed
I20260709 12:23:45.507139 12133 raft_consensus.cc:359] T 9744ec1e27b64c36ac66bc0d8e186122 P 0508b2b4a3e140ec90c803c671ebd247 [term 0 FOLLOWER]: Replica starting. Triggering 0 pending ops. Active config: opid_index: -1 OBSOLETE_local: false peers { permanent_uuid: "c39e6c8c28df45469de69fc2960cd2d4" member_type: VOTER last_known_addr { host: "127.10.131.65" port: 38441 } } peers { permanent_uuid: "344124ba036248529db1b0d15f42b0f5" member_type: VOTER last_known_addr { host: "127.10.131.66" port: 44051 } } peers { permanent_uuid: "0508b2b4a3e140ec90c803c671ebd247" member_type: VOTER last_known_addr { host: "127.10.131.67" port: 38809 } }
I20260709 12:23:45.507887 12133 raft_consensus.cc:385] T 9744ec1e27b64c36ac66bc0d8e186122 P 0508b2b4a3e140ec90c803c671ebd247 [term 0 FOLLOWER]: Consensus starting up: Expiring failure detector timer to make a prompt election more likely
I20260709 12:23:45.508185 12133 raft_consensus.cc:740] T 9744ec1e27b64c36ac66bc0d8e186122 P 0508b2b4a3e140ec90c803c671ebd247 [term 0 FOLLOWER]: Becoming Follower/Learner. State: Replica: 0508b2b4a3e140ec90c803c671ebd247, State: Initialized, Role: FOLLOWER
I20260709 12:23:45.508771 11926 data_dirs.cc:400] Could only allocate 1 dirs of requested 3 for tablet f8d9d50a65b346f2b034d2cb7e174702. 1 dirs total, 0 dirs full, 0 dirs failed
I20260709 12:23:45.508966 12133 consensus_queue.cc:260] T 9744ec1e27b64c36ac66bc0d8e186122 P 0508b2b4a3e140ec90c803c671ebd247 [NON_LEADER]: Queue going to NON_LEADER mode. State: All replicated index: 0, Majority replicated index: 0, Committed index: 0, Last appended: 0.0, Last appended by leader: 0, Current term: 0, Majority size: -1, State: 0, Mode: NON_LEADER, active raft config: opid_index: -1 OBSOLETE_local: false peers { permanent_uuid: "c39e6c8c28df45469de69fc2960cd2d4" member_type: VOTER last_known_addr { host: "127.10.131.65" port: 38441 } } peers { permanent_uuid: "344124ba036248529db1b0d15f42b0f5" member_type: VOTER last_known_addr { host: "127.10.131.66" port: 44051 } } peers { permanent_uuid: "0508b2b4a3e140ec90c803c671ebd247" member_type: VOTER last_known_addr { host: "127.10.131.67" port: 38809 } }
I20260709 12:23:45.513901 12137 raft_consensus.cc:697] T 809d340e32ae4dabba857894f837741f P 344124ba036248529db1b0d15f42b0f5 [term 1 LEADER]: Becoming Leader. State: Replica: 344124ba036248529db1b0d15f42b0f5, State: Running, Role: LEADER
I20260709 12:23:45.481895 12000 tablet_service.cc:1511] Processing CreateTablet for tablet 75ee2590f45b41428e8cacb62d878c35 (DEFAULT_TABLE table=test-workload [id=14790ebcf1b34337b8205adfadfe4ecc]), partition=RANGE (key) PARTITION 1892697404 <= VALUES < 1929095431
I20260709 12:23:45.516515 12137 consensus_queue.cc:237] T 809d340e32ae4dabba857894f837741f P 344124ba036248529db1b0d15f42b0f5 [LEADER]: Queue going to LEADER mode. State: All replicated index: 0, Majority replicated index: 0, Committed index: 0, Last appended: 0.0, Last appended by leader: 0, Current term: 1, Majority size: 2, State: 0, Mode: LEADER, active raft config: opid_index: -1 OBSOLETE_local: false peers { permanent_uuid: "c39e6c8c28df45469de69fc2960cd2d4" member_type: VOTER last_known_addr { host: "127.10.131.65" port: 38441 } } peers { permanent_uuid: "344124ba036248529db1b0d15f42b0f5" member_type: VOTER last_known_addr { host: "127.10.131.66" port: 44051 } } peers { permanent_uuid: "0508b2b4a3e140ec90c803c671ebd247" member_type: VOTER last_known_addr { host: "127.10.131.67" port: 38809 } }
I20260709 12:23:45.522363 11933 tablet_service.cc:1511] Processing CreateTablet for tablet da1d474d6cae438bab02dcd8e5ff19fe (DEFAULT_TABLE table=test-workload [id=14790ebcf1b34337b8205adfadfe4ecc]), partition=RANGE (key) PARTITION 1128338837 <= VALUES < 1164736864
I20260709 12:23:45.530819 12007 tablet_service.cc:1511] Processing CreateTablet for tablet 3f249d8313da4f729ddc457d6e049206 (DEFAULT_TABLE table=test-workload [id=14790ebcf1b34337b8205adfadfe4ecc]), partition=RANGE (key) PARTITION 2001891485 <= VALUES < 2038289512
I20260709 12:23:45.540257 11934 tablet_service.cc:1511] Processing CreateTablet for tablet 3fb16aa0703542a89affffaabf8411d1 (DEFAULT_TABLE table=test-workload [id=14790ebcf1b34337b8205adfadfe4ecc]), partition=RANGE (key) PARTITION 1273930945 <= VALUES < 1310328972
I20260709 12:23:45.515584 12076 tablet_service.cc:1511] Processing CreateTablet for tablet e790029550354f72bbb7eccb45379be7 (DEFAULT_TABLE table=test-workload [id=14790ebcf1b34337b8205adfadfe4ecc]), partition=RANGE (key) PARTITION 2111085566 <= VALUES
I20260709 12:23:45.556697 12076 data_dirs.cc:400] Could only allocate 1 dirs of requested 3 for tablet e790029550354f72bbb7eccb45379be7. 1 dirs total, 0 dirs full, 0 dirs failed
I20260709 12:23:45.557735 11927 tablet_service.cc:1511] Processing CreateTablet for tablet 9f03f2b304a64c07b8f8777cd87f83b9 (DEFAULT_TABLE table=test-workload [id=14790ebcf1b34337b8205adfadfe4ecc]), partition=RANGE (key) PARTITION 1346726999 <= VALUES < 1383125026
I20260709 12:23:45.541596 12009 data_dirs.cc:400] Could only allocate 1 dirs of requested 3 for tablet b71a5e16227b43b0aa3048142164b895. 1 dirs total, 0 dirs full, 0 dirs failed
I20260709 12:23:45.560032 12151 raft_consensus.cc:493] T 9744ec1e27b64c36ac66bc0d8e186122 P c39e6c8c28df45469de69fc2960cd2d4 [term 0 FOLLOWER]: Starting pre-election (no leader contacted us within the election timeout)
I20260709 12:23:45.516942 12002 tablet_service.cc:1511] Processing CreateTablet for tablet 2d711033e7724dc5b65eee034eb13ed9 (DEFAULT_TABLE table=test-workload [id=14790ebcf1b34337b8205adfadfe4ecc]), partition=RANGE (key) PARTITION 1965493458 <= VALUES < 2001891485
I20260709 12:23:45.561681 12151 raft_consensus.cc:515] T 9744ec1e27b64c36ac66bc0d8e186122 P c39e6c8c28df45469de69fc2960cd2d4 [term 0 FOLLOWER]: Starting pre-election with config: opid_index: -1 OBSOLETE_local: false peers { permanent_uuid: "c39e6c8c28df45469de69fc2960cd2d4" member_type: VOTER last_known_addr { host: "127.10.131.65" port: 38441 } } peers { permanent_uuid: "344124ba036248529db1b0d15f42b0f5" member_type: VOTER last_known_addr { host: "127.10.131.66" port: 44051 } } peers { permanent_uuid: "0508b2b4a3e140ec90c803c671ebd247" member_type: VOTER last_known_addr { host: "127.10.131.67" port: 38809 } }
I20260709 12:23:45.562472 12002 data_dirs.cc:400] Could only allocate 1 dirs of requested 3 for tablet 2d711033e7724dc5b65eee034eb13ed9. 1 dirs total, 0 dirs full, 0 dirs failed
I20260709 12:23:45.537699 12134 ts_tablet_manager.cc:1434] T f5c15c9b6a7b45ed802d6465daf69a16 P 344124ba036248529db1b0d15f42b0f5: Time spent starting tablet: real 0.123s	user 0.009s	sys 0.005s
I20260709 12:23:45.525030 11925 tablet_service.cc:1511] Processing CreateTablet for tablet 17ec51e7a5714aaebce2dd8bc596c9a4 (DEFAULT_TABLE table=test-workload [id=14790ebcf1b34337b8205adfadfe4ecc]), partition=RANGE (key) PARTITION 1201134891 <= VALUES < 1237532918
I20260709 12:23:45.579605 12004 data_dirs.cc:400] Could only allocate 1 dirs of requested 3 for tablet f74e4a93e511437c9fbd363d62b95ad9. 1 dirs total, 0 dirs full, 0 dirs failed
I20260709 12:23:45.569748 12151 leader_election.cc:290] T 9744ec1e27b64c36ac66bc0d8e186122 P c39e6c8c28df45469de69fc2960cd2d4 [CANDIDATE]: Term 1 pre-election: Requested pre-vote from peers 344124ba036248529db1b0d15f42b0f5 (127.10.131.66:44051), 0508b2b4a3e140ec90c803c671ebd247 (127.10.131.67:38809)
I20260709 12:23:45.581734 11933 data_dirs.cc:400] Could only allocate 1 dirs of requested 3 for tablet da1d474d6cae438bab02dcd8e5ff19fe. 1 dirs total, 0 dirs full, 0 dirs failed
I20260709 12:23:45.593791 11934 data_dirs.cc:400] Could only allocate 1 dirs of requested 3 for tablet 3fb16aa0703542a89affffaabf8411d1. 1 dirs total, 0 dirs full, 0 dirs failed
W20260709 12:23:45.595122 11889 auto_rebalancer.cc:288] Could not retrieve cluster info: Service unavailable: Tablet not running
I20260709 12:23:45.595832 12003 data_dirs.cc:400] Could only allocate 1 dirs of requested 3 for tablet 40f308c86a144c5a9badde58d7f6ee99. 1 dirs total, 0 dirs full, 0 dirs failed
I20260709 12:23:45.596812 12137 raft_consensus.cc:493] T f5c15c9b6a7b45ed802d6465daf69a16 P 344124ba036248529db1b0d15f42b0f5 [term 0 FOLLOWER]: Starting pre-election (no leader contacted us within the election timeout)
I20260709 12:23:45.597289 12137 raft_consensus.cc:515] T f5c15c9b6a7b45ed802d6465daf69a16 P 344124ba036248529db1b0d15f42b0f5 [term 0 FOLLOWER]: Starting pre-election with config: opid_index: -1 OBSOLETE_local: false peers { permanent_uuid: "c39e6c8c28df45469de69fc2960cd2d4" member_type: VOTER last_known_addr { host: "127.10.131.65" port: 38441 } } peers { permanent_uuid: "344124ba036248529db1b0d15f42b0f5" member_type: VOTER last_known_addr { host: "127.10.131.66" port: 44051 } } peers { permanent_uuid: "0508b2b4a3e140ec90c803c671ebd247" member_type: VOTER last_known_addr { host: "127.10.131.67" port: 38809 } }
I20260709 12:23:45.601100 12093 tablet_service.cc:1917] Received RequestConsensusVote() RPC: tablet_id: "f5c15c9b6a7b45ed802d6465daf69a16" candidate_uuid: "344124ba036248529db1b0d15f42b0f5" candidate_term: 1 candidate_status { last_received { term: 0 index: 0 } } ignore_live_leader: false dest_uuid: "0508b2b4a3e140ec90c803c671ebd247" is_pre_election: true
W20260709 12:23:45.602658 11983 leader_election.cc:343] T f5c15c9b6a7b45ed802d6465daf69a16 P 344124ba036248529db1b0d15f42b0f5 [CANDIDATE]: Term 1 pre-election: Tablet error from VoteRequest() call to peer 0508b2b4a3e140ec90c803c671ebd247 (127.10.131.67:38809): Illegal state: must be running to vote when last-logged opid is not known
I20260709 12:23:45.602890 11925 data_dirs.cc:400] Could only allocate 1 dirs of requested 3 for tablet 17ec51e7a5714aaebce2dd8bc596c9a4. 1 dirs total, 0 dirs full, 0 dirs failed
I20260709 12:23:45.603262 12137 leader_election.cc:290] T f5c15c9b6a7b45ed802d6465daf69a16 P 344124ba036248529db1b0d15f42b0f5 [CANDIDATE]: Term 1 pre-election: Requested pre-vote from peers c39e6c8c28df45469de69fc2960cd2d4 (127.10.131.65:38441), 0508b2b4a3e140ec90c803c671ebd247 (127.10.131.67:38809)
I20260709 12:23:45.606247 12007 data_dirs.cc:400] Could only allocate 1 dirs of requested 3 for tablet 3f249d8313da4f729ddc457d6e049206. 1 dirs total, 0 dirs full, 0 dirs failed
I20260709 12:23:45.509003 12145 raft_consensus.cc:359] T cb1a32f440c6472abe99375c9f099a4c P c39e6c8c28df45469de69fc2960cd2d4 [term 0 FOLLOWER]: Replica starting. Triggering 0 pending ops. Active config: opid_index: -1 OBSOLETE_local: false peers { permanent_uuid: "344124ba036248529db1b0d15f42b0f5" member_type: VOTER last_known_addr { host: "127.10.131.66" port: 44051 } } peers { permanent_uuid: "c39e6c8c28df45469de69fc2960cd2d4" member_type: VOTER last_known_addr { host: "127.10.131.65" port: 38441 } } peers { permanent_uuid: "0508b2b4a3e140ec90c803c671ebd247" member_type: VOTER last_known_addr { host: "127.10.131.67" port: 38809 } }
I20260709 12:23:45.613946 11927 data_dirs.cc:400] Could only allocate 1 dirs of requested 3 for tablet 9f03f2b304a64c07b8f8777cd87f83b9. 1 dirs total, 0 dirs full, 0 dirs failed
I20260709 12:23:45.617949 12001 tablet_service.cc:1511] Processing CreateTablet for tablet 40aefc350336454198c1a2f51c47d36b (DEFAULT_TABLE table=test-workload [id=14790ebcf1b34337b8205adfadfe4ecc]), partition=RANGE (key) PARTITION 2038289512 <= VALUES < 2074687539
I20260709 12:23:45.621098 12134 tablet_bootstrap.cc:492] T f62540cab6af4baa8853c210eafa017c P 344124ba036248529db1b0d15f42b0f5: Bootstrap starting.
I20260709 12:23:45.611191 12145 raft_consensus.cc:385] T cb1a32f440c6472abe99375c9f099a4c P c39e6c8c28df45469de69fc2960cd2d4 [term 0 FOLLOWER]: Consensus starting up: Expiring failure detector timer to make a prompt election more likely
I20260709 12:23:45.629757 12145 raft_consensus.cc:740] T cb1a32f440c6472abe99375c9f099a4c P c39e6c8c28df45469de69fc2960cd2d4 [term 0 FOLLOWER]: Becoming Follower/Learner. State: Replica: c39e6c8c28df45469de69fc2960cd2d4, State: Initialized, Role: FOLLOWER
I20260709 12:23:45.631466 11841 catalog_manager.cc:5697] T 809d340e32ae4dabba857894f837741f P 344124ba036248529db1b0d15f42b0f5 reported cstate change: term changed from 0 to 1, leader changed from <none> to 344124ba036248529db1b0d15f42b0f5 (127.10.131.66). New cstate: current_term: 1 leader_uuid: "344124ba036248529db1b0d15f42b0f5" committed_config { opid_index: -1 OBSOLETE_local: false peers { permanent_uuid: "c39e6c8c28df45469de69fc2960cd2d4" member_type: VOTER last_known_addr { host: "127.10.131.65" port: 38441 } health_report { overall_health: UNKNOWN } } peers { permanent_uuid: "344124ba036248529db1b0d15f42b0f5" member_type: VOTER last_known_addr { host: "127.10.131.66" port: 44051 } health_report { overall_health: HEALTHY } } peers { permanent_uuid: "0508b2b4a3e140ec90c803c671ebd247" member_type: VOTER last_known_addr { host: "127.10.131.67" port: 38809 } health_report { overall_health: UNKNOWN } } }
I20260709 12:23:45.637491 12145 consensus_queue.cc:260] T cb1a32f440c6472abe99375c9f099a4c P c39e6c8c28df45469de69fc2960cd2d4 [NON_LEADER]: Queue going to NON_LEADER mode. State: All replicated index: 0, Majority replicated index: 0, Committed index: 0, Last appended: 0.0, Last appended by leader: 0, Current term: 0, Majority size: -1, State: 0, Mode: NON_LEADER, active raft config: opid_index: -1 OBSOLETE_local: false peers { permanent_uuid: "344124ba036248529db1b0d15f42b0f5" member_type: VOTER last_known_addr { host: "127.10.131.66" port: 44051 } } peers { permanent_uuid: "c39e6c8c28df45469de69fc2960cd2d4" member_type: VOTER last_known_addr { host: "127.10.131.65" port: 38441 } } peers { permanent_uuid: "0508b2b4a3e140ec90c803c671ebd247" member_type: VOTER last_known_addr { host: "127.10.131.67" port: 38809 } }
I20260709 12:23:45.642560 12133 ts_tablet_manager.cc:1434] T 9744ec1e27b64c36ac66bc0d8e186122 P 0508b2b4a3e140ec90c803c671ebd247: Time spent starting tablet: real 0.138s	user 0.008s	sys 0.001s
I20260709 12:23:45.646356 12133 tablet_bootstrap.cc:492] T cb1a32f440c6472abe99375c9f099a4c P 0508b2b4a3e140ec90c803c671ebd247: Bootstrap starting.
I20260709 12:23:45.647425 12145 ts_tablet_manager.cc:1434] T cb1a32f440c6472abe99375c9f099a4c P c39e6c8c28df45469de69fc2960cd2d4: Time spent starting tablet: real 0.141s	user 0.008s	sys 0.000s
I20260709 12:23:45.649525 12000 data_dirs.cc:400] Could only allocate 1 dirs of requested 3 for tablet 75ee2590f45b41428e8cacb62d878c35. 1 dirs total, 0 dirs full, 0 dirs failed
I20260709 12:23:45.661535 12145 tablet_bootstrap.cc:492] T f5c15c9b6a7b45ed802d6465daf69a16 P c39e6c8c28df45469de69fc2960cd2d4: Bootstrap starting.
I20260709 12:23:45.680920 12001 data_dirs.cc:400] Could only allocate 1 dirs of requested 3 for tablet 40aefc350336454198c1a2f51c47d36b. 1 dirs total, 0 dirs full, 0 dirs failed
I20260709 12:23:45.684674 12145 tablet_bootstrap.cc:654] T f5c15c9b6a7b45ed802d6465daf69a16 P c39e6c8c28df45469de69fc2960cd2d4: Neither blocks nor log segments found. Creating new log.
I20260709 12:23:45.678655 12005 tablet_service.cc:1511] Processing CreateTablet for tablet 311ba51b2ad94ae7bfd04a9b3f2c266b (DEFAULT_TABLE table=test-workload [id=14790ebcf1b34337b8205adfadfe4ecc]), partition=RANGE (key) PARTITION 2074687539 <= VALUES < 2111085566
I20260709 12:23:45.687932 12005 data_dirs.cc:400] Could only allocate 1 dirs of requested 3 for tablet 311ba51b2ad94ae7bfd04a9b3f2c266b. 1 dirs total, 0 dirs full, 0 dirs failed
I20260709 12:23:45.695935 11928 tablet_service.cc:1511] Processing CreateTablet for tablet a4184c2cec814d6eaec56903ba846d7d (DEFAULT_TABLE table=test-workload [id=14790ebcf1b34337b8205adfadfe4ecc]), partition=RANGE (key) PARTITION 1455921080 <= VALUES < 1492319107
I20260709 12:23:45.703071 12002 tablet_service.cc:1511] Processing CreateTablet for tablet e790029550354f72bbb7eccb45379be7 (DEFAULT_TABLE table=test-workload [id=14790ebcf1b34337b8205adfadfe4ecc]), partition=RANGE (key) PARTITION 2111085566 <= VALUES
I20260709 12:23:45.704480 12002 data_dirs.cc:400] Could only allocate 1 dirs of requested 3 for tablet e790029550354f72bbb7eccb45379be7. 1 dirs total, 0 dirs full, 0 dirs failed
I20260709 12:23:45.697393 11928 data_dirs.cc:400] Could only allocate 1 dirs of requested 3 for tablet a4184c2cec814d6eaec56903ba846d7d. 1 dirs total, 0 dirs full, 0 dirs failed
I20260709 12:23:45.710970 12133 tablet_bootstrap.cc:654] T cb1a32f440c6472abe99375c9f099a4c P 0508b2b4a3e140ec90c803c671ebd247: Neither blocks nor log segments found. Creating new log.
I20260709 12:23:45.719671 11931 tablet_service.cc:1511] Processing CreateTablet for tablet 61c4d9bbbb3d451a8fff991b94ab54dc (DEFAULT_TABLE table=test-workload [id=14790ebcf1b34337b8205adfadfe4ecc]), partition=RANGE (key) PARTITION 1492319107 <= VALUES < 1528717134
I20260709 12:23:45.721076 11931 data_dirs.cc:400] Could only allocate 1 dirs of requested 3 for tablet 61c4d9bbbb3d451a8fff991b94ab54dc. 1 dirs total, 0 dirs full, 0 dirs failed
I20260709 12:23:45.725409 11926 tablet_service.cc:1511] Processing CreateTablet for tablet ae099c7a681c428cbde3cd6ab88dc729 (DEFAULT_TABLE table=test-workload [id=14790ebcf1b34337b8205adfadfe4ecc]), partition=RANGE (key) PARTITION 1528717134 <= VALUES < 1565115161
I20260709 12:23:45.725857 11943 tablet_service.cc:1917] Received RequestConsensusVote() RPC: tablet_id: "f5c15c9b6a7b45ed802d6465daf69a16" candidate_uuid: "344124ba036248529db1b0d15f42b0f5" candidate_term: 1 candidate_status { last_received { term: 0 index: 0 } } ignore_live_leader: false dest_uuid: "c39e6c8c28df45469de69fc2960cd2d4" is_pre_election: true
I20260709 12:23:45.726300 11933 tablet_service.cc:1511] Processing CreateTablet for tablet e397813228e04a1f8f757c8872477cc3 (DEFAULT_TABLE table=test-workload [id=14790ebcf1b34337b8205adfadfe4ecc]), partition=RANGE (key) PARTITION 1383125026 <= VALUES < 1419523053
W20260709 12:23:45.727167 11985 leader_election.cc:343] T f5c15c9b6a7b45ed802d6465daf69a16 P 344124ba036248529db1b0d15f42b0f5 [CANDIDATE]: Term 1 pre-election: Tablet error from VoteRequest() call to peer c39e6c8c28df45469de69fc2960cd2d4 (127.10.131.65:38441): Illegal state: must be running to vote when last-logged opid is not known
I20260709 12:23:45.727614 11985 leader_election.cc:304] T f5c15c9b6a7b45ed802d6465daf69a16 P 344124ba036248529db1b0d15f42b0f5 [CANDIDATE]: Term 1 pre-election: Election decided. Result: candidate lost. Election summary: received 3 responses out of 3 voters: 1 yes votes; 2 no votes. yes voters: 344124ba036248529db1b0d15f42b0f5; no voters: 0508b2b4a3e140ec90c803c671ebd247, c39e6c8c28df45469de69fc2960cd2d4
I20260709 12:23:45.728751 12155 raft_consensus.cc:2749] T f5c15c9b6a7b45ed802d6465daf69a16 P 344124ba036248529db1b0d15f42b0f5 [term 0 FOLLOWER]: Leader pre-election lost for term 1. Reason: could not achieve majority
I20260709 12:23:45.736219 12018 tablet_service.cc:1917] Received RequestConsensusVote() RPC: tablet_id: "9744ec1e27b64c36ac66bc0d8e186122" candidate_uuid: "c39e6c8c28df45469de69fc2960cd2d4" candidate_term: 1 candidate_status { last_received { term: 0 index: 0 } } ignore_live_leader: false dest_uuid: "344124ba036248529db1b0d15f42b0f5" is_pre_election: true
W20260709 12:23:45.737982 11910 leader_election.cc:343] T 9744ec1e27b64c36ac66bc0d8e186122 P c39e6c8c28df45469de69fc2960cd2d4 [CANDIDATE]: Term 1 pre-election: Tablet error from VoteRequest() call to peer 344124ba036248529db1b0d15f42b0f5 (127.10.131.66:44051): Illegal state: must be running to vote when last-logged opid is not known
I20260709 12:23:45.749086 11933 data_dirs.cc:400] Could only allocate 1 dirs of requested 3 for tablet e397813228e04a1f8f757c8872477cc3. 1 dirs total, 0 dirs full, 0 dirs failed
I20260709 12:23:45.745193 12134 tablet_bootstrap.cc:654] T f62540cab6af4baa8853c210eafa017c P 344124ba036248529db1b0d15f42b0f5: Neither blocks nor log segments found. Creating new log.
I20260709 12:23:45.766940 11926 data_dirs.cc:400] Could only allocate 1 dirs of requested 3 for tablet ae099c7a681c428cbde3cd6ab88dc729. 1 dirs total, 0 dirs full, 0 dirs failed
I20260709 12:23:45.768009 11929 tablet_service.cc:1511] Processing CreateTablet for tablet 251b6556bdc14eb5b0ee1b4f98eaff2b (DEFAULT_TABLE table=test-workload [id=14790ebcf1b34337b8205adfadfe4ecc]), partition=RANGE (key) PARTITION 1419523053 <= VALUES < 1455921080
I20260709 12:23:45.769256 11929 data_dirs.cc:400] Could only allocate 1 dirs of requested 3 for tablet 251b6556bdc14eb5b0ee1b4f98eaff2b. 1 dirs total, 0 dirs full, 0 dirs failed
I20260709 12:23:45.778460 12093 tablet_service.cc:1917] Received RequestConsensusVote() RPC: tablet_id: "9744ec1e27b64c36ac66bc0d8e186122" candidate_uuid: "c39e6c8c28df45469de69fc2960cd2d4" candidate_term: 1 candidate_status { last_received { term: 0 index: 0 } } ignore_live_leader: false dest_uuid: "0508b2b4a3e140ec90c803c671ebd247" is_pre_election: true
I20260709 12:23:45.780966 12093 raft_consensus.cc:2468] T 9744ec1e27b64c36ac66bc0d8e186122 P 0508b2b4a3e140ec90c803c671ebd247 [term 0 FOLLOWER]: Leader pre-election vote request: Granting yes vote for candidate c39e6c8c28df45469de69fc2960cd2d4 in term 0.
I20260709 12:23:45.782943 11930 rpcz_store.cc:275] Call kudu.tserver.TabletServerAdminService.CreateTablet from 127.0.0.1:41212 (request call id 27) took 1040 ms. Trace:
I20260709 12:23:45.783109 11908 leader_election.cc:304] T 9744ec1e27b64c36ac66bc0d8e186122 P c39e6c8c28df45469de69fc2960cd2d4 [CANDIDATE]: Term 1 pre-election: Election decided. Result: candidate won. Election summary: received 3 responses out of 3 voters: 2 yes votes; 1 no votes. yes voters: 0508b2b4a3e140ec90c803c671ebd247, c39e6c8c28df45469de69fc2960cd2d4; no voters: 344124ba036248529db1b0d15f42b0f5
I20260709 12:23:45.784327 12151 raft_consensus.cc:2804] T 9744ec1e27b64c36ac66bc0d8e186122 P c39e6c8c28df45469de69fc2960cd2d4 [term 0 FOLLOWER]: Leader pre-election won for term 1
I20260709 12:23:45.784696 12151 raft_consensus.cc:493] T 9744ec1e27b64c36ac66bc0d8e186122 P c39e6c8c28df45469de69fc2960cd2d4 [term 0 FOLLOWER]: Starting leader election (no leader contacted us within the election timeout)
I20260709 12:23:45.785032 12151 raft_consensus.cc:3060] T 9744ec1e27b64c36ac66bc0d8e186122 P c39e6c8c28df45469de69fc2960cd2d4 [term 0 FOLLOWER]: Advancing to term 1
I20260709 12:23:45.791960 12151 raft_consensus.cc:515] T 9744ec1e27b64c36ac66bc0d8e186122 P c39e6c8c28df45469de69fc2960cd2d4 [term 1 FOLLOWER]: Starting leader election with config: opid_index: -1 OBSOLETE_local: false peers { permanent_uuid: "c39e6c8c28df45469de69fc2960cd2d4" member_type: VOTER last_known_addr { host: "127.10.131.65" port: 38441 } } peers { permanent_uuid: "344124ba036248529db1b0d15f42b0f5" member_type: VOTER last_known_addr { host: "127.10.131.66" port: 44051 } } peers { permanent_uuid: "0508b2b4a3e140ec90c803c671ebd247" member_type: VOTER last_known_addr { host: "127.10.131.67" port: 38809 } }
I20260709 12:23:45.783674 11930 rpcz_store.cc:276] 0709 12:23:44.742470 (+     0us) service_pool.cc:167] Inserting onto call queue
0709 12:23:45.424116 (+681646us) service_pool.cc:224] Handling call
0709 12:23:45.425851 (+  1735us) ts_tablet_manager.cc:669] Acquired tablet manager lock
0709 12:23:45.425939 (+    88us) ts_tablet_manager.cc:682] Creating new metadata...
0709 12:23:45.658656 (+232717us) tablet_metadata.cc:665] Metadata flushed
0709 12:23:45.774312 (+115656us) tablet_replica.cc:206] Creating consensus instance
0709 12:23:45.782884 (+  8572us) inbound_call.cc:177] Queueing success response
Metrics: {"mutex_wait_us":6947}
I20260709 12:23:45.794696 11925 rpcz_store.cc:275] Call kudu.tserver.TabletServerAdminService.CreateTablet from 127.0.0.1:41212 (request call id 33) took 1050 ms. Trace:
I20260709 12:23:45.795243 11925 rpcz_store.cc:276] 0709 12:23:44.744212 (+     0us) service_pool.cc:167] Inserting onto call queue
0709 12:23:45.524158 (+779946us) service_pool.cc:224] Handling call
0709 12:23:45.580033 (+ 55875us) ts_tablet_manager.cc:669] Acquired tablet manager lock
0709 12:23:45.580140 (+   107us) ts_tablet_manager.cc:682] Creating new metadata...
0709 12:23:45.723521 (+143381us) tablet_metadata.cc:665] Metadata flushed
0709 12:23:45.794041 (+ 70520us) tablet_replica.cc:206] Creating consensus instance
0709 12:23:45.794623 (+   582us) inbound_call.cc:177] Queueing success response
Metrics: {"mutex_wait_us":6107}
I20260709 12:23:45.796125 11930 tablet_service.cc:1511] Processing CreateTablet for tablet 16b345dc55c246c594ab7c43c05523f8 (DEFAULT_TABLE table=test-workload [id=14790ebcf1b34337b8205adfadfe4ecc]), partition=RANGE (key) PARTITION 1565115161 <= VALUES < 1601513188
I20260709 12:23:45.796988 11927 rpcz_store.cc:275] Call kudu.tserver.TabletServerAdminService.CreateTablet from 127.0.0.1:41212 (request call id 37) took 1051 ms. Trace:
I20260709 12:23:45.797923 11930 data_dirs.cc:400] Could only allocate 1 dirs of requested 3 for tablet 16b345dc55c246c594ab7c43c05523f8. 1 dirs total, 0 dirs full, 0 dirs failed
I20260709 12:23:45.797475 11927 rpcz_store.cc:276] 0709 12:23:44.745405 (+     0us) service_pool.cc:167] Inserting onto call queue
0709 12:23:45.556525 (+811120us) service_pool.cc:224] Handling call
0709 12:23:45.560633 (+  4108us) ts_tablet_manager.cc:669] Acquired tablet manager lock
0709 12:23:45.560734 (+   101us) ts_tablet_manager.cc:682] Creating new metadata...
0709 12:23:45.753840 (+193106us) tablet_metadata.cc:665] Metadata flushed
0709 12:23:45.796522 (+ 42682us) tablet_replica.cc:206] Creating consensus instance
0709 12:23:45.796933 (+   411us) inbound_call.cc:177] Queueing success response
Metrics: {}
I20260709 12:23:45.799485 11927 tablet_service.cc:1511] Processing CreateTablet for tablet aacb7a8f7aea4032922e299d4f1d2110 (DEFAULT_TABLE table=test-workload [id=14790ebcf1b34337b8205adfadfe4ecc]), partition=RANGE (key) PARTITION 1637911215 <= VALUES < 1674309242
I20260709 12:23:45.806164 11927 data_dirs.cc:400] Could only allocate 1 dirs of requested 3 for tablet aacb7a8f7aea4032922e299d4f1d2110. 1 dirs total, 0 dirs full, 0 dirs failed
I20260709 12:23:45.800359 12133 tablet_bootstrap.cc:492] T cb1a32f440c6472abe99375c9f099a4c P 0508b2b4a3e140ec90c803c671ebd247: No bootstrap required, opened a new log
I20260709 12:23:45.805111 12145 tablet_bootstrap.cc:492] T f5c15c9b6a7b45ed802d6465daf69a16 P c39e6c8c28df45469de69fc2960cd2d4: No bootstrap required, opened a new log
I20260709 12:23:45.806726 12018 tablet_service.cc:1917] Received RequestConsensusVote() RPC: tablet_id: "9744ec1e27b64c36ac66bc0d8e186122" candidate_uuid: "c39e6c8c28df45469de69fc2960cd2d4" candidate_term: 1 candidate_status { last_received { term: 0 index: 0 } } ignore_live_leader: false dest_uuid: "344124ba036248529db1b0d15f42b0f5"
I20260709 12:23:45.808944 12093 tablet_service.cc:1917] Received RequestConsensusVote() RPC: tablet_id: "9744ec1e27b64c36ac66bc0d8e186122" candidate_uuid: "c39e6c8c28df45469de69fc2960cd2d4" candidate_term: 1 candidate_status { last_received { term: 0 index: 0 } } ignore_live_leader: false dest_uuid: "0508b2b4a3e140ec90c803c671ebd247"
I20260709 12:23:45.799891 11934 rpcz_store.cc:275] Call kudu.tserver.TabletServerAdminService.CreateTablet from 127.0.0.1:41212 (request call id 35) took 1055 ms. Trace:
I20260709 12:23:45.809527 12151 leader_election.cc:290] T 9744ec1e27b64c36ac66bc0d8e186122 P c39e6c8c28df45469de69fc2960cd2d4 [CANDIDATE]: Term 1 election: Requested vote from peers 344124ba036248529db1b0d15f42b0f5 (127.10.131.66:44051), 0508b2b4a3e140ec90c803c671ebd247 (127.10.131.67:38809)
I20260709 12:23:45.820564 12093 raft_consensus.cc:3060] T 9744ec1e27b64c36ac66bc0d8e186122 P 0508b2b4a3e140ec90c803c671ebd247 [term 0 FOLLOWER]: Advancing to term 1
I20260709 12:23:45.820577 11934 rpcz_store.cc:276] 0709 12:23:44.744825 (+     0us) service_pool.cc:167] Inserting onto call queue
0709 12:23:45.539281 (+794456us) service_pool.cc:224] Handling call
0709 12:23:45.556159 (+ 16878us) ts_tablet_manager.cc:669] Acquired tablet manager lock
0709 12:23:45.556242 (+    83us) ts_tablet_manager.cc:682] Creating new metadata...
0709 12:23:45.707908 (+151666us) tablet_metadata.cc:665] Metadata flushed
0709 12:23:45.799255 (+ 91347us) tablet_replica.cc:206] Creating consensus instance
0709 12:23:45.799817 (+   562us) inbound_call.cc:177] Queueing success response
Metrics: {"mutex_wait_us":547}
I20260709 12:23:45.823771 11934 tablet_service.cc:1511] Processing CreateTablet for tablet ce19120ad4c84f919a7215bae240e776 (DEFAULT_TABLE table=test-workload [id=14790ebcf1b34337b8205adfadfe4ecc]), partition=RANGE (key) PARTITION 1674309242 <= VALUES < 1710707269
I20260709 12:23:45.812000 11932 rpcz_store.cc:275] Call kudu.tserver.TabletServerAdminService.CreateTablet from 127.0.0.1:41212 (request call id 24) took 1070 ms. Trace:
W20260709 12:23:45.826048 11910 leader_election.cc:343] T 9744ec1e27b64c36ac66bc0d8e186122 P c39e6c8c28df45469de69fc2960cd2d4 [CANDIDATE]: Term 1 election: Tablet error from VoteRequest() call to peer 344124ba036248529db1b0d15f42b0f5 (127.10.131.66:44051): Illegal state: must be running to vote when last-logged opid is not known
I20260709 12:23:45.798269 11925 tablet_service.cc:1511] Processing CreateTablet for tablet e2b8d0fcb4fb4603ac20c4516c93acf7 (DEFAULT_TABLE table=test-workload [id=14790ebcf1b34337b8205adfadfe4ecc]), partition=RANGE (key) PARTITION 1601513188 <= VALUES < 1637911215
I20260709 12:23:45.818996 12133 ts_tablet_manager.cc:1403] T cb1a32f440c6472abe99375c9f099a4c P 0508b2b4a3e140ec90c803c671ebd247: Time spent bootstrapping tablet: real 0.173s	user 0.022s	sys 0.006s
I20260709 12:23:45.819485 12145 ts_tablet_manager.cc:1403] T f5c15c9b6a7b45ed802d6465daf69a16 P c39e6c8c28df45469de69fc2960cd2d4: Time spent bootstrapping tablet: real 0.171s	user 0.013s	sys 0.000s
I20260709 12:23:45.826382 11932 rpcz_store.cc:276] 0709 12:23:44.741566 (+     0us) service_pool.cc:167] Inserting onto call queue
0709 12:23:45.411517 (+669951us) service_pool.cc:224] Handling call
0709 12:23:45.438291 (+ 26774us) ts_tablet_manager.cc:669] Acquired tablet manager lock
0709 12:23:45.446126 (+  7835us) ts_tablet_manager.cc:682] Creating new metadata...
0709 12:23:45.692047 (+245921us) tablet_metadata.cc:665] Metadata flushed
0709 12:23:45.811378 (+119331us) tablet_replica.cc:206] Creating consensus instance
0709 12:23:45.811927 (+   549us) inbound_call.cc:177] Queueing success response
Metrics: {}
I20260709 12:23:45.831296 11932 tablet_service.cc:1511] Processing CreateTablet for tablet e72b9a1fb03245419a82ba825bce27f7 (DEFAULT_TABLE table=test-workload [id=14790ebcf1b34337b8205adfadfe4ecc]), partition=RANGE (key) PARTITION 1710707269 <= VALUES < 1747105296
I20260709 12:23:45.832485 11932 data_dirs.cc:400] Could only allocate 1 dirs of requested 3 for tablet e72b9a1fb03245419a82ba825bce27f7. 1 dirs total, 0 dirs full, 0 dirs failed
I20260709 12:23:45.834164 11925 data_dirs.cc:400] Could only allocate 1 dirs of requested 3 for tablet e2b8d0fcb4fb4603ac20c4516c93acf7. 1 dirs total, 0 dirs full, 0 dirs failed
I20260709 12:23:45.835824 12134 tablet_bootstrap.cc:492] T f62540cab6af4baa8853c210eafa017c P 344124ba036248529db1b0d15f42b0f5: No bootstrap required, opened a new log
I20260709 12:23:45.836328 12134 ts_tablet_manager.cc:1403] T f62540cab6af4baa8853c210eafa017c P 344124ba036248529db1b0d15f42b0f5: Time spent bootstrapping tablet: real 0.215s	user 0.009s	sys 0.008s
