I20260709 12:09:18.997189 22111 raft_consensus.cc:493] T 03e031f17c4d400c9fe7c2c101148ff0 P 73070a828b23480e9c3588e376bce2ab [term 0 FOLLOWER]: Starting pre-election (no leader contacted us within the election timeout)
I20260709 12:09:19.004684 22111 raft_consensus.cc:515] T 03e031f17c4d400c9fe7c2c101148ff0 P 73070a828b23480e9c3588e376bce2ab [term 0 FOLLOWER]: Starting pre-election with config: opid_index: -1 OBSOLETE_local: false peers { permanent_uuid: "cffb5c192e144f7caa7b94271976ed42" member_type: VOTER last_known_addr { host: "127.20.56.65" port: 42093 } } peers { permanent_uuid: "ecd8f47cd089480aa1f77728a400384a" member_type: VOTER last_known_addr { host: "127.20.56.66" port: 34757 } } peers { permanent_uuid: "73070a828b23480e9c3588e376bce2ab" member_type: VOTER last_known_addr { host: "127.20.56.67" port: 39721 } }
I20260709 12:09:19.006755 22111 leader_election.cc:290] T 03e031f17c4d400c9fe7c2c101148ff0 P 73070a828b23480e9c3588e376bce2ab [CANDIDATE]: Term 1 pre-election: Requested pre-vote from peers cffb5c192e144f7caa7b94271976ed42 (127.20.56.65:42093), ecd8f47cd089480aa1f77728a400384a (127.20.56.66:34757)
I20260709 12:09:19.017884 22050 consensus_queue.cc:1048] T 9f7597e7938d4462a3e662f6b63d059a P 73070a828b23480e9c3588e376bce2ab [LEADER]: Connected to new peer: Peer: permanent_uuid: "ecd8f47cd089480aa1f77728a400384a" member_type: VOTER last_known_addr { host: "127.20.56.66" port: 34757 }, Status: LMP_MISMATCH, Last received: 0.0, Next index: 1, Last known committed idx: 0, Time since last communication: 0.000s
I20260709 12:09:19.020848 22001 tablet_service.cc:1917] Received RequestConsensusVote() RPC: tablet_id: "fe6b96986b574ee88589e15157b5260b" candidate_uuid: "ecd8f47cd089480aa1f77728a400384a" candidate_term: 1 candidate_status { last_received { term: 0 index: 0 } } ignore_live_leader: false dest_uuid: "73070a828b23480e9c3588e376bce2ab"
I20260709 12:09:19.020704 21927 tablet_service.cc:1917] Received RequestConsensusVote() RPC: tablet_id: "03e031f17c4d400c9fe7c2c101148ff0" candidate_uuid: "73070a828b23480e9c3588e376bce2ab" candidate_term: 1 candidate_status { last_received { term: 0 index: 0 } } ignore_live_leader: false dest_uuid: "ecd8f47cd089480aa1f77728a400384a" is_pre_election: true
I20260709 12:09:19.022996 21927 raft_consensus.cc:2393] T 03e031f17c4d400c9fe7c2c101148ff0 P ecd8f47cd089480aa1f77728a400384a [term 1 FOLLOWER]: Leader pre-election vote request: Denying vote to candidate 73070a828b23480e9c3588e376bce2ab in current term 1: Already voted for candidate cffb5c192e144f7caa7b94271976ed42 in this term.
I20260709 12:09:19.024799 21852 tablet_service.cc:1917] Received RequestConsensusVote() RPC: tablet_id: "03e031f17c4d400c9fe7c2c101148ff0" candidate_uuid: "73070a828b23480e9c3588e376bce2ab" candidate_term: 1 candidate_status { last_received { term: 0 index: 0 } } ignore_live_leader: false dest_uuid: "cffb5c192e144f7caa7b94271976ed42" is_pre_election: true
I20260709 12:09:19.027346 22044 tablet_bootstrap.cc:492] T 5e2003af45914197b88e4cc3389271af P cffb5c192e144f7caa7b94271976ed42: No bootstrap required, opened a new log
I20260709 12:09:19.027899 22044 ts_tablet_manager.cc:1403] T 5e2003af45914197b88e4cc3389271af P cffb5c192e144f7caa7b94271976ed42: Time spent bootstrapping tablet: real 0.087s	user 0.029s	sys 0.025s
I20260709 12:09:19.032083 22042 tablet_bootstrap.cc:492] T 11bd5972700f42709d3ebcb0a6d9b51c P ecd8f47cd089480aa1f77728a400384a: No bootstrap required, opened a new log
I20260709 12:09:19.032549 22042 ts_tablet_manager.cc:1403] T 11bd5972700f42709d3ebcb0a6d9b51c P ecd8f47cd089480aa1f77728a400384a: Time spent bootstrapping tablet: real 0.078s	user 0.017s	sys 0.016s
I20260709 12:09:19.032653 21849 raft_consensus.cc:2468] T fe6b96986b574ee88589e15157b5260b P cffb5c192e144f7caa7b94271976ed42 [term 1 FOLLOWER]: Leader election vote request: Granting yes vote for candidate ecd8f47cd089480aa1f77728a400384a in term 1.
I20260709 12:09:19.033195 22123 raft_consensus.cc:493] T 5e2003af45914197b88e4cc3389271af P ecd8f47cd089480aa1f77728a400384a [term 0 FOLLOWER]: Starting pre-election (no leader contacted us within the election timeout)
I20260709 12:09:19.033679 22123 raft_consensus.cc:515] T 5e2003af45914197b88e4cc3389271af P ecd8f47cd089480aa1f77728a400384a [term 0 FOLLOWER]: Starting pre-election with config: opid_index: -1 OBSOLETE_local: false peers { permanent_uuid: "cffb5c192e144f7caa7b94271976ed42" member_type: VOTER last_known_addr { host: "127.20.56.65" port: 42093 } } peers { permanent_uuid: "ecd8f47cd089480aa1f77728a400384a" member_type: VOTER last_known_addr { host: "127.20.56.66" port: 34757 } } peers { permanent_uuid: "73070a828b23480e9c3588e376bce2ab" member_type: VOTER last_known_addr { host: "127.20.56.67" port: 39721 } }
I20260709 12:09:19.036208 22123 leader_election.cc:290] T 5e2003af45914197b88e4cc3389271af P ecd8f47cd089480aa1f77728a400384a [CANDIDATE]: Term 1 pre-election: Requested pre-vote from peers cffb5c192e144f7caa7b94271976ed42 (127.20.56.65:42093), 73070a828b23480e9c3588e376bce2ab (127.20.56.67:39721)
I20260709 12:09:19.037137 21966 leader_election.cc:304] T 03e031f17c4d400c9fe7c2c101148ff0 P 73070a828b23480e9c3588e376bce2ab [CANDIDATE]: Term 1 pre-election: Election decided. Result: candidate lost. Election summary: received 3 responses out of 3 voters: 1 yes votes; 2 no votes. yes voters: 73070a828b23480e9c3588e376bce2ab; no voters: cffb5c192e144f7caa7b94271976ed42, ecd8f47cd089480aa1f77728a400384a
I20260709 12:09:19.037900 22103 raft_consensus.cc:3060] T 03e031f17c4d400c9fe7c2c101148ff0 P 73070a828b23480e9c3588e376bce2ab [term 0 FOLLOWER]: Advancing to term 1
I20260709 12:09:19.040514 22043 tablet_bootstrap.cc:654] T 1d3f324c9e584d26829ebc2cadc84629 P 73070a828b23480e9c3588e376bce2ab: Neither blocks nor log segments found. Creating new log.
W20260709 12:09:19.034197 21892 leader_election.cc:343] T fe6b96986b574ee88589e15157b5260b P ecd8f47cd089480aa1f77728a400384a [CANDIDATE]: Term 1 election: Tablet error from VoteRequest() call to peer 73070a828b23480e9c3588e376bce2ab (127.20.56.67:39721): Illegal state: must be running to vote when last-logged opid is not known
I20260709 12:09:19.043434 21892 leader_election.cc:304] T fe6b96986b574ee88589e15157b5260b P ecd8f47cd089480aa1f77728a400384a [CANDIDATE]: Term 1 election: Election decided. Result: candidate won. Election summary: received 3 responses out of 3 voters: 2 yes votes; 1 no votes. yes voters: cffb5c192e144f7caa7b94271976ed42, ecd8f47cd089480aa1f77728a400384a; no voters: 73070a828b23480e9c3588e376bce2ab
I20260709 12:09:19.045022 22123 raft_consensus.cc:2804] T fe6b96986b574ee88589e15157b5260b P ecd8f47cd089480aa1f77728a400384a [term 1 FOLLOWER]: Leader election won for term 1
I20260709 12:09:19.087128 22050 raft_consensus.cc:493] T 3b662199918843a1a8139ac42424d3f6 P 73070a828b23480e9c3588e376bce2ab [term 0 FOLLOWER]: Starting pre-election (no leader contacted us within the election timeout)
I20260709 12:09:19.086650 22049 consensus_queue.cc:1048] T 2f4600c62493468899ff64fcf08d4fbe P cffb5c192e144f7caa7b94271976ed42 [LEADER]: Connected to new peer: Peer: permanent_uuid: "73070a828b23480e9c3588e376bce2ab" member_type: VOTER last_known_addr { host: "127.20.56.67" port: 39721 }, Status: LMP_MISMATCH, Last received: 0.0, Next index: 1, Last known committed idx: 0, Time since last communication: 0.010s
I20260709 12:09:19.095937 22050 raft_consensus.cc:515] T 3b662199918843a1a8139ac42424d3f6 P 73070a828b23480e9c3588e376bce2ab [term 0 FOLLOWER]: Starting pre-election with config: opid_index: -1 OBSOLETE_local: false peers { permanent_uuid: "cffb5c192e144f7caa7b94271976ed42" member_type: VOTER last_known_addr { host: "127.20.56.65" port: 42093 } } peers { permanent_uuid: "ecd8f47cd089480aa1f77728a400384a" member_type: VOTER last_known_addr { host: "127.20.56.66" port: 34757 } } peers { permanent_uuid: "73070a828b23480e9c3588e376bce2ab" member_type: VOTER last_known_addr { host: "127.20.56.67" port: 39721 } }
I20260709 12:09:19.097134 22082 raft_consensus.cc:493] T 5937d593814d4b568742fc86c954922d P cffb5c192e144f7caa7b94271976ed42 [term 0 FOLLOWER]: Starting pre-election (no leader contacted us within the election timeout)
I20260709 12:09:19.055110 22095 raft_consensus.cc:493] T d194e05a662143ea99bad3093bf3e0dd P cffb5c192e144f7caa7b94271976ed42 [term 0 FOLLOWER]: Starting pre-election (no leader contacted us within the election timeout)
I20260709 12:09:19.097594 22082 raft_consensus.cc:515] T 5937d593814d4b568742fc86c954922d P cffb5c192e144f7caa7b94271976ed42 [term 0 FOLLOWER]: Starting pre-election with config: opid_index: -1 OBSOLETE_local: false peers { permanent_uuid: "cffb5c192e144f7caa7b94271976ed42" member_type: VOTER last_known_addr { host: "127.20.56.65" port: 42093 } } peers { permanent_uuid: "ecd8f47cd089480aa1f77728a400384a" member_type: VOTER last_known_addr { host: "127.20.56.66" port: 34757 } } peers { permanent_uuid: "73070a828b23480e9c3588e376bce2ab" member_type: VOTER last_known_addr { host: "127.20.56.67" port: 39721 } }
I20260709 12:09:19.098356 22095 raft_consensus.cc:515] T d194e05a662143ea99bad3093bf3e0dd P cffb5c192e144f7caa7b94271976ed42 [term 0 FOLLOWER]: Starting pre-election with config: opid_index: -1 OBSOLETE_local: false peers { permanent_uuid: "cffb5c192e144f7caa7b94271976ed42" member_type: VOTER last_known_addr { host: "127.20.56.65" port: 42093 } } peers { permanent_uuid: "ecd8f47cd089480aa1f77728a400384a" member_type: VOTER last_known_addr { host: "127.20.56.66" port: 34757 } } peers { permanent_uuid: "73070a828b23480e9c3588e376bce2ab" member_type: VOTER last_known_addr { host: "127.20.56.67" port: 39721 } }
I20260709 12:09:19.099385 22079 raft_consensus.cc:493] T 1d3f324c9e584d26829ebc2cadc84629 P ecd8f47cd089480aa1f77728a400384a [term 0 FOLLOWER]: Starting pre-election (no leader contacted us within the election timeout)
I20260709 12:09:19.099871 22079 raft_consensus.cc:515] T 1d3f324c9e584d26829ebc2cadc84629 P ecd8f47cd089480aa1f77728a400384a [term 0 FOLLOWER]: Starting pre-election with config: opid_index: -1 OBSOLETE_local: false peers { permanent_uuid: "cffb5c192e144f7caa7b94271976ed42" member_type: VOTER last_known_addr { host: "127.20.56.65" port: 42093 } } peers { permanent_uuid: "ecd8f47cd089480aa1f77728a400384a" member_type: VOTER last_known_addr { host: "127.20.56.66" port: 34757 } } peers { permanent_uuid: "73070a828b23480e9c3588e376bce2ab" member_type: VOTER last_known_addr { host: "127.20.56.67" port: 39721 } }
I20260709 12:09:19.100651 22135 raft_consensus.cc:493] T 11bd5972700f42709d3ebcb0a6d9b51c P 73070a828b23480e9c3588e376bce2ab [term 0 FOLLOWER]: Starting pre-election (no leader contacted us within the election timeout)
I20260709 12:09:19.101433 21927 tablet_service.cc:1917] Received RequestConsensusVote() RPC: tablet_id: "5937d593814d4b568742fc86c954922d" candidate_uuid: "cffb5c192e144f7caa7b94271976ed42" candidate_term: 1 candidate_status { last_received { term: 0 index: 0 } } ignore_live_leader: false dest_uuid: "ecd8f47cd089480aa1f77728a400384a" is_pre_election: true
I20260709 12:09:19.101492 22135 raft_consensus.cc:515] T 11bd5972700f42709d3ebcb0a6d9b51c P 73070a828b23480e9c3588e376bce2ab [term 0 FOLLOWER]: Starting pre-election with config: opid_index: -1 OBSOLETE_local: false peers { permanent_uuid: "cffb5c192e144f7caa7b94271976ed42" member_type: VOTER last_known_addr { host: "127.20.56.65" port: 42093 } } peers { permanent_uuid: "ecd8f47cd089480aa1f77728a400384a" member_type: VOTER last_known_addr { host: "127.20.56.66" port: 34757 } } peers { permanent_uuid: "73070a828b23480e9c3588e376bce2ab" member_type: VOTER last_known_addr { host: "127.20.56.67" port: 39721 } }
I20260709 12:09:19.102175 21927 raft_consensus.cc:2468] T 5937d593814d4b568742fc86c954922d P ecd8f47cd089480aa1f77728a400384a [term 0 FOLLOWER]: Leader pre-election vote request: Granting yes vote for candidate cffb5c192e144f7caa7b94271976ed42 in term 0.
I20260709 12:09:19.103612 22135 leader_election.cc:290] T 11bd5972700f42709d3ebcb0a6d9b51c P 73070a828b23480e9c3588e376bce2ab [CANDIDATE]: Term 1 pre-election: Requested pre-vote from peers cffb5c192e144f7caa7b94271976ed42 (127.20.56.65:42093), ecd8f47cd089480aa1f77728a400384a (127.20.56.66:34757)
I20260709 12:09:19.101426 21852 tablet_service.cc:1917] Received RequestConsensusVote() RPC: tablet_id: "3b662199918843a1a8139ac42424d3f6" candidate_uuid: "73070a828b23480e9c3588e376bce2ab" candidate_term: 1 candidate_status { last_received { term: 0 index: 0 } } ignore_live_leader: false dest_uuid: "cffb5c192e144f7caa7b94271976ed42" is_pre_election: true
I20260709 12:09:19.103825 21927 tablet_service.cc:1917] Received RequestConsensusVote() RPC: tablet_id: "3b662199918843a1a8139ac42424d3f6" candidate_uuid: "73070a828b23480e9c3588e376bce2ab" candidate_term: 1 candidate_status { last_received { term: 0 index: 0 } } ignore_live_leader: false dest_uuid: "ecd8f47cd089480aa1f77728a400384a" is_pre_election: true
I20260709 12:09:19.105093 22050 leader_election.cc:290] T 3b662199918843a1a8139ac42424d3f6 P 73070a828b23480e9c3588e376bce2ab [CANDIDATE]: Term 1 pre-election: Requested pre-vote from peers cffb5c192e144f7caa7b94271976ed42 (127.20.56.65:42093), ecd8f47cd089480aa1f77728a400384a (127.20.56.66:34757)
I20260709 12:09:19.100682 22095 leader_election.cc:290] T d194e05a662143ea99bad3093bf3e0dd P cffb5c192e144f7caa7b94271976ed42 [CANDIDATE]: Term 1 pre-election: Requested pre-vote from peers ecd8f47cd089480aa1f77728a400384a (127.20.56.66:34757), 73070a828b23480e9c3588e376bce2ab (127.20.56.67:39721)
I20260709 12:09:19.105436 21999 tablet_service.cc:1917] Received RequestConsensusVote() RPC: tablet_id: "5937d593814d4b568742fc86c954922d" candidate_uuid: "cffb5c192e144f7caa7b94271976ed42" candidate_term: 1 candidate_status { last_received { term: 0 index: 0 } } ignore_live_leader: false dest_uuid: "73070a828b23480e9c3588e376bce2ab" is_pre_election: true
I20260709 12:09:19.068188 21849 tablet_service.cc:1917] Received RequestConsensusVote() RPC: tablet_id: "5e2003af45914197b88e4cc3389271af" candidate_uuid: "ecd8f47cd089480aa1f77728a400384a" candidate_term: 1 candidate_status { last_received { term: 0 index: 0 } } ignore_live_leader: false dest_uuid: "cffb5c192e144f7caa7b94271976ed42" is_pre_election: true
I20260709 12:09:19.094928 22044 raft_consensus.cc:359] T 5e2003af45914197b88e4cc3389271af P cffb5c192e144f7caa7b94271976ed42 [term 0 FOLLOWER]: Replica starting. Triggering 0 pending ops. Active config: opid_index: -1 OBSOLETE_local: false peers { permanent_uuid: "cffb5c192e144f7caa7b94271976ed42" member_type: VOTER last_known_addr { host: "127.20.56.65" port: 42093 } } peers { permanent_uuid: "ecd8f47cd089480aa1f77728a400384a" member_type: VOTER last_known_addr { host: "127.20.56.66" port: 34757 } } peers { permanent_uuid: "73070a828b23480e9c3588e376bce2ab" member_type: VOTER last_known_addr { host: "127.20.56.67" port: 39721 } }
I20260709 12:09:19.108942 22044 raft_consensus.cc:385] T 5e2003af45914197b88e4cc3389271af P cffb5c192e144f7caa7b94271976ed42 [term 0 FOLLOWER]: Consensus starting up: Expiring failure detector timer to make a prompt election more likely
I20260709 12:09:19.109315 22044 raft_consensus.cc:740] T 5e2003af45914197b88e4cc3389271af P cffb5c192e144f7caa7b94271976ed42 [term 0 FOLLOWER]: Becoming Follower/Learner. State: Replica: cffb5c192e144f7caa7b94271976ed42, State: Initialized, Role: FOLLOWER
I20260709 12:09:19.109390 21998 tablet_service.cc:1917] Received RequestConsensusVote() RPC: tablet_id: "d194e05a662143ea99bad3093bf3e0dd" candidate_uuid: "cffb5c192e144f7caa7b94271976ed42" candidate_term: 1 candidate_status { last_received { term: 0 index: 0 } } ignore_live_leader: false dest_uuid: "73070a828b23480e9c3588e376bce2ab" is_pre_election: true
I20260709 12:09:19.109539 21927 tablet_service.cc:1917] Received RequestConsensusVote() RPC: tablet_id: "11bd5972700f42709d3ebcb0a6d9b51c" candidate_uuid: "73070a828b23480e9c3588e376bce2ab" candidate_term: 1 candidate_status { last_received { term: 0 index: 0 } } ignore_live_leader: false dest_uuid: "ecd8f47cd089480aa1f77728a400384a" is_pre_election: true
I20260709 12:09:19.110034 22044 consensus_queue.cc:260] T 5e2003af45914197b88e4cc3389271af P cffb5c192e144f7caa7b94271976ed42 [NON_LEADER]: Queue going to NON_LEADER mode. State: All replicated index: 0, Majority replicated index: 0, Committed index: 0, Last appended: 0.0, Last appended by leader: 0, Current term: 0, Majority size: -1, State: 0, Mode: NON_LEADER, active raft config: opid_index: -1 OBSOLETE_local: false peers { permanent_uuid: "cffb5c192e144f7caa7b94271976ed42" member_type: VOTER last_known_addr { host: "127.20.56.65" port: 42093 } } peers { permanent_uuid: "ecd8f47cd089480aa1f77728a400384a" member_type: VOTER last_known_addr { host: "127.20.56.66" port: 34757 } } peers { permanent_uuid: "73070a828b23480e9c3588e376bce2ab" member_type: VOTER last_known_addr { host: "127.20.56.67" port: 39721 } }
I20260709 12:09:19.060935 22001 tablet_service.cc:1917] Received RequestConsensusVote() RPC: tablet_id: "5e2003af45914197b88e4cc3389271af" candidate_uuid: "ecd8f47cd089480aa1f77728a400384a" candidate_term: 1 candidate_status { last_received { term: 0 index: 0 } } ignore_live_leader: false dest_uuid: "73070a828b23480e9c3588e376bce2ab" is_pre_election: true
I20260709 12:09:19.066236 22103 raft_consensus.cc:2749] T 03e031f17c4d400c9fe7c2c101148ff0 P 73070a828b23480e9c3588e376bce2ab [term 1 FOLLOWER]: Leader pre-election lost for term 1. Reason: could not achieve majority
I20260709 12:09:19.099831 22082 leader_election.cc:290] T 5937d593814d4b568742fc86c954922d P cffb5c192e144f7caa7b94271976ed42 [CANDIDATE]: Term 1 pre-election: Requested pre-vote from peers ecd8f47cd089480aa1f77728a400384a (127.20.56.66:34757), 73070a828b23480e9c3588e376bce2ab (127.20.56.67:39721)
W20260709 12:09:19.111277 21817 leader_election.cc:343] T 5937d593814d4b568742fc86c954922d P cffb5c192e144f7caa7b94271976ed42 [CANDIDATE]: Term 1 pre-election: Tablet error from VoteRequest() call to peer 73070a828b23480e9c3588e376bce2ab (127.20.56.67:39721): Illegal state: must be running to vote when last-logged opid is not known
I20260709 12:09:19.112644 21815 leader_election.cc:304] T 5937d593814d4b568742fc86c954922d P cffb5c192e144f7caa7b94271976ed42 [CANDIDATE]: Term 1 pre-election: Election decided. Result: candidate won. Election summary: received 3 responses out of 3 voters: 2 yes votes; 1 no votes. yes voters: cffb5c192e144f7caa7b94271976ed42, ecd8f47cd089480aa1f77728a400384a; no voters: 73070a828b23480e9c3588e376bce2ab
I20260709 12:09:19.113062 21925 tablet_service.cc:1917] Received RequestConsensusVote() RPC: tablet_id: "d194e05a662143ea99bad3093bf3e0dd" candidate_uuid: "cffb5c192e144f7caa7b94271976ed42" candidate_term: 1 candidate_status { last_received { term: 0 index: 0 } } ignore_live_leader: false dest_uuid: "ecd8f47cd089480aa1f77728a400384a" is_pre_election: true
I20260709 12:09:19.114089 21925 raft_consensus.cc:2393] T d194e05a662143ea99bad3093bf3e0dd P ecd8f47cd089480aa1f77728a400384a [term 1 FOLLOWER]: Leader pre-election vote request: Denying vote to candidate cffb5c192e144f7caa7b94271976ed42 in current term 1: Already voted for candidate 73070a828b23480e9c3588e376bce2ab in this term.
I20260709 12:09:19.114382 22079 leader_election.cc:290] T 1d3f324c9e584d26829ebc2cadc84629 P ecd8f47cd089480aa1f77728a400384a [CANDIDATE]: Term 1 pre-election: Requested pre-vote from peers cffb5c192e144f7caa7b94271976ed42 (127.20.56.65:42093), 73070a828b23480e9c3588e376bce2ab (127.20.56.67:39721)
W20260709 12:09:19.116302 21964 leader_election.cc:343] T 11bd5972700f42709d3ebcb0a6d9b51c P 73070a828b23480e9c3588e376bce2ab [CANDIDATE]: Term 1 pre-election: Tablet error from VoteRequest() call to peer ecd8f47cd089480aa1f77728a400384a (127.20.56.66:34757): Illegal state: must be running to vote when last-logged opid is not known
I20260709 12:09:19.116248 21966 leader_election.cc:304] T 3b662199918843a1a8139ac42424d3f6 P 73070a828b23480e9c3588e376bce2ab [CANDIDATE]: Term 1 pre-election: Election decided. Result: candidate lost. Election summary: received 3 responses out of 3 voters: 1 yes votes; 2 no votes. yes voters: 73070a828b23480e9c3588e376bce2ab; no voters: cffb5c192e144f7caa7b94271976ed42, ecd8f47cd089480aa1f77728a400384a
I20260709 12:09:19.116796 21852 tablet_service.cc:1917] Received RequestConsensusVote() RPC: tablet_id: "11bd5972700f42709d3ebcb0a6d9b51c" candidate_uuid: "73070a828b23480e9c3588e376bce2ab" candidate_term: 1 candidate_status { last_received { term: 0 index: 0 } } ignore_live_leader: false dest_uuid: "cffb5c192e144f7caa7b94271976ed42" is_pre_election: true
I20260709 12:09:19.117177 21850 tablet_service.cc:1917] Received RequestConsensusVote() RPC: tablet_id: "1d3f324c9e584d26829ebc2cadc84629" candidate_uuid: "ecd8f47cd089480aa1f77728a400384a" candidate_term: 1 candidate_status { last_received { term: 0 index: 0 } } ignore_live_leader: false dest_uuid: "cffb5c192e144f7caa7b94271976ed42" is_pre_election: true
I20260709 12:09:19.118233 21852 raft_consensus.cc:2468] T 11bd5972700f42709d3ebcb0a6d9b51c P cffb5c192e144f7caa7b94271976ed42 [term 0 FOLLOWER]: Leader pre-election vote request: Granting yes vote for candidate 73070a828b23480e9c3588e376bce2ab in term 0.
I20260709 12:09:19.120836 22042 raft_consensus.cc:359] T 11bd5972700f42709d3ebcb0a6d9b51c P ecd8f47cd089480aa1f77728a400384a [term 0 FOLLOWER]: Replica starting. Triggering 0 pending ops. Active config: opid_index: -1 OBSOLETE_local: false peers { permanent_uuid: "cffb5c192e144f7caa7b94271976ed42" member_type: VOTER last_known_addr { host: "127.20.56.65" port: 42093 } } peers { permanent_uuid: "ecd8f47cd089480aa1f77728a400384a" member_type: VOTER last_known_addr { host: "127.20.56.66" port: 34757 } } peers { permanent_uuid: "73070a828b23480e9c3588e376bce2ab" member_type: VOTER last_known_addr { host: "127.20.56.67" port: 39721 } }
I20260709 12:09:19.121733 22042 raft_consensus.cc:385] T 11bd5972700f42709d3ebcb0a6d9b51c P ecd8f47cd089480aa1f77728a400384a [term 0 FOLLOWER]: Consensus starting up: Expiring failure detector timer to make a prompt election more likely
I20260709 12:09:19.122119 22042 raft_consensus.cc:740] T 11bd5972700f42709d3ebcb0a6d9b51c P ecd8f47cd089480aa1f77728a400384a [term 0 FOLLOWER]: Becoming Follower/Learner. State: Replica: ecd8f47cd089480aa1f77728a400384a, State: Initialized, Role: FOLLOWER
I20260709 12:09:19.123106 21966 leader_election.cc:304] T 11bd5972700f42709d3ebcb0a6d9b51c P 73070a828b23480e9c3588e376bce2ab [CANDIDATE]: Term 1 pre-election: Election decided. Result: candidate won. Election summary: received 3 responses out of 3 voters: 2 yes votes; 1 no votes. yes voters: 73070a828b23480e9c3588e376bce2ab, cffb5c192e144f7caa7b94271976ed42; no voters: ecd8f47cd089480aa1f77728a400384a
I20260709 12:09:19.124109 22135 raft_consensus.cc:2804] T 11bd5972700f42709d3ebcb0a6d9b51c P 73070a828b23480e9c3588e376bce2ab [term 0 FOLLOWER]: Leader pre-election won for term 1
I20260709 12:09:19.123173 22042 consensus_queue.cc:260] T 11bd5972700f42709d3ebcb0a6d9b51c P ecd8f47cd089480aa1f77728a400384a [NON_LEADER]: Queue going to NON_LEADER mode. State: All replicated index: 0, Majority replicated index: 0, Committed index: 0, Last appended: 0.0, Last appended by leader: 0, Current term: 0, Majority size: -1, State: 0, Mode: NON_LEADER, active raft config: opid_index: -1 OBSOLETE_local: false peers { permanent_uuid: "cffb5c192e144f7caa7b94271976ed42" member_type: VOTER last_known_addr { host: "127.20.56.65" port: 42093 } } peers { permanent_uuid: "ecd8f47cd089480aa1f77728a400384a" member_type: VOTER last_known_addr { host: "127.20.56.66" port: 34757 } } peers { permanent_uuid: "73070a828b23480e9c3588e376bce2ab" member_type: VOTER last_known_addr { host: "127.20.56.67" port: 39721 } }
I20260709 12:09:19.124481 22135 raft_consensus.cc:493] T 11bd5972700f42709d3ebcb0a6d9b51c P 73070a828b23480e9c3588e376bce2ab [term 0 FOLLOWER]: Starting leader election (no leader contacted us within the election timeout)
I20260709 12:09:19.124902 22135 raft_consensus.cc:3060] T 11bd5972700f42709d3ebcb0a6d9b51c P 73070a828b23480e9c3588e376bce2ab [term 0 FOLLOWER]: Advancing to term 1
I20260709 12:09:19.126641 22042 ts_tablet_manager.cc:1434] T 11bd5972700f42709d3ebcb0a6d9b51c P ecd8f47cd089480aa1f77728a400384a: Time spent starting tablet: real 0.094s	user 0.010s	sys 0.000s
I20260709 12:09:19.127923 22042 tablet_bootstrap.cc:492] T ae7bfef0e495480e843989cbb71b4330 P ecd8f47cd089480aa1f77728a400384a: Bootstrap starting.
I20260709 12:09:19.045053 21924 raft_consensus.cc:2468] T 8145e629270b44a298b6e1c1b249989f P ecd8f47cd089480aa1f77728a400384a [term 1 FOLLOWER]: Leader election vote request: Granting yes vote for candidate 73070a828b23480e9c3588e376bce2ab in term 1.
I20260709 12:09:19.052166 21848 raft_consensus.cc:2468] T 8145e629270b44a298b6e1c1b249989f P cffb5c192e144f7caa7b94271976ed42 [term 1 FOLLOWER]: Leader election vote request: Granting yes vote for candidate 73070a828b23480e9c3588e376bce2ab in term 1.
I20260709 12:09:19.143131 22044 ts_tablet_manager.cc:1434] T 5e2003af45914197b88e4cc3389271af P cffb5c192e144f7caa7b94271976ed42: Time spent starting tablet: real 0.115s	user 0.019s	sys 0.035s
I20260709 12:09:19.110534 22123 raft_consensus.cc:697] T fe6b96986b574ee88589e15157b5260b P ecd8f47cd089480aa1f77728a400384a [term 1 LEADER]: Becoming Leader. State: Replica: ecd8f47cd089480aa1f77728a400384a, State: Running, Role: LEADER
I20260709 12:09:19.144116 22044 tablet_bootstrap.cc:492] T 28c070f8afb4493ca787ffc8b1482e7a P cffb5c192e144f7caa7b94271976ed42: Bootstrap starting.
I20260709 12:09:19.130769 22103 raft_consensus.cc:2749] T 3b662199918843a1a8139ac42424d3f6 P 73070a828b23480e9c3588e376bce2ab [term 0 FOLLOWER]: Leader pre-election lost for term 1. Reason: could not achieve majority
I20260709 12:09:19.134518 22082 raft_consensus.cc:2804] T 5937d593814d4b568742fc86c954922d P cffb5c192e144f7caa7b94271976ed42 [term 0 FOLLOWER]: Leader pre-election won for term 1
I20260709 12:09:19.120141 21849 raft_consensus.cc:2468] T 5e2003af45914197b88e4cc3389271af P cffb5c192e144f7caa7b94271976ed42 [term 0 FOLLOWER]: Leader pre-election vote request: Granting yes vote for candidate ecd8f47cd089480aa1f77728a400384a in term 0.
I20260709 12:09:19.153688 21964 leader_election.cc:304] T 8145e629270b44a298b6e1c1b249989f P 73070a828b23480e9c3588e376bce2ab [CANDIDATE]: Term 1 election: Election decided. Result: candidate won. Election summary: received 2 responses out of 3 voters: 2 yes votes; 0 no votes. yes voters: 73070a828b23480e9c3588e376bce2ab, ecd8f47cd089480aa1f77728a400384a; no voters: 
I20260709 12:09:19.154950 22050 raft_consensus.cc:2804] T 8145e629270b44a298b6e1c1b249989f P 73070a828b23480e9c3588e376bce2ab [term 1 FOLLOWER]: Leader election won for term 1
I20260709 12:09:19.155375 22050 raft_consensus.cc:697] T 8145e629270b44a298b6e1c1b249989f P 73070a828b23480e9c3588e376bce2ab [term 1 LEADER]: Becoming Leader. State: Replica: 73070a828b23480e9c3588e376bce2ab, State: Running, Role: LEADER
I20260709 12:09:19.156067 22050 consensus_queue.cc:237] T 8145e629270b44a298b6e1c1b249989f P 73070a828b23480e9c3588e376bce2ab [LEADER]: Queue going to LEADER mode. State: All replicated index: 0, Majority replicated index: 0, Committed index: 0, Last appended: 0.0, Last appended by leader: 0, Current term: 1, Majority size: 2, State: 0, Mode: LEADER, active raft config: opid_index: -1 OBSOLETE_local: false peers { permanent_uuid: "cffb5c192e144f7caa7b94271976ed42" member_type: VOTER last_known_addr { host: "127.20.56.65" port: 42093 } } peers { permanent_uuid: "ecd8f47cd089480aa1f77728a400384a" member_type: VOTER last_known_addr { host: "127.20.56.66" port: 34757 } } peers { permanent_uuid: "73070a828b23480e9c3588e376bce2ab" member_type: VOTER last_known_addr { host: "127.20.56.67" port: 39721 } }
I20260709 12:09:19.145179 21815 leader_election.cc:304] T d194e05a662143ea99bad3093bf3e0dd P cffb5c192e144f7caa7b94271976ed42 [CANDIDATE]: Term 1 pre-election: Election decided. Result: candidate lost. Election summary: received 3 responses out of 3 voters: 1 yes votes; 2 no votes. yes voters: cffb5c192e144f7caa7b94271976ed42; no voters: 73070a828b23480e9c3588e376bce2ab, ecd8f47cd089480aa1f77728a400384a
I20260709 12:09:19.159449 22095 raft_consensus.cc:3060] T d194e05a662143ea99bad3093bf3e0dd P cffb5c192e144f7caa7b94271976ed42 [term 0 FOLLOWER]: Advancing to term 1
I20260709 12:09:19.159837 22135 raft_consensus.cc:515] T 11bd5972700f42709d3ebcb0a6d9b51c P 73070a828b23480e9c3588e376bce2ab [term 1 FOLLOWER]: Starting leader election with config: opid_index: -1 OBSOLETE_local: false peers { permanent_uuid: "cffb5c192e144f7caa7b94271976ed42" member_type: VOTER last_known_addr { host: "127.20.56.65" port: 42093 } } peers { permanent_uuid: "ecd8f47cd089480aa1f77728a400384a" member_type: VOTER last_known_addr { host: "127.20.56.66" port: 34757 } } peers { permanent_uuid: "73070a828b23480e9c3588e376bce2ab" member_type: VOTER last_known_addr { host: "127.20.56.67" port: 39721 } }
I20260709 12:09:19.160149 22111 consensus_queue.cc:1048] T d194e05a662143ea99bad3093bf3e0dd P 73070a828b23480e9c3588e376bce2ab [LEADER]: Connected to new peer: Peer: permanent_uuid: "ecd8f47cd089480aa1f77728a400384a" member_type: VOTER last_known_addr { host: "127.20.56.66" port: 34757 }, Status: LMP_MISMATCH, Last received: 0.0, Next index: 1, Last known committed idx: 0, Time since last communication: 0.000s
I20260709 12:09:19.152529 22082 raft_consensus.cc:493] T 5937d593814d4b568742fc86c954922d P cffb5c192e144f7caa7b94271976ed42 [term 0 FOLLOWER]: Starting leader election (no leader contacted us within the election timeout)
I20260709 12:09:19.168171 22082 raft_consensus.cc:3060] T 5937d593814d4b568742fc86c954922d P cffb5c192e144f7caa7b94271976ed42 [term 0 FOLLOWER]: Advancing to term 1
W20260709 12:09:19.169978 21892 leader_election.cc:343] T 5e2003af45914197b88e4cc3389271af P ecd8f47cd089480aa1f77728a400384a [CANDIDATE]: Term 1 pre-election: Tablet error from VoteRequest() call to peer 73070a828b23480e9c3588e376bce2ab (127.20.56.67:39721): Illegal state: must be running to vote when last-logged opid is not known
I20260709 12:09:19.173506 22049 consensus_queue.cc:1048] T 2f4600c62493468899ff64fcf08d4fbe P cffb5c192e144f7caa7b94271976ed42 [LEADER]: Connected to new peer: Peer: permanent_uuid: "ecd8f47cd089480aa1f77728a400384a" member_type: VOTER last_known_addr { host: "127.20.56.66" port: 34757 }, Status: LMP_MISMATCH, Last received: 0.0, Next index: 1, Last known committed idx: 0, Time since last communication: 0.002s
I20260709 12:09:19.178660 22095 raft_consensus.cc:2749] T d194e05a662143ea99bad3093bf3e0dd P cffb5c192e144f7caa7b94271976ed42 [term 1 FOLLOWER]: Leader pre-election lost for term 1. Reason: could not achieve majority
I20260709 12:09:19.179119 21926 tablet_service.cc:1917] Received RequestConsensusVote() RPC: tablet_id: "11bd5972700f42709d3ebcb0a6d9b51c" candidate_uuid: "73070a828b23480e9c3588e376bce2ab" candidate_term: 1 candidate_status { last_received { term: 0 index: 0 } } ignore_live_leader: false dest_uuid: "ecd8f47cd089480aa1f77728a400384a"
I20260709 12:09:19.180490 21926 raft_consensus.cc:3060] T 11bd5972700f42709d3ebcb0a6d9b51c P ecd8f47cd089480aa1f77728a400384a [term 0 FOLLOWER]: Advancing to term 1
I20260709 12:09:19.182487 22001 tablet_service.cc:1917] Received RequestConsensusVote() RPC: tablet_id: "1d3f324c9e584d26829ebc2cadc84629" candidate_uuid: "ecd8f47cd089480aa1f77728a400384a" candidate_term: 1 candidate_status { last_received { term: 0 index: 0 } } ignore_live_leader: false dest_uuid: "73070a828b23480e9c3588e376bce2ab" is_pre_election: true
I20260709 12:09:19.183650 22043 tablet_bootstrap.cc:492] T 1d3f324c9e584d26829ebc2cadc84629 P 73070a828b23480e9c3588e376bce2ab: No bootstrap required, opened a new log
I20260709 12:09:19.184360 22043 ts_tablet_manager.cc:1403] T 1d3f324c9e584d26829ebc2cadc84629 P 73070a828b23480e9c3588e376bce2ab: Time spent bootstrapping tablet: real 0.209s	user 0.028s	sys 0.022s
I20260709 12:09:19.197602 22042 tablet_bootstrap.cc:654] T ae7bfef0e495480e843989cbb71b4330 P ecd8f47cd089480aa1f77728a400384a: Neither blocks nor log segments found. Creating new log.
I20260709 12:09:19.175082 22123 consensus_queue.cc:237] T fe6b96986b574ee88589e15157b5260b P ecd8f47cd089480aa1f77728a400384a [LEADER]: Queue going to LEADER mode. State: All replicated index: 0, Majority replicated index: 0, Committed index: 0, Last appended: 0.0, Last appended by leader: 0, Current term: 1, Majority size: 2, State: 0, Mode: LEADER, active raft config: opid_index: -1 OBSOLETE_local: false peers { permanent_uuid: "cffb5c192e144f7caa7b94271976ed42" member_type: VOTER last_known_addr { host: "127.20.56.65" port: 42093 } } peers { permanent_uuid: "ecd8f47cd089480aa1f77728a400384a" member_type: VOTER last_known_addr { host: "127.20.56.66" port: 34757 } } peers { permanent_uuid: "73070a828b23480e9c3588e376bce2ab" member_type: VOTER last_known_addr { host: "127.20.56.67" port: 39721 } }
W20260709 12:09:19.188550 21892 leader_election.cc:343] T 1d3f324c9e584d26829ebc2cadc84629 P ecd8f47cd089480aa1f77728a400384a [CANDIDATE]: Term 1 pre-election: Tablet error from VoteRequest() call to peer cffb5c192e144f7caa7b94271976ed42 (127.20.56.65:42093): Illegal state: must be running to vote when last-logged opid is not known
I20260709 12:09:19.189750 21848 tablet_service.cc:1917] Received RequestConsensusVote() RPC: tablet_id: "11bd5972700f42709d3ebcb0a6d9b51c" candidate_uuid: "73070a828b23480e9c3588e376bce2ab" candidate_term: 1 candidate_status { last_received { term: 0 index: 0 } } ignore_live_leader: false dest_uuid: "cffb5c192e144f7caa7b94271976ed42"
I20260709 12:09:19.204164 21848 raft_consensus.cc:3060] T 11bd5972700f42709d3ebcb0a6d9b51c P cffb5c192e144f7caa7b94271976ed42 [term 0 FOLLOWER]: Advancing to term 1
I20260709 12:09:19.240702 22082 raft_consensus.cc:515] T 5937d593814d4b568742fc86c954922d P cffb5c192e144f7caa7b94271976ed42 [term 1 FOLLOWER]: Starting leader election with config: opid_index: -1 OBSOLETE_local: false peers { permanent_uuid: "cffb5c192e144f7caa7b94271976ed42" member_type: VOTER last_known_addr { host: "127.20.56.65" port: 42093 } } peers { permanent_uuid: "ecd8f47cd089480aa1f77728a400384a" member_type: VOTER last_known_addr { host: "127.20.56.66" port: 34757 } } peers { permanent_uuid: "73070a828b23480e9c3588e376bce2ab" member_type: VOTER last_known_addr { host: "127.20.56.67" port: 39721 } }
W20260709 12:09:19.247016 21892 leader_election.cc:343] T 1d3f324c9e584d26829ebc2cadc84629 P ecd8f47cd089480aa1f77728a400384a [CANDIDATE]: Term 1 pre-election: Tablet error from VoteRequest() call to peer 73070a828b23480e9c3588e376bce2ab (127.20.56.67:39721): Illegal state: must be running to vote when last-logged opid is not known
I20260709 12:09:19.247531 22082 leader_election.cc:290] T 5937d593814d4b568742fc86c954922d P cffb5c192e144f7caa7b94271976ed42 [CANDIDATE]: Term 1 election: Requested vote from peers ecd8f47cd089480aa1f77728a400384a (127.20.56.66:34757), 73070a828b23480e9c3588e376bce2ab (127.20.56.67:39721)
I20260709 12:09:19.245708 22044 tablet_bootstrap.cc:654] T 28c070f8afb4493ca787ffc8b1482e7a P cffb5c192e144f7caa7b94271976ed42: Neither blocks nor log segments found. Creating new log.
I20260709 12:09:19.247490 21892 leader_election.cc:304] T 1d3f324c9e584d26829ebc2cadc84629 P ecd8f47cd089480aa1f77728a400384a [CANDIDATE]: Term 1 pre-election: Election decided. Result: candidate lost. Election summary: received 3 responses out of 3 voters: 1 yes votes; 2 no votes. yes voters: ecd8f47cd089480aa1f77728a400384a; no voters: 73070a828b23480e9c3588e376bce2ab, cffb5c192e144f7caa7b94271976ed42
I20260709 12:09:19.243429 22135 leader_election.cc:290] T 11bd5972700f42709d3ebcb0a6d9b51c P 73070a828b23480e9c3588e376bce2ab [CANDIDATE]: Term 1 election: Requested vote from peers cffb5c192e144f7caa7b94271976ed42 (127.20.56.65:42093), ecd8f47cd089480aa1f77728a400384a (127.20.56.66:34757)
I20260709 12:09:19.261929 22043 raft_consensus.cc:359] T 1d3f324c9e584d26829ebc2cadc84629 P 73070a828b23480e9c3588e376bce2ab [term 0 FOLLOWER]: Replica starting. Triggering 0 pending ops. Active config: opid_index: -1 OBSOLETE_local: false peers { permanent_uuid: "cffb5c192e144f7caa7b94271976ed42" member_type: VOTER last_known_addr { host: "127.20.56.65" port: 42093 } } peers { permanent_uuid: "ecd8f47cd089480aa1f77728a400384a" member_type: VOTER last_known_addr { host: "127.20.56.66" port: 34757 } } peers { permanent_uuid: "73070a828b23480e9c3588e376bce2ab" member_type: VOTER last_known_addr { host: "127.20.56.67" port: 39721 } }
I20260709 12:09:19.262914 22043 raft_consensus.cc:385] T 1d3f324c9e584d26829ebc2cadc84629 P 73070a828b23480e9c3588e376bce2ab [term 0 FOLLOWER]: Consensus starting up: Expiring failure detector timer to make a prompt election more likely
I20260709 12:09:19.263296 22043 raft_consensus.cc:740] T 1d3f324c9e584d26829ebc2cadc84629 P 73070a828b23480e9c3588e376bce2ab [term 0 FOLLOWER]: Becoming Follower/Learner. State: Replica: 73070a828b23480e9c3588e376bce2ab, State: Initialized, Role: FOLLOWER
I20260709 12:09:19.266688 22043 consensus_queue.cc:260] T 1d3f324c9e584d26829ebc2cadc84629 P 73070a828b23480e9c3588e376bce2ab [NON_LEADER]: Queue going to NON_LEADER mode. State: All replicated index: 0, Majority replicated index: 0, Committed index: 0, Last appended: 0.0, Last appended by leader: 0, Current term: 0, Majority size: -1, State: 0, Mode: NON_LEADER, active raft config: opid_index: -1 OBSOLETE_local: false peers { permanent_uuid: "cffb5c192e144f7caa7b94271976ed42" member_type: VOTER last_known_addr { host: "127.20.56.65" port: 42093 } } peers { permanent_uuid: "ecd8f47cd089480aa1f77728a400384a" member_type: VOTER last_known_addr { host: "127.20.56.66" port: 34757 } } peers { permanent_uuid: "73070a828b23480e9c3588e376bce2ab" member_type: VOTER last_known_addr { host: "127.20.56.67" port: 39721 } }
I20260709 12:09:19.268816 22043 ts_tablet_manager.cc:1434] T 1d3f324c9e584d26829ebc2cadc84629 P 73070a828b23480e9c3588e376bce2ab: Time spent starting tablet: real 0.084s	user 0.003s	sys 0.006s
I20260709 12:09:19.270037 22043 tablet_bootstrap.cc:492] T 5937d593814d4b568742fc86c954922d P 73070a828b23480e9c3588e376bce2ab: Bootstrap starting.
I20260709 12:09:19.273298 21998 raft_consensus.cc:3060] T 3b662199918843a1a8139ac42424d3f6 P 73070a828b23480e9c3588e376bce2ab [term 0 FOLLOWER]: Advancing to term 1
I20260709 12:09:19.257041 22074 raft_consensus.cc:2749] T 1d3f324c9e584d26829ebc2cadc84629 P ecd8f47cd089480aa1f77728a400384a [term 0 FOLLOWER]: Leader pre-election lost for term 1. Reason: could not achieve majority
I20260709 12:09:19.274974 22001 tablet_service.cc:1917] Received RequestConsensusVote() RPC: tablet_id: "5937d593814d4b568742fc86c954922d" candidate_uuid: "cffb5c192e144f7caa7b94271976ed42" candidate_term: 1 candidate_status { last_received { term: 0 index: 0 } } ignore_live_leader: false dest_uuid: "73070a828b23480e9c3588e376bce2ab"
W20260709 12:09:19.276875 21817 leader_election.cc:343] T 5937d593814d4b568742fc86c954922d P cffb5c192e144f7caa7b94271976ed42 [CANDIDATE]: Term 1 election: Tablet error from VoteRequest() call to peer 73070a828b23480e9c3588e376bce2ab (127.20.56.67:39721): Illegal state: must be running to vote when last-logged opid is not known
I20260709 12:09:19.284180 21892 leader_election.cc:304] T 5e2003af45914197b88e4cc3389271af P ecd8f47cd089480aa1f77728a400384a [CANDIDATE]: Term 1 pre-election: Election decided. Result: candidate won. Election summary: received 3 responses out of 3 voters: 2 yes votes; 1 no votes. yes voters: cffb5c192e144f7caa7b94271976ed42, ecd8f47cd089480aa1f77728a400384a; no voters: 73070a828b23480e9c3588e376bce2ab
I20260709 12:09:19.286067 22074 raft_consensus.cc:2804] T 5e2003af45914197b88e4cc3389271af P ecd8f47cd089480aa1f77728a400384a [term 0 FOLLOWER]: Leader pre-election won for term 1
I20260709 12:09:19.286500 22074 raft_consensus.cc:493] T 5e2003af45914197b88e4cc3389271af P ecd8f47cd089480aa1f77728a400384a [term 0 FOLLOWER]: Starting leader election (no leader contacted us within the election timeout)
I20260709 12:09:19.286821 22074 raft_consensus.cc:3060] T 5e2003af45914197b88e4cc3389271af P ecd8f47cd089480aa1f77728a400384a [term 0 FOLLOWER]: Advancing to term 1
W20260709 12:09:19.284718 21815 outbound_call.cc:321] RPC callback for RPC call kudu.consensus.ConsensusService.UpdateConsensus -> {remote=127.20.56.66:34757, user_credentials={real_user=slave}} blocked reactor thread for 49835.3us
I20260709 12:09:19.299424 22074 raft_consensus.cc:515] T 5e2003af45914197b88e4cc3389271af P ecd8f47cd089480aa1f77728a400384a [term 1 FOLLOWER]: Starting leader election with config: opid_index: -1 OBSOLETE_local: false peers { permanent_uuid: "cffb5c192e144f7caa7b94271976ed42" member_type: VOTER last_known_addr { host: "127.20.56.65" port: 42093 } } peers { permanent_uuid: "ecd8f47cd089480aa1f77728a400384a" member_type: VOTER last_known_addr { host: "127.20.56.66" port: 34757 } } peers { permanent_uuid: "73070a828b23480e9c3588e376bce2ab" member_type: VOTER last_known_addr { host: "127.20.56.67" port: 39721 } }
I20260709 12:09:19.299870 21749 catalog_manager.cc:5697] T 8145e629270b44a298b6e1c1b249989f P 73070a828b23480e9c3588e376bce2ab reported cstate change: term changed from 0 to 1, leader changed from <none> to 73070a828b23480e9c3588e376bce2ab (127.20.56.67). New cstate: current_term: 1 leader_uuid: "73070a828b23480e9c3588e376bce2ab" committed_config { opid_index: -1 OBSOLETE_local: false peers { permanent_uuid: "cffb5c192e144f7caa7b94271976ed42" member_type: VOTER last_known_addr { host: "127.20.56.65" port: 42093 } health_report { overall_health: UNKNOWN } } peers { permanent_uuid: "ecd8f47cd089480aa1f77728a400384a" member_type: VOTER last_known_addr { host: "127.20.56.66" port: 34757 } health_report { overall_health: UNKNOWN } } peers { permanent_uuid: "73070a828b23480e9c3588e376bce2ab" member_type: VOTER last_known_addr { host: "127.20.56.67" port: 39721 } health_report { overall_health: HEALTHY } } }
I20260709 12:09:19.301585 22074 leader_election.cc:290] T 5e2003af45914197b88e4cc3389271af P ecd8f47cd089480aa1f77728a400384a [CANDIDATE]: Term 1 election: Requested vote from peers cffb5c192e144f7caa7b94271976ed42 (127.20.56.65:42093), 73070a828b23480e9c3588e376bce2ab (127.20.56.67:39721)
I20260709 12:09:19.314551 21923 tablet_service.cc:1917] Received RequestConsensusVote() RPC: tablet_id: "5937d593814d4b568742fc86c954922d" candidate_uuid: "cffb5c192e144f7caa7b94271976ed42" candidate_term: 1 candidate_status { last_received { term: 0 index: 0 } } ignore_live_leader: false dest_uuid: "ecd8f47cd089480aa1f77728a400384a"
I20260709 12:09:19.315213 21923 raft_consensus.cc:3060] T 5937d593814d4b568742fc86c954922d P ecd8f47cd089480aa1f77728a400384a [term 0 FOLLOWER]: Advancing to term 1
I20260709 12:09:19.318109 21848 raft_consensus.cc:2468] T 11bd5972700f42709d3ebcb0a6d9b51c P cffb5c192e144f7caa7b94271976ed42 [term 1 FOLLOWER]: Leader election vote request: Granting yes vote for candidate 73070a828b23480e9c3588e376bce2ab in term 1.
I20260709 12:09:19.320996 21848 tablet_service.cc:1917] Received RequestConsensusVote() RPC: tablet_id: "5e2003af45914197b88e4cc3389271af" candidate_uuid: "ecd8f47cd089480aa1f77728a400384a" candidate_term: 1 candidate_status { last_received { term: 0 index: 0 } } ignore_live_leader: false dest_uuid: "cffb5c192e144f7caa7b94271976ed42"
I20260709 12:09:19.321559 21848 raft_consensus.cc:3060] T 5e2003af45914197b88e4cc3389271af P cffb5c192e144f7caa7b94271976ed42 [term 0 FOLLOWER]: Advancing to term 1
I20260709 12:09:19.324880 22001 tablet_service.cc:1917] Received RequestConsensusVote() RPC: tablet_id: "5e2003af45914197b88e4cc3389271af" candidate_uuid: "ecd8f47cd089480aa1f77728a400384a" candidate_term: 1 candidate_status { last_received { term: 0 index: 0 } } ignore_live_leader: false dest_uuid: "73070a828b23480e9c3588e376bce2ab"
I20260709 12:09:19.312949 21926 raft_consensus.cc:2468] T 11bd5972700f42709d3ebcb0a6d9b51c P ecd8f47cd089480aa1f77728a400384a [term 1 FOLLOWER]: Leader election vote request: Granting yes vote for candidate 73070a828b23480e9c3588e376bce2ab in term 1.
I20260709 12:09:19.326862 22070 consensus_queue.cc:1048] T d194e05a662143ea99bad3093bf3e0dd P 73070a828b23480e9c3588e376bce2ab [LEADER]: Connected to new peer: Peer: permanent_uuid: "cffb5c192e144f7caa7b94271976ed42" member_type: VOTER last_known_addr { host: "127.20.56.65" port: 42093 }, Status: LMP_MISMATCH, Last received: 0.0, Next index: 1, Last known committed idx: 0, Time since last communication: 0.000s
I20260709 12:09:19.327512 21964 leader_election.cc:304] T 11bd5972700f42709d3ebcb0a6d9b51c P 73070a828b23480e9c3588e376bce2ab [CANDIDATE]: Term 1 election: Election decided. Result: candidate won. Election summary: received 2 responses out of 3 voters: 2 yes votes; 0 no votes. yes voters: 73070a828b23480e9c3588e376bce2ab, ecd8f47cd089480aa1f77728a400384a; no voters: 
W20260709 12:09:19.327855 21892 leader_election.cc:343] T 5e2003af45914197b88e4cc3389271af P ecd8f47cd089480aa1f77728a400384a [CANDIDATE]: Term 1 election: Tablet error from VoteRequest() call to peer 73070a828b23480e9c3588e376bce2ab (127.20.56.67:39721): Illegal state: must be running to vote when last-logged opid is not known
I20260709 12:09:19.328341 22070 raft_consensus.cc:2804] T 11bd5972700f42709d3ebcb0a6d9b51c P 73070a828b23480e9c3588e376bce2ab [term 1 FOLLOWER]: Leader election won for term 1
I20260709 12:09:19.328827 22070 raft_consensus.cc:697] T 11bd5972700f42709d3ebcb0a6d9b51c P 73070a828b23480e9c3588e376bce2ab [term 1 LEADER]: Becoming Leader. State: Replica: 73070a828b23480e9c3588e376bce2ab, State: Running, Role: LEADER
I20260709 12:09:19.332340 22042 tablet_bootstrap.cc:492] T ae7bfef0e495480e843989cbb71b4330 P ecd8f47cd089480aa1f77728a400384a: No bootstrap required, opened a new log
I20260709 12:09:19.332811 22042 ts_tablet_manager.cc:1403] T ae7bfef0e495480e843989cbb71b4330 P ecd8f47cd089480aa1f77728a400384a: Time spent bootstrapping tablet: real 0.205s	user 0.010s	sys 0.006s
I20260709 12:09:19.329880 22070 consensus_queue.cc:237] T 11bd5972700f42709d3ebcb0a6d9b51c P 73070a828b23480e9c3588e376bce2ab [LEADER]: Queue going to LEADER mode. State: All replicated index: 0, Majority replicated index: 0, Committed index: 0, Last appended: 0.0, Last appended by leader: 0, Current term: 1, Majority size: 2, State: 0, Mode: LEADER, active raft config: opid_index: -1 OBSOLETE_local: false peers { permanent_uuid: "cffb5c192e144f7caa7b94271976ed42" member_type: VOTER last_known_addr { host: "127.20.56.65" port: 42093 } } peers { permanent_uuid: "ecd8f47cd089480aa1f77728a400384a" member_type: VOTER last_known_addr { host: "127.20.56.66" port: 34757 } } peers { permanent_uuid: "73070a828b23480e9c3588e376bce2ab" member_type: VOTER last_known_addr { host: "127.20.56.67" port: 39721 } }
I20260709 12:09:19.344944 21749 catalog_manager.cc:5697] T fe6b96986b574ee88589e15157b5260b P ecd8f47cd089480aa1f77728a400384a reported cstate change: term changed from 0 to 1, leader changed from <none> to ecd8f47cd089480aa1f77728a400384a (127.20.56.66). New cstate: current_term: 1 leader_uuid: "ecd8f47cd089480aa1f77728a400384a" committed_config { opid_index: -1 OBSOLETE_local: false peers { permanent_uuid: "cffb5c192e144f7caa7b94271976ed42" member_type: VOTER last_known_addr { host: "127.20.56.65" port: 42093 } health_report { overall_health: UNKNOWN } } peers { permanent_uuid: "ecd8f47cd089480aa1f77728a400384a" member_type: VOTER last_known_addr { host: "127.20.56.66" port: 34757 } health_report { overall_health: HEALTHY } } peers { permanent_uuid: "73070a828b23480e9c3588e376bce2ab" member_type: VOTER last_known_addr { host: "127.20.56.67" port: 39721 } health_report { overall_health: UNKNOWN } } }
I20260709 12:09:19.355317 22042 raft_consensus.cc:359] T ae7bfef0e495480e843989cbb71b4330 P ecd8f47cd089480aa1f77728a400384a [term 0 FOLLOWER]: Replica starting. Triggering 0 pending ops. Active config: opid_index: -1 OBSOLETE_local: false peers { permanent_uuid: "cffb5c192e144f7caa7b94271976ed42" member_type: VOTER last_known_addr { host: "127.20.56.65" port: 42093 } } peers { permanent_uuid: "ecd8f47cd089480aa1f77728a400384a" member_type: VOTER last_known_addr { host: "127.20.56.66" port: 34757 } } peers { permanent_uuid: "73070a828b23480e9c3588e376bce2ab" member_type: VOTER last_known_addr { host: "127.20.56.67" port: 39721 } }
I20260709 12:09:19.356304 22042 raft_consensus.cc:385] T ae7bfef0e495480e843989cbb71b4330 P ecd8f47cd089480aa1f77728a400384a [term 0 FOLLOWER]: Consensus starting up: Expiring failure detector timer to make a prompt election more likely
I20260709 12:09:19.356664 22042 raft_consensus.cc:740] T ae7bfef0e495480e843989cbb71b4330 P ecd8f47cd089480aa1f77728a400384a [term 0 FOLLOWER]: Becoming Follower/Learner. State: Replica: ecd8f47cd089480aa1f77728a400384a, State: Initialized, Role: FOLLOWER
I20260709 12:09:19.357637 22042 consensus_queue.cc:260] T ae7bfef0e495480e843989cbb71b4330 P ecd8f47cd089480aa1f77728a400384a [NON_LEADER]: Queue going to NON_LEADER mode. State: All replicated index: 0, Majority replicated index: 0, Committed index: 0, Last appended: 0.0, Last appended by leader: 0, Current term: 0, Majority size: -1, State: 0, Mode: NON_LEADER, active raft config: opid_index: -1 OBSOLETE_local: false peers { permanent_uuid: "cffb5c192e144f7caa7b94271976ed42" member_type: VOTER last_known_addr { host: "127.20.56.65" port: 42093 } } peers { permanent_uuid: "ecd8f47cd089480aa1f77728a400384a" member_type: VOTER last_known_addr { host: "127.20.56.66" port: 34757 } } peers { permanent_uuid: "73070a828b23480e9c3588e376bce2ab" member_type: VOTER last_known_addr { host: "127.20.56.67" port: 39721 } }
I20260709 12:09:19.362078 22044 tablet_bootstrap.cc:492] T 28c070f8afb4493ca787ffc8b1482e7a P cffb5c192e144f7caa7b94271976ed42: No bootstrap required, opened a new log
