I20260709 12:23:50.162400   928 tablet_service.cc:1917] Received RequestConsensusVote() RPC: tablet_id: "51202de207fd480bb4ec4915d37f2e0a" candidate_uuid: "ff71b02c91a045ba8612be76089faa5b" candidate_term: 2 candidate_status { last_received { term: 1 index: 1 } } ignore_live_leader: false dest_uuid: "206efaa11b1e49f495b523a025fdf4c8" is_pre_election: true
I20260709 12:23:50.163707   928 raft_consensus.cc:2468] T 51202de207fd480bb4ec4915d37f2e0a P 206efaa11b1e49f495b523a025fdf4c8 [term 1 FOLLOWER]: Leader pre-election vote request: Granting yes vote for candidate ff71b02c91a045ba8612be76089faa5b in term 1.
I20260709 12:23:50.168839  1386 raft_consensus.cc:493] T f67cd43dc0e14871925f793123b39865 P ff71b02c91a045ba8612be76089faa5b [term 1 FOLLOWER]: Starting pre-election (detected failure of leader 19e81af41e744059a0f2abc53b26e765)
I20260709 12:23:50.169426  1386 raft_consensus.cc:515] T f67cd43dc0e14871925f793123b39865 P ff71b02c91a045ba8612be76089faa5b [term 1 FOLLOWER]: Starting pre-election with config: opid_index: -1 OBSOLETE_local: false peers { permanent_uuid: "206efaa11b1e49f495b523a025fdf4c8" member_type: VOTER last_known_addr { host: "127.31.102.65" port: 34925 } } peers { permanent_uuid: "19e81af41e744059a0f2abc53b26e765" member_type: VOTER last_known_addr { host: "127.31.102.66" port: 46439 } } peers { permanent_uuid: "ff71b02c91a045ba8612be76089faa5b" member_type: VOTER last_known_addr { host: "127.31.102.67" port: 44995 } }
I20260709 12:23:50.171548  1386 leader_election.cc:290] T f67cd43dc0e14871925f793123b39865 P ff71b02c91a045ba8612be76089faa5b [CANDIDATE]: Term 2 pre-election: Requested pre-vote from peers 206efaa11b1e49f495b523a025fdf4c8 (127.31.102.65:34925), 19e81af41e744059a0f2abc53b26e765 (127.31.102.66:46439)
I20260709 12:23:50.172333   929 tablet_service.cc:1917] Received RequestConsensusVote() RPC: tablet_id: "f6be5db3f38745d499252bbdf43cb0be" candidate_uuid: "ff71b02c91a045ba8612be76089faa5b" candidate_term: 2 candidate_status { last_received { term: 1 index: 1 } } ignore_live_leader: false dest_uuid: "206efaa11b1e49f495b523a025fdf4c8" is_pre_election: true
I20260709 12:23:50.178678  1124 tablet_bootstrap.cc:654] T d7a58310f51b4142b241741069cd1f51 P 19e81af41e744059a0f2abc53b26e765: Neither blocks nor log segments found. Creating new log.
I20260709 12:23:50.185494  1124 tablet_bootstrap.cc:492] T d7a58310f51b4142b241741069cd1f51 P 19e81af41e744059a0f2abc53b26e765: No bootstrap required, opened a new log
I20260709 12:23:50.187023  1124 ts_tablet_manager.cc:1403] T d7a58310f51b4142b241741069cd1f51 P 19e81af41e744059a0f2abc53b26e765: Time spent bootstrapping tablet: real 0.582s	user 0.028s	sys 0.009s
I20260709 12:23:50.189244  1124 raft_consensus.cc:359] T d7a58310f51b4142b241741069cd1f51 P 19e81af41e744059a0f2abc53b26e765 [term 0 FOLLOWER]: Replica starting. Triggering 0 pending ops. Active config: opid_index: -1 OBSOLETE_local: false peers { permanent_uuid: "206efaa11b1e49f495b523a025fdf4c8" member_type: VOTER last_known_addr { host: "127.31.102.65" port: 34925 } } peers { permanent_uuid: "19e81af41e744059a0f2abc53b26e765" member_type: VOTER last_known_addr { host: "127.31.102.66" port: 46439 } } peers { permanent_uuid: "ff71b02c91a045ba8612be76089faa5b" member_type: VOTER last_known_addr { host: "127.31.102.67" port: 44995 } }
I20260709 12:23:50.190194  1124 raft_consensus.cc:385] T d7a58310f51b4142b241741069cd1f51 P 19e81af41e744059a0f2abc53b26e765 [term 0 FOLLOWER]: Consensus starting up: Expiring failure detector timer to make a prompt election more likely
I20260709 12:23:50.190461  1124 raft_consensus.cc:740] T d7a58310f51b4142b241741069cd1f51 P 19e81af41e744059a0f2abc53b26e765 [term 0 FOLLOWER]: Becoming Follower/Learner. State: Replica: 19e81af41e744059a0f2abc53b26e765, State: Initialized, Role: FOLLOWER
I20260709 12:23:50.191039  1124 consensus_queue.cc:260] T d7a58310f51b4142b241741069cd1f51 P 19e81af41e744059a0f2abc53b26e765 [NON_LEADER]: Queue going to NON_LEADER mode. State: All replicated index: 0, Majority replicated index: 0, Committed index: 0, Last appended: 0.0, Last appended by leader: 0, Current term: 0, Majority size: -1, State: 0, Mode: NON_LEADER, active raft config: opid_index: -1 OBSOLETE_local: false peers { permanent_uuid: "206efaa11b1e49f495b523a025fdf4c8" member_type: VOTER last_known_addr { host: "127.31.102.65" port: 34925 } } peers { permanent_uuid: "19e81af41e744059a0f2abc53b26e765" member_type: VOTER last_known_addr { host: "127.31.102.66" port: 46439 } } peers { permanent_uuid: "ff71b02c91a045ba8612be76089faa5b" member_type: VOTER last_known_addr { host: "127.31.102.67" port: 44995 } }
I20260709 12:23:50.192489  1124 ts_tablet_manager.cc:1434] T d7a58310f51b4142b241741069cd1f51 P 19e81af41e744059a0f2abc53b26e765: Time spent starting tablet: real 0.005s	user 0.002s	sys 0.000s
I20260709 12:23:50.193219  1124 tablet_bootstrap.cc:492] T c06579d6612a40b8b8a0d4d18b462d0a P 19e81af41e744059a0f2abc53b26e765: Bootstrap starting.
I20260709 12:23:50.193209  1123 raft_consensus.cc:359] T 56ad5e798dcd452fae9e4f3d37094a1f P 206efaa11b1e49f495b523a025fdf4c8 [term 0 FOLLOWER]: Replica starting. Triggering 0 pending ops. Active config: opid_index: -1 OBSOLETE_local: false peers { permanent_uuid: "206efaa11b1e49f495b523a025fdf4c8" member_type: VOTER last_known_addr { host: "127.31.102.65" port: 34925 } } peers { permanent_uuid: "19e81af41e744059a0f2abc53b26e765" member_type: VOTER last_known_addr { host: "127.31.102.66" port: 46439 } } peers { permanent_uuid: "ff71b02c91a045ba8612be76089faa5b" member_type: VOTER last_known_addr { host: "127.31.102.67" port: 44995 } }
I20260709 12:23:50.193989  1123 raft_consensus.cc:385] T 56ad5e798dcd452fae9e4f3d37094a1f P 206efaa11b1e49f495b523a025fdf4c8 [term 0 FOLLOWER]: Consensus starting up: Expiring failure detector timer to make a prompt election more likely
I20260709 12:23:50.194299  1123 raft_consensus.cc:740] T 56ad5e798dcd452fae9e4f3d37094a1f P 206efaa11b1e49f495b523a025fdf4c8 [term 0 FOLLOWER]: Becoming Follower/Learner. State: Replica: 206efaa11b1e49f495b523a025fdf4c8, State: Initialized, Role: FOLLOWER
I20260709 12:23:50.195519  1123 consensus_queue.cc:260] T 56ad5e798dcd452fae9e4f3d37094a1f P 206efaa11b1e49f495b523a025fdf4c8 [NON_LEADER]: Queue going to NON_LEADER mode. State: All replicated index: 0, Majority replicated index: 0, Committed index: 0, Last appended: 0.0, Last appended by leader: 0, Current term: 0, Majority size: -1, State: 0, Mode: NON_LEADER, active raft config: opid_index: -1 OBSOLETE_local: false peers { permanent_uuid: "206efaa11b1e49f495b523a025fdf4c8" member_type: VOTER last_known_addr { host: "127.31.102.65" port: 34925 } } peers { permanent_uuid: "19e81af41e744059a0f2abc53b26e765" member_type: VOTER last_known_addr { host: "127.31.102.66" port: 46439 } } peers { permanent_uuid: "ff71b02c91a045ba8612be76089faa5b" member_type: VOTER last_known_addr { host: "127.31.102.67" port: 44995 } }
I20260709 12:23:50.196302  1396 raft_consensus.cc:493] T 56ad5e798dcd452fae9e4f3d37094a1f P 206efaa11b1e49f495b523a025fdf4c8 [term 0 FOLLOWER]: Starting pre-election (no leader contacted us within the election timeout)
I20260709 12:23:50.173311   932 tablet_service.cc:1917] Received RequestConsensusVote() RPC: tablet_id: "4e4dc3fb6bea406a81629f3cd5436948" candidate_uuid: "ff71b02c91a045ba8612be76089faa5b" candidate_term: 2 candidate_status { last_received { term: 1 index: 1 } } ignore_live_leader: false dest_uuid: "206efaa11b1e49f495b523a025fdf4c8" is_pre_election: true
I20260709 12:23:50.196758  1396 raft_consensus.cc:515] T 56ad5e798dcd452fae9e4f3d37094a1f P 206efaa11b1e49f495b523a025fdf4c8 [term 0 FOLLOWER]: Starting pre-election with config: opid_index: -1 OBSOLETE_local: false peers { permanent_uuid: "206efaa11b1e49f495b523a025fdf4c8" member_type: VOTER last_known_addr { host: "127.31.102.65" port: 34925 } } peers { permanent_uuid: "19e81af41e744059a0f2abc53b26e765" member_type: VOTER last_known_addr { host: "127.31.102.66" port: 46439 } } peers { permanent_uuid: "ff71b02c91a045ba8612be76089faa5b" member_type: VOTER last_known_addr { host: "127.31.102.67" port: 44995 } }
I20260709 12:23:50.172303   926 tablet_service.cc:1917] Received RequestConsensusVote() RPC: tablet_id: "56ad5e798dcd452fae9e4f3d37094a1f" candidate_uuid: "ff71b02c91a045ba8612be76089faa5b" candidate_term: 1 candidate_status { last_received { term: 0 index: 0 } } ignore_live_leader: false dest_uuid: "206efaa11b1e49f495b523a025fdf4c8"
I20260709 12:23:50.241410   932 tablet_service.cc:1917] Received RequestConsensusVote() RPC: tablet_id: "d1d0bf925b42404783697d06a1ec5065" candidate_uuid: "ff71b02c91a045ba8612be76089faa5b" candidate_term: 2 candidate_status { last_received { term: 1 index: 1 } } ignore_live_leader: false dest_uuid: "206efaa11b1e49f495b523a025fdf4c8" is_pre_election: true
I20260709 12:23:50.241482   927 tablet_service.cc:1917] Received RequestConsensusVote() RPC: tablet_id: "8806146933c147b3936f2ffcdf31b4af" candidate_uuid: "ff71b02c91a045ba8612be76089faa5b" candidate_term: 2 candidate_status { last_received { term: 1 index: 1 } } ignore_live_leader: false dest_uuid: "206efaa11b1e49f495b523a025fdf4c8" is_pre_election: true
I20260709 12:23:50.244740   929 tablet_service.cc:1917] Received RequestConsensusVote() RPC: tablet_id: "743e1c39627c47a9b6b6e923a16dd185" candidate_uuid: "ff71b02c91a045ba8612be76089faa5b" candidate_term: 2 candidate_status { last_received { term: 1 index: 1 } } ignore_live_leader: false dest_uuid: "206efaa11b1e49f495b523a025fdf4c8" is_pre_election: true
I20260709 12:23:50.246454   927 tablet_service.cc:1917] Received RequestConsensusVote() RPC: tablet_id: "fd0402a7590046718f2510b358feacaf" candidate_uuid: "ff71b02c91a045ba8612be76089faa5b" candidate_term: 2 candidate_status { last_received { term: 1 index: 1 } } ignore_live_leader: false dest_uuid: "206efaa11b1e49f495b523a025fdf4c8" is_pre_election: true
I20260709 12:23:50.246809   928 tablet_service.cc:1917] Received RequestConsensusVote() RPC: tablet_id: "72b662d433c64e49aeeb2e6726317052" candidate_uuid: "ff71b02c91a045ba8612be76089faa5b" candidate_term: 2 candidate_status { last_received { term: 1 index: 1 } } ignore_live_leader: false dest_uuid: "206efaa11b1e49f495b523a025fdf4c8" is_pre_election: true
I20260709 12:23:50.249385   926 raft_consensus.cc:3060] T 56ad5e798dcd452fae9e4f3d37094a1f P 206efaa11b1e49f495b523a025fdf4c8 [term 0 FOLLOWER]: Advancing to term 1
I20260709 12:23:50.265148   929 tablet_service.cc:1917] Received RequestConsensusVote() RPC: tablet_id: "fc6ceceae15f4d42962f0402f90328e3" candidate_uuid: "ff71b02c91a045ba8612be76089faa5b" candidate_term: 2 candidate_status { last_received { term: 0 index: 0 } } ignore_live_leader: false dest_uuid: "206efaa11b1e49f495b523a025fdf4c8" is_pre_election: true
I20260709 12:23:50.267082  1123 ts_tablet_manager.cc:1434] T 56ad5e798dcd452fae9e4f3d37094a1f P 206efaa11b1e49f495b523a025fdf4c8: Time spent starting tablet: real 0.595s	user 0.013s	sys 0.009s
I20260709 12:23:50.267247   932 tablet_service.cc:1917] Received RequestConsensusVote() RPC: tablet_id: "f67cd43dc0e14871925f793123b39865" candidate_uuid: "ff71b02c91a045ba8612be76089faa5b" candidate_term: 2 candidate_status { last_received { term: 1 index: 1 } } ignore_live_leader: false dest_uuid: "206efaa11b1e49f495b523a025fdf4c8" is_pre_election: true
I20260709 12:23:50.268683   929 raft_consensus.cc:2468] T fc6ceceae15f4d42962f0402f90328e3 P 206efaa11b1e49f495b523a025fdf4c8 [term 1 FOLLOWER]: Leader pre-election vote request: Granting yes vote for candidate ff71b02c91a045ba8612be76089faa5b in term 1.
I20260709 12:23:50.266305   927 tablet_service.cc:1917] Received RequestConsensusVote() RPC: tablet_id: "a16ccff8471b45309714cbd5294154dc" candidate_uuid: "ff71b02c91a045ba8612be76089faa5b" candidate_term: 2 candidate_status { last_received { term: 0 index: 0 } } ignore_live_leader: false dest_uuid: "206efaa11b1e49f495b523a025fdf4c8" is_pre_election: true
I20260709 12:23:50.268841   924 raft_consensus.cc:3055] T d736b1822d494275bbd0188592bc2db7 P 206efaa11b1e49f495b523a025fdf4c8 [term 1 LEADER]: Stepping down as leader of term 1
I20260709 12:23:50.270678   924 raft_consensus.cc:740] T d736b1822d494275bbd0188592bc2db7 P 206efaa11b1e49f495b523a025fdf4c8 [term 1 LEADER]: Becoming Follower/Learner. State: Replica: 206efaa11b1e49f495b523a025fdf4c8, State: Running, Role: LEADER
W20260709 12:23:50.267504  1123 ts_tablet_manager.cc:1467] T 56ad5e798dcd452fae9e4f3d37094a1f P 206efaa11b1e49f495b523a025fdf4c8: Tablet startup took 595ms
I20260709 12:23:50.272722   924 consensus_queue.cc:260] T d736b1822d494275bbd0188592bc2db7 P 206efaa11b1e49f495b523a025fdf4c8 [NON_LEADER]: Queue going to NON_LEADER mode. State: All replicated index: 0, Majority replicated index: 1, Committed index: 1, Last appended: 1.1, Last appended by leader: 1, Current term: 1, Majority size: -1, State: 0, Mode: NON_LEADER, active raft config: opid_index: -1 OBSOLETE_local: false peers { permanent_uuid: "206efaa11b1e49f495b523a025fdf4c8" member_type: VOTER last_known_addr { host: "127.31.102.65" port: 34925 } } peers { permanent_uuid: "19e81af41e744059a0f2abc53b26e765" member_type: VOTER last_known_addr { host: "127.31.102.66" port: 46439 } } peers { permanent_uuid: "ff71b02c91a045ba8612be76089faa5b" member_type: VOTER last_known_addr { host: "127.31.102.67" port: 44995 } }
I20260709 12:23:50.275027  1124 tablet_bootstrap.cc:654] T c06579d6612a40b8b8a0d4d18b462d0a P 19e81af41e744059a0f2abc53b26e765: Neither blocks nor log segments found. Creating new log.
I20260709 12:23:50.285147   829 rpcz_store.cc:275] Call kudu.master.MasterService.TSHeartbeat from 127.0.0.1:48316 (request call id 68) took 2439 ms. Trace:
I20260709 12:23:50.295290   924 raft_consensus.cc:3060] T d736b1822d494275bbd0188592bc2db7 P 206efaa11b1e49f495b523a025fdf4c8 [term 1 FOLLOWER]: Advancing to term 2
I20260709 12:23:50.296638   829 rpcz_store.cc:276] 0709 12:23:47.845615 (+     0us) service_pool.cc:167] Inserting onto call queue
0709 12:23:47.846004 (+   389us) service_pool.cc:224] Handling call
0709 12:23:50.284830 (+2438826us) inbound_call.cc:177] Queueing success response
Metrics: {"mutex_wait_us":1648595,"reported_tablets":1}
I20260709 12:23:50.315393   827 catalog_manager.cc:5697] T 3bea3dd973574575822489594df770e4 P ff71b02c91a045ba8612be76089faa5b reported cstate change: term changed from 0 to 1, leader changed from <none> to ff71b02c91a045ba8612be76089faa5b (127.31.102.67). New cstate: current_term: 1 leader_uuid: "ff71b02c91a045ba8612be76089faa5b" committed_config { opid_index: -1 OBSOLETE_local: false peers { permanent_uuid: "206efaa11b1e49f495b523a025fdf4c8" member_type: VOTER last_known_addr { host: "127.31.102.65" port: 34925 } health_report { overall_health: UNKNOWN } } peers { permanent_uuid: "19e81af41e744059a0f2abc53b26e765" member_type: VOTER last_known_addr { host: "127.31.102.66" port: 46439 } health_report { overall_health: UNKNOWN } } peers { permanent_uuid: "ff71b02c91a045ba8612be76089faa5b" member_type: VOTER last_known_addr { host: "127.31.102.67" port: 44995 } health_report { overall_health: HEALTHY } } }
W20260709 12:23:50.293160  1123 ts_tablet_manager.cc:1469] T 56ad5e798dcd452fae9e4f3d37094a1f P 206efaa11b1e49f495b523a025fdf4c8: Trace:
0709 12:23:42.761326 (+     0us) service_pool.cc:167] Inserting onto call queue
0709 12:23:42.761509 (+   183us) service_pool.cc:224] Handling call
0709 12:23:42.763442 (+  1933us) ts_tablet_manager.cc:669] Acquired tablet manager lock
0709 12:23:42.763539 (+    97us) ts_tablet_manager.cc:682] Creating new metadata...
0709 12:23:42.838516 (+ 74977us) tablet_metadata.cc:665] Metadata flushed
0709 12:23:42.888228 (+ 49712us) tablet_replica.cc:206] Creating consensus instance
0709 12:23:42.917528 (+ 29300us) inbound_call.cc:177] Queueing success response
0709 12:23:49.185274 (+6267746us) ts_tablet_manager.cc:1379] Bootstrapping tablet
0709 12:23:49.672221 (+486947us) ts_tablet_manager.cc:1435] Starting tablet replica
0709 12:23:50.191836 (+519615us) tablet_replica.cc:261] Starting instrumentation
0709 12:23:50.192222 (+   386us) tablet_replica.cc:280] Starting consensus
Metrics: {"raft.queue_time_us":95497,"raft.run_cpu_time_us":173,"raft.run_wall_time_us":173,"spinlock_wait_cycles":2030848,"tablet-open.queue_time_us":6271881}
I20260709 12:23:50.320243  1077 tablet_service.cc:1917] Received RequestConsensusVote() RPC: tablet_id: "402e7a4a9a77492b82d09dd34ebb37a1" candidate_uuid: "206efaa11b1e49f495b523a025fdf4c8" candidate_term: 2 candidate_status { last_received { term: 1 index: 1 } } ignore_live_leader: false dest_uuid: "ff71b02c91a045ba8612be76089faa5b" is_pre_election: true
W20260709 12:23:50.329825   972 leader_election.cc:343] T 466384eb758c4c098060cc0306319c9e P 19e81af41e744059a0f2abc53b26e765 [CANDIDATE]: Term 1 pre-election: Tablet error from VoteRequest() call to peer 206efaa11b1e49f495b523a025fdf4c8 (127.31.102.65:34925): Illegal state: must be running to vote when last-logged opid is not known
I20260709 12:23:50.330214  1076 tablet_service.cc:1917] Received RequestConsensusVote() RPC: tablet_id: "bb40b07723b944689f0c6ad2d5ea6f63" candidate_uuid: "206efaa11b1e49f495b523a025fdf4c8" candidate_term: 2 candidate_status { last_received { term: 1 index: 1 } } ignore_live_leader: false dest_uuid: "ff71b02c91a045ba8612be76089faa5b" is_pre_election: true
W20260709 12:23:50.338696   972 leader_election.cc:343] T 035a6a733f1e42a9a2a8b2603f1466ad P 19e81af41e744059a0f2abc53b26e765 [CANDIDATE]: Term 1 pre-election: Tablet error from VoteRequest() call to peer 206efaa11b1e49f495b523a025fdf4c8 (127.31.102.65:34925): Illegal state: must be running to vote when last-logged opid is not known
I20260709 12:23:50.338580  1077 tablet_service.cc:1917] Received RequestConsensusVote() RPC: tablet_id: "4e3f7a386cb9402587029f5d3d7ce2cd" candidate_uuid: "206efaa11b1e49f495b523a025fdf4c8" candidate_term: 2 candidate_status { last_received { term: 1 index: 1 } } ignore_live_leader: false dest_uuid: "ff71b02c91a045ba8612be76089faa5b" is_pre_election: true
I20260709 12:23:50.339636  1077 raft_consensus.cc:2468] T 4e3f7a386cb9402587029f5d3d7ce2cd P ff71b02c91a045ba8612be76089faa5b [term 1 FOLLOWER]: Leader pre-election vote request: Granting yes vote for candidate 206efaa11b1e49f495b523a025fdf4c8 in term 1.
I20260709 12:23:50.341401  1005 tablet_service.cc:1917] Received RequestConsensusVote() RPC: tablet_id: "4e3f7a386cb9402587029f5d3d7ce2cd" candidate_uuid: "206efaa11b1e49f495b523a025fdf4c8" candidate_term: 2 candidate_status { last_received { term: 1 index: 1 } } ignore_live_leader: false dest_uuid: "19e81af41e744059a0f2abc53b26e765" is_pre_election: true
I20260709 12:23:50.344058  1076 raft_consensus.cc:1240] T d736b1822d494275bbd0188592bc2db7 P ff71b02c91a045ba8612be76089faa5b [term 2 LEADER]: Rejecting Update request from peer 206efaa11b1e49f495b523a025fdf4c8 for earlier term 1. Current term is 2. Ops: []
I20260709 12:23:49.673238  1300 leader_election.cc:290] T 306394fa16754f3d9dc46c2987e54fcf P 19e81af41e744059a0f2abc53b26e765 [CANDIDATE]: Term 1 pre-election: Requested pre-vote from peers 206efaa11b1e49f495b523a025fdf4c8 (127.31.102.65:34925), ff71b02c91a045ba8612be76089faa5b (127.31.102.67:44995)
I20260709 12:23:50.348217  1081 tablet_service.cc:1917] Received RequestConsensusVote() RPC: tablet_id: "c28f8abecc4447fd9b5e276a0107e514" candidate_uuid: "206efaa11b1e49f495b523a025fdf4c8" candidate_term: 2 candidate_status { last_received { term: 1 index: 1 } } ignore_live_leader: false dest_uuid: "ff71b02c91a045ba8612be76089faa5b" is_pre_election: true
I20260709 12:23:50.350296  1124 tablet_bootstrap.cc:492] T c06579d6612a40b8b8a0d4d18b462d0a P 19e81af41e744059a0f2abc53b26e765: No bootstrap required, opened a new log
I20260709 12:23:50.351115  1124 ts_tablet_manager.cc:1403] T c06579d6612a40b8b8a0d4d18b462d0a P 19e81af41e744059a0f2abc53b26e765: Time spent bootstrapping tablet: real 0.158s	user 0.015s	sys 0.012s
I20260709 12:23:50.351050  1078 tablet_service.cc:1917] Received RequestConsensusVote() RPC: tablet_id: "f6be5db3f38745d499252bbdf43cb0be" candidate_uuid: "206efaa11b1e49f495b523a025fdf4c8" candidate_term: 2 candidate_status { last_received { term: 1 index: 1 } } ignore_live_leader: false dest_uuid: "ff71b02c91a045ba8612be76089faa5b" is_pre_election: true
I20260709 12:23:50.353001  1078 raft_consensus.cc:2468] T f6be5db3f38745d499252bbdf43cb0be P ff71b02c91a045ba8612be76089faa5b [term 1 FOLLOWER]: Leader pre-election vote request: Granting yes vote for candidate 206efaa11b1e49f495b523a025fdf4c8 in term 1.
I20260709 12:23:50.329847  1004 tablet_service.cc:1917] Received RequestConsensusVote() RPC: tablet_id: "c28f8abecc4447fd9b5e276a0107e514" candidate_uuid: "206efaa11b1e49f495b523a025fdf4c8" candidate_term: 2 candidate_status { last_received { term: 1 index: 1 } } ignore_live_leader: false dest_uuid: "19e81af41e744059a0f2abc53b26e765" is_pre_election: true
I20260709 12:23:50.351177  1080 tablet_service.cc:1917] Received RequestConsensusVote() RPC: tablet_id: "d7ea57e9d21b48219c6d6fae48491e8c" candidate_uuid: "206efaa11b1e49f495b523a025fdf4c8" candidate_term: 2 candidate_status { last_received { term: 1 index: 1 } } ignore_live_leader: false dest_uuid: "ff71b02c91a045ba8612be76089faa5b" is_pre_election: true
I20260709 12:23:50.354545  1344 leader_election.cc:290] T 04ebfcc68dcb486db13d9ad74c96fa80 P 19e81af41e744059a0f2abc53b26e765 [CANDIDATE]: Term 1 pre-election: Requested pre-vote from peers 206efaa11b1e49f495b523a025fdf4c8 (127.31.102.65:34925), ff71b02c91a045ba8612be76089faa5b (127.31.102.67:44995)
I20260709 12:23:50.357059  1005 tablet_service.cc:1917] Received RequestConsensusVote() RPC: tablet_id: "fd0402a7590046718f2510b358feacaf" candidate_uuid: "206efaa11b1e49f495b523a025fdf4c8" candidate_term: 2 candidate_status { last_received { term: 1 index: 1 } } ignore_live_leader: false dest_uuid: "19e81af41e744059a0f2abc53b26e765" is_pre_election: true
W20260709 12:23:50.357738  1047 outbound_call.cc:321] RPC callback for RPC call kudu.consensus.ConsensusService.UpdateConsensus -> {remote=127.31.102.65:34925, user_credentials={real_user=slave}} blocked reactor thread for 53001us
I20260709 12:23:50.362522  1005 tablet_service.cc:1917] Received RequestConsensusVote() RPC: tablet_id: "91a13b316d0d4e11beafeb3f7a292dbe" candidate_uuid: "206efaa11b1e49f495b523a025fdf4c8" candidate_term: 2 candidate_status { last_received { term: 1 index: 1 } } ignore_live_leader: false dest_uuid: "19e81af41e744059a0f2abc53b26e765" is_pre_election: true
I20260709 12:23:50.365191  1001 tablet_service.cc:1917] Received RequestConsensusVote() RPC: tablet_id: "283cbed0860747c389f8add96ef05a17" candidate_uuid: "206efaa11b1e49f495b523a025fdf4c8" candidate_term: 2 candidate_status { last_received { term: 1 index: 1 } } ignore_live_leader: false dest_uuid: "19e81af41e744059a0f2abc53b26e765" is_pre_election: true
I20260709 12:23:50.368085   924 raft_consensus.cc:1275] T d736b1822d494275bbd0188592bc2db7 P 206efaa11b1e49f495b523a025fdf4c8 [term 2 FOLLOWER]: Refusing update from remote peer ff71b02c91a045ba8612be76089faa5b: Log matching property violated. Preceding OpId in replica: term: 1 index: 1. Preceding OpId from leader: term: 2 index: 2. (index mismatch)
I20260709 12:23:50.369449   926 raft_consensus.cc:2468] T 56ad5e798dcd452fae9e4f3d37094a1f P 206efaa11b1e49f495b523a025fdf4c8 [term 1 FOLLOWER]: Leader election vote request: Granting yes vote for candidate ff71b02c91a045ba8612be76089faa5b in term 1.
I20260709 12:23:50.373117  1004 tablet_service.cc:1917] Received RequestConsensusVote() RPC: tablet_id: "fc6ceceae15f4d42962f0402f90328e3" candidate_uuid: "206efaa11b1e49f495b523a025fdf4c8" candidate_term: 1 candidate_status { last_received { term: 0 index: 0 } } ignore_live_leader: false dest_uuid: "19e81af41e744059a0f2abc53b26e765" is_pre_election: true
I20260709 12:23:50.374053  1005 tablet_service.cc:1917] Received RequestConsensusVote() RPC: tablet_id: "3bea3dd973574575822489594df770e4" candidate_uuid: "206efaa11b1e49f495b523a025fdf4c8" candidate_term: 2 candidate_status { last_received { term: 0 index: 0 } } ignore_live_leader: false dest_uuid: "19e81af41e744059a0f2abc53b26e765" is_pre_election: true
I20260709 12:23:50.375994  1006 tablet_service.cc:1917] Received RequestConsensusVote() RPC: tablet_id: "900290b5356748e9aed8527c8ce8e1e1" candidate_uuid: "206efaa11b1e49f495b523a025fdf4c8" candidate_term: 2 candidate_status { last_received { term: 1 index: 1 } } ignore_live_leader: false dest_uuid: "19e81af41e744059a0f2abc53b26e765" is_pre_election: true
I20260709 12:23:50.378067  1396 leader_election.cc:290] T 56ad5e798dcd452fae9e4f3d37094a1f P 206efaa11b1e49f495b523a025fdf4c8 [CANDIDATE]: Term 1 pre-election: Requested pre-vote from peers 19e81af41e744059a0f2abc53b26e765 (127.31.102.66:46439), ff71b02c91a045ba8612be76089faa5b (127.31.102.67:44995)
I20260709 12:23:50.381387  1122 tablet_bootstrap.cc:492] T 306394fa16754f3d9dc46c2987e54fcf P ff71b02c91a045ba8612be76089faa5b: No bootstrap required, opened a new log
I20260709 12:23:50.382170  1122 ts_tablet_manager.cc:1403] T 306394fa16754f3d9dc46c2987e54fcf P ff71b02c91a045ba8612be76089faa5b: Time spent bootstrapping tablet: real 1.299s	user 0.014s	sys 0.029s
I20260709 12:23:50.384217   895 leader_election.cc:304] T 7208bba009ae4f268e4e9400550e9624 P 206efaa11b1e49f495b523a025fdf4c8 [CANDIDATE]: Term 1 election: Election decided. Result: candidate won. Election summary: received 2 responses out of 3 voters: 2 yes votes; 0 no votes. yes voters: 206efaa11b1e49f495b523a025fdf4c8, ff71b02c91a045ba8612be76089faa5b; no voters: 
I20260709 12:23:50.388878  1396 raft_consensus.cc:2804] T 7208bba009ae4f268e4e9400550e9624 P 206efaa11b1e49f495b523a025fdf4c8 [term 1 FOLLOWER]: Leader election won for term 1
I20260709 12:23:50.388976  1001 tablet_service.cc:1917] Received RequestConsensusVote() RPC: tablet_id: "a16ccff8471b45309714cbd5294154dc" candidate_uuid: "ff71b02c91a045ba8612be76089faa5b" candidate_term: 2 candidate_status { last_received { term: 0 index: 0 } } ignore_live_leader: false dest_uuid: "19e81af41e744059a0f2abc53b26e765" is_pre_election: true
I20260709 12:23:50.389600  1396 raft_consensus.cc:697] T 7208bba009ae4f268e4e9400550e9624 P 206efaa11b1e49f495b523a025fdf4c8 [term 1 LEADER]: Becoming Leader. State: Replica: 206efaa11b1e49f495b523a025fdf4c8, State: Running, Role: LEADER
I20260709 12:23:50.389933  1001 raft_consensus.cc:2468] T a16ccff8471b45309714cbd5294154dc P 19e81af41e744059a0f2abc53b26e765 [term 1 FOLLOWER]: Leader pre-election vote request: Granting yes vote for candidate ff71b02c91a045ba8612be76089faa5b in term 1.
I20260709 12:23:50.390552  1123 tablet_bootstrap.cc:492] T b7d20ee2a92e4e0bab5565b40377c531 P 206efaa11b1e49f495b523a025fdf4c8: Bootstrap starting.
I20260709 12:23:50.390919  1396 consensus_queue.cc:237] T 7208bba009ae4f268e4e9400550e9624 P 206efaa11b1e49f495b523a025fdf4c8 [LEADER]: Queue going to LEADER mode. State: All replicated index: 0, Majority replicated index: 0, Committed index: 0, Last appended: 0.0, Last appended by leader: 0, Current term: 1, Majority size: 2, State: 0, Mode: LEADER, active raft config: opid_index: -1 OBSOLETE_local: false peers { permanent_uuid: "206efaa11b1e49f495b523a025fdf4c8" member_type: VOTER last_known_addr { host: "127.31.102.65" port: 34925 } } peers { permanent_uuid: "19e81af41e744059a0f2abc53b26e765" member_type: VOTER last_known_addr { host: "127.31.102.66" port: 46439 } } peers { permanent_uuid: "ff71b02c91a045ba8612be76089faa5b" member_type: VOTER last_known_addr { host: "127.31.102.67" port: 44995 } }
I20260709 12:23:50.389621  1000 tablet_service.cc:1917] Received RequestConsensusVote() RPC: tablet_id: "f67cd43dc0e14871925f793123b39865" candidate_uuid: "ff71b02c91a045ba8612be76089faa5b" candidate_term: 2 candidate_status { last_received { term: 1 index: 1 } } ignore_live_leader: false dest_uuid: "19e81af41e744059a0f2abc53b26e765" is_pre_election: true
I20260709 12:23:50.402635  1047 leader_election.cc:304] T 116b6dfff973481da31b4beb67f12cc2 P ff71b02c91a045ba8612be76089faa5b [CANDIDATE]: Term 2 pre-election: Election decided. Result: candidate lost. Election summary: received 3 responses out of 3 voters: 1 yes votes; 2 no votes. yes voters: ff71b02c91a045ba8612be76089faa5b; no voters: 19e81af41e744059a0f2abc53b26e765, 206efaa11b1e49f495b523a025fdf4c8
I20260709 12:23:50.403436  1386 consensus_queue.cc:1048] T 012aa53370ac4645bc3b82b9794ef18d P ff71b02c91a045ba8612be76089faa5b [LEADER]: Connected to new peer: Peer: permanent_uuid: "206efaa11b1e49f495b523a025fdf4c8" member_type: VOTER last_known_addr { host: "127.31.102.65" port: 34925 }, Status: LMP_MISMATCH, Last received: 0.0, Next index: 1, Last known committed idx: 0, Time since last communication: 0.001s
I20260709 12:23:50.441855  1422 raft_consensus.cc:2749] T 116b6dfff973481da31b4beb67f12cc2 P ff71b02c91a045ba8612be76089faa5b [term 1 FOLLOWER]: Leader pre-election lost for term 2. Reason: could not achieve majority
I20260709 12:23:50.471953  1122 raft_consensus.cc:359] T 306394fa16754f3d9dc46c2987e54fcf P ff71b02c91a045ba8612be76089faa5b [term 0 FOLLOWER]: Replica starting. Triggering 0 pending ops. Active config: opid_index: -1 OBSOLETE_local: false peers { permanent_uuid: "206efaa11b1e49f495b523a025fdf4c8" member_type: VOTER last_known_addr { host: "127.31.102.65" port: 34925 } } peers { permanent_uuid: "19e81af41e744059a0f2abc53b26e765" member_type: VOTER last_known_addr { host: "127.31.102.66" port: 46439 } } peers { permanent_uuid: "ff71b02c91a045ba8612be76089faa5b" member_type: VOTER last_known_addr { host: "127.31.102.67" port: 44995 } }
I20260709 12:23:50.485167  1405 raft_consensus.cc:493] T d7a58310f51b4142b241741069cd1f51 P 19e81af41e744059a0f2abc53b26e765 [term 0 FOLLOWER]: Starting pre-election (no leader contacted us within the election timeout)
I20260709 12:23:50.485340  1122 raft_consensus.cc:385] T 306394fa16754f3d9dc46c2987e54fcf P ff71b02c91a045ba8612be76089faa5b [term 0 FOLLOWER]: Consensus starting up: Expiring failure detector timer to make a prompt election more likely
I20260709 12:23:50.486395  1122 raft_consensus.cc:740] T 306394fa16754f3d9dc46c2987e54fcf P ff71b02c91a045ba8612be76089faa5b [term 0 FOLLOWER]: Becoming Follower/Learner. State: Replica: ff71b02c91a045ba8612be76089faa5b, State: Initialized, Role: FOLLOWER
I20260709 12:23:50.488134  1081 tablet_service.cc:1917] Received RequestConsensusVote() RPC: tablet_id: "116b6dfff973481da31b4beb67f12cc2" candidate_uuid: "19e81af41e744059a0f2abc53b26e765" candidate_term: 2 candidate_status { last_received { term: 1 index: 1 } } ignore_live_leader: false dest_uuid: "ff71b02c91a045ba8612be76089faa5b" is_pre_election: true
I20260709 12:23:50.486057  1405 raft_consensus.cc:515] T d7a58310f51b4142b241741069cd1f51 P 19e81af41e744059a0f2abc53b26e765 [term 0 FOLLOWER]: Starting pre-election with config: opid_index: -1 OBSOLETE_local: false peers { permanent_uuid: "206efaa11b1e49f495b523a025fdf4c8" member_type: VOTER last_known_addr { host: "127.31.102.65" port: 34925 } } peers { permanent_uuid: "19e81af41e744059a0f2abc53b26e765" member_type: VOTER last_known_addr { host: "127.31.102.66" port: 46439 } } peers { permanent_uuid: "ff71b02c91a045ba8612be76089faa5b" member_type: VOTER last_known_addr { host: "127.31.102.67" port: 44995 } }
I20260709 12:23:50.491261  1081 tablet_service.cc:1917] Received RequestConsensusVote() RPC: tablet_id: "a16ccff8471b45309714cbd5294154dc" candidate_uuid: "19e81af41e744059a0f2abc53b26e765" candidate_term: 2 candidate_status { last_received { term: 0 index: 0 } } ignore_live_leader: false dest_uuid: "ff71b02c91a045ba8612be76089faa5b" is_pre_election: true
I20260709 12:23:50.493340  1081 raft_consensus.cc:2468] T a16ccff8471b45309714cbd5294154dc P ff71b02c91a045ba8612be76089faa5b [term 1 FOLLOWER]: Leader pre-election vote request: Granting yes vote for candidate 19e81af41e744059a0f2abc53b26e765 in term 1.
I20260709 12:23:50.479394  1076 tablet_service.cc:1917] Received RequestConsensusVote() RPC: tablet_id: "035a6a733f1e42a9a2a8b2603f1466ad" candidate_uuid: "19e81af41e744059a0f2abc53b26e765" candidate_term: 1 candidate_status { last_received { term: 0 index: 0 } } ignore_live_leader: false dest_uuid: "ff71b02c91a045ba8612be76089faa5b" is_pre_election: true
I20260709 12:23:50.478120  1074 tablet_service.cc:1917] Received RequestConsensusVote() RPC: tablet_id: "8dd0b1d76f09426b99dc2431fef3220f" candidate_uuid: "19e81af41e744059a0f2abc53b26e765" candidate_term: 1 candidate_status { last_received { term: 0 index: 0 } } ignore_live_leader: false dest_uuid: "ff71b02c91a045ba8612be76089faa5b" is_pre_election: true
I20260709 12:23:50.473483  1082 tablet_service.cc:1917] Received RequestConsensusVote() RPC: tablet_id: "466384eb758c4c098060cc0306319c9e" candidate_uuid: "19e81af41e744059a0f2abc53b26e765" candidate_term: 1 candidate_status { last_received { term: 0 index: 0 } } ignore_live_leader: false dest_uuid: "ff71b02c91a045ba8612be76089faa5b" is_pre_election: true
I20260709 12:23:50.479759  1077 tablet_service.cc:1917] Received RequestConsensusVote() RPC: tablet_id: "f69e9ccb267b44369455083d6360b604" candidate_uuid: "19e81af41e744059a0f2abc53b26e765" candidate_term: 1 candidate_status { last_received { term: 0 index: 0 } } ignore_live_leader: false dest_uuid: "ff71b02c91a045ba8612be76089faa5b" is_pre_election: true
I20260709 12:23:50.480043  1078 tablet_service.cc:1917] Received RequestConsensusVote() RPC: tablet_id: "fbc4b6fd9b4c499ea3821a1102d80ab7" candidate_uuid: "19e81af41e744059a0f2abc53b26e765" candidate_term: 2 candidate_status { last_received { term: 1 index: 1 } } ignore_live_leader: false dest_uuid: "ff71b02c91a045ba8612be76089faa5b" is_pre_election: true
I20260709 12:23:50.491948  1122 consensus_queue.cc:260] T 306394fa16754f3d9dc46c2987e54fcf P ff71b02c91a045ba8612be76089faa5b [NON_LEADER]: Queue going to NON_LEADER mode. State: All replicated index: 0, Majority replicated index: 0, Committed index: 0, Last appended: 0.0, Last appended by leader: 0, Current term: 0, Majority size: -1, State: 0, Mode: NON_LEADER, active raft config: opid_index: -1 OBSOLETE_local: false peers { permanent_uuid: "206efaa11b1e49f495b523a025fdf4c8" member_type: VOTER last_known_addr { host: "127.31.102.65" port: 34925 } } peers { permanent_uuid: "19e81af41e744059a0f2abc53b26e765" member_type: VOTER last_known_addr { host: "127.31.102.66" port: 46439 } } peers { permanent_uuid: "ff71b02c91a045ba8612be76089faa5b" member_type: VOTER last_known_addr { host: "127.31.102.67" port: 44995 } }
I20260709 12:23:50.521744  1405 leader_election.cc:290] T d7a58310f51b4142b241741069cd1f51 P 19e81af41e744059a0f2abc53b26e765 [CANDIDATE]: Term 1 pre-election: Requested pre-vote from peers 206efaa11b1e49f495b523a025fdf4c8 (127.31.102.65:34925), ff71b02c91a045ba8612be76089faa5b (127.31.102.67:44995)
I20260709 12:23:50.510969  1047 leader_election.cc:304] T a4c5295c476e47088a145b05da7f7e45 P ff71b02c91a045ba8612be76089faa5b [CANDIDATE]: Term 2 pre-election: Election decided. Result: candidate lost. Election summary: received 3 responses out of 3 voters: 1 yes votes; 2 no votes. yes voters: ff71b02c91a045ba8612be76089faa5b; no voters: 19e81af41e744059a0f2abc53b26e765, 206efaa11b1e49f495b523a025fdf4c8
I20260709 12:23:50.506383  1000 tablet_service.cc:1917] Received RequestConsensusVote() RPC: tablet_id: "012aa53370ac4645bc3b82b9794ef18d" candidate_uuid: "206efaa11b1e49f495b523a025fdf4c8" candidate_term: 2 candidate_status { last_received { term: 0 index: 0 } } ignore_live_leader: false dest_uuid: "19e81af41e744059a0f2abc53b26e765" is_pre_election: true
W20260709 12:23:50.578927   898 consensus_peers.cc:183] SignalRequest failed: Illegal state: peer closed
I20260709 12:23:50.623523  1380 raft_consensus.cc:493] T 283cbed0860747c389f8add96ef05a17 P 19e81af41e744059a0f2abc53b26e765 [term 1 FOLLOWER]: Starting pre-election (detected failure of leader ff71b02c91a045ba8612be76089faa5b)
I20260709 12:23:50.624469  1380 raft_consensus.cc:515] T 283cbed0860747c389f8add96ef05a17 P 19e81af41e744059a0f2abc53b26e765 [term 1 FOLLOWER]: Starting pre-election with config: opid_index: -1 OBSOLETE_local: false peers { permanent_uuid: "206efaa11b1e49f495b523a025fdf4c8" member_type: VOTER last_known_addr { host: "127.31.102.65" port: 34925 } } peers { permanent_uuid: "19e81af41e744059a0f2abc53b26e765" member_type: VOTER last_known_addr { host: "127.31.102.66" port: 46439 } } peers { permanent_uuid: "ff71b02c91a045ba8612be76089faa5b" member_type: VOTER last_known_addr { host: "127.31.102.67" port: 44995 } }
W20260709 12:23:50.645299   895 outbound_call.cc:321] RPC callback for RPC call kudu.consensus.ConsensusService.UpdateConsensus -> {remote=127.31.102.67:44995, user_credentials={real_user=slave}} blocked reactor thread for 117709us
I20260709 12:23:50.644627  1405 raft_consensus.cc:493] T 402e7a4a9a77492b82d09dd34ebb37a1 P 19e81af41e744059a0f2abc53b26e765 [term 1 FOLLOWER]: Starting pre-election (detected failure of leader ff71b02c91a045ba8612be76089faa5b)
I20260709 12:23:50.667984  1300 raft_consensus.cc:493] T 45e87b1dda99451e89a8456d431e32e3 P 19e81af41e744059a0f2abc53b26e765 [term 1 FOLLOWER]: Starting pre-election (detected failure of leader ff71b02c91a045ba8612be76089faa5b)
I20260709 12:23:50.668617  1405 raft_consensus.cc:515] T 402e7a4a9a77492b82d09dd34ebb37a1 P 19e81af41e744059a0f2abc53b26e765 [term 1 FOLLOWER]: Starting pre-election with config: opid_index: -1 OBSOLETE_local: false peers { permanent_uuid: "206efaa11b1e49f495b523a025fdf4c8" member_type: VOTER last_known_addr { host: "127.31.102.65" port: 34925 } } peers { permanent_uuid: "19e81af41e744059a0f2abc53b26e765" member_type: VOTER last_known_addr { host: "127.31.102.66" port: 46439 } } peers { permanent_uuid: "ff71b02c91a045ba8612be76089faa5b" member_type: VOTER last_known_addr { host: "127.31.102.67" port: 44995 } }
I20260709 12:23:50.668782  1300 raft_consensus.cc:515] T 45e87b1dda99451e89a8456d431e32e3 P 19e81af41e744059a0f2abc53b26e765 [term 1 FOLLOWER]: Starting pre-election with config: opid_index: -1 OBSOLETE_local: false peers { permanent_uuid: "206efaa11b1e49f495b523a025fdf4c8" member_type: VOTER last_known_addr { host: "127.31.102.65" port: 34925 } } peers { permanent_uuid: "19e81af41e744059a0f2abc53b26e765" member_type: VOTER last_known_addr { host: "127.31.102.66" port: 46439 } } peers { permanent_uuid: "ff71b02c91a045ba8612be76089faa5b" member_type: VOTER last_known_addr { host: "127.31.102.67" port: 44995 } }
I20260709 12:23:50.671670  1300 leader_election.cc:290] T 45e87b1dda99451e89a8456d431e32e3 P 19e81af41e744059a0f2abc53b26e765 [CANDIDATE]: Term 2 pre-election: Requested pre-vote from peers 206efaa11b1e49f495b523a025fdf4c8 (127.31.102.65:34925), ff71b02c91a045ba8612be76089faa5b (127.31.102.67:44995)
I20260709 12:23:50.671612  1405 leader_election.cc:290] T 402e7a4a9a77492b82d09dd34ebb37a1 P 19e81af41e744059a0f2abc53b26e765 [CANDIDATE]: Term 2 pre-election: Requested pre-vote from peers 206efaa11b1e49f495b523a025fdf4c8 (127.31.102.65:34925), ff71b02c91a045ba8612be76089faa5b (127.31.102.67:44995)
W20260709 12:23:50.709101  1079 consensus_meta.cc:287] T 7b2c0227383246728bd8be5ad6d0bdb7 P ff71b02c91a045ba8612be76089faa5b: Time spent flushing consensus metadata: real 1.103s	user 0.018s	sys 0.019s
I20260709 12:23:50.721814  1000 tablet_service.cc:1917] Received RequestConsensusVote() RPC: tablet_id: "56ad5e798dcd452fae9e4f3d37094a1f" candidate_uuid: "206efaa11b1e49f495b523a025fdf4c8" candidate_term: 1 candidate_status { last_received { term: 0 index: 0 } } ignore_live_leader: false dest_uuid: "19e81af41e744059a0f2abc53b26e765" is_pre_election: true
I20260709 12:23:50.723093  1000 raft_consensus.cc:2393] T 56ad5e798dcd452fae9e4f3d37094a1f P 19e81af41e744059a0f2abc53b26e765 [term 1 FOLLOWER]: Leader pre-election vote request: Denying vote to candidate 206efaa11b1e49f495b523a025fdf4c8 in current term 1: Already voted for candidate ff71b02c91a045ba8612be76089faa5b in this term.
I20260709 12:23:50.723728  1123 tablet_bootstrap.cc:654] T b7d20ee2a92e4e0bab5565b40377c531 P 206efaa11b1e49f495b523a025fdf4c8: Neither blocks nor log segments found. Creating new log.
I20260709 12:23:50.932045  1077 tablet_service.cc:1917] Received RequestConsensusVote() RPC: tablet_id: "306394fa16754f3d9dc46c2987e54fcf" candidate_uuid: "19e81af41e744059a0f2abc53b26e765" candidate_term: 1 candidate_status { last_received { term: 0 index: 0 } } ignore_live_leader: false dest_uuid: "ff71b02c91a045ba8612be76089faa5b" is_pre_election: true
I20260709 12:23:50.932441  1380 leader_election.cc:290] T 283cbed0860747c389f8add96ef05a17 P 19e81af41e744059a0f2abc53b26e765 [CANDIDATE]: Term 2 pre-election: Requested pre-vote from peers 206efaa11b1e49f495b523a025fdf4c8 (127.31.102.65:34925), ff71b02c91a045ba8612be76089faa5b (127.31.102.67:44995)
I20260709 12:23:50.932554  1358 raft_consensus.cc:493] T 45e87b1dda99451e89a8456d431e32e3 P 206efaa11b1e49f495b523a025fdf4c8 [term 1 FOLLOWER]: Starting pre-election (detected failure of leader ff71b02c91a045ba8612be76089faa5b)
I20260709 12:23:50.933461  1077 raft_consensus.cc:2468] T 306394fa16754f3d9dc46c2987e54fcf P ff71b02c91a045ba8612be76089faa5b [term 0 FOLLOWER]: Leader pre-election vote request: Granting yes vote for candidate 19e81af41e744059a0f2abc53b26e765 in term 0.
I20260709 12:23:50.967713  1122 ts_tablet_manager.cc:1434] T 306394fa16754f3d9dc46c2987e54fcf P ff71b02c91a045ba8612be76089faa5b: Time spent starting tablet: real 0.585s	user 0.019s	sys 0.030s
W20260709 12:23:50.968099  1122 ts_tablet_manager.cc:1467] T 306394fa16754f3d9dc46c2987e54fcf P ff71b02c91a045ba8612be76089faa5b: Tablet startup took 585ms
I20260709 12:23:50.971153  1079 rpcz_store.cc:275] Call kudu.consensus.ConsensusService.UpdateConsensus from 127.0.0.1:33298 (request call id 74) took 1411 ms. Trace:
I20260709 12:23:50.933959  1358 raft_consensus.cc:515] T 45e87b1dda99451e89a8456d431e32e3 P 206efaa11b1e49f495b523a025fdf4c8 [term 1 FOLLOWER]: Starting pre-election with config: opid_index: -1 OBSOLETE_local: false peers { permanent_uuid: "206efaa11b1e49f495b523a025fdf4c8" member_type: VOTER last_known_addr { host: "127.31.102.65" port: 34925 } } peers { permanent_uuid: "19e81af41e744059a0f2abc53b26e765" member_type: VOTER last_known_addr { host: "127.31.102.66" port: 46439 } } peers { permanent_uuid: "ff71b02c91a045ba8612be76089faa5b" member_type: VOTER last_known_addr { host: "127.31.102.67" port: 44995 } }
I20260709 12:23:50.971681  1079 rpcz_store.cc:276] 0709 12:23:49.573714 (+     0us) service_pool.cc:167] Inserting onto call queue
0709 12:23:49.574585 (+   871us) service_pool.cc:224] Handling call
0709 12:23:49.605204 (+ 30619us) raft_consensus.cc:1471] Updating replica for 0 ops
0709 12:23:50.970713 (+1365509us) raft_consensus.cc:1697] Filling consensus response to leader.
0709 12:23:50.971054 (+   341us) inbound_call.cc:177] Queueing success response
Metrics: {}
W20260709 12:23:51.064625  1029 debug-util.cc:398] Leaking SignalData structure 0x7b08000fa2a0 after lost signal to thread 32156
W20260709 12:23:51.065294  1047 outbound_call.cc:321] RPC callback for RPC call kudu.consensus.ConsensusService.RequestConsensusVote -> {remote=127.31.102.65:34925, user_credentials={real_user=slave}} blocked reactor thread for 601916us
W20260709 12:23:51.066470   895 outbound_call.cc:321] RPC callback for RPC call kudu.consensus.ConsensusService.RequestConsensusVote -> {remote=127.31.102.67:44995, user_credentials={real_user=slave}} blocked reactor thread for 133514us
I20260709 12:23:51.056912  1076 tablet_service.cc:1917] Received RequestConsensusVote() RPC: tablet_id: "d7ea57e9d21b48219c6d6fae48491e8c" candidate_uuid: "19e81af41e744059a0f2abc53b26e765" candidate_term: 2 candidate_status { last_received { term: 1 index: 1 } } ignore_live_leader: false dest_uuid: "ff71b02c91a045ba8612be76089faa5b" is_pre_election: true
W20260709 12:23:51.073856  1045 outbound_call.cc:321] RPC callback for RPC call kudu.consensus.ConsensusService.UpdateConsensus -> {remote=127.31.102.66:46439, user_credentials={real_user=slave}} blocked reactor thread for 229887us
I20260709 12:23:51.073679  1151 raft_consensus.cc:493] T 91a13b316d0d4e11beafeb3f7a292dbe P 19e81af41e744059a0f2abc53b26e765 [term 1 FOLLOWER]: Starting pre-election (detected failure of leader ff71b02c91a045ba8612be76089faa5b)
I20260709 12:23:51.081030  1234 raft_consensus.cc:2749] T a4c5295c476e47088a145b05da7f7e45 P ff71b02c91a045ba8612be76089faa5b [term 1 FOLLOWER]: Leader pre-election lost for term 2. Reason: could not achieve majority
I20260709 12:23:51.075508  1077 tablet_service.cc:1917] Received RequestConsensusVote() RPC: tablet_id: "e971759b3cc945c095c26f900509a6d1" candidate_uuid: "19e81af41e744059a0f2abc53b26e765" candidate_term: 1 candidate_status { last_received { term: 0 index: 0 } } ignore_live_leader: false dest_uuid: "ff71b02c91a045ba8612be76089faa5b" is_pre_election: true
I20260709 12:23:51.082381   928 tablet_service.cc:1917] Received RequestConsensusVote() RPC: tablet_id: "8dd0b1d76f09426b99dc2431fef3220f" candidate_uuid: "19e81af41e744059a0f2abc53b26e765" candidate_term: 1 candidate_status { last_received { term: 0 index: 0 } } ignore_live_leader: false dest_uuid: "206efaa11b1e49f495b523a025fdf4c8" is_pre_election: true
I20260709 12:23:51.082983  1358 leader_election.cc:290] T 45e87b1dda99451e89a8456d431e32e3 P 206efaa11b1e49f495b523a025fdf4c8 [CANDIDATE]: Term 2 pre-election: Requested pre-vote from peers 19e81af41e744059a0f2abc53b26e765 (127.31.102.66:46439), ff71b02c91a045ba8612be76089faa5b (127.31.102.67:44995)
I20260709 12:23:51.083891   924 tablet_service.cc:1917] Received RequestConsensusVote() RPC: tablet_id: "f69e9ccb267b44369455083d6360b604" candidate_uuid: "19e81af41e744059a0f2abc53b26e765" candidate_term: 1 candidate_status { last_received { term: 0 index: 0 } } ignore_live_leader: false dest_uuid: "206efaa11b1e49f495b523a025fdf4c8" is_pre_election: true
I20260709 12:23:51.024281  1124 raft_consensus.cc:359] T c06579d6612a40b8b8a0d4d18b462d0a P 19e81af41e744059a0f2abc53b26e765 [term 0 FOLLOWER]: Replica starting. Triggering 0 pending ops. Active config: opid_index: -1 OBSOLETE_local: false peers { permanent_uuid: "206efaa11b1e49f495b523a025fdf4c8" member_type: VOTER last_known_addr { host: "127.31.102.65" port: 34925 } } peers { permanent_uuid: "19e81af41e744059a0f2abc53b26e765" member_type: VOTER last_known_addr { host: "127.31.102.66" port: 46439 } } peers { permanent_uuid: "ff71b02c91a045ba8612be76089faa5b" member_type: VOTER last_known_addr { host: "127.31.102.67" port: 44995 } }
I20260709 12:23:51.092793  1124 raft_consensus.cc:385] T c06579d6612a40b8b8a0d4d18b462d0a P 19e81af41e744059a0f2abc53b26e765 [term 0 FOLLOWER]: Consensus starting up: Expiring failure detector timer to make a prompt election more likely
I20260709 12:23:51.078299  1079 tablet_service.cc:1917] Received RequestConsensusVote() RPC: tablet_id: "f98df724d21b477ea71256d80d1b9ae2" candidate_uuid: "19e81af41e744059a0f2abc53b26e765" candidate_term: 2 candidate_status { last_received { term: 1 index: 1 } } ignore_live_leader: false dest_uuid: "ff71b02c91a045ba8612be76089faa5b" is_pre_election: true
I20260709 12:23:51.065290  1209 raft_consensus.cc:493] T aed901ef653b46bd994a4856e3752e11 P 206efaa11b1e49f495b523a025fdf4c8 [term 1 FOLLOWER]: Starting pre-election (detected failure of leader ff71b02c91a045ba8612be76089faa5b)
I20260709 12:23:51.090585   930 tablet_service.cc:1917] Received RequestConsensusVote() RPC: tablet_id: "72a939adcd944201bfdb234d90d86f83" candidate_uuid: "19e81af41e744059a0f2abc53b26e765" candidate_term: 2 candidate_status { last_received { term: 1 index: 1 } } ignore_live_leader: false dest_uuid: "206efaa11b1e49f495b523a025fdf4c8" is_pre_election: true
W20260709 12:23:50.968356  1122 ts_tablet_manager.cc:1469] T 306394fa16754f3d9dc46c2987e54fcf P ff71b02c91a045ba8612be76089faa5b: Trace:
0709 12:23:42.919376 (+     0us) service_pool.cc:167] Inserting onto call queue
0709 12:23:42.919528 (+   152us) service_pool.cc:224] Handling call
0709 12:23:42.921212 (+  1684us) ts_tablet_manager.cc:669] Acquired tablet manager lock
0709 12:23:42.921303 (+    91us) ts_tablet_manager.cc:682] Creating new metadata...
0709 12:23:42.942791 (+ 21488us) tablet_metadata.cc:665] Metadata flushed
0709 12:23:42.975354 (+ 32563us) tablet_replica.cc:206] Creating consensus instance
0709 12:23:43.031024 (+ 55670us) spinlock_profiling.cc:243] Waited 8.48 ms on lock 0x7b58001a2e98. stack: 00007f6652049343 00007f6652049240 00007f66519d81d4 00007f665b716304 00007f665b716299 00007f6651f03db1 00007f6652043b71 00007f66520441a2 00007f665af85889 00007f665a0b6d88 00007f665a17d973 00007f665a17970f 00007f665a179ecd 00007f665a128400 00007f66535adaf4 00007f66535ada82
0709 12:23:43.059225 (+ 28201us) inbound_call.cc:177] Queueing success response
0709 12:23:49.082786 (+6023561us) ts_tablet_manager.cc:1379] Bootstrapping tablet
0709 12:23:50.382516 (+1299730us) ts_tablet_manager.cc:1435] Starting tablet replica
0709 12:23:50.392609 (+ 10093us) tablet_replica.cc:261] Starting instrumentation
0709 12:23:50.404349 (+ 11740us) tablet_replica.cc:280] Starting consensus
Metrics: {"mutex_wait_us":36886,"raft.queue_time_us":217255,"raft.run_cpu_time_us":168,"raft.run_wall_time_us":169,"spinlock_wait_cycles":19507968,"tablet-open.queue_time_us":6023649}
I20260709 12:23:51.091503   972 leader_election.cc:304] T fbc4b6fd9b4c499ea3821a1102d80ab7 P 19e81af41e744059a0f2abc53b26e765 [CANDIDATE]: Term 2 pre-election: Election decided. Result: candidate won. Election summary: received 2 responses out of 3 voters: 2 yes votes; 0 no votes. yes voters: 19e81af41e744059a0f2abc53b26e765, 206efaa11b1e49f495b523a025fdf4c8; no voters: 
I20260709 12:23:51.093155  1124 raft_consensus.cc:740] T c06579d6612a40b8b8a0d4d18b462d0a P 19e81af41e744059a0f2abc53b26e765 [term 0 FOLLOWER]: Becoming Follower/Learner. State: Replica: 19e81af41e744059a0f2abc53b26e765, State: Initialized, Role: FOLLOWER
