I20260709 12:23:45.445741  1283 consensus_queue.cc:260] T 726b3d69bf1b4206923e6812d1c75b85 P 4397eada358646dda7daf664135bad94 [NON_LEADER]: Queue going to NON_LEADER mode. State: All replicated index: 0, Majority replicated index: 0, Committed index: 0, Last appended: 0.0, Last appended by leader: 0, Current term: 0, Majority size: -1, State: 0, Mode: NON_LEADER, active raft config: opid_index: -1 OBSOLETE_local: false peers { permanent_uuid: "e8183f8c8af540b4bc5ae01f7c737335" member_type: VOTER last_known_addr { host: "127.31.157.65" port: 40283 } } peers { permanent_uuid: "4397eada358646dda7daf664135bad94" member_type: VOTER last_known_addr { host: "127.31.157.66" port: 33345 } } peers { permanent_uuid: "226d3844f73b4ac38ab239dfd13500e7" member_type: VOTER last_known_addr { host: "127.31.157.67" port: 34307 } }
I20260709 12:23:45.450953  1443 leader_election.cc:290] T 726b3d69bf1b4206923e6812d1c75b85 P e8183f8c8af540b4bc5ae01f7c737335 [CANDIDATE]: Term 1 pre-election: Requested pre-vote from peers 4397eada358646dda7daf664135bad94 (127.31.157.66:33345), 226d3844f73b4ac38ab239dfd13500e7 (127.31.157.67:34307)
I20260709 12:23:45.455376  1240 tablet_service.cc:1917] Received RequestConsensusVote() RPC: tablet_id: "06d7280e147746d7a9509391766eaae9" candidate_uuid: "4397eada358646dda7daf664135bad94" candidate_term: 1 candidate_status { last_received { term: 0 index: 0 } } ignore_live_leader: false dest_uuid: "226d3844f73b4ac38ab239dfd13500e7" is_pre_election: true
I20260709 12:23:45.463759  1237 tablet_service.cc:1917] Received RequestConsensusVote() RPC: tablet_id: "726b3d69bf1b4206923e6812d1c75b85" candidate_uuid: "e8183f8c8af540b4bc5ae01f7c737335" candidate_term: 1 candidate_status { last_received { term: 0 index: 0 } } ignore_live_leader: false dest_uuid: "226d3844f73b4ac38ab239dfd13500e7" is_pre_election: true
I20260709 12:23:45.464433  1237 raft_consensus.cc:2468] T 726b3d69bf1b4206923e6812d1c75b85 P 226d3844f73b4ac38ab239dfd13500e7 [term 0 FOLLOWER]: Leader pre-election vote request: Granting yes vote for candidate e8183f8c8af540b4bc5ae01f7c737335 in term 0.
I20260709 12:23:45.464970  1505 consensus_queue.cc:1048] T d47993d884ef44fcb5a018c17aedc0e2 P 4397eada358646dda7daf664135bad94 [LEADER]: Connected to new peer: Peer: permanent_uuid: "e8183f8c8af540b4bc5ae01f7c737335" member_type: VOTER last_known_addr { host: "127.31.157.65" port: 40283 }, Status: LMP_MISMATCH, Last received: 0.0, Next index: 1, Last known committed idx: 0, Time since last communication: 0.000s
I20260709 12:23:45.465636  1240 raft_consensus.cc:2468] T 06d7280e147746d7a9509391766eaae9 P 226d3844f73b4ac38ab239dfd13500e7 [term 0 FOLLOWER]: Leader pre-election vote request: Granting yes vote for candidate 4397eada358646dda7daf664135bad94 in term 0.
I20260709 12:23:45.466650  1507 raft_consensus.cc:493] T 726b3d69bf1b4206923e6812d1c75b85 P 4397eada358646dda7daf664135bad94 [term 0 FOLLOWER]: Starting pre-election (no leader contacted us within the election timeout)
I20260709 12:23:45.467162  1507 raft_consensus.cc:515] T 726b3d69bf1b4206923e6812d1c75b85 P 4397eada358646dda7daf664135bad94 [term 0 FOLLOWER]: Starting pre-election with config: opid_index: -1 OBSOLETE_local: false peers { permanent_uuid: "e8183f8c8af540b4bc5ae01f7c737335" member_type: VOTER last_known_addr { host: "127.31.157.65" port: 40283 } } peers { permanent_uuid: "4397eada358646dda7daf664135bad94" member_type: VOTER last_known_addr { host: "127.31.157.66" port: 33345 } } peers { permanent_uuid: "226d3844f73b4ac38ab239dfd13500e7" member_type: VOTER last_known_addr { host: "127.31.157.67" port: 34307 } }
I20260709 12:23:45.465551  1288 consensus_queue.cc:1048] T 6829f3db1ffa450bad6cf64a90549d01 P 226d3844f73b4ac38ab239dfd13500e7 [LEADER]: Connected to new peer: Peer: permanent_uuid: "4397eada358646dda7daf664135bad94" member_type: VOTER last_known_addr { host: "127.31.157.66" port: 33345 }, Status: LMP_MISMATCH, Last received: 0.0, Next index: 1, Last known committed idx: 0, Time since last communication: 0.000s
I20260709 12:23:45.454474  1165 raft_consensus.cc:2468] T 6d7ec570ca6941c7a200638d0dce6116 P 4397eada358646dda7daf664135bad94 [term 1 FOLLOWER]: Leader election vote request: Granting yes vote for candidate 226d3844f73b4ac38ab239dfd13500e7 in term 1.
I20260709 12:23:45.471330  1206 leader_election.cc:304] T 6d7ec570ca6941c7a200638d0dce6116 P 226d3844f73b4ac38ab239dfd13500e7 [CANDIDATE]: Term 1 election: Election decided. Result: candidate won. Election summary: received 3 responses out of 3 voters: 2 yes votes; 1 no votes. yes voters: 226d3844f73b4ac38ab239dfd13500e7, 4397eada358646dda7daf664135bad94; no voters: e8183f8c8af540b4bc5ae01f7c737335
I20260709 12:23:45.473126  1549 raft_consensus.cc:2804] T 6d7ec570ca6941c7a200638d0dce6116 P 226d3844f73b4ac38ab239dfd13500e7 [term 1 FOLLOWER]: Leader election won for term 1
I20260709 12:23:45.471478  1283 ts_tablet_manager.cc:1434] T 726b3d69bf1b4206923e6812d1c75b85 P 4397eada358646dda7daf664135bad94: Time spent starting tablet: real 0.054s	user 0.006s	sys 0.000s
I20260709 12:23:45.474526  1162 tablet_service.cc:1917] Received RequestConsensusVote() RPC: tablet_id: "726b3d69bf1b4206923e6812d1c75b85" candidate_uuid: "e8183f8c8af540b4bc5ae01f7c737335" candidate_term: 1 candidate_status { last_received { term: 0 index: 0 } } ignore_live_leader: false dest_uuid: "4397eada358646dda7daf664135bad94" is_pre_election: true
I20260709 12:23:45.475262  1162 raft_consensus.cc:2468] T 726b3d69bf1b4206923e6812d1c75b85 P 4397eada358646dda7daf664135bad94 [term 0 FOLLOWER]: Leader pre-election vote request: Granting yes vote for candidate e8183f8c8af540b4bc5ae01f7c737335 in term 0.
I20260709 12:23:45.479286  1507 leader_election.cc:290] T 726b3d69bf1b4206923e6812d1c75b85 P 4397eada358646dda7daf664135bad94 [CANDIDATE]: Term 1 pre-election: Requested pre-vote from peers e8183f8c8af540b4bc5ae01f7c737335 (127.31.157.65:40283), 226d3844f73b4ac38ab239dfd13500e7 (127.31.157.67:34307)
I20260709 12:23:45.479826  1549 raft_consensus.cc:697] T 6d7ec570ca6941c7a200638d0dce6116 P 226d3844f73b4ac38ab239dfd13500e7 [term 1 LEADER]: Becoming Leader. State: Replica: 226d3844f73b4ac38ab239dfd13500e7, State: Running, Role: LEADER
I20260709 12:23:45.479055  1055 leader_election.cc:304] T 726b3d69bf1b4206923e6812d1c75b85 P e8183f8c8af540b4bc5ae01f7c737335 [CANDIDATE]: Term 1 pre-election: Election decided. Result: candidate won. Election summary: received 3 responses out of 3 voters: 3 yes votes; 0 no votes. yes voters: 226d3844f73b4ac38ab239dfd13500e7, 4397eada358646dda7daf664135bad94, e8183f8c8af540b4bc5ae01f7c737335; no voters: 
I20260709 12:23:45.484345  1443 raft_consensus.cc:2804] T 726b3d69bf1b4206923e6812d1c75b85 P e8183f8c8af540b4bc5ae01f7c737335 [term 0 FOLLOWER]: Leader pre-election won for term 1
I20260709 12:23:45.485414  1283 tablet_bootstrap.cc:492] T 8ddcf3aca8f548239a30eeacaaf44020 P 4397eada358646dda7daf664135bad94: Bootstrap starting.
I20260709 12:23:45.486325  1281 tablet_bootstrap.cc:492] T 6829f3db1ffa450bad6cf64a90549d01 P e8183f8c8af540b4bc5ae01f7c737335: No bootstrap required, opened a new log
I20260709 12:23:45.486764  1281 ts_tablet_manager.cc:1403] T 6829f3db1ffa450bad6cf64a90549d01 P e8183f8c8af540b4bc5ae01f7c737335: Time spent bootstrapping tablet: real 0.088s	user 0.019s	sys 0.007s
I20260709 12:23:45.484787  1443 raft_consensus.cc:493] T 726b3d69bf1b4206923e6812d1c75b85 P e8183f8c8af540b4bc5ae01f7c737335 [term 0 FOLLOWER]: Starting leader election (no leader contacted us within the election timeout)
I20260709 12:23:45.487834  1443 raft_consensus.cc:3060] T 726b3d69bf1b4206923e6812d1c75b85 P e8183f8c8af540b4bc5ae01f7c737335 [term 0 FOLLOWER]: Advancing to term 1
I20260709 12:23:45.491834  1088 tablet_service.cc:1917] Received RequestConsensusVote() RPC: tablet_id: "726b3d69bf1b4206923e6812d1c75b85" candidate_uuid: "4397eada358646dda7daf664135bad94" candidate_term: 1 candidate_status { last_received { term: 0 index: 0 } } ignore_live_leader: false dest_uuid: "e8183f8c8af540b4bc5ae01f7c737335" is_pre_election: true
I20260709 12:23:45.487924  1549 consensus_queue.cc:237] T 6d7ec570ca6941c7a200638d0dce6116 P 226d3844f73b4ac38ab239dfd13500e7 [LEADER]: Queue going to LEADER mode. State: All replicated index: 0, Majority replicated index: 0, Committed index: 0, Last appended: 0.0, Last appended by leader: 0, Current term: 1, Majority size: 2, State: 0, Mode: LEADER, active raft config: opid_index: -1 OBSOLETE_local: false peers { permanent_uuid: "e8183f8c8af540b4bc5ae01f7c737335" member_type: VOTER last_known_addr { host: "127.31.157.65" port: 40283 } } peers { permanent_uuid: "4397eada358646dda7daf664135bad94" member_type: VOTER last_known_addr { host: "127.31.157.66" port: 33345 } } peers { permanent_uuid: "226d3844f73b4ac38ab239dfd13500e7" member_type: VOTER last_known_addr { host: "127.31.157.67" port: 34307 } }
I20260709 12:23:45.512145  1130 leader_election.cc:304] T 06d7280e147746d7a9509391766eaae9 P 4397eada358646dda7daf664135bad94 [CANDIDATE]: Term 1 pre-election: Election decided. Result: candidate won. Election summary: received 3 responses out of 3 voters: 2 yes votes; 1 no votes. yes voters: 226d3844f73b4ac38ab239dfd13500e7, 4397eada358646dda7daf664135bad94; no voters: e8183f8c8af540b4bc5ae01f7c737335
I20260709 12:23:45.549608  1282 tablet_bootstrap.cc:654] T 72c264690acc4c20ae598925318696f5 P 226d3844f73b4ac38ab239dfd13500e7: Neither blocks nor log segments found. Creating new log.
I20260709 12:23:45.512598  1240 tablet_service.cc:1917] Received RequestConsensusVote() RPC: tablet_id: "726b3d69bf1b4206923e6812d1c75b85" candidate_uuid: "4397eada358646dda7daf664135bad94" candidate_term: 1 candidate_status { last_received { term: 0 index: 0 } } ignore_live_leader: false dest_uuid: "226d3844f73b4ac38ab239dfd13500e7" is_pre_election: true
I20260709 12:23:45.551740  1505 raft_consensus.cc:2804] T 06d7280e147746d7a9509391766eaae9 P 4397eada358646dda7daf664135bad94 [term 0 FOLLOWER]: Leader pre-election won for term 1
I20260709 12:23:45.553876  1505 raft_consensus.cc:493] T 06d7280e147746d7a9509391766eaae9 P 4397eada358646dda7daf664135bad94 [term 0 FOLLOWER]: Starting leader election (no leader contacted us within the election timeout)
I20260709 12:23:45.553633  1281 raft_consensus.cc:359] T 6829f3db1ffa450bad6cf64a90549d01 P e8183f8c8af540b4bc5ae01f7c737335 [term 0 FOLLOWER]: Replica starting. Triggering 0 pending ops. Active config: opid_index: -1 OBSOLETE_local: false peers { permanent_uuid: "e8183f8c8af540b4bc5ae01f7c737335" member_type: VOTER last_known_addr { host: "127.31.157.65" port: 40283 } } peers { permanent_uuid: "4397eada358646dda7daf664135bad94" member_type: VOTER last_known_addr { host: "127.31.157.66" port: 33345 } } peers { permanent_uuid: "226d3844f73b4ac38ab239dfd13500e7" member_type: VOTER last_known_addr { host: "127.31.157.67" port: 34307 } }
I20260709 12:23:45.554436  1505 raft_consensus.cc:3060] T 06d7280e147746d7a9509391766eaae9 P 4397eada358646dda7daf664135bad94 [term 0 FOLLOWER]: Advancing to term 1
I20260709 12:23:45.554755  1281 raft_consensus.cc:385] T 6829f3db1ffa450bad6cf64a90549d01 P e8183f8c8af540b4bc5ae01f7c737335 [term 0 FOLLOWER]: Consensus starting up: Expiring failure detector timer to make a prompt election more likely
I20260709 12:23:45.555229  1281 raft_consensus.cc:740] T 6829f3db1ffa450bad6cf64a90549d01 P e8183f8c8af540b4bc5ae01f7c737335 [term 0 FOLLOWER]: Becoming Follower/Learner. State: Replica: e8183f8c8af540b4bc5ae01f7c737335, State: Initialized, Role: FOLLOWER
I20260709 12:23:45.558869  1281 consensus_queue.cc:260] T 6829f3db1ffa450bad6cf64a90549d01 P e8183f8c8af540b4bc5ae01f7c737335 [NON_LEADER]: Queue going to NON_LEADER mode. State: All replicated index: 0, Majority replicated index: 0, Committed index: 0, Last appended: 0.0, Last appended by leader: 0, Current term: 0, Majority size: -1, State: 0, Mode: NON_LEADER, active raft config: opid_index: -1 OBSOLETE_local: false peers { permanent_uuid: "e8183f8c8af540b4bc5ae01f7c737335" member_type: VOTER last_known_addr { host: "127.31.157.65" port: 40283 } } peers { permanent_uuid: "4397eada358646dda7daf664135bad94" member_type: VOTER last_known_addr { host: "127.31.157.66" port: 33345 } } peers { permanent_uuid: "226d3844f73b4ac38ab239dfd13500e7" member_type: VOTER last_known_addr { host: "127.31.157.67" port: 34307 } }
I20260709 12:23:45.563985  1281 ts_tablet_manager.cc:1434] T 6829f3db1ffa450bad6cf64a90549d01 P e8183f8c8af540b4bc5ae01f7c737335: Time spent starting tablet: real 0.077s	user 0.011s	sys 0.010s
I20260709 12:23:45.563906  1505 raft_consensus.cc:515] T 06d7280e147746d7a9509391766eaae9 P 4397eada358646dda7daf664135bad94 [term 1 FOLLOWER]: Starting leader election with config: opid_index: -1 OBSOLETE_local: false peers { permanent_uuid: "e8183f8c8af540b4bc5ae01f7c737335" member_type: VOTER last_known_addr { host: "127.31.157.65" port: 40283 } } peers { permanent_uuid: "4397eada358646dda7daf664135bad94" member_type: VOTER last_known_addr { host: "127.31.157.66" port: 33345 } } peers { permanent_uuid: "226d3844f73b4ac38ab239dfd13500e7" member_type: VOTER last_known_addr { host: "127.31.157.67" port: 34307 } }
I20260709 12:23:45.528246  1443 raft_consensus.cc:515] T 726b3d69bf1b4206923e6812d1c75b85 P e8183f8c8af540b4bc5ae01f7c737335 [term 1 FOLLOWER]: Starting leader election with config: opid_index: -1 OBSOLETE_local: false peers { permanent_uuid: "e8183f8c8af540b4bc5ae01f7c737335" member_type: VOTER last_known_addr { host: "127.31.157.65" port: 40283 } } peers { permanent_uuid: "4397eada358646dda7daf664135bad94" member_type: VOTER last_known_addr { host: "127.31.157.66" port: 33345 } } peers { permanent_uuid: "226d3844f73b4ac38ab239dfd13500e7" member_type: VOTER last_known_addr { host: "127.31.157.67" port: 34307 } }
I20260709 12:23:45.565305  1281 tablet_bootstrap.cc:492] T 8ddcf3aca8f548239a30eeacaaf44020 P e8183f8c8af540b4bc5ae01f7c737335: Bootstrap starting.
I20260709 12:23:45.540342  1288 raft_consensus.cc:493] T 8f2cf95e95e742d59286a48fd9abbaf6 P 226d3844f73b4ac38ab239dfd13500e7 [term 0 FOLLOWER]: Starting pre-election (no leader contacted us within the election timeout)
I20260709 12:23:45.525085  1166 tablet_service.cc:1917] Received RequestConsensusVote() RPC: tablet_id: "a7673bda2b124a48bed9cd32ac1a73e4" candidate_uuid: "226d3844f73b4ac38ab239dfd13500e7" candidate_term: 1 candidate_status { last_received { term: 0 index: 0 } } ignore_live_leader: false dest_uuid: "4397eada358646dda7daf664135bad94" is_pre_election: true
I20260709 12:23:45.566172  1288 raft_consensus.cc:515] T 8f2cf95e95e742d59286a48fd9abbaf6 P 226d3844f73b4ac38ab239dfd13500e7 [term 0 FOLLOWER]: Starting pre-election with config: opid_index: -1 OBSOLETE_local: false peers { permanent_uuid: "e8183f8c8af540b4bc5ae01f7c737335" member_type: VOTER last_known_addr { host: "127.31.157.65" port: 40283 } } peers { permanent_uuid: "4397eada358646dda7daf664135bad94" member_type: VOTER last_known_addr { host: "127.31.157.66" port: 33345 } } peers { permanent_uuid: "226d3844f73b4ac38ab239dfd13500e7" member_type: VOTER last_known_addr { host: "127.31.157.67" port: 34307 } }
I20260709 12:23:45.566882  1088 raft_consensus.cc:2393] T 726b3d69bf1b4206923e6812d1c75b85 P e8183f8c8af540b4bc5ae01f7c737335 [term 1 FOLLOWER]: Leader pre-election vote request: Denying vote to candidate 4397eada358646dda7daf664135bad94 in current term 1: Already voted for candidate e8183f8c8af540b4bc5ae01f7c737335 in this term.
W20260709 12:23:45.567359  1206 leader_election.cc:343] T a7673bda2b124a48bed9cd32ac1a73e4 P 226d3844f73b4ac38ab239dfd13500e7 [CANDIDATE]: Term 1 pre-election: Tablet error from VoteRequest() call to peer 4397eada358646dda7daf664135bad94 (127.31.157.66:33345): Illegal state: must be running to vote when last-logged opid is not known
I20260709 12:23:45.567786  1206 leader_election.cc:304] T a7673bda2b124a48bed9cd32ac1a73e4 P 226d3844f73b4ac38ab239dfd13500e7 [CANDIDATE]: Term 1 pre-election: Election decided. Result: candidate lost. Election summary: received 3 responses out of 3 voters: 1 yes votes; 2 no votes. yes voters: 226d3844f73b4ac38ab239dfd13500e7; no voters: 4397eada358646dda7daf664135bad94, e8183f8c8af540b4bc5ae01f7c737335
I20260709 12:23:45.547641   987 catalog_manager.cc:5697] T 8db100d762ae4bdd9b07e51a4c88e56e P e8183f8c8af540b4bc5ae01f7c737335 reported cstate change: term changed from 0 to 1, leader changed from <none> to e8183f8c8af540b4bc5ae01f7c737335 (127.31.157.65). New cstate: current_term: 1 leader_uuid: "e8183f8c8af540b4bc5ae01f7c737335" committed_config { opid_index: -1 OBSOLETE_local: false peers { permanent_uuid: "e8183f8c8af540b4bc5ae01f7c737335" member_type: VOTER last_known_addr { host: "127.31.157.65" port: 40283 } health_report { overall_health: HEALTHY } } peers { permanent_uuid: "4397eada358646dda7daf664135bad94" member_type: VOTER last_known_addr { host: "127.31.157.66" port: 33345 } health_report { overall_health: UNKNOWN } } peers { permanent_uuid: "226d3844f73b4ac38ab239dfd13500e7" member_type: VOTER last_known_addr { host: "127.31.157.67" port: 34307 } health_report { overall_health: UNKNOWN } } }
I20260709 12:23:45.569100  1288 leader_election.cc:290] T 8f2cf95e95e742d59286a48fd9abbaf6 P 226d3844f73b4ac38ab239dfd13500e7 [CANDIDATE]: Term 1 pre-election: Requested pre-vote from peers e8183f8c8af540b4bc5ae01f7c737335 (127.31.157.65:40283), 4397eada358646dda7daf664135bad94 (127.31.157.66:33345)
I20260709 12:23:45.569212  1333 raft_consensus.cc:2749] T a7673bda2b124a48bed9cd32ac1a73e4 P 226d3844f73b4ac38ab239dfd13500e7 [term 0 FOLLOWER]: Leader pre-election lost for term 1. Reason: could not achieve majority
I20260709 12:23:45.569778  1240 raft_consensus.cc:2468] T 726b3d69bf1b4206923e6812d1c75b85 P 226d3844f73b4ac38ab239dfd13500e7 [term 0 FOLLOWER]: Leader pre-election vote request: Granting yes vote for candidate 4397eada358646dda7daf664135bad94 in term 0.
I20260709 12:23:45.573212  1166 tablet_service.cc:1917] Received RequestConsensusVote() RPC: tablet_id: "8f2cf95e95e742d59286a48fd9abbaf6" candidate_uuid: "226d3844f73b4ac38ab239dfd13500e7" candidate_term: 1 candidate_status { last_received { term: 0 index: 0 } } ignore_live_leader: false dest_uuid: "4397eada358646dda7daf664135bad94" is_pre_election: true
W20260709 12:23:45.574769  1206 leader_election.cc:343] T 8f2cf95e95e742d59286a48fd9abbaf6 P 226d3844f73b4ac38ab239dfd13500e7 [CANDIDATE]: Term 1 pre-election: Tablet error from VoteRequest() call to peer 4397eada358646dda7daf664135bad94 (127.31.157.66:33345): Illegal state: must be running to vote when last-logged opid is not known
I20260709 12:23:45.577349  1088 tablet_service.cc:1917] Received RequestConsensusVote() RPC: tablet_id: "8f2cf95e95e742d59286a48fd9abbaf6" candidate_uuid: "226d3844f73b4ac38ab239dfd13500e7" candidate_term: 1 candidate_status { last_received { term: 0 index: 0 } } ignore_live_leader: false dest_uuid: "e8183f8c8af540b4bc5ae01f7c737335" is_pre_election: true
W20260709 12:23:45.581101  1206 leader_election.cc:343] T 8f2cf95e95e742d59286a48fd9abbaf6 P 226d3844f73b4ac38ab239dfd13500e7 [CANDIDATE]: Term 1 pre-election: Tablet error from VoteRequest() call to peer e8183f8c8af540b4bc5ae01f7c737335 (127.31.157.65:40283): Illegal state: must be running to vote when last-logged opid is not known
I20260709 12:23:45.581534  1206 leader_election.cc:304] T 8f2cf95e95e742d59286a48fd9abbaf6 P 226d3844f73b4ac38ab239dfd13500e7 [CANDIDATE]: Term 1 pre-election: Election decided. Result: candidate lost. Election summary: received 3 responses out of 3 voters: 1 yes votes; 2 no votes. yes voters: 226d3844f73b4ac38ab239dfd13500e7; no voters: 4397eada358646dda7daf664135bad94, e8183f8c8af540b4bc5ae01f7c737335
I20260709 12:23:45.583089  1090 tablet_service.cc:1917] Received RequestConsensusVote() RPC: tablet_id: "06d7280e147746d7a9509391766eaae9" candidate_uuid: "4397eada358646dda7daf664135bad94" candidate_term: 1 candidate_status { last_received { term: 0 index: 0 } } ignore_live_leader: false dest_uuid: "e8183f8c8af540b4bc5ae01f7c737335"
I20260709 12:23:45.584400  1333 raft_consensus.cc:2749] T 8f2cf95e95e742d59286a48fd9abbaf6 P 226d3844f73b4ac38ab239dfd13500e7 [term 0 FOLLOWER]: Leader pre-election lost for term 1. Reason: could not achieve majority
I20260709 12:23:45.586230  1283 tablet_bootstrap.cc:654] T 8ddcf3aca8f548239a30eeacaaf44020 P 4397eada358646dda7daf664135bad94: Neither blocks nor log segments found. Creating new log.
I20260709 12:23:45.586741  1166 tablet_service.cc:1917] Received RequestConsensusVote() RPC: tablet_id: "726b3d69bf1b4206923e6812d1c75b85" candidate_uuid: "e8183f8c8af540b4bc5ae01f7c737335" candidate_term: 1 candidate_status { last_received { term: 0 index: 0 } } ignore_live_leader: false dest_uuid: "4397eada358646dda7daf664135bad94"
W20260709 12:23:45.585904  1132 leader_election.cc:343] T 06d7280e147746d7a9509391766eaae9 P 4397eada358646dda7daf664135bad94 [CANDIDATE]: Term 1 election: Tablet error from VoteRequest() call to peer e8183f8c8af540b4bc5ae01f7c737335 (127.31.157.65:40283): Illegal state: must be running to vote when last-logged opid is not known
I20260709 12:23:45.587330  1166 raft_consensus.cc:3060] T 726b3d69bf1b4206923e6812d1c75b85 P 4397eada358646dda7daf664135bad94 [term 0 FOLLOWER]: Advancing to term 1
I20260709 12:23:45.588461   988 catalog_manager.cc:5697] T 81ff14e2447b417a920d99bfecad9e11 P 4397eada358646dda7daf664135bad94 reported cstate change: term changed from 0 to 1, leader changed from <none> to 4397eada358646dda7daf664135bad94 (127.31.157.66). New cstate: current_term: 1 leader_uuid: "4397eada358646dda7daf664135bad94" committed_config { opid_index: -1 OBSOLETE_local: false peers { permanent_uuid: "e8183f8c8af540b4bc5ae01f7c737335" member_type: VOTER last_known_addr { host: "127.31.157.65" port: 40283 } health_report { overall_health: UNKNOWN } } peers { permanent_uuid: "4397eada358646dda7daf664135bad94" member_type: VOTER last_known_addr { host: "127.31.157.66" port: 33345 } health_report { overall_health: HEALTHY } } peers { permanent_uuid: "226d3844f73b4ac38ab239dfd13500e7" member_type: VOTER last_known_addr { host: "127.31.157.67" port: 34307 } health_report { overall_health: UNKNOWN } } }
I20260709 12:23:45.594578  1238 tablet_service.cc:1917] Received RequestConsensusVote() RPC: tablet_id: "726b3d69bf1b4206923e6812d1c75b85" candidate_uuid: "e8183f8c8af540b4bc5ae01f7c737335" candidate_term: 1 candidate_status { last_received { term: 0 index: 0 } } ignore_live_leader: false dest_uuid: "226d3844f73b4ac38ab239dfd13500e7"
I20260709 12:23:45.595239  1238 raft_consensus.cc:3060] T 726b3d69bf1b4206923e6812d1c75b85 P 226d3844f73b4ac38ab239dfd13500e7 [term 0 FOLLOWER]: Advancing to term 1
I20260709 12:23:45.600109  1443 leader_election.cc:290] T 726b3d69bf1b4206923e6812d1c75b85 P e8183f8c8af540b4bc5ae01f7c737335 [CANDIDATE]: Term 1 election: Requested vote from peers 4397eada358646dda7daf664135bad94 (127.31.157.66:33345), 226d3844f73b4ac38ab239dfd13500e7 (127.31.157.67:34307)
I20260709 12:23:45.612633  1238 raft_consensus.cc:2468] T 726b3d69bf1b4206923e6812d1c75b85 P 226d3844f73b4ac38ab239dfd13500e7 [term 1 FOLLOWER]: Leader election vote request: Granting yes vote for candidate e8183f8c8af540b4bc5ae01f7c737335 in term 1.
I20260709 12:23:45.614192  1055 leader_election.cc:304] T 726b3d69bf1b4206923e6812d1c75b85 P e8183f8c8af540b4bc5ae01f7c737335 [CANDIDATE]: Term 1 election: Election decided. Result: candidate won. Election summary: received 2 responses out of 3 voters: 2 yes votes; 0 no votes. yes voters: 226d3844f73b4ac38ab239dfd13500e7, e8183f8c8af540b4bc5ae01f7c737335; no voters: 
I20260709 12:23:45.617057  1545 raft_consensus.cc:2804] T 726b3d69bf1b4206923e6812d1c75b85 P e8183f8c8af540b4bc5ae01f7c737335 [term 1 FOLLOWER]: Leader election won for term 1
I20260709 12:23:45.617631  1545 raft_consensus.cc:697] T 726b3d69bf1b4206923e6812d1c75b85 P e8183f8c8af540b4bc5ae01f7c737335 [term 1 LEADER]: Becoming Leader. State: Replica: e8183f8c8af540b4bc5ae01f7c737335, State: Running, Role: LEADER
I20260709 12:23:45.619267  1545 consensus_queue.cc:237] T 726b3d69bf1b4206923e6812d1c75b85 P e8183f8c8af540b4bc5ae01f7c737335 [LEADER]: Queue going to LEADER mode. State: All replicated index: 0, Majority replicated index: 0, Committed index: 0, Last appended: 0.0, Last appended by leader: 0, Current term: 1, Majority size: 2, State: 0, Mode: LEADER, active raft config: opid_index: -1 OBSOLETE_local: false peers { permanent_uuid: "e8183f8c8af540b4bc5ae01f7c737335" member_type: VOTER last_known_addr { host: "127.31.157.65" port: 40283 } } peers { permanent_uuid: "4397eada358646dda7daf664135bad94" member_type: VOTER last_known_addr { host: "127.31.157.66" port: 33345 } } peers { permanent_uuid: "226d3844f73b4ac38ab239dfd13500e7" member_type: VOTER last_known_addr { host: "127.31.157.67" port: 34307 } }
I20260709 12:23:45.635097  1281 tablet_bootstrap.cc:654] T 8ddcf3aca8f548239a30eeacaaf44020 P e8183f8c8af540b4bc5ae01f7c737335: Neither blocks nor log segments found. Creating new log.
I20260709 12:23:45.643710   990 catalog_manager.cc:5697] T 6d7ec570ca6941c7a200638d0dce6116 P 226d3844f73b4ac38ab239dfd13500e7 reported cstate change: term changed from 0 to 1, leader changed from <none> to 226d3844f73b4ac38ab239dfd13500e7 (127.31.157.67). New cstate: current_term: 1 leader_uuid: "226d3844f73b4ac38ab239dfd13500e7" committed_config { opid_index: -1 OBSOLETE_local: false peers { permanent_uuid: "e8183f8c8af540b4bc5ae01f7c737335" member_type: VOTER last_known_addr { host: "127.31.157.65" port: 40283 } health_report { overall_health: UNKNOWN } } peers { permanent_uuid: "4397eada358646dda7daf664135bad94" member_type: VOTER last_known_addr { host: "127.31.157.66" port: 33345 } health_report { overall_health: UNKNOWN } } peers { permanent_uuid: "226d3844f73b4ac38ab239dfd13500e7" member_type: VOTER last_known_addr { host: "127.31.157.67" port: 34307 } health_report { overall_health: HEALTHY } } }
I20260709 12:23:45.647132  1166 raft_consensus.cc:2468] T 726b3d69bf1b4206923e6812d1c75b85 P 4397eada358646dda7daf664135bad94 [term 1 FOLLOWER]: Leader election vote request: Granting yes vote for candidate e8183f8c8af540b4bc5ae01f7c737335 in term 1.
I20260709 12:23:45.658638  1282 tablet_bootstrap.cc:492] T 72c264690acc4c20ae598925318696f5 P 226d3844f73b4ac38ab239dfd13500e7: No bootstrap required, opened a new log
I20260709 12:23:45.659237  1282 ts_tablet_manager.cc:1403] T 72c264690acc4c20ae598925318696f5 P 226d3844f73b4ac38ab239dfd13500e7: Time spent bootstrapping tablet: real 0.246s	user 0.027s	sys 0.005s
I20260709 12:23:45.662221  1282 raft_consensus.cc:359] T 72c264690acc4c20ae598925318696f5 P 226d3844f73b4ac38ab239dfd13500e7 [term 0 FOLLOWER]: Replica starting. Triggering 0 pending ops. Active config: opid_index: -1 OBSOLETE_local: false peers { permanent_uuid: "e8183f8c8af540b4bc5ae01f7c737335" member_type: VOTER last_known_addr { host: "127.31.157.65" port: 40283 } } peers { permanent_uuid: "4397eada358646dda7daf664135bad94" member_type: VOTER last_known_addr { host: "127.31.157.66" port: 33345 } } peers { permanent_uuid: "226d3844f73b4ac38ab239dfd13500e7" member_type: VOTER last_known_addr { host: "127.31.157.67" port: 34307 } }
I20260709 12:23:45.662986  1282 raft_consensus.cc:385] T 72c264690acc4c20ae598925318696f5 P 226d3844f73b4ac38ab239dfd13500e7 [term 0 FOLLOWER]: Consensus starting up: Expiring failure detector timer to make a prompt election more likely
I20260709 12:23:45.663249  1282 raft_consensus.cc:740] T 72c264690acc4c20ae598925318696f5 P 226d3844f73b4ac38ab239dfd13500e7 [term 0 FOLLOWER]: Becoming Follower/Learner. State: Replica: 226d3844f73b4ac38ab239dfd13500e7, State: Initialized, Role: FOLLOWER
I20260709 12:23:45.663365  1544 consensus_queue.cc:1048] T 8db100d762ae4bdd9b07e51a4c88e56e P e8183f8c8af540b4bc5ae01f7c737335 [LEADER]: Connected to new peer: Peer: permanent_uuid: "4397eada358646dda7daf664135bad94" member_type: VOTER last_known_addr { host: "127.31.157.66" port: 33345 }, Status: LMP_MISMATCH, Last received: 0.0, Next index: 1, Last known committed idx: 0, Time since last communication: 0.001s
I20260709 12:23:45.664016  1282 consensus_queue.cc:260] T 72c264690acc4c20ae598925318696f5 P 226d3844f73b4ac38ab239dfd13500e7 [NON_LEADER]: Queue going to NON_LEADER mode. State: All replicated index: 0, Majority replicated index: 0, Committed index: 0, Last appended: 0.0, Last appended by leader: 0, Current term: 0, Majority size: -1, State: 0, Mode: NON_LEADER, active raft config: opid_index: -1 OBSOLETE_local: false peers { permanent_uuid: "e8183f8c8af540b4bc5ae01f7c737335" member_type: VOTER last_known_addr { host: "127.31.157.65" port: 40283 } } peers { permanent_uuid: "4397eada358646dda7daf664135bad94" member_type: VOTER last_known_addr { host: "127.31.157.66" port: 33345 } } peers { permanent_uuid: "226d3844f73b4ac38ab239dfd13500e7" member_type: VOTER last_known_addr { host: "127.31.157.67" port: 34307 } }
I20260709 12:23:45.666312  1282 ts_tablet_manager.cc:1434] T 72c264690acc4c20ae598925318696f5 P 226d3844f73b4ac38ab239dfd13500e7: Time spent starting tablet: real 0.007s	user 0.008s	sys 0.000s
I20260709 12:23:45.619722  1130 leader_election.cc:304] T 726b3d69bf1b4206923e6812d1c75b85 P 4397eada358646dda7daf664135bad94 [CANDIDATE]: Term 1 pre-election: Election decided. Result: candidate won. Election summary: received 3 responses out of 3 voters: 2 yes votes; 1 no votes. yes voters: 226d3844f73b4ac38ab239dfd13500e7, 4397eada358646dda7daf664135bad94; no voters: e8183f8c8af540b4bc5ae01f7c737335
I20260709 12:23:45.629058  1505 leader_election.cc:290] T 06d7280e147746d7a9509391766eaae9 P 4397eada358646dda7daf664135bad94 [CANDIDATE]: Term 1 election: Requested vote from peers e8183f8c8af540b4bc5ae01f7c737335 (127.31.157.65:40283), 226d3844f73b4ac38ab239dfd13500e7 (127.31.157.67:34307)
I20260709 12:23:45.670897  1549 consensus_queue.cc:1048] T 17fd9a19db4e4e7b93715de5b2011c13 P 226d3844f73b4ac38ab239dfd13500e7 [LEADER]: Connected to new peer: Peer: permanent_uuid: "4397eada358646dda7daf664135bad94" member_type: VOTER last_known_addr { host: "127.31.157.66" port: 33345 }, Status: LMP_MISMATCH, Last received: 0.0, Next index: 1, Last known committed idx: 0, Time since last communication: 0.001s
I20260709 12:23:45.684027  1342 raft_consensus.cc:2764] T 726b3d69bf1b4206923e6812d1c75b85 P 4397eada358646dda7daf664135bad94 [term 1 FOLLOWER]: Leader pre-election decision vote started in defunct term 0: won
I20260709 12:23:45.708546   987 catalog_manager.cc:5697] T 726b3d69bf1b4206923e6812d1c75b85 P e8183f8c8af540b4bc5ae01f7c737335 reported cstate change: term changed from 0 to 1, leader changed from <none> to e8183f8c8af540b4bc5ae01f7c737335 (127.31.157.65). New cstate: current_term: 1 leader_uuid: "e8183f8c8af540b4bc5ae01f7c737335" committed_config { opid_index: -1 OBSOLETE_local: false peers { permanent_uuid: "e8183f8c8af540b4bc5ae01f7c737335" member_type: VOTER last_known_addr { host: "127.31.157.65" port: 40283 } health_report { overall_health: HEALTHY } } peers { permanent_uuid: "4397eada358646dda7daf664135bad94" member_type: VOTER last_known_addr { host: "127.31.157.66" port: 33345 } health_report { overall_health: UNKNOWN } } peers { permanent_uuid: "226d3844f73b4ac38ab239dfd13500e7" member_type: VOTER last_known_addr { host: "127.31.157.67" port: 34307 } health_report { overall_health: UNKNOWN } } }
I20260709 12:23:45.724042  1374 raft_consensus.cc:493] T 6829f3db1ffa450bad6cf64a90549d01 P e8183f8c8af540b4bc5ae01f7c737335 [term 0 FOLLOWER]: Starting pre-election (no leader contacted us within the election timeout)
I20260709 12:23:45.724611  1374 raft_consensus.cc:515] T 6829f3db1ffa450bad6cf64a90549d01 P e8183f8c8af540b4bc5ae01f7c737335 [term 0 FOLLOWER]: Starting pre-election with config: opid_index: -1 OBSOLETE_local: false peers { permanent_uuid: "e8183f8c8af540b4bc5ae01f7c737335" member_type: VOTER last_known_addr { host: "127.31.157.65" port: 40283 } } peers { permanent_uuid: "4397eada358646dda7daf664135bad94" member_type: VOTER last_known_addr { host: "127.31.157.66" port: 33345 } } peers { permanent_uuid: "226d3844f73b4ac38ab239dfd13500e7" member_type: VOTER last_known_addr { host: "127.31.157.67" port: 34307 } }
I20260709 12:23:45.728899  1241 tablet_service.cc:1917] Received RequestConsensusVote() RPC: tablet_id: "6829f3db1ffa450bad6cf64a90549d01" candidate_uuid: "e8183f8c8af540b4bc5ae01f7c737335" candidate_term: 1 candidate_status { last_received { term: 0 index: 0 } } ignore_live_leader: false dest_uuid: "226d3844f73b4ac38ab239dfd13500e7" is_pre_election: true
I20260709 12:23:45.731833  1374 leader_election.cc:290] T 6829f3db1ffa450bad6cf64a90549d01 P e8183f8c8af540b4bc5ae01f7c737335 [CANDIDATE]: Term 1 pre-election: Requested pre-vote from peers 4397eada358646dda7daf664135bad94 (127.31.157.66:33345), 226d3844f73b4ac38ab239dfd13500e7 (127.31.157.67:34307)
W20260709 12:23:45.754439  1130 outbound_call.cc:321] RPC callback for RPC call kudu.consensus.ConsensusService.RequestConsensusVote -> {remote=127.31.157.67:34307, user_credentials={real_user=slave}} blocked reactor thread for 134796us
I20260709 12:23:45.755151  1374 consensus_queue.cc:1048] T 8db100d762ae4bdd9b07e51a4c88e56e P e8183f8c8af540b4bc5ae01f7c737335 [LEADER]: Connected to new peer: Peer: permanent_uuid: "226d3844f73b4ac38ab239dfd13500e7" member_type: VOTER last_known_addr { host: "127.31.157.67" port: 34307 }, Status: LMP_MISMATCH, Last received: 0.0, Next index: 1, Last known committed idx: 0, Time since last communication: 0.000s
I20260709 12:23:45.755385  1507 consensus_queue.cc:1048] T 697609a5e9a245c48132486ba0019ea9 P 4397eada358646dda7daf664135bad94 [LEADER]: Connected to new peer: Peer: permanent_uuid: "226d3844f73b4ac38ab239dfd13500e7" member_type: VOTER last_known_addr { host: "127.31.157.67" port: 34307 }, Status: LMP_MISMATCH, Last received: 0.0, Next index: 1, Last known committed idx: 0, Time since last communication: 0.000s
W20260709 12:23:45.757630  1132 outbound_call.cc:321] RPC callback for RPC call kudu.master.MasterService.TSHeartbeat -> {remote=127.31.157.126:33293, user_credentials={real_user=slave}} blocked reactor thread for 49192.8us
I20260709 12:23:45.758496  1241 tablet_service.cc:1917] Received RequestConsensusVote() RPC: tablet_id: "06d7280e147746d7a9509391766eaae9" candidate_uuid: "4397eada358646dda7daf664135bad94" candidate_term: 1 candidate_status { last_received { term: 0 index: 0 } } ignore_live_leader: false dest_uuid: "226d3844f73b4ac38ab239dfd13500e7"
I20260709 12:23:45.760107  1282 tablet_bootstrap.cc:492] T 508d361dcbbc45bc863364f7e5f8ab0f P 226d3844f73b4ac38ab239dfd13500e7: Bootstrap starting.
I20260709 12:23:45.762761  1283 tablet_bootstrap.cc:492] T 8ddcf3aca8f548239a30eeacaaf44020 P 4397eada358646dda7daf664135bad94: No bootstrap required, opened a new log
I20260709 12:23:45.763176  1283 ts_tablet_manager.cc:1403] T 8ddcf3aca8f548239a30eeacaaf44020 P 4397eada358646dda7daf664135bad94: Time spent bootstrapping tablet: real 0.278s	user 0.018s	sys 0.013s
I20260709 12:23:45.766498  1282 tablet_bootstrap.cc:654] T 508d361dcbbc45bc863364f7e5f8ab0f P 226d3844f73b4ac38ab239dfd13500e7: Neither blocks nor log segments found. Creating new log.
I20260709 12:23:45.769193  1241 raft_consensus.cc:3060] T 06d7280e147746d7a9509391766eaae9 P 226d3844f73b4ac38ab239dfd13500e7 [term 0 FOLLOWER]: Advancing to term 1
I20260709 12:23:45.777189  1161 tablet_service.cc:1917] Received RequestConsensusVote() RPC: tablet_id: "6829f3db1ffa450bad6cf64a90549d01" candidate_uuid: "e8183f8c8af540b4bc5ae01f7c737335" candidate_term: 1 candidate_status { last_received { term: 0 index: 0 } } ignore_live_leader: false dest_uuid: "4397eada358646dda7daf664135bad94" is_pre_election: true
I20260709 12:23:45.777571  1283 raft_consensus.cc:359] T 8ddcf3aca8f548239a30eeacaaf44020 P 4397eada358646dda7daf664135bad94 [term 0 FOLLOWER]: Replica starting. Triggering 0 pending ops. Active config: opid_index: -1 OBSOLETE_local: false peers { permanent_uuid: "e8183f8c8af540b4bc5ae01f7c737335" member_type: VOTER last_known_addr { host: "127.31.157.65" port: 40283 } } peers { permanent_uuid: "4397eada358646dda7daf664135bad94" member_type: VOTER last_known_addr { host: "127.31.157.66" port: 33345 } } peers { permanent_uuid: "226d3844f73b4ac38ab239dfd13500e7" member_type: VOTER last_known_addr { host: "127.31.157.67" port: 34307 } }
I20260709 12:23:45.778251  1283 raft_consensus.cc:385] T 8ddcf3aca8f548239a30eeacaaf44020 P 4397eada358646dda7daf664135bad94 [term 0 FOLLOWER]: Consensus starting up: Expiring failure detector timer to make a prompt election more likely
I20260709 12:23:45.778519  1283 raft_consensus.cc:740] T 8ddcf3aca8f548239a30eeacaaf44020 P 4397eada358646dda7daf664135bad94 [term 0 FOLLOWER]: Becoming Follower/Learner. State: Replica: 4397eada358646dda7daf664135bad94, State: Initialized, Role: FOLLOWER
I20260709 12:23:45.779109  1283 consensus_queue.cc:260] T 8ddcf3aca8f548239a30eeacaaf44020 P 4397eada358646dda7daf664135bad94 [NON_LEADER]: Queue going to NON_LEADER mode. State: All replicated index: 0, Majority replicated index: 0, Committed index: 0, Last appended: 0.0, Last appended by leader: 0, Current term: 0, Majority size: -1, State: 0, Mode: NON_LEADER, active raft config: opid_index: -1 OBSOLETE_local: false peers { permanent_uuid: "e8183f8c8af540b4bc5ae01f7c737335" member_type: VOTER last_known_addr { host: "127.31.157.65" port: 40283 } } peers { permanent_uuid: "4397eada358646dda7daf664135bad94" member_type: VOTER last_known_addr { host: "127.31.157.66" port: 33345 } } peers { permanent_uuid: "226d3844f73b4ac38ab239dfd13500e7" member_type: VOTER last_known_addr { host: "127.31.157.67" port: 34307 } }
I20260709 12:23:45.781193  1283 ts_tablet_manager.cc:1434] T 8ddcf3aca8f548239a30eeacaaf44020 P 4397eada358646dda7daf664135bad94: Time spent starting tablet: real 0.018s	user 0.003s	sys 0.003s
W20260709 12:23:45.783928  1206 consensus_peers.cc:597] T 17fd9a19db4e4e7b93715de5b2011c13 P 226d3844f73b4ac38ab239dfd13500e7 -> Peer e8183f8c8af540b4bc5ae01f7c737335 (127.31.157.65:40283): Couldn't send request to peer e8183f8c8af540b4bc5ae01f7c737335. Error code: TABLET_NOT_RUNNING (12). Status: Illegal state: Tablet not RUNNING: INITIALIZED. This is attempt 1: this message will repeat every 5th retry.
I20260709 12:23:45.785885  1283 tablet_bootstrap.cc:492] T 9b4a4e7d9a14468bab32d7ed638748c6 P 4397eada358646dda7daf664135bad94: Bootstrap starting.
I20260709 12:23:45.789245  1057 leader_election.cc:304] T 6829f3db1ffa450bad6cf64a90549d01 P e8183f8c8af540b4bc5ae01f7c737335 [CANDIDATE]: Term 1 pre-election: Election decided. Result: candidate lost. Election summary: received 3 responses out of 3 voters: 1 yes votes; 2 no votes. yes voters: e8183f8c8af540b4bc5ae01f7c737335; no voters: 226d3844f73b4ac38ab239dfd13500e7, 4397eada358646dda7daf664135bad94
I20260709 12:23:45.791038  1544 raft_consensus.cc:2749] T 6829f3db1ffa450bad6cf64a90549d01 P e8183f8c8af540b4bc5ae01f7c737335 [term 0 FOLLOWER]: Leader pre-election lost for term 1. Reason: could not achieve majority
I20260709 12:23:45.796777  1506 consensus_queue.cc:1048] T 697609a5e9a245c48132486ba0019ea9 P 4397eada358646dda7daf664135bad94 [LEADER]: Connected to new peer: Peer: permanent_uuid: "e8183f8c8af540b4bc5ae01f7c737335" member_type: VOTER last_known_addr { host: "127.31.157.65" port: 40283 }, Status: LMP_MISMATCH, Last received: 0.0, Next index: 1, Last known committed idx: 0, Time since last communication: 0.000s
I20260709 12:23:45.820669  1281 tablet_bootstrap.cc:492] T 8ddcf3aca8f548239a30eeacaaf44020 P e8183f8c8af540b4bc5ae01f7c737335: No bootstrap required, opened a new log
I20260709 12:23:45.821175  1281 ts_tablet_manager.cc:1403] T 8ddcf3aca8f548239a30eeacaaf44020 P e8183f8c8af540b4bc5ae01f7c737335: Time spent bootstrapping tablet: real 0.256s	user 0.022s	sys 0.006s
I20260709 12:23:45.827239  1281 raft_consensus.cc:359] T 8ddcf3aca8f548239a30eeacaaf44020 P e8183f8c8af540b4bc5ae01f7c737335 [term 0 FOLLOWER]: Replica starting. Triggering 0 pending ops. Active config: opid_index: -1 OBSOLETE_local: false peers { permanent_uuid: "e8183f8c8af540b4bc5ae01f7c737335" member_type: VOTER last_known_addr { host: "127.31.157.65" port: 40283 } } peers { permanent_uuid: "4397eada358646dda7daf664135bad94" member_type: VOTER last_known_addr { host: "127.31.157.66" port: 33345 } } peers { permanent_uuid: "226d3844f73b4ac38ab239dfd13500e7" member_type: VOTER last_known_addr { host: "127.31.157.67" port: 34307 } }
I20260709 12:23:45.828488  1281 raft_consensus.cc:385] T 8ddcf3aca8f548239a30eeacaaf44020 P e8183f8c8af540b4bc5ae01f7c737335 [term 0 FOLLOWER]: Consensus starting up: Expiring failure detector timer to make a prompt election more likely
I20260709 12:23:45.828750  1281 raft_consensus.cc:740] T 8ddcf3aca8f548239a30eeacaaf44020 P e8183f8c8af540b4bc5ae01f7c737335 [term 0 FOLLOWER]: Becoming Follower/Learner. State: Replica: e8183f8c8af540b4bc5ae01f7c737335, State: Initialized, Role: FOLLOWER
I20260709 12:23:45.829456  1282 tablet_bootstrap.cc:492] T 508d361dcbbc45bc863364f7e5f8ab0f P 226d3844f73b4ac38ab239dfd13500e7: No bootstrap required, opened a new log
I20260709 12:23:45.829970  1282 ts_tablet_manager.cc:1403] T 508d361dcbbc45bc863364f7e5f8ab0f P 226d3844f73b4ac38ab239dfd13500e7: Time spent bootstrapping tablet: real 0.070s	user 0.015s	sys 0.020s
I20260709 12:23:45.830116  1281 consensus_queue.cc:260] T 8ddcf3aca8f548239a30eeacaaf44020 P e8183f8c8af540b4bc5ae01f7c737335 [NON_LEADER]: Queue going to NON_LEADER mode. State: All replicated index: 0, Majority replicated index: 0, Committed index: 0, Last appended: 0.0, Last appended by leader: 0, Current term: 0, Majority size: -1, State: 0, Mode: NON_LEADER, active raft config: opid_index: -1 OBSOLETE_local: false peers { permanent_uuid: "e8183f8c8af540b4bc5ae01f7c737335" member_type: VOTER last_known_addr { host: "127.31.157.65" port: 40283 } } peers { permanent_uuid: "4397eada358646dda7daf664135bad94" member_type: VOTER last_known_addr { host: "127.31.157.66" port: 33345 } } peers { permanent_uuid: "226d3844f73b4ac38ab239dfd13500e7" member_type: VOTER last_known_addr { host: "127.31.157.67" port: 34307 } }
I20260709 12:23:45.821527  1241 raft_consensus.cc:2468] T 06d7280e147746d7a9509391766eaae9 P 226d3844f73b4ac38ab239dfd13500e7 [term 1 FOLLOWER]: Leader election vote request: Granting yes vote for candidate 4397eada358646dda7daf664135bad94 in term 1.
I20260709 12:23:45.838291  1282 raft_consensus.cc:359] T 508d361dcbbc45bc863364f7e5f8ab0f P 226d3844f73b4ac38ab239dfd13500e7 [term 0 FOLLOWER]: Replica starting. Triggering 0 pending ops. Active config: opid_index: -1 OBSOLETE_local: false peers { permanent_uuid: "e8183f8c8af540b4bc5ae01f7c737335" member_type: VOTER last_known_addr { host: "127.31.157.65" port: 40283 } } peers { permanent_uuid: "4397eada358646dda7daf664135bad94" member_type: VOTER last_known_addr { host: "127.31.157.66" port: 33345 } } peers { permanent_uuid: "226d3844f73b4ac38ab239dfd13500e7" member_type: VOTER last_known_addr { host: "127.31.157.67" port: 34307 } }
I20260709 12:23:45.839460  1282 raft_consensus.cc:385] T 508d361dcbbc45bc863364f7e5f8ab0f P 226d3844f73b4ac38ab239dfd13500e7 [term 0 FOLLOWER]: Consensus starting up: Expiring failure detector timer to make a prompt election more likely
I20260709 12:23:45.839797  1282 raft_consensus.cc:740] T 508d361dcbbc45bc863364f7e5f8ab0f P 226d3844f73b4ac38ab239dfd13500e7 [term 0 FOLLOWER]: Becoming Follower/Learner. State: Replica: 226d3844f73b4ac38ab239dfd13500e7, State: Initialized, Role: FOLLOWER
I20260709 12:23:45.840512  1282 consensus_queue.cc:260] T 508d361dcbbc45bc863364f7e5f8ab0f P 226d3844f73b4ac38ab239dfd13500e7 [NON_LEADER]: Queue going to NON_LEADER mode. State: All replicated index: 0, Majority replicated index: 0, Committed index: 0, Last appended: 0.0, Last appended by leader: 0, Current term: 0, Majority size: -1, State: 0, Mode: NON_LEADER, active raft config: opid_index: -1 OBSOLETE_local: false peers { permanent_uuid: "e8183f8c8af540b4bc5ae01f7c737335" member_type: VOTER last_known_addr { host: "127.31.157.65" port: 40283 } } peers { permanent_uuid: "4397eada358646dda7daf664135bad94" member_type: VOTER last_known_addr { host: "127.31.157.66" port: 33345 } } peers { permanent_uuid: "226d3844f73b4ac38ab239dfd13500e7" member_type: VOTER last_known_addr { host: "127.31.157.67" port: 34307 } }
I20260709 12:23:45.842469  1282 ts_tablet_manager.cc:1434] T 508d361dcbbc45bc863364f7e5f8ab0f P 226d3844f73b4ac38ab239dfd13500e7: Time spent starting tablet: real 0.012s	user 0.006s	sys 0.000s
I20260709 12:23:45.845170  1282 tablet_bootstrap.cc:492] T b17d917575c1484bb6f275a4a49532ac P 226d3844f73b4ac38ab239dfd13500e7: Bootstrap starting.
I20260709 12:23:45.857829  1503 raft_consensus.cc:493] T 8ddcf3aca8f548239a30eeacaaf44020 P 4397eada358646dda7daf664135bad94 [term 0 FOLLOWER]: Starting pre-election (no leader contacted us within the election timeout)
I20260709 12:23:45.857450  1374 raft_consensus.cc:493] T 8ddcf3aca8f548239a30eeacaaf44020 P e8183f8c8af540b4bc5ae01f7c737335 [term 0 FOLLOWER]: Starting pre-election (no leader contacted us within the election timeout)
I20260709 12:23:45.859062  1503 raft_consensus.cc:515] T 8ddcf3aca8f548239a30eeacaaf44020 P 4397eada358646dda7daf664135bad94 [term 0 FOLLOWER]: Starting pre-election with config: opid_index: -1 OBSOLETE_local: false peers { permanent_uuid: "e8183f8c8af540b4bc5ae01f7c737335" member_type: VOTER last_known_addr { host: "127.31.157.65" port: 40283 } } peers { permanent_uuid: "4397eada358646dda7daf664135bad94" member_type: VOTER last_known_addr { host: "127.31.157.66" port: 33345 } } peers { permanent_uuid: "226d3844f73b4ac38ab239dfd13500e7" member_type: VOTER last_known_addr { host: "127.31.157.67" port: 34307 } }
I20260709 12:23:45.859501  1374 raft_consensus.cc:515] T 8ddcf3aca8f548239a30eeacaaf44020 P e8183f8c8af540b4bc5ae01f7c737335 [term 0 FOLLOWER]: Starting pre-election with config: opid_index: -1 OBSOLETE_local: false peers { permanent_uuid: "e8183f8c8af540b4bc5ae01f7c737335" member_type: VOTER last_known_addr { host: "127.31.157.65" port: 40283 } } peers { permanent_uuid: "4397eada358646dda7daf664135bad94" member_type: VOTER last_known_addr { host: "127.31.157.66" port: 33345 } } peers { permanent_uuid: "226d3844f73b4ac38ab239dfd13500e7" member_type: VOTER last_known_addr { host: "127.31.157.67" port: 34307 } }
I20260709 12:23:45.863827  1165 tablet_service.cc:1917] Received RequestConsensusVote() RPC: tablet_id: "8ddcf3aca8f548239a30eeacaaf44020" candidate_uuid: "e8183f8c8af540b4bc5ae01f7c737335" candidate_term: 1 candidate_status { last_received { term: 0 index: 0 } } ignore_live_leader: false dest_uuid: "4397eada358646dda7daf664135bad94" is_pre_election: true
I20260709 12:23:45.864553  1165 raft_consensus.cc:2468] T 8ddcf3aca8f548239a30eeacaaf44020 P 4397eada358646dda7daf664135bad94 [term 0 FOLLOWER]: Leader pre-election vote request: Granting yes vote for candidate e8183f8c8af540b4bc5ae01f7c737335 in term 0.
I20260709 12:23:45.866200  1333 raft_consensus.cc:493] T 508d361dcbbc45bc863364f7e5f8ab0f P 226d3844f73b4ac38ab239dfd13500e7 [term 0 FOLLOWER]: Starting pre-election (no leader contacted us within the election timeout)
I20260709 12:23:45.866735  1281 ts_tablet_manager.cc:1434] T 8ddcf3aca8f548239a30eeacaaf44020 P e8183f8c8af540b4bc5ae01f7c737335: Time spent starting tablet: real 0.045s	user 0.008s	sys 0.000s
I20260709 12:23:45.867353  1057 leader_election.cc:304] T 8ddcf3aca8f548239a30eeacaaf44020 P e8183f8c8af540b4bc5ae01f7c737335 [CANDIDATE]: Term 1 pre-election: Election decided. Result: candidate won. Election summary: received 2 responses out of 3 voters: 2 yes votes; 0 no votes. yes voters: 4397eada358646dda7daf664135bad94, e8183f8c8af540b4bc5ae01f7c737335; no voters: 
I20260709 12:23:45.867830  1281 tablet_bootstrap.cc:492] T 502bd37f4e8d4d978b8118e16a78bd58 P e8183f8c8af540b4bc5ae01f7c737335: Bootstrap starting.
I20260709 12:23:45.868975  1545 raft_consensus.cc:2804] T 8ddcf3aca8f548239a30eeacaaf44020 P e8183f8c8af540b4bc5ae01f7c737335 [term 0 FOLLOWER]: Leader pre-election won for term 1
I20260709 12:23:45.869135  1241 tablet_service.cc:1917] Received RequestConsensusVote() RPC: tablet_id: "8ddcf3aca8f548239a30eeacaaf44020" candidate_uuid: "e8183f8c8af540b4bc5ae01f7c737335" candidate_term: 1 candidate_status { last_received { term: 0 index: 0 } } ignore_live_leader: false dest_uuid: "226d3844f73b4ac38ab239dfd13500e7" is_pre_election: true
I20260709 12:23:45.869570  1092 tablet_service.cc:1917] Received RequestConsensusVote() RPC: tablet_id: "8ddcf3aca8f548239a30eeacaaf44020" candidate_uuid: "4397eada358646dda7daf664135bad94" candidate_term: 1 candidate_status { last_received { term: 0 index: 0 } } ignore_live_leader: false dest_uuid: "e8183f8c8af540b4bc5ae01f7c737335" is_pre_election: true
I20260709 12:23:45.869783  1241 raft_consensus.cc:2468] T 8ddcf3aca8f548239a30eeacaaf44020 P 226d3844f73b4ac38ab239dfd13500e7 [term 0 FOLLOWER]: Leader pre-election vote request: Granting yes vote for candidate e8183f8c8af540b4bc5ae01f7c737335 in term 0.
I20260709 12:23:45.870767  1503 leader_election.cc:290] T 8ddcf3aca8f548239a30eeacaaf44020 P 4397eada358646dda7daf664135bad94 [CANDIDATE]: Term 1 pre-election: Requested pre-vote from peers e8183f8c8af540b4bc5ae01f7c737335 (127.31.157.65:40283), 226d3844f73b4ac38ab239dfd13500e7 (127.31.157.67:34307)
I20260709 12:23:45.873275  1545 raft_consensus.cc:493] T 8ddcf3aca8f548239a30eeacaaf44020 P e8183f8c8af540b4bc5ae01f7c737335 [term 0 FOLLOWER]: Starting leader election (no leader contacted us within the election timeout)
I20260709 12:23:45.873672  1545 raft_consensus.cc:3060] T 8ddcf3aca8f548239a30eeacaaf44020 P e8183f8c8af540b4bc5ae01f7c737335 [term 0 FOLLOWER]: Advancing to term 1
