I20260709 12:23:43.248837  6160 consensus_queue.cc:260] T 465414d7b00f409684b7f69cfbcfad77 P 0557a7246c8945b99e5215c99d4ddf9c [NON_LEADER]: Queue going to NON_LEADER mode. State: All replicated index: 0, Majority replicated index: 0, Committed index: 0, Last appended: 0.0, Last appended by leader: 0, Current term: 0, Majority size: -1, State: 0, Mode: NON_LEADER, active raft config: opid_index: -1 OBSOLETE_local: false peers { permanent_uuid: "f1bb8e63c2b448cdafd51f05d277c741" member_type: VOTER last_known_addr { host: "127.4.181.65" port: 42981 } } peers { permanent_uuid: "0557a7246c8945b99e5215c99d4ddf9c" member_type: VOTER last_known_addr { host: "127.4.181.66" port: 45473 } } peers { permanent_uuid: "0069e2ba1f02412e8e1d6c20a1fb510f" member_type: VOTER last_known_addr { host: "127.4.181.67" port: 39787 } }
I20260709 12:23:43.249804  6242 consensus_queue.cc:1048] T 81efabae1bb448e3a8483e6231673c10 P f1bb8e63c2b448cdafd51f05d277c741 [LEADER]: Connected to new peer: Peer: permanent_uuid: "0557a7246c8945b99e5215c99d4ddf9c" member_type: VOTER last_known_addr { host: "127.4.181.66" port: 45473 }, Status: LMP_MISMATCH, Last received: 0.0, Next index: 1, Last known committed idx: 0, Time since last communication: 0.000s
I20260709 12:23:43.251027  6158 tablet_bootstrap.cc:492] T cbdceec3ce444e7b812ac717eafb85ee P f1bb8e63c2b448cdafd51f05d277c741: Bootstrap starting.
I20260709 12:23:43.253273  6160 ts_tablet_manager.cc:1434] T 465414d7b00f409684b7f69cfbcfad77 P 0557a7246c8945b99e5215c99d4ddf9c: Time spent starting tablet: real 0.010s	user 0.007s	sys 0.000s
I20260709 12:23:43.254248  6160 tablet_bootstrap.cc:492] T 7df97235d12b46dd8e54f8f1d6ed40bd P 0557a7246c8945b99e5215c99d4ddf9c: Bootstrap starting.
I20260709 12:23:43.251463  6159 tablet_bootstrap.cc:654] T 0468d70863214876bf59fb3ea9474307 P 0069e2ba1f02412e8e1d6c20a1fb510f: Neither blocks nor log segments found. Creating new log.
I20260709 12:23:43.260010  6160 tablet_bootstrap.cc:654] T 7df97235d12b46dd8e54f8f1d6ed40bd P 0557a7246c8945b99e5215c99d4ddf9c: Neither blocks nor log segments found. Creating new log.
I20260709 12:23:43.262022  6158 tablet_bootstrap.cc:654] T cbdceec3ce444e7b812ac717eafb85ee P f1bb8e63c2b448cdafd51f05d277c741: Neither blocks nor log segments found. Creating new log.
I20260709 12:23:43.267256  6322 consensus_queue.cc:1048] T 1c1322bdafce4b389254f08a59254d2e P f1bb8e63c2b448cdafd51f05d277c741 [LEADER]: Connected to new peer: Peer: permanent_uuid: "0069e2ba1f02412e8e1d6c20a1fb510f" member_type: VOTER last_known_addr { host: "127.4.181.67" port: 39787 }, Status: LMP_MISMATCH, Last received: 0.0, Next index: 1, Last known committed idx: 0, Time since last communication: 0.001s
I20260709 12:23:43.291697  6158 tablet_bootstrap.cc:492] T cbdceec3ce444e7b812ac717eafb85ee P f1bb8e63c2b448cdafd51f05d277c741: No bootstrap required, opened a new log
I20260709 12:23:43.297808  6158 ts_tablet_manager.cc:1403] T cbdceec3ce444e7b812ac717eafb85ee P f1bb8e63c2b448cdafd51f05d277c741: Time spent bootstrapping tablet: real 0.047s	user 0.011s	sys 0.000s
I20260709 12:23:43.296990  6159 tablet_bootstrap.cc:492] T 0468d70863214876bf59fb3ea9474307 P 0069e2ba1f02412e8e1d6c20a1fb510f: No bootstrap required, opened a new log
I20260709 12:23:43.299176  6159 ts_tablet_manager.cc:1403] T 0468d70863214876bf59fb3ea9474307 P 0069e2ba1f02412e8e1d6c20a1fb510f: Time spent bootstrapping tablet: real 0.060s	user 0.013s	sys 0.000s
I20260709 12:23:43.301091  5863 catalog_manager.cc:5697] T 5744a277c5a3409b95831573168daf3f P 0069e2ba1f02412e8e1d6c20a1fb510f reported cstate change: term changed from 0 to 1, leader changed from <none> to 0069e2ba1f02412e8e1d6c20a1fb510f (127.4.181.67). New cstate: current_term: 1 leader_uuid: "0069e2ba1f02412e8e1d6c20a1fb510f" committed_config { opid_index: -1 OBSOLETE_local: false peers { permanent_uuid: "f1bb8e63c2b448cdafd51f05d277c741" member_type: VOTER last_known_addr { host: "127.4.181.65" port: 42981 } health_report { overall_health: UNKNOWN } } peers { permanent_uuid: "0557a7246c8945b99e5215c99d4ddf9c" member_type: VOTER last_known_addr { host: "127.4.181.66" port: 45473 } health_report { overall_health: UNKNOWN } } peers { permanent_uuid: "0069e2ba1f02412e8e1d6c20a1fb510f" member_type: VOTER last_known_addr { host: "127.4.181.67" port: 39787 } health_report { overall_health: HEALTHY } } }
I20260709 12:23:43.301771  6159 raft_consensus.cc:359] T 0468d70863214876bf59fb3ea9474307 P 0069e2ba1f02412e8e1d6c20a1fb510f [term 0 FOLLOWER]: Replica starting. Triggering 0 pending ops. Active config: opid_index: -1 OBSOLETE_local: false peers { permanent_uuid: "f1bb8e63c2b448cdafd51f05d277c741" member_type: VOTER last_known_addr { host: "127.4.181.65" port: 42981 } } peers { permanent_uuid: "0557a7246c8945b99e5215c99d4ddf9c" member_type: VOTER last_known_addr { host: "127.4.181.66" port: 45473 } } peers { permanent_uuid: "0069e2ba1f02412e8e1d6c20a1fb510f" member_type: VOTER last_known_addr { host: "127.4.181.67" port: 39787 } }
I20260709 12:23:43.302402  6159 raft_consensus.cc:385] T 0468d70863214876bf59fb3ea9474307 P 0069e2ba1f02412e8e1d6c20a1fb510f [term 0 FOLLOWER]: Consensus starting up: Expiring failure detector timer to make a prompt election more likely
I20260709 12:23:43.306977  6159 raft_consensus.cc:740] T 0468d70863214876bf59fb3ea9474307 P 0069e2ba1f02412e8e1d6c20a1fb510f [term 0 FOLLOWER]: Becoming Follower/Learner. State: Replica: 0069e2ba1f02412e8e1d6c20a1fb510f, State: Initialized, Role: FOLLOWER
I20260709 12:23:43.307768  6159 consensus_queue.cc:260] T 0468d70863214876bf59fb3ea9474307 P 0069e2ba1f02412e8e1d6c20a1fb510f [NON_LEADER]: Queue going to NON_LEADER mode. State: All replicated index: 0, Majority replicated index: 0, Committed index: 0, Last appended: 0.0, Last appended by leader: 0, Current term: 0, Majority size: -1, State: 0, Mode: NON_LEADER, active raft config: opid_index: -1 OBSOLETE_local: false peers { permanent_uuid: "f1bb8e63c2b448cdafd51f05d277c741" member_type: VOTER last_known_addr { host: "127.4.181.65" port: 42981 } } peers { permanent_uuid: "0557a7246c8945b99e5215c99d4ddf9c" member_type: VOTER last_known_addr { host: "127.4.181.66" port: 45473 } } peers { permanent_uuid: "0069e2ba1f02412e8e1d6c20a1fb510f" member_type: VOTER last_known_addr { host: "127.4.181.67" port: 39787 } }
I20260709 12:23:43.309520  6159 ts_tablet_manager.cc:1434] T 0468d70863214876bf59fb3ea9474307 P 0069e2ba1f02412e8e1d6c20a1fb510f: Time spent starting tablet: real 0.010s	user 0.004s	sys 0.000s
I20260709 12:23:43.310235  6159 tablet_bootstrap.cc:492] T 382d3eda9eaa4b9c96393a12d9f2be5c P 0069e2ba1f02412e8e1d6c20a1fb510f: Bootstrap starting.
I20260709 12:23:43.312117  5864 catalog_manager.cc:5697] T 4a03c10b4bbc407ebfd96681074ae05b P 0557a7246c8945b99e5215c99d4ddf9c reported cstate change: term changed from 0 to 1, leader changed from <none> to 0557a7246c8945b99e5215c99d4ddf9c (127.4.181.66). New cstate: current_term: 1 leader_uuid: "0557a7246c8945b99e5215c99d4ddf9c" committed_config { opid_index: -1 OBSOLETE_local: false peers { permanent_uuid: "f1bb8e63c2b448cdafd51f05d277c741" member_type: VOTER last_known_addr { host: "127.4.181.65" port: 42981 } health_report { overall_health: UNKNOWN } } peers { permanent_uuid: "0557a7246c8945b99e5215c99d4ddf9c" member_type: VOTER last_known_addr { host: "127.4.181.66" port: 45473 } health_report { overall_health: HEALTHY } } peers { permanent_uuid: "0069e2ba1f02412e8e1d6c20a1fb510f" member_type: VOTER last_known_addr { host: "127.4.181.67" port: 39787 } health_report { overall_health: UNKNOWN } } }
I20260709 12:23:43.317188  6158 raft_consensus.cc:359] T cbdceec3ce444e7b812ac717eafb85ee P f1bb8e63c2b448cdafd51f05d277c741 [term 0 FOLLOWER]: Replica starting. Triggering 0 pending ops. Active config: opid_index: -1 OBSOLETE_local: false peers { permanent_uuid: "f1bb8e63c2b448cdafd51f05d277c741" member_type: VOTER last_known_addr { host: "127.4.181.65" port: 42981 } } peers { permanent_uuid: "0557a7246c8945b99e5215c99d4ddf9c" member_type: VOTER last_known_addr { host: "127.4.181.66" port: 45473 } } peers { permanent_uuid: "0069e2ba1f02412e8e1d6c20a1fb510f" member_type: VOTER last_known_addr { host: "127.4.181.67" port: 39787 } }
I20260709 12:23:43.318804  6160 tablet_bootstrap.cc:492] T 7df97235d12b46dd8e54f8f1d6ed40bd P 0557a7246c8945b99e5215c99d4ddf9c: No bootstrap required, opened a new log
I20260709 12:23:43.317894  6158 raft_consensus.cc:385] T cbdceec3ce444e7b812ac717eafb85ee P f1bb8e63c2b448cdafd51f05d277c741 [term 0 FOLLOWER]: Consensus starting up: Expiring failure detector timer to make a prompt election more likely
I20260709 12:23:43.319267  6160 ts_tablet_manager.cc:1403] T 7df97235d12b46dd8e54f8f1d6ed40bd P 0557a7246c8945b99e5215c99d4ddf9c: Time spent bootstrapping tablet: real 0.065s	user 0.032s	sys 0.024s
I20260709 12:23:43.320219  6194 raft_consensus.cc:493] T 02dd5c8c15e34ecfbc46620193fb5762 P 0557a7246c8945b99e5215c99d4ddf9c [term 0 FOLLOWER]: Starting pre-election (no leader contacted us within the election timeout)
I20260709 12:23:43.320639  6194 raft_consensus.cc:515] T 02dd5c8c15e34ecfbc46620193fb5762 P 0557a7246c8945b99e5215c99d4ddf9c [term 0 FOLLOWER]: Starting pre-election with config: opid_index: -1 OBSOLETE_local: false peers { permanent_uuid: "f1bb8e63c2b448cdafd51f05d277c741" member_type: VOTER last_known_addr { host: "127.4.181.65" port: 42981 } } peers { permanent_uuid: "0557a7246c8945b99e5215c99d4ddf9c" member_type: VOTER last_known_addr { host: "127.4.181.66" port: 45473 } } peers { permanent_uuid: "0069e2ba1f02412e8e1d6c20a1fb510f" member_type: VOTER last_known_addr { host: "127.4.181.67" port: 39787 } }
I20260709 12:23:43.321708  6160 raft_consensus.cc:359] T 7df97235d12b46dd8e54f8f1d6ed40bd P 0557a7246c8945b99e5215c99d4ddf9c [term 0 FOLLOWER]: Replica starting. Triggering 0 pending ops. Active config: opid_index: -1 OBSOLETE_local: false peers { permanent_uuid: "f1bb8e63c2b448cdafd51f05d277c741" member_type: VOTER last_known_addr { host: "127.4.181.65" port: 42981 } } peers { permanent_uuid: "0557a7246c8945b99e5215c99d4ddf9c" member_type: VOTER last_known_addr { host: "127.4.181.66" port: 45473 } } peers { permanent_uuid: "0069e2ba1f02412e8e1d6c20a1fb510f" member_type: VOTER last_known_addr { host: "127.4.181.67" port: 39787 } }
I20260709 12:23:43.322149  6159 tablet_bootstrap.cc:654] T 382d3eda9eaa4b9c96393a12d9f2be5c P 0069e2ba1f02412e8e1d6c20a1fb510f: Neither blocks nor log segments found. Creating new log.
I20260709 12:23:43.322392  6160 raft_consensus.cc:385] T 7df97235d12b46dd8e54f8f1d6ed40bd P 0557a7246c8945b99e5215c99d4ddf9c [term 0 FOLLOWER]: Consensus starting up: Expiring failure detector timer to make a prompt election more likely
I20260709 12:23:43.322737  6160 raft_consensus.cc:740] T 7df97235d12b46dd8e54f8f1d6ed40bd P 0557a7246c8945b99e5215c99d4ddf9c [term 0 FOLLOWER]: Becoming Follower/Learner. State: Replica: 0557a7246c8945b99e5215c99d4ddf9c, State: Initialized, Role: FOLLOWER
I20260709 12:23:43.323352  6160 consensus_queue.cc:260] T 7df97235d12b46dd8e54f8f1d6ed40bd P 0557a7246c8945b99e5215c99d4ddf9c [NON_LEADER]: Queue going to NON_LEADER mode. State: All replicated index: 0, Majority replicated index: 0, Committed index: 0, Last appended: 0.0, Last appended by leader: 0, Current term: 0, Majority size: -1, State: 0, Mode: NON_LEADER, active raft config: opid_index: -1 OBSOLETE_local: false peers { permanent_uuid: "f1bb8e63c2b448cdafd51f05d277c741" member_type: VOTER last_known_addr { host: "127.4.181.65" port: 42981 } } peers { permanent_uuid: "0557a7246c8945b99e5215c99d4ddf9c" member_type: VOTER last_known_addr { host: "127.4.181.66" port: 45473 } } peers { permanent_uuid: "0069e2ba1f02412e8e1d6c20a1fb510f" member_type: VOTER last_known_addr { host: "127.4.181.67" port: 39787 } }
I20260709 12:23:43.323820  5964 tablet_service.cc:1917] Received RequestConsensusVote() RPC: tablet_id: "02dd5c8c15e34ecfbc46620193fb5762" candidate_uuid: "0557a7246c8945b99e5215c99d4ddf9c" candidate_term: 1 candidate_status { last_received { term: 0 index: 0 } } ignore_live_leader: false dest_uuid: "f1bb8e63c2b448cdafd51f05d277c741" is_pre_election: true
I20260709 12:23:43.319375  6158 raft_consensus.cc:740] T cbdceec3ce444e7b812ac717eafb85ee P f1bb8e63c2b448cdafd51f05d277c741 [term 0 FOLLOWER]: Becoming Follower/Learner. State: Replica: f1bb8e63c2b448cdafd51f05d277c741, State: Initialized, Role: FOLLOWER
I20260709 12:23:43.325069  6158 consensus_queue.cc:260] T cbdceec3ce444e7b812ac717eafb85ee P f1bb8e63c2b448cdafd51f05d277c741 [NON_LEADER]: Queue going to NON_LEADER mode. State: All replicated index: 0, Majority replicated index: 0, Committed index: 0, Last appended: 0.0, Last appended by leader: 0, Current term: 0, Majority size: -1, State: 0, Mode: NON_LEADER, active raft config: opid_index: -1 OBSOLETE_local: false peers { permanent_uuid: "f1bb8e63c2b448cdafd51f05d277c741" member_type: VOTER last_known_addr { host: "127.4.181.65" port: 42981 } } peers { permanent_uuid: "0557a7246c8945b99e5215c99d4ddf9c" member_type: VOTER last_known_addr { host: "127.4.181.66" port: 45473 } } peers { permanent_uuid: "0069e2ba1f02412e8e1d6c20a1fb510f" member_type: VOTER last_known_addr { host: "127.4.181.67" port: 39787 } }
I20260709 12:23:43.325450  6160 ts_tablet_manager.cc:1434] T 7df97235d12b46dd8e54f8f1d6ed40bd P 0557a7246c8945b99e5215c99d4ddf9c: Time spent starting tablet: real 0.006s	user 0.005s	sys 0.000s
W20260709 12:23:43.325716  6006 leader_election.cc:343] T 02dd5c8c15e34ecfbc46620193fb5762 P 0557a7246c8945b99e5215c99d4ddf9c [CANDIDATE]: Term 1 pre-election: Tablet error from VoteRequest() call to peer f1bb8e63c2b448cdafd51f05d277c741 (127.4.181.65:42981): Illegal state: must be running to vote when last-logged opid is not known
I20260709 12:23:43.326367  6160 tablet_bootstrap.cc:492] T 382d3eda9eaa4b9c96393a12d9f2be5c P 0557a7246c8945b99e5215c99d4ddf9c: Bootstrap starting.
I20260709 12:23:43.322392  6194 leader_election.cc:290] T 02dd5c8c15e34ecfbc46620193fb5762 P 0557a7246c8945b99e5215c99d4ddf9c [CANDIDATE]: Term 1 pre-election: Requested pre-vote from peers f1bb8e63c2b448cdafd51f05d277c741 (127.4.181.65:42981), 0069e2ba1f02412e8e1d6c20a1fb510f (127.4.181.67:39787)
I20260709 12:23:43.327009  6158 ts_tablet_manager.cc:1434] T cbdceec3ce444e7b812ac717eafb85ee P f1bb8e63c2b448cdafd51f05d277c741: Time spent starting tablet: real 0.029s	user 0.006s	sys 0.000s
I20260709 12:23:43.328214  6118 tablet_service.cc:1917] Received RequestConsensusVote() RPC: tablet_id: "02dd5c8c15e34ecfbc46620193fb5762" candidate_uuid: "0557a7246c8945b99e5215c99d4ddf9c" candidate_term: 1 candidate_status { last_received { term: 0 index: 0 } } ignore_live_leader: false dest_uuid: "0069e2ba1f02412e8e1d6c20a1fb510f" is_pre_election: true
I20260709 12:23:43.328471  6158 tablet_bootstrap.cc:492] T a0acc59e2e4d43029c959c64a291c5a0 P f1bb8e63c2b448cdafd51f05d277c741: Bootstrap starting.
W20260709 12:23:43.329600  6009 leader_election.cc:343] T 02dd5c8c15e34ecfbc46620193fb5762 P 0557a7246c8945b99e5215c99d4ddf9c [CANDIDATE]: Term 1 pre-election: Tablet error from VoteRequest() call to peer 0069e2ba1f02412e8e1d6c20a1fb510f (127.4.181.67:39787): Illegal state: must be running to vote when last-logged opid is not known
I20260709 12:23:43.330011  6009 leader_election.cc:304] T 02dd5c8c15e34ecfbc46620193fb5762 P 0557a7246c8945b99e5215c99d4ddf9c [CANDIDATE]: Term 1 pre-election: Election decided. Result: candidate lost. Election summary: received 3 responses out of 3 voters: 1 yes votes; 2 no votes. yes voters: 0557a7246c8945b99e5215c99d4ddf9c; no voters: 0069e2ba1f02412e8e1d6c20a1fb510f, f1bb8e63c2b448cdafd51f05d277c741
I20260709 12:23:43.331112  6194 raft_consensus.cc:2749] T 02dd5c8c15e34ecfbc46620193fb5762 P 0557a7246c8945b99e5215c99d4ddf9c [term 0 FOLLOWER]: Leader pre-election lost for term 1. Reason: could not achieve majority
I20260709 12:23:43.335522  6159 tablet_bootstrap.cc:492] T 382d3eda9eaa4b9c96393a12d9f2be5c P 0069e2ba1f02412e8e1d6c20a1fb510f: No bootstrap required, opened a new log
I20260709 12:23:43.336017  6159 ts_tablet_manager.cc:1403] T 382d3eda9eaa4b9c96393a12d9f2be5c P 0069e2ba1f02412e8e1d6c20a1fb510f: Time spent bootstrapping tablet: real 0.026s	user 0.007s	sys 0.003s
I20260709 12:23:43.336509  6160 tablet_bootstrap.cc:654] T 382d3eda9eaa4b9c96393a12d9f2be5c P 0557a7246c8945b99e5215c99d4ddf9c: Neither blocks nor log segments found. Creating new log.
I20260709 12:23:43.338549  6159 raft_consensus.cc:359] T 382d3eda9eaa4b9c96393a12d9f2be5c P 0069e2ba1f02412e8e1d6c20a1fb510f [term 0 FOLLOWER]: Replica starting. Triggering 0 pending ops. Active config: opid_index: -1 OBSOLETE_local: false peers { permanent_uuid: "f1bb8e63c2b448cdafd51f05d277c741" member_type: VOTER last_known_addr { host: "127.4.181.65" port: 42981 } } peers { permanent_uuid: "0557a7246c8945b99e5215c99d4ddf9c" member_type: VOTER last_known_addr { host: "127.4.181.66" port: 45473 } } peers { permanent_uuid: "0069e2ba1f02412e8e1d6c20a1fb510f" member_type: VOTER last_known_addr { host: "127.4.181.67" port: 39787 } }
I20260709 12:23:43.339279  6159 raft_consensus.cc:385] T 382d3eda9eaa4b9c96393a12d9f2be5c P 0069e2ba1f02412e8e1d6c20a1fb510f [term 0 FOLLOWER]: Consensus starting up: Expiring failure detector timer to make a prompt election more likely
I20260709 12:23:43.339538  6159 raft_consensus.cc:740] T 382d3eda9eaa4b9c96393a12d9f2be5c P 0069e2ba1f02412e8e1d6c20a1fb510f [term 0 FOLLOWER]: Becoming Follower/Learner. State: Replica: 0069e2ba1f02412e8e1d6c20a1fb510f, State: Initialized, Role: FOLLOWER
I20260709 12:23:43.340283  6159 consensus_queue.cc:260] T 382d3eda9eaa4b9c96393a12d9f2be5c P 0069e2ba1f02412e8e1d6c20a1fb510f [NON_LEADER]: Queue going to NON_LEADER mode. State: All replicated index: 0, Majority replicated index: 0, Committed index: 0, Last appended: 0.0, Last appended by leader: 0, Current term: 0, Majority size: -1, State: 0, Mode: NON_LEADER, active raft config: opid_index: -1 OBSOLETE_local: false peers { permanent_uuid: "f1bb8e63c2b448cdafd51f05d277c741" member_type: VOTER last_known_addr { host: "127.4.181.65" port: 42981 } } peers { permanent_uuid: "0557a7246c8945b99e5215c99d4ddf9c" member_type: VOTER last_known_addr { host: "127.4.181.66" port: 45473 } } peers { permanent_uuid: "0069e2ba1f02412e8e1d6c20a1fb510f" member_type: VOTER last_known_addr { host: "127.4.181.67" port: 39787 } }
I20260709 12:23:43.341187  6158 tablet_bootstrap.cc:654] T a0acc59e2e4d43029c959c64a291c5a0 P f1bb8e63c2b448cdafd51f05d277c741: Neither blocks nor log segments found. Creating new log.
I20260709 12:23:43.342514  6159 ts_tablet_manager.cc:1434] T 382d3eda9eaa4b9c96393a12d9f2be5c P 0069e2ba1f02412e8e1d6c20a1fb510f: Time spent starting tablet: real 0.006s	user 0.006s	sys 0.000s
I20260709 12:23:43.343415  6159 tablet_bootstrap.cc:492] T cbdceec3ce444e7b812ac717eafb85ee P 0069e2ba1f02412e8e1d6c20a1fb510f: Bootstrap starting.
I20260709 12:23:43.345520  6250 consensus_queue.cc:1048] T 0468d70863214876bf59fb3ea9474307 P f1bb8e63c2b448cdafd51f05d277c741 [LEADER]: Connected to new peer: Peer: permanent_uuid: "0557a7246c8945b99e5215c99d4ddf9c" member_type: VOTER last_known_addr { host: "127.4.181.66" port: 45473 }, Status: LMP_MISMATCH, Last received: 0.0, Next index: 1, Last known committed idx: 0, Time since last communication: 0.000s
I20260709 12:23:43.353431  6159 tablet_bootstrap.cc:654] T cbdceec3ce444e7b812ac717eafb85ee P 0069e2ba1f02412e8e1d6c20a1fb510f: Neither blocks nor log segments found. Creating new log.
I20260709 12:23:43.377338  6198 raft_consensus.cc:493] T 7df97235d12b46dd8e54f8f1d6ed40bd P 0557a7246c8945b99e5215c99d4ddf9c [term 0 FOLLOWER]: Starting pre-election (no leader contacted us within the election timeout)
I20260709 12:23:43.377831  6198 raft_consensus.cc:515] T 7df97235d12b46dd8e54f8f1d6ed40bd P 0557a7246c8945b99e5215c99d4ddf9c [term 0 FOLLOWER]: Starting pre-election with config: opid_index: -1 OBSOLETE_local: false peers { permanent_uuid: "f1bb8e63c2b448cdafd51f05d277c741" member_type: VOTER last_known_addr { host: "127.4.181.65" port: 42981 } } peers { permanent_uuid: "0557a7246c8945b99e5215c99d4ddf9c" member_type: VOTER last_known_addr { host: "127.4.181.66" port: 45473 } } peers { permanent_uuid: "0069e2ba1f02412e8e1d6c20a1fb510f" member_type: VOTER last_known_addr { host: "127.4.181.67" port: 39787 } }
I20260709 12:23:43.381919  6198 leader_election.cc:290] T 7df97235d12b46dd8e54f8f1d6ed40bd P 0557a7246c8945b99e5215c99d4ddf9c [CANDIDATE]: Term 1 pre-election: Requested pre-vote from peers f1bb8e63c2b448cdafd51f05d277c741 (127.4.181.65:42981), 0069e2ba1f02412e8e1d6c20a1fb510f (127.4.181.67:39787)
I20260709 12:23:43.382987  6118 tablet_service.cc:1917] Received RequestConsensusVote() RPC: tablet_id: "7df97235d12b46dd8e54f8f1d6ed40bd" candidate_uuid: "0557a7246c8945b99e5215c99d4ddf9c" candidate_term: 1 candidate_status { last_received { term: 0 index: 0 } } ignore_live_leader: false dest_uuid: "0069e2ba1f02412e8e1d6c20a1fb510f" is_pre_election: true
I20260709 12:23:43.383374  6158 tablet_bootstrap.cc:492] T a0acc59e2e4d43029c959c64a291c5a0 P f1bb8e63c2b448cdafd51f05d277c741: No bootstrap required, opened a new log
I20260709 12:23:43.383805  6158 ts_tablet_manager.cc:1403] T a0acc59e2e4d43029c959c64a291c5a0 P f1bb8e63c2b448cdafd51f05d277c741: Time spent bootstrapping tablet: real 0.056s	user 0.029s	sys 0.012s
I20260709 12:23:43.384248  5964 tablet_service.cc:1917] Received RequestConsensusVote() RPC: tablet_id: "7df97235d12b46dd8e54f8f1d6ed40bd" candidate_uuid: "0557a7246c8945b99e5215c99d4ddf9c" candidate_term: 1 candidate_status { last_received { term: 0 index: 0 } } ignore_live_leader: false dest_uuid: "f1bb8e63c2b448cdafd51f05d277c741" is_pre_election: true
W20260709 12:23:43.384717  6009 leader_election.cc:343] T 7df97235d12b46dd8e54f8f1d6ed40bd P 0557a7246c8945b99e5215c99d4ddf9c [CANDIDATE]: Term 1 pre-election: Tablet error from VoteRequest() call to peer 0069e2ba1f02412e8e1d6c20a1fb510f (127.4.181.67:39787): Illegal state: must be running to vote when last-logged opid is not known
W20260709 12:23:43.385674  6006 leader_election.cc:343] T 7df97235d12b46dd8e54f8f1d6ed40bd P 0557a7246c8945b99e5215c99d4ddf9c [CANDIDATE]: Term 1 pre-election: Tablet error from VoteRequest() call to peer f1bb8e63c2b448cdafd51f05d277c741 (127.4.181.65:42981): Illegal state: must be running to vote when last-logged opid is not known
I20260709 12:23:43.386051  6006 leader_election.cc:304] T 7df97235d12b46dd8e54f8f1d6ed40bd P 0557a7246c8945b99e5215c99d4ddf9c [CANDIDATE]: Term 1 pre-election: Election decided. Result: candidate lost. Election summary: received 3 responses out of 3 voters: 1 yes votes; 2 no votes. yes voters: 0557a7246c8945b99e5215c99d4ddf9c; no voters: 0069e2ba1f02412e8e1d6c20a1fb510f, f1bb8e63c2b448cdafd51f05d277c741
I20260709 12:23:43.386432  6159 tablet_bootstrap.cc:492] T cbdceec3ce444e7b812ac717eafb85ee P 0069e2ba1f02412e8e1d6c20a1fb510f: No bootstrap required, opened a new log
I20260709 12:23:43.386899  6159 ts_tablet_manager.cc:1403] T cbdceec3ce444e7b812ac717eafb85ee P 0069e2ba1f02412e8e1d6c20a1fb510f: Time spent bootstrapping tablet: real 0.044s	user 0.009s	sys 0.007s
I20260709 12:23:43.386988  6198 raft_consensus.cc:2749] T 7df97235d12b46dd8e54f8f1d6ed40bd P 0557a7246c8945b99e5215c99d4ddf9c [term 0 FOLLOWER]: Leader pre-election lost for term 1. Reason: could not achieve majority
I20260709 12:23:43.387024  6158 raft_consensus.cc:359] T a0acc59e2e4d43029c959c64a291c5a0 P f1bb8e63c2b448cdafd51f05d277c741 [term 0 FOLLOWER]: Replica starting. Triggering 0 pending ops. Active config: opid_index: -1 OBSOLETE_local: false peers { permanent_uuid: "f1bb8e63c2b448cdafd51f05d277c741" member_type: VOTER last_known_addr { host: "127.4.181.65" port: 42981 } } peers { permanent_uuid: "0557a7246c8945b99e5215c99d4ddf9c" member_type: VOTER last_known_addr { host: "127.4.181.66" port: 45473 } } peers { permanent_uuid: "0069e2ba1f02412e8e1d6c20a1fb510f" member_type: VOTER last_known_addr { host: "127.4.181.67" port: 39787 } }
I20260709 12:23:43.387825  6158 raft_consensus.cc:385] T a0acc59e2e4d43029c959c64a291c5a0 P f1bb8e63c2b448cdafd51f05d277c741 [term 0 FOLLOWER]: Consensus starting up: Expiring failure detector timer to make a prompt election more likely
I20260709 12:23:43.388118  6158 raft_consensus.cc:740] T a0acc59e2e4d43029c959c64a291c5a0 P f1bb8e63c2b448cdafd51f05d277c741 [term 0 FOLLOWER]: Becoming Follower/Learner. State: Replica: f1bb8e63c2b448cdafd51f05d277c741, State: Initialized, Role: FOLLOWER
I20260709 12:23:43.388779  6158 consensus_queue.cc:260] T a0acc59e2e4d43029c959c64a291c5a0 P f1bb8e63c2b448cdafd51f05d277c741 [NON_LEADER]: Queue going to NON_LEADER mode. State: All replicated index: 0, Majority replicated index: 0, Committed index: 0, Last appended: 0.0, Last appended by leader: 0, Current term: 0, Majority size: -1, State: 0, Mode: NON_LEADER, active raft config: opid_index: -1 OBSOLETE_local: false peers { permanent_uuid: "f1bb8e63c2b448cdafd51f05d277c741" member_type: VOTER last_known_addr { host: "127.4.181.65" port: 42981 } } peers { permanent_uuid: "0557a7246c8945b99e5215c99d4ddf9c" member_type: VOTER last_known_addr { host: "127.4.181.66" port: 45473 } } peers { permanent_uuid: "0069e2ba1f02412e8e1d6c20a1fb510f" member_type: VOTER last_known_addr { host: "127.4.181.67" port: 39787 } }
I20260709 12:23:43.390901  6158 ts_tablet_manager.cc:1434] T a0acc59e2e4d43029c959c64a291c5a0 P f1bb8e63c2b448cdafd51f05d277c741: Time spent starting tablet: real 0.007s	user 0.007s	sys 0.000s
I20260709 12:23:43.391603  6160 tablet_bootstrap.cc:492] T 382d3eda9eaa4b9c96393a12d9f2be5c P 0557a7246c8945b99e5215c99d4ddf9c: No bootstrap required, opened a new log
I20260709 12:23:43.391999  6160 ts_tablet_manager.cc:1403] T 382d3eda9eaa4b9c96393a12d9f2be5c P 0557a7246c8945b99e5215c99d4ddf9c: Time spent bootstrapping tablet: real 0.066s	user 0.032s	sys 0.012s
I20260709 12:23:43.393673  6158 tablet_bootstrap.cc:492] T 465414d7b00f409684b7f69cfbcfad77 P f1bb8e63c2b448cdafd51f05d277c741: Bootstrap starting.
I20260709 12:23:43.394327  6160 raft_consensus.cc:359] T 382d3eda9eaa4b9c96393a12d9f2be5c P 0557a7246c8945b99e5215c99d4ddf9c [term 0 FOLLOWER]: Replica starting. Triggering 0 pending ops. Active config: opid_index: -1 OBSOLETE_local: false peers { permanent_uuid: "f1bb8e63c2b448cdafd51f05d277c741" member_type: VOTER last_known_addr { host: "127.4.181.65" port: 42981 } } peers { permanent_uuid: "0557a7246c8945b99e5215c99d4ddf9c" member_type: VOTER last_known_addr { host: "127.4.181.66" port: 45473 } } peers { permanent_uuid: "0069e2ba1f02412e8e1d6c20a1fb510f" member_type: VOTER last_known_addr { host: "127.4.181.67" port: 39787 } }
I20260709 12:23:43.395015  6160 raft_consensus.cc:385] T 382d3eda9eaa4b9c96393a12d9f2be5c P 0557a7246c8945b99e5215c99d4ddf9c [term 0 FOLLOWER]: Consensus starting up: Expiring failure detector timer to make a prompt election more likely
I20260709 12:23:43.395270  6160 raft_consensus.cc:740] T 382d3eda9eaa4b9c96393a12d9f2be5c P 0557a7246c8945b99e5215c99d4ddf9c [term 0 FOLLOWER]: Becoming Follower/Learner. State: Replica: 0557a7246c8945b99e5215c99d4ddf9c, State: Initialized, Role: FOLLOWER
I20260709 12:23:43.395891  6160 consensus_queue.cc:260] T 382d3eda9eaa4b9c96393a12d9f2be5c P 0557a7246c8945b99e5215c99d4ddf9c [NON_LEADER]: Queue going to NON_LEADER mode. State: All replicated index: 0, Majority replicated index: 0, Committed index: 0, Last appended: 0.0, Last appended by leader: 0, Current term: 0, Majority size: -1, State: 0, Mode: NON_LEADER, active raft config: opid_index: -1 OBSOLETE_local: false peers { permanent_uuid: "f1bb8e63c2b448cdafd51f05d277c741" member_type: VOTER last_known_addr { host: "127.4.181.65" port: 42981 } } peers { permanent_uuid: "0557a7246c8945b99e5215c99d4ddf9c" member_type: VOTER last_known_addr { host: "127.4.181.66" port: 45473 } } peers { permanent_uuid: "0069e2ba1f02412e8e1d6c20a1fb510f" member_type: VOTER last_known_addr { host: "127.4.181.67" port: 39787 } }
I20260709 12:23:43.397105  6159 raft_consensus.cc:359] T cbdceec3ce444e7b812ac717eafb85ee P 0069e2ba1f02412e8e1d6c20a1fb510f [term 0 FOLLOWER]: Replica starting. Triggering 0 pending ops. Active config: opid_index: -1 OBSOLETE_local: false peers { permanent_uuid: "f1bb8e63c2b448cdafd51f05d277c741" member_type: VOTER last_known_addr { host: "127.4.181.65" port: 42981 } } peers { permanent_uuid: "0557a7246c8945b99e5215c99d4ddf9c" member_type: VOTER last_known_addr { host: "127.4.181.66" port: 45473 } } peers { permanent_uuid: "0069e2ba1f02412e8e1d6c20a1fb510f" member_type: VOTER last_known_addr { host: "127.4.181.67" port: 39787 } }
I20260709 12:23:43.397769  6159 raft_consensus.cc:385] T cbdceec3ce444e7b812ac717eafb85ee P 0069e2ba1f02412e8e1d6c20a1fb510f [term 0 FOLLOWER]: Consensus starting up: Expiring failure detector timer to make a prompt election more likely
I20260709 12:23:43.398063  6159 raft_consensus.cc:740] T cbdceec3ce444e7b812ac717eafb85ee P 0069e2ba1f02412e8e1d6c20a1fb510f [term 0 FOLLOWER]: Becoming Follower/Learner. State: Replica: 0069e2ba1f02412e8e1d6c20a1fb510f, State: Initialized, Role: FOLLOWER
I20260709 12:23:43.398908  6159 consensus_queue.cc:260] T cbdceec3ce444e7b812ac717eafb85ee P 0069e2ba1f02412e8e1d6c20a1fb510f [NON_LEADER]: Queue going to NON_LEADER mode. State: All replicated index: 0, Majority replicated index: 0, Committed index: 0, Last appended: 0.0, Last appended by leader: 0, Current term: 0, Majority size: -1, State: 0, Mode: NON_LEADER, active raft config: opid_index: -1 OBSOLETE_local: false peers { permanent_uuid: "f1bb8e63c2b448cdafd51f05d277c741" member_type: VOTER last_known_addr { host: "127.4.181.65" port: 42981 } } peers { permanent_uuid: "0557a7246c8945b99e5215c99d4ddf9c" member_type: VOTER last_known_addr { host: "127.4.181.66" port: 45473 } } peers { permanent_uuid: "0069e2ba1f02412e8e1d6c20a1fb510f" member_type: VOTER last_known_addr { host: "127.4.181.67" port: 39787 } }
I20260709 12:23:43.397590  6118 raft_consensus.cc:3060] T 0468d70863214876bf59fb3ea9474307 P 0069e2ba1f02412e8e1d6c20a1fb510f [term 0 FOLLOWER]: Advancing to term 1
I20260709 12:23:43.399418  6160 ts_tablet_manager.cc:1434] T 382d3eda9eaa4b9c96393a12d9f2be5c P 0557a7246c8945b99e5215c99d4ddf9c: Time spent starting tablet: real 0.007s	user 0.003s	sys 0.003s
I20260709 12:23:43.407300  6160 tablet_bootstrap.cc:492] T cbdceec3ce444e7b812ac717eafb85ee P 0557a7246c8945b99e5215c99d4ddf9c: Bootstrap starting.
I20260709 12:23:43.399852  6158 tablet_bootstrap.cc:654] T 465414d7b00f409684b7f69cfbcfad77 P f1bb8e63c2b448cdafd51f05d277c741: Neither blocks nor log segments found. Creating new log.
I20260709 12:23:43.400624  6159 ts_tablet_manager.cc:1434] T cbdceec3ce444e7b812ac717eafb85ee P 0069e2ba1f02412e8e1d6c20a1fb510f: Time spent starting tablet: real 0.013s	user 0.005s	sys 0.000s
I20260709 12:23:43.409996  6159 tablet_bootstrap.cc:492] T bd91034e550f4704be7f47b7aff3ed25 P 0069e2ba1f02412e8e1d6c20a1fb510f: Bootstrap starting.
I20260709 12:23:43.412573  6273 raft_consensus.cc:493] T 382d3eda9eaa4b9c96393a12d9f2be5c P 0069e2ba1f02412e8e1d6c20a1fb510f [term 0 FOLLOWER]: Starting pre-election (no leader contacted us within the election timeout)
I20260709 12:23:43.413125  6273 raft_consensus.cc:515] T 382d3eda9eaa4b9c96393a12d9f2be5c P 0069e2ba1f02412e8e1d6c20a1fb510f [term 0 FOLLOWER]: Starting pre-election with config: opid_index: -1 OBSOLETE_local: false peers { permanent_uuid: "f1bb8e63c2b448cdafd51f05d277c741" member_type: VOTER last_known_addr { host: "127.4.181.65" port: 42981 } } peers { permanent_uuid: "0557a7246c8945b99e5215c99d4ddf9c" member_type: VOTER last_known_addr { host: "127.4.181.66" port: 45473 } } peers { permanent_uuid: "0069e2ba1f02412e8e1d6c20a1fb510f" member_type: VOTER last_known_addr { host: "127.4.181.67" port: 39787 } }
I20260709 12:23:43.413434  6322 consensus_queue.cc:1048] T 0468d70863214876bf59fb3ea9474307 P f1bb8e63c2b448cdafd51f05d277c741 [LEADER]: Connected to new peer: Peer: permanent_uuid: "0069e2ba1f02412e8e1d6c20a1fb510f" member_type: VOTER last_known_addr { host: "127.4.181.67" port: 39787 }, Status: LMP_MISMATCH, Last received: 0.0, Next index: 1, Last known committed idx: 0, Time since last communication: 0.000s
I20260709 12:23:43.415266  6273 leader_election.cc:290] T 382d3eda9eaa4b9c96393a12d9f2be5c P 0069e2ba1f02412e8e1d6c20a1fb510f [CANDIDATE]: Term 1 pre-election: Requested pre-vote from peers f1bb8e63c2b448cdafd51f05d277c741 (127.4.181.65:42981), 0557a7246c8945b99e5215c99d4ddf9c (127.4.181.66:45473)
I20260709 12:23:43.415467  6160 tablet_bootstrap.cc:654] T cbdceec3ce444e7b812ac717eafb85ee P 0557a7246c8945b99e5215c99d4ddf9c: Neither blocks nor log segments found. Creating new log.
I20260709 12:23:43.418118  5964 tablet_service.cc:1917] Received RequestConsensusVote() RPC: tablet_id: "382d3eda9eaa4b9c96393a12d9f2be5c" candidate_uuid: "0069e2ba1f02412e8e1d6c20a1fb510f" candidate_term: 1 candidate_status { last_received { term: 0 index: 0 } } ignore_live_leader: false dest_uuid: "f1bb8e63c2b448cdafd51f05d277c741" is_pre_election: true
W20260709 12:23:43.419540  6081 leader_election.cc:343] T 382d3eda9eaa4b9c96393a12d9f2be5c P 0069e2ba1f02412e8e1d6c20a1fb510f [CANDIDATE]: Term 1 pre-election: Tablet error from VoteRequest() call to peer f1bb8e63c2b448cdafd51f05d277c741 (127.4.181.65:42981): Illegal state: must be running to vote when last-logged opid is not known
I20260709 12:23:43.419955  6044 tablet_service.cc:1917] Received RequestConsensusVote() RPC: tablet_id: "382d3eda9eaa4b9c96393a12d9f2be5c" candidate_uuid: "0069e2ba1f02412e8e1d6c20a1fb510f" candidate_term: 1 candidate_status { last_received { term: 0 index: 0 } } ignore_live_leader: false dest_uuid: "0557a7246c8945b99e5215c99d4ddf9c" is_pre_election: true
I20260709 12:23:43.420666  6044 raft_consensus.cc:2468] T 382d3eda9eaa4b9c96393a12d9f2be5c P 0557a7246c8945b99e5215c99d4ddf9c [term 0 FOLLOWER]: Leader pre-election vote request: Granting yes vote for candidate 0069e2ba1f02412e8e1d6c20a1fb510f in term 0.
I20260709 12:23:43.423377  6082 leader_election.cc:304] T 382d3eda9eaa4b9c96393a12d9f2be5c P 0069e2ba1f02412e8e1d6c20a1fb510f [CANDIDATE]: Term 1 pre-election: Election decided. Result: candidate won. Election summary: received 3 responses out of 3 voters: 2 yes votes; 1 no votes. yes voters: 0069e2ba1f02412e8e1d6c20a1fb510f, 0557a7246c8945b99e5215c99d4ddf9c; no voters: f1bb8e63c2b448cdafd51f05d277c741
I20260709 12:23:43.424407  6212 raft_consensus.cc:2804] T 382d3eda9eaa4b9c96393a12d9f2be5c P 0069e2ba1f02412e8e1d6c20a1fb510f [term 0 FOLLOWER]: Leader pre-election won for term 1
I20260709 12:23:43.424804  6212 raft_consensus.cc:493] T 382d3eda9eaa4b9c96393a12d9f2be5c P 0069e2ba1f02412e8e1d6c20a1fb510f [term 0 FOLLOWER]: Starting leader election (no leader contacted us within the election timeout)
I20260709 12:23:43.424918  6159 tablet_bootstrap.cc:654] T bd91034e550f4704be7f47b7aff3ed25 P 0069e2ba1f02412e8e1d6c20a1fb510f: Neither blocks nor log segments found. Creating new log.
I20260709 12:23:43.426141  6198 consensus_queue.cc:1048] T d0a77cc9656a4b88bc262752ad91e486 P 0557a7246c8945b99e5215c99d4ddf9c [LEADER]: Connected to new peer: Peer: permanent_uuid: "0069e2ba1f02412e8e1d6c20a1fb510f" member_type: VOTER last_known_addr { host: "127.4.181.67" port: 39787 }, Status: LMP_MISMATCH, Last received: 0.0, Next index: 1, Last known committed idx: 0, Time since last communication: 0.000s
I20260709 12:23:43.428869  6212 raft_consensus.cc:3060] T 382d3eda9eaa4b9c96393a12d9f2be5c P 0069e2ba1f02412e8e1d6c20a1fb510f [term 0 FOLLOWER]: Advancing to term 1
I20260709 12:23:43.445295  6158 tablet_bootstrap.cc:492] T 465414d7b00f409684b7f69cfbcfad77 P f1bb8e63c2b448cdafd51f05d277c741: No bootstrap required, opened a new log
I20260709 12:23:43.445825  6158 ts_tablet_manager.cc:1403] T 465414d7b00f409684b7f69cfbcfad77 P f1bb8e63c2b448cdafd51f05d277c741: Time spent bootstrapping tablet: real 0.052s	user 0.018s	sys 0.004s
I20260709 12:23:43.448768  6158 raft_consensus.cc:359] T 465414d7b00f409684b7f69cfbcfad77 P f1bb8e63c2b448cdafd51f05d277c741 [term 0 FOLLOWER]: Replica starting. Triggering 0 pending ops. Active config: opid_index: -1 OBSOLETE_local: false peers { permanent_uuid: "f1bb8e63c2b448cdafd51f05d277c741" member_type: VOTER last_known_addr { host: "127.4.181.65" port: 42981 } } peers { permanent_uuid: "0557a7246c8945b99e5215c99d4ddf9c" member_type: VOTER last_known_addr { host: "127.4.181.66" port: 45473 } } peers { permanent_uuid: "0069e2ba1f02412e8e1d6c20a1fb510f" member_type: VOTER last_known_addr { host: "127.4.181.67" port: 39787 } }
I20260709 12:23:43.449549  6158 raft_consensus.cc:385] T 465414d7b00f409684b7f69cfbcfad77 P f1bb8e63c2b448cdafd51f05d277c741 [term 0 FOLLOWER]: Consensus starting up: Expiring failure detector timer to make a prompt election more likely
I20260709 12:23:43.449839  6158 raft_consensus.cc:740] T 465414d7b00f409684b7f69cfbcfad77 P f1bb8e63c2b448cdafd51f05d277c741 [term 0 FOLLOWER]: Becoming Follower/Learner. State: Replica: f1bb8e63c2b448cdafd51f05d277c741, State: Initialized, Role: FOLLOWER
I20260709 12:23:43.450546  6158 consensus_queue.cc:260] T 465414d7b00f409684b7f69cfbcfad77 P f1bb8e63c2b448cdafd51f05d277c741 [NON_LEADER]: Queue going to NON_LEADER mode. State: All replicated index: 0, Majority replicated index: 0, Committed index: 0, Last appended: 0.0, Last appended by leader: 0, Current term: 0, Majority size: -1, State: 0, Mode: NON_LEADER, active raft config: opid_index: -1 OBSOLETE_local: false peers { permanent_uuid: "f1bb8e63c2b448cdafd51f05d277c741" member_type: VOTER last_known_addr { host: "127.4.181.65" port: 42981 } } peers { permanent_uuid: "0557a7246c8945b99e5215c99d4ddf9c" member_type: VOTER last_known_addr { host: "127.4.181.66" port: 45473 } } peers { permanent_uuid: "0069e2ba1f02412e8e1d6c20a1fb510f" member_type: VOTER last_known_addr { host: "127.4.181.67" port: 39787 } }
I20260709 12:23:43.454310  6158 ts_tablet_manager.cc:1434] T 465414d7b00f409684b7f69cfbcfad77 P f1bb8e63c2b448cdafd51f05d277c741: Time spent starting tablet: real 0.008s	user 0.004s	sys 0.004s
I20260709 12:23:43.458446  6158 tablet_bootstrap.cc:492] T 5e596fee38d14bcb913a2aaadffa2a72 P f1bb8e63c2b448cdafd51f05d277c741: Bootstrap starting.
I20260709 12:23:43.458385  6311 consensus_queue.cc:1048] T aa90f801f44d4669a2a93aafa33e4e17 P 0069e2ba1f02412e8e1d6c20a1fb510f [LEADER]: Connected to new peer: Peer: permanent_uuid: "0557a7246c8945b99e5215c99d4ddf9c" member_type: VOTER last_known_addr { host: "127.4.181.66" port: 45473 }, Status: LMP_MISMATCH, Last received: 0.0, Next index: 1, Last known committed idx: 0, Time since last communication: 0.001s
I20260709 12:23:43.460848  6311 consensus_queue.cc:1048] T aa90f801f44d4669a2a93aafa33e4e17 P 0069e2ba1f02412e8e1d6c20a1fb510f [LEADER]: Connected to new peer: Peer: permanent_uuid: "f1bb8e63c2b448cdafd51f05d277c741" member_type: VOTER last_known_addr { host: "127.4.181.65" port: 42981 }, Status: LMP_MISMATCH, Last received: 0.0, Next index: 1, Last known committed idx: 0, Time since last communication: 0.000s
I20260709 12:23:43.462363  6322 raft_consensus.cc:493] T 8ff337cd5a364d1c9100f9a31dd826f7 P f1bb8e63c2b448cdafd51f05d277c741 [term 0 FOLLOWER]: Starting pre-election (no leader contacted us within the election timeout)
I20260709 12:23:43.462916  6322 raft_consensus.cc:515] T 8ff337cd5a364d1c9100f9a31dd826f7 P f1bb8e63c2b448cdafd51f05d277c741 [term 0 FOLLOWER]: Starting pre-election with config: opid_index: -1 OBSOLETE_local: false peers { permanent_uuid: "f1bb8e63c2b448cdafd51f05d277c741" member_type: VOTER last_known_addr { host: "127.4.181.65" port: 42981 } } peers { permanent_uuid: "0557a7246c8945b99e5215c99d4ddf9c" member_type: VOTER last_known_addr { host: "127.4.181.66" port: 45473 } } peers { permanent_uuid: "0069e2ba1f02412e8e1d6c20a1fb510f" member_type: VOTER last_known_addr { host: "127.4.181.67" port: 39787 } }
I20260709 12:23:43.466847  6044 tablet_service.cc:1917] Received RequestConsensusVote() RPC: tablet_id: "8ff337cd5a364d1c9100f9a31dd826f7" candidate_uuid: "f1bb8e63c2b448cdafd51f05d277c741" candidate_term: 1 candidate_status { last_received { term: 0 index: 0 } } ignore_live_leader: false dest_uuid: "0557a7246c8945b99e5215c99d4ddf9c" is_pre_election: true
I20260709 12:23:43.467747  6044 raft_consensus.cc:2393] T 8ff337cd5a364d1c9100f9a31dd826f7 P 0557a7246c8945b99e5215c99d4ddf9c [term 1 FOLLOWER]: Leader pre-election vote request: Denying vote to candidate f1bb8e63c2b448cdafd51f05d277c741 in current term 1: Already voted for candidate 0069e2ba1f02412e8e1d6c20a1fb510f in this term.
I20260709 12:23:43.469309  6158 tablet_bootstrap.cc:654] T 5e596fee38d14bcb913a2aaadffa2a72 P f1bb8e63c2b448cdafd51f05d277c741: Neither blocks nor log segments found. Creating new log.
I20260709 12:23:43.469592  6113 tablet_service.cc:1917] Received RequestConsensusVote() RPC: tablet_id: "8ff337cd5a364d1c9100f9a31dd826f7" candidate_uuid: "f1bb8e63c2b448cdafd51f05d277c741" candidate_term: 1 candidate_status { last_received { term: 0 index: 0 } } ignore_live_leader: false dest_uuid: "0069e2ba1f02412e8e1d6c20a1fb510f" is_pre_election: true
I20260709 12:23:43.472004  5932 leader_election.cc:304] T 8ff337cd5a364d1c9100f9a31dd826f7 P f1bb8e63c2b448cdafd51f05d277c741 [CANDIDATE]: Term 1 pre-election: Election decided. Result: candidate lost. Election summary: received 3 responses out of 3 voters: 1 yes votes; 2 no votes. yes voters: f1bb8e63c2b448cdafd51f05d277c741; no voters: 0069e2ba1f02412e8e1d6c20a1fb510f, 0557a7246c8945b99e5215c99d4ddf9c
I20260709 12:23:43.472888  6242 raft_consensus.cc:3060] T 8ff337cd5a364d1c9100f9a31dd826f7 P f1bb8e63c2b448cdafd51f05d277c741 [term 0 FOLLOWER]: Advancing to term 1
I20260709 12:23:43.478607  6322 leader_election.cc:290] T 8ff337cd5a364d1c9100f9a31dd826f7 P f1bb8e63c2b448cdafd51f05d277c741 [CANDIDATE]: Term 1 pre-election: Requested pre-vote from peers 0557a7246c8945b99e5215c99d4ddf9c (127.4.181.66:45473), 0069e2ba1f02412e8e1d6c20a1fb510f (127.4.181.67:39787)
I20260709 12:23:43.480967  6212 raft_consensus.cc:515] T 382d3eda9eaa4b9c96393a12d9f2be5c P 0069e2ba1f02412e8e1d6c20a1fb510f [term 1 FOLLOWER]: Starting leader election with config: opid_index: -1 OBSOLETE_local: false peers { permanent_uuid: "f1bb8e63c2b448cdafd51f05d277c741" member_type: VOTER last_known_addr { host: "127.4.181.65" port: 42981 } } peers { permanent_uuid: "0557a7246c8945b99e5215c99d4ddf9c" member_type: VOTER last_known_addr { host: "127.4.181.66" port: 45473 } } peers { permanent_uuid: "0069e2ba1f02412e8e1d6c20a1fb510f" member_type: VOTER last_known_addr { host: "127.4.181.67" port: 39787 } }
I20260709 12:23:43.484061  5963 tablet_service.cc:1917] Received RequestConsensusVote() RPC: tablet_id: "382d3eda9eaa4b9c96393a12d9f2be5c" candidate_uuid: "0069e2ba1f02412e8e1d6c20a1fb510f" candidate_term: 1 candidate_status { last_received { term: 0 index: 0 } } ignore_live_leader: false dest_uuid: "f1bb8e63c2b448cdafd51f05d277c741"
W20260709 12:23:43.486392  6081 leader_election.cc:343] T 382d3eda9eaa4b9c96393a12d9f2be5c P 0069e2ba1f02412e8e1d6c20a1fb510f [CANDIDATE]: Term 1 election: Tablet error from VoteRequest() call to peer f1bb8e63c2b448cdafd51f05d277c741 (127.4.181.65:42981): Illegal state: must be running to vote when last-logged opid is not known
I20260709 12:23:43.487500  6158 tablet_bootstrap.cc:492] T 5e596fee38d14bcb913a2aaadffa2a72 P f1bb8e63c2b448cdafd51f05d277c741: No bootstrap required, opened a new log
I20260709 12:23:43.487463  6212 leader_election.cc:290] T 382d3eda9eaa4b9c96393a12d9f2be5c P 0069e2ba1f02412e8e1d6c20a1fb510f [CANDIDATE]: Term 1 election: Requested vote from peers f1bb8e63c2b448cdafd51f05d277c741 (127.4.181.65:42981), 0557a7246c8945b99e5215c99d4ddf9c (127.4.181.66:45473)
I20260709 12:23:43.488142  6158 ts_tablet_manager.cc:1403] T 5e596fee38d14bcb913a2aaadffa2a72 P f1bb8e63c2b448cdafd51f05d277c741: Time spent bootstrapping tablet: real 0.030s	user 0.007s	sys 0.005s
I20260709 12:23:43.492733  5963 raft_consensus.cc:3060] T b1b3ddf896ce40f5b9c2632735843215 P f1bb8e63c2b448cdafd51f05d277c741 [term 0 FOLLOWER]: Advancing to term 1
I20260709 12:23:43.494405  6158 raft_consensus.cc:359] T 5e596fee38d14bcb913a2aaadffa2a72 P f1bb8e63c2b448cdafd51f05d277c741 [term 0 FOLLOWER]: Replica starting. Triggering 0 pending ops. Active config: opid_index: -1 OBSOLETE_local: false peers { permanent_uuid: "f1bb8e63c2b448cdafd51f05d277c741" member_type: VOTER last_known_addr { host: "127.4.181.65" port: 42981 } } peers { permanent_uuid: "0557a7246c8945b99e5215c99d4ddf9c" member_type: VOTER last_known_addr { host: "127.4.181.66" port: 45473 } } peers { permanent_uuid: "0069e2ba1f02412e8e1d6c20a1fb510f" member_type: VOTER last_known_addr { host: "127.4.181.67" port: 39787 } }
I20260709 12:23:43.495257  6158 raft_consensus.cc:385] T 5e596fee38d14bcb913a2aaadffa2a72 P f1bb8e63c2b448cdafd51f05d277c741 [term 0 FOLLOWER]: Consensus starting up: Expiring failure detector timer to make a prompt election more likely
I20260709 12:23:43.495513  6158 raft_consensus.cc:740] T 5e596fee38d14bcb913a2aaadffa2a72 P f1bb8e63c2b448cdafd51f05d277c741 [term 0 FOLLOWER]: Becoming Follower/Learner. State: Replica: f1bb8e63c2b448cdafd51f05d277c741, State: Initialized, Role: FOLLOWER
I20260709 12:23:43.496140  6158 consensus_queue.cc:260] T 5e596fee38d14bcb913a2aaadffa2a72 P f1bb8e63c2b448cdafd51f05d277c741 [NON_LEADER]: Queue going to NON_LEADER mode. State: All replicated index: 0, Majority replicated index: 0, Committed index: 0, Last appended: 0.0, Last appended by leader: 0, Current term: 0, Majority size: -1, State: 0, Mode: NON_LEADER, active raft config: opid_index: -1 OBSOLETE_local: false peers { permanent_uuid: "f1bb8e63c2b448cdafd51f05d277c741" member_type: VOTER last_known_addr { host: "127.4.181.65" port: 42981 } } peers { permanent_uuid: "0557a7246c8945b99e5215c99d4ddf9c" member_type: VOTER last_known_addr { host: "127.4.181.66" port: 45473 } } peers { permanent_uuid: "0069e2ba1f02412e8e1d6c20a1fb510f" member_type: VOTER last_known_addr { host: "127.4.181.67" port: 39787 } }
I20260709 12:23:43.497390  6041 tablet_service.cc:1917] Received RequestConsensusVote() RPC: tablet_id: "382d3eda9eaa4b9c96393a12d9f2be5c" candidate_uuid: "0069e2ba1f02412e8e1d6c20a1fb510f" candidate_term: 1 candidate_status { last_received { term: 0 index: 0 } } ignore_live_leader: false dest_uuid: "0557a7246c8945b99e5215c99d4ddf9c"
I20260709 12:23:43.497956  6041 raft_consensus.cc:3060] T 382d3eda9eaa4b9c96393a12d9f2be5c P 0557a7246c8945b99e5215c99d4ddf9c [term 0 FOLLOWER]: Advancing to term 1
I20260709 12:23:43.504092  6158 ts_tablet_manager.cc:1434] T 5e596fee38d14bcb913a2aaadffa2a72 P f1bb8e63c2b448cdafd51f05d277c741: Time spent starting tablet: real 0.016s	user 0.003s	sys 0.005s
I20260709 12:23:43.505128  6158 tablet_bootstrap.cc:492] T cc2b965a354c426fb89e1a743dccd273 P f1bb8e63c2b448cdafd51f05d277c741: Bootstrap starting.
I20260709 12:23:43.511085  6041 raft_consensus.cc:2468] T 382d3eda9eaa4b9c96393a12d9f2be5c P 0557a7246c8945b99e5215c99d4ddf9c [term 1 FOLLOWER]: Leader election vote request: Granting yes vote for candidate 0069e2ba1f02412e8e1d6c20a1fb510f in term 1.
I20260709 12:23:43.512876  6198 consensus_queue.cc:1048] T b1b3ddf896ce40f5b9c2632735843215 P 0557a7246c8945b99e5215c99d4ddf9c [LEADER]: Connected to new peer: Peer: permanent_uuid: "f1bb8e63c2b448cdafd51f05d277c741" member_type: VOTER last_known_addr { host: "127.4.181.65" port: 42981 }, Status: LMP_MISMATCH, Last received: 0.0, Next index: 1, Last known committed idx: 0, Time since last communication: 0.000s
I20260709 12:23:43.514882  6242 raft_consensus.cc:2749] T 8ff337cd5a364d1c9100f9a31dd826f7 P f1bb8e63c2b448cdafd51f05d277c741 [term 1 FOLLOWER]: Leader pre-election lost for term 1. Reason: could not achieve majority
I20260709 12:23:43.514333  6158 tablet_bootstrap.cc:654] T cc2b965a354c426fb89e1a743dccd273 P f1bb8e63c2b448cdafd51f05d277c741: Neither blocks nor log segments found. Creating new log.
I20260709 12:23:43.519308  6198 consensus_queue.cc:1048] T b1b3ddf896ce40f5b9c2632735843215 P 0557a7246c8945b99e5215c99d4ddf9c [LEADER]: Connected to new peer: Peer: permanent_uuid: "0069e2ba1f02412e8e1d6c20a1fb510f" member_type: VOTER last_known_addr { host: "127.4.181.67" port: 39787 }, Status: LMP_MISMATCH, Last received: 0.0, Next index: 1, Last known committed idx: 0, Time since last communication: 0.000s
I20260709 12:23:43.521569  6160 tablet_bootstrap.cc:492] T cbdceec3ce444e7b812ac717eafb85ee P 0557a7246c8945b99e5215c99d4ddf9c: No bootstrap required, opened a new log
I20260709 12:23:43.522053  6160 ts_tablet_manager.cc:1403] T cbdceec3ce444e7b812ac717eafb85ee P 0557a7246c8945b99e5215c99d4ddf9c: Time spent bootstrapping tablet: real 0.115s	user 0.034s	sys 0.016s
I20260709 12:23:43.524901  6160 raft_consensus.cc:359] T cbdceec3ce444e7b812ac717eafb85ee P 0557a7246c8945b99e5215c99d4ddf9c [term 0 FOLLOWER]: Replica starting. Triggering 0 pending ops. Active config: opid_index: -1 OBSOLETE_local: false peers { permanent_uuid: "f1bb8e63c2b448cdafd51f05d277c741" member_type: VOTER last_known_addr { host: "127.4.181.65" port: 42981 } } peers { permanent_uuid: "0557a7246c8945b99e5215c99d4ddf9c" member_type: VOTER last_known_addr { host: "127.4.181.66" port: 45473 } } peers { permanent_uuid: "0069e2ba1f02412e8e1d6c20a1fb510f" member_type: VOTER last_known_addr { host: "127.4.181.67" port: 39787 } }
I20260709 12:23:43.525586  6160 raft_consensus.cc:385] T cbdceec3ce444e7b812ac717eafb85ee P 0557a7246c8945b99e5215c99d4ddf9c [term 0 FOLLOWER]: Consensus starting up: Expiring failure detector timer to make a prompt election more likely
I20260709 12:23:43.525854  6160 raft_consensus.cc:740] T cbdceec3ce444e7b812ac717eafb85ee P 0557a7246c8945b99e5215c99d4ddf9c [term 0 FOLLOWER]: Becoming Follower/Learner. State: Replica: 0557a7246c8945b99e5215c99d4ddf9c, State: Initialized, Role: FOLLOWER
