W20260709 12:23:35.462222 20648 outbound_call.cc:321] RPC callback for RPC call kudu.consensus.ConsensusService.RequestConsensusVote -> {remote=127.18.219.2:33363, user_credentials={real_user=slave}} blocked reactor thread for 60601us
I20260709 12:23:35.494407 20747 leader_election.cc:290] T 0c6e2c62815b4b808e57b3c188c95174 P 717d352675a742a79e1434f6e07c1e14 [CANDIDATE]: Term 1 pre-election: Requested pre-vote from peers 4cb7bc36980347239457961b73e584e7 (127.18.219.1:45787), d1fad7960fe24a01882576ac9bd71cab (127.18.219.2:33363)
I20260709 12:23:35.494650 20532 tablet_service.cc:1917] Received RequestConsensusVote() RPC: tablet_id: "0c6e2c62815b4b808e57b3c188c95174" candidate_uuid: "717d352675a742a79e1434f6e07c1e14" candidate_term: 1 candidate_status { last_received { term: 0 index: 0 } } ignore_live_leader: false dest_uuid: "4cb7bc36980347239457961b73e584e7" is_pre_election: true
I20260709 12:23:35.495604 20682 tablet_service.cc:1917] Received RequestConsensusVote() RPC: tablet_id: "af470eade4e84721b438296d7e426f6f" candidate_uuid: "d1fad7960fe24a01882576ac9bd71cab" candidate_term: 1 candidate_status { last_received { term: 0 index: 0 } } ignore_live_leader: false dest_uuid: "717d352675a742a79e1434f6e07c1e14" is_pre_election: true
W20260709 12:23:35.497123 20571 leader_election.cc:343] T af470eade4e84721b438296d7e426f6f P d1fad7960fe24a01882576ac9bd71cab [CANDIDATE]: Term 1 pre-election: Tablet error from VoteRequest() call to peer 717d352675a742a79e1434f6e07c1e14 (127.18.219.3:38295): Illegal state: must be running to vote when last-logged opid is not known
I20260709 12:23:35.500240 20571 leader_election.cc:304] T af470eade4e84721b438296d7e426f6f P d1fad7960fe24a01882576ac9bd71cab [CANDIDATE]: Term 1 pre-election: Election decided. Result: candidate lost. Election summary: received 3 responses out of 3 voters: 1 yes votes; 2 no votes. yes voters: d1fad7960fe24a01882576ac9bd71cab; no voters: 4cb7bc36980347239457961b73e584e7, 717d352675a742a79e1434f6e07c1e14
W20260709 12:23:35.496217 20645 leader_election.cc:343] T 0c6e2c62815b4b808e57b3c188c95174 P 717d352675a742a79e1434f6e07c1e14 [CANDIDATE]: Term 1 pre-election: Tablet error from VoteRequest() call to peer 4cb7bc36980347239457961b73e584e7 (127.18.219.1:45787): Illegal state: must be running to vote when last-logged opid is not known
I20260709 12:23:35.501411 20731 raft_consensus.cc:2749] T af470eade4e84721b438296d7e426f6f P d1fad7960fe24a01882576ac9bd71cab [term 0 FOLLOWER]: Leader pre-election lost for term 1. Reason: could not achieve majority
I20260709 12:23:35.492628 20722 tablet_bootstrap.cc:654] T 8a677a088f424bc4968c5cff611c0f65 P d1fad7960fe24a01882576ac9bd71cab: Neither blocks nor log segments found. Creating new log.
I20260709 12:23:35.487844 20723 ts_tablet_manager.cc:1434] T 0c6e2c62815b4b808e57b3c188c95174 P 717d352675a742a79e1434f6e07c1e14: Time spent starting tablet: real 0.125s	user 0.023s	sys 0.014s
I20260709 12:23:35.487262 20588 data_dirs.cc:400] Could only allocate 1 dirs of requested 3 for tablet 270fcec47517429f850e98c43efae3f5. 1 dirs total, 0 dirs full, 0 dirs failed
I20260709 12:23:35.510488 20519 tablet_service.cc:1511] Processing CreateTablet for tablet 0b20fd7271d344e5a1368d63e37b2096 (DEFAULT_TABLE table=test-workload [id=264b3256a77347109f7ad9cf4bd4b507]), partition=RANGE (key) PARTITION 1455921080 <= VALUES < 1492319107
I20260709 12:23:35.511801 20519 data_dirs.cc:400] Could only allocate 1 dirs of requested 3 for tablet 0b20fd7271d344e5a1368d63e37b2096. 1 dirs total, 0 dirs full, 0 dirs failed
I20260709 12:23:35.505465 20607 tablet_service.cc:1917] Received RequestConsensusVote() RPC: tablet_id: "0c6e2c62815b4b808e57b3c188c95174" candidate_uuid: "717d352675a742a79e1434f6e07c1e14" candidate_term: 1 candidate_status { last_received { term: 0 index: 0 } } ignore_live_leader: false dest_uuid: "d1fad7960fe24a01882576ac9bd71cab" is_pre_election: true
I20260709 12:23:35.516844 20597 data_dirs.cc:400] Could only allocate 1 dirs of requested 3 for tablet 9de6e5c979f247acaacde57f9db3277c. 1 dirs total, 0 dirs full, 0 dirs failed
I20260709 12:23:35.516738 20726 raft_consensus.cc:515] T bf4cb72248214f5ea50fe2165aa63a6c P 4cb7bc36980347239457961b73e584e7 [term 1 FOLLOWER]: Starting leader election with config: opid_index: -1 OBSOLETE_local: false peers { permanent_uuid: "717d352675a742a79e1434f6e07c1e14" member_type: VOTER last_known_addr { host: "127.18.219.3" port: 38295 } } peers { permanent_uuid: "d1fad7960fe24a01882576ac9bd71cab" member_type: VOTER last_known_addr { host: "127.18.219.2" port: 33363 } } peers { permanent_uuid: "4cb7bc36980347239457961b73e584e7" member_type: VOTER last_known_addr { host: "127.18.219.1" port: 45787 } }
I20260709 12:23:35.519099 20595 tablet_service.cc:1511] Processing CreateTablet for tablet 0b20fd7271d344e5a1368d63e37b2096 (DEFAULT_TABLE table=test-workload [id=264b3256a77347109f7ad9cf4bd4b507]), partition=RANGE (key) PARTITION 1455921080 <= VALUES < 1492319107
I20260709 12:23:35.524439 20595 data_dirs.cc:400] Could only allocate 1 dirs of requested 3 for tablet 0b20fd7271d344e5a1368d63e37b2096. 1 dirs total, 0 dirs full, 0 dirs failed
W20260709 12:23:35.529872 20648 leader_election.cc:343] T 0c6e2c62815b4b808e57b3c188c95174 P 717d352675a742a79e1434f6e07c1e14 [CANDIDATE]: Term 1 pre-election: Tablet error from VoteRequest() call to peer d1fad7960fe24a01882576ac9bd71cab (127.18.219.2:33363): Illegal state: must be running to vote when last-logged opid is not known
I20260709 12:23:35.530373 20648 leader_election.cc:304] T 0c6e2c62815b4b808e57b3c188c95174 P 717d352675a742a79e1434f6e07c1e14 [CANDIDATE]: Term 1 pre-election: Election decided. Result: candidate lost. Election summary: received 3 responses out of 3 voters: 1 yes votes; 2 no votes. yes voters: 717d352675a742a79e1434f6e07c1e14; no voters: 4cb7bc36980347239457961b73e584e7, d1fad7960fe24a01882576ac9bd71cab
I20260709 12:23:35.531239 20747 raft_consensus.cc:2749] T 0c6e2c62815b4b808e57b3c188c95174 P 717d352675a742a79e1434f6e07c1e14 [term 0 FOLLOWER]: Leader pre-election lost for term 1. Reason: could not achieve majority
I20260709 12:23:35.506809 20666 tablet_service.cc:1511] Processing CreateTablet for tablet 9de6e5c979f247acaacde57f9db3277c (DEFAULT_TABLE table=test-workload [id=264b3256a77347109f7ad9cf4bd4b507]), partition=RANGE (key) PARTITION 1419523053 <= VALUES < 1455921080
I20260709 12:23:35.510886 20723 tablet_bootstrap.cc:492] T 93f700f510374c0d8055b9372dd81bbc P 717d352675a742a79e1434f6e07c1e14: Bootstrap starting.
I20260709 12:23:35.504657 20670 data_dirs.cc:400] Could only allocate 1 dirs of requested 3 for tablet a38dbd83ce6449379d55debfc24130ab. 1 dirs total, 0 dirs full, 0 dirs failed
I20260709 12:23:35.553094 20724 tablet_bootstrap.cc:492] T 91a6f7c723ec40d5973a3342579d0d26 P 4cb7bc36980347239457961b73e584e7: No bootstrap required, opened a new log
I20260709 12:23:35.554302 20724 ts_tablet_manager.cc:1403] T 91a6f7c723ec40d5973a3342579d0d26 P 4cb7bc36980347239457961b73e584e7: Time spent bootstrapping tablet: real 0.238s	user 0.015s	sys 0.011s
I20260709 12:23:35.554569 20663 data_dirs.cc:400] Could only allocate 1 dirs of requested 3 for tablet a2cc2df2d6134dcebb3c83c14c26b1f1. 1 dirs total, 0 dirs full, 0 dirs failed
I20260709 12:23:35.555074 20665 tablet_service.cc:1511] Processing CreateTablet for tablet 0b20fd7271d344e5a1368d63e37b2096 (DEFAULT_TABLE table=test-workload [id=264b3256a77347109f7ad9cf4bd4b507]), partition=RANGE (key) PARTITION 1455921080 <= VALUES < 1492319107
I20260709 12:23:35.556306 20665 data_dirs.cc:400] Could only allocate 1 dirs of requested 3 for tablet 0b20fd7271d344e5a1368d63e37b2096. 1 dirs total, 0 dirs full, 0 dirs failed
I20260709 12:23:35.557853 20666 data_dirs.cc:400] Could only allocate 1 dirs of requested 3 for tablet 9de6e5c979f247acaacde57f9db3277c. 1 dirs total, 0 dirs full, 0 dirs failed
I20260709 12:23:35.558604 20515 tablet_service.cc:1511] Processing CreateTablet for tablet 36c303d50e80426db3c11ec0e6f31817 (DEFAULT_TABLE table=test-workload [id=264b3256a77347109f7ad9cf4bd4b507]), partition=RANGE (key) PARTITION 1492319107 <= VALUES < 1528717134
I20260709 12:23:35.557446 20724 raft_consensus.cc:359] T 91a6f7c723ec40d5973a3342579d0d26 P 4cb7bc36980347239457961b73e584e7 [term 0 FOLLOWER]: Replica starting. Triggering 0 pending ops. Active config: opid_index: -1 OBSOLETE_local: false peers { permanent_uuid: "4cb7bc36980347239457961b73e584e7" member_type: VOTER last_known_addr { host: "127.18.219.1" port: 45787 } } peers { permanent_uuid: "d1fad7960fe24a01882576ac9bd71cab" member_type: VOTER last_known_addr { host: "127.18.219.2" port: 33363 } } peers { permanent_uuid: "717d352675a742a79e1434f6e07c1e14" member_type: VOTER last_known_addr { host: "127.18.219.3" port: 38295 } }
I20260709 12:23:35.559602 20724 raft_consensus.cc:385] T 91a6f7c723ec40d5973a3342579d0d26 P 4cb7bc36980347239457961b73e584e7 [term 0 FOLLOWER]: Consensus starting up: Expiring failure detector timer to make a prompt election more likely
I20260709 12:23:35.559906 20515 data_dirs.cc:400] Could only allocate 1 dirs of requested 3 for tablet 36c303d50e80426db3c11ec0e6f31817. 1 dirs total, 0 dirs full, 0 dirs failed
I20260709 12:23:35.559957 20724 raft_consensus.cc:740] T 91a6f7c723ec40d5973a3342579d0d26 P 4cb7bc36980347239457961b73e584e7 [term 0 FOLLOWER]: Becoming Follower/Learner. State: Replica: 4cb7bc36980347239457961b73e584e7, State: Initialized, Role: FOLLOWER
I20260709 12:23:35.560904 20724 consensus_queue.cc:260] T 91a6f7c723ec40d5973a3342579d0d26 P 4cb7bc36980347239457961b73e584e7 [NON_LEADER]: Queue going to NON_LEADER mode. State: All replicated index: 0, Majority replicated index: 0, Committed index: 0, Last appended: 0.0, Last appended by leader: 0, Current term: 0, Majority size: -1, State: 0, Mode: NON_LEADER, active raft config: opid_index: -1 OBSOLETE_local: false peers { permanent_uuid: "4cb7bc36980347239457961b73e584e7" member_type: VOTER last_known_addr { host: "127.18.219.1" port: 45787 } } peers { permanent_uuid: "d1fad7960fe24a01882576ac9bd71cab" member_type: VOTER last_known_addr { host: "127.18.219.2" port: 33363 } } peers { permanent_uuid: "717d352675a742a79e1434f6e07c1e14" member_type: VOTER last_known_addr { host: "127.18.219.3" port: 38295 } }
W20260709 12:23:35.569585 20498 outbound_call.cc:321] RPC callback for RPC call kudu.consensus.ConsensusService.RequestConsensusVote -> {remote=127.18.219.2:33363, user_credentials={real_user=slave}} blocked reactor thread for 81070.5us
I20260709 12:23:35.570333 20724 ts_tablet_manager.cc:1434] T 91a6f7c723ec40d5973a3342579d0d26 P 4cb7bc36980347239457961b73e584e7: Time spent starting tablet: real 0.016s	user 0.000s	sys 0.006s
I20260709 12:23:35.571615 20682 tablet_service.cc:1917] Received RequestConsensusVote() RPC: tablet_id: "bf4cb72248214f5ea50fe2165aa63a6c" candidate_uuid: "4cb7bc36980347239457961b73e584e7" candidate_term: 1 candidate_status { last_received { term: 0 index: 0 } } ignore_live_leader: false dest_uuid: "717d352675a742a79e1434f6e07c1e14"
I20260709 12:23:35.572806 20724 tablet_bootstrap.cc:492] T af470eade4e84721b438296d7e426f6f P 4cb7bc36980347239457961b73e584e7: Bootstrap starting.
W20260709 12:23:35.573062 20496 leader_election.cc:343] T bf4cb72248214f5ea50fe2165aa63a6c P 4cb7bc36980347239457961b73e584e7 [CANDIDATE]: Term 1 election: Tablet error from VoteRequest() call to peer 717d352675a742a79e1434f6e07c1e14 (127.18.219.3:38295): Illegal state: must be running to vote when last-logged opid is not known
I20260709 12:23:35.580842 20724 tablet_bootstrap.cc:654] T af470eade4e84721b438296d7e426f6f P 4cb7bc36980347239457961b73e584e7: Neither blocks nor log segments found. Creating new log.
I20260709 12:23:35.582059 20726 leader_election.cc:290] T bf4cb72248214f5ea50fe2165aa63a6c P 4cb7bc36980347239457961b73e584e7 [CANDIDATE]: Term 1 election: Requested vote from peers 717d352675a742a79e1434f6e07c1e14 (127.18.219.3:38295), d1fad7960fe24a01882576ac9bd71cab (127.18.219.2:33363)
I20260709 12:23:35.582414 20607 tablet_service.cc:1917] Received RequestConsensusVote() RPC: tablet_id: "bf4cb72248214f5ea50fe2165aa63a6c" candidate_uuid: "4cb7bc36980347239457961b73e584e7" candidate_term: 1 candidate_status { last_received { term: 0 index: 0 } } ignore_live_leader: false dest_uuid: "d1fad7960fe24a01882576ac9bd71cab"
I20260709 12:23:35.582988 20607 raft_consensus.cc:3060] T bf4cb72248214f5ea50fe2165aa63a6c P d1fad7960fe24a01882576ac9bd71cab [term 0 FOLLOWER]: Advancing to term 1
I20260709 12:23:35.584611 20723 tablet_bootstrap.cc:654] T 93f700f510374c0d8055b9372dd81bbc P 717d352675a742a79e1434f6e07c1e14: Neither blocks nor log segments found. Creating new log.
I20260709 12:23:35.591100 20607 raft_consensus.cc:2468] T bf4cb72248214f5ea50fe2165aa63a6c P d1fad7960fe24a01882576ac9bd71cab [term 1 FOLLOWER]: Leader election vote request: Granting yes vote for candidate 4cb7bc36980347239457961b73e584e7 in term 1.
I20260709 12:23:35.592293 20498 leader_election.cc:304] T bf4cb72248214f5ea50fe2165aa63a6c P 4cb7bc36980347239457961b73e584e7 [CANDIDATE]: Term 1 election: Election decided. Result: candidate won. Election summary: received 3 responses out of 3 voters: 2 yes votes; 1 no votes. yes voters: 4cb7bc36980347239457961b73e584e7, d1fad7960fe24a01882576ac9bd71cab; no voters: 717d352675a742a79e1434f6e07c1e14
I20260709 12:23:35.593628 20726 raft_consensus.cc:2804] T bf4cb72248214f5ea50fe2165aa63a6c P 4cb7bc36980347239457961b73e584e7 [term 1 FOLLOWER]: Leader election won for term 1
I20260709 12:23:35.594233 20726 raft_consensus.cc:697] T bf4cb72248214f5ea50fe2165aa63a6c P 4cb7bc36980347239457961b73e584e7 [term 1 LEADER]: Becoming Leader. State: Replica: 4cb7bc36980347239457961b73e584e7, State: Running, Role: LEADER
I20260709 12:23:35.595314 20726 consensus_queue.cc:237] T bf4cb72248214f5ea50fe2165aa63a6c P 4cb7bc36980347239457961b73e584e7 [LEADER]: Queue going to LEADER mode. State: All replicated index: 0, Majority replicated index: 0, Committed index: 0, Last appended: 0.0, Last appended by leader: 0, Current term: 1, Majority size: 2, State: 0, Mode: LEADER, active raft config: opid_index: -1 OBSOLETE_local: false peers { permanent_uuid: "717d352675a742a79e1434f6e07c1e14" member_type: VOTER last_known_addr { host: "127.18.219.3" port: 38295 } } peers { permanent_uuid: "d1fad7960fe24a01882576ac9bd71cab" member_type: VOTER last_known_addr { host: "127.18.219.2" port: 33363 } } peers { permanent_uuid: "4cb7bc36980347239457961b73e584e7" member_type: VOTER last_known_addr { host: "127.18.219.1" port: 45787 } }
I20260709 12:23:35.604260 20749 raft_consensus.cc:493] T fee2dd216398461da7e0f64e1cbef827 P 4cb7bc36980347239457961b73e584e7 [term 0 FOLLOWER]: Starting pre-election (no leader contacted us within the election timeout)
I20260709 12:23:35.604777 20749 raft_consensus.cc:515] T fee2dd216398461da7e0f64e1cbef827 P 4cb7bc36980347239457961b73e584e7 [term 0 FOLLOWER]: Starting pre-election with config: opid_index: -1 OBSOLETE_local: false peers { permanent_uuid: "4cb7bc36980347239457961b73e584e7" member_type: VOTER last_known_addr { host: "127.18.219.1" port: 45787 } } peers { permanent_uuid: "d1fad7960fe24a01882576ac9bd71cab" member_type: VOTER last_known_addr { host: "127.18.219.2" port: 33363 } } peers { permanent_uuid: "717d352675a742a79e1434f6e07c1e14" member_type: VOTER last_known_addr { host: "127.18.219.3" port: 38295 } }
I20260709 12:23:35.638626 20722 tablet_bootstrap.cc:492] T 8a677a088f424bc4968c5cff611c0f65 P d1fad7960fe24a01882576ac9bd71cab: No bootstrap required, opened a new log
I20260709 12:23:35.642485 20722 ts_tablet_manager.cc:1403] T 8a677a088f424bc4968c5cff611c0f65 P d1fad7960fe24a01882576ac9bd71cab: Time spent bootstrapping tablet: real 0.239s	user 0.029s	sys 0.015s
I20260709 12:23:35.644783 20682 tablet_service.cc:1917] Received RequestConsensusVote() RPC: tablet_id: "fee2dd216398461da7e0f64e1cbef827" candidate_uuid: "4cb7bc36980347239457961b73e584e7" candidate_term: 1 candidate_status { last_received { term: 0 index: 0 } } ignore_live_leader: false dest_uuid: "717d352675a742a79e1434f6e07c1e14" is_pre_election: true
W20260709 12:23:35.646298 20496 leader_election.cc:343] T fee2dd216398461da7e0f64e1cbef827 P 4cb7bc36980347239457961b73e584e7 [CANDIDATE]: Term 1 pre-election: Tablet error from VoteRequest() call to peer 717d352675a742a79e1434f6e07c1e14 (127.18.219.3:38295): Illegal state: must be running to vote when last-logged opid is not known
I20260709 12:23:35.646867 20749 leader_election.cc:290] T fee2dd216398461da7e0f64e1cbef827 P 4cb7bc36980347239457961b73e584e7 [CANDIDATE]: Term 1 pre-election: Requested pre-vote from peers d1fad7960fe24a01882576ac9bd71cab (127.18.219.2:33363), 717d352675a742a79e1434f6e07c1e14 (127.18.219.3:38295)
I20260709 12:23:35.647001 20722 raft_consensus.cc:359] T 8a677a088f424bc4968c5cff611c0f65 P d1fad7960fe24a01882576ac9bd71cab [term 0 FOLLOWER]: Replica starting. Triggering 0 pending ops. Active config: opid_index: -1 OBSOLETE_local: false peers { permanent_uuid: "4cb7bc36980347239457961b73e584e7" member_type: VOTER last_known_addr { host: "127.18.219.1" port: 45787 } } peers { permanent_uuid: "d1fad7960fe24a01882576ac9bd71cab" member_type: VOTER last_known_addr { host: "127.18.219.2" port: 33363 } } peers { permanent_uuid: "717d352675a742a79e1434f6e07c1e14" member_type: VOTER last_known_addr { host: "127.18.219.3" port: 38295 } }
I20260709 12:23:35.647774 20722 raft_consensus.cc:385] T 8a677a088f424bc4968c5cff611c0f65 P d1fad7960fe24a01882576ac9bd71cab [term 0 FOLLOWER]: Consensus starting up: Expiring failure detector timer to make a prompt election more likely
I20260709 12:23:35.648072 20722 raft_consensus.cc:740] T 8a677a088f424bc4968c5cff611c0f65 P d1fad7960fe24a01882576ac9bd71cab [term 0 FOLLOWER]: Becoming Follower/Learner. State: Replica: d1fad7960fe24a01882576ac9bd71cab, State: Initialized, Role: FOLLOWER
I20260709 12:23:35.649020 20724 tablet_bootstrap.cc:492] T af470eade4e84721b438296d7e426f6f P 4cb7bc36980347239457961b73e584e7: No bootstrap required, opened a new log
I20260709 12:23:35.648778 20722 consensus_queue.cc:260] T 8a677a088f424bc4968c5cff611c0f65 P d1fad7960fe24a01882576ac9bd71cab [NON_LEADER]: Queue going to NON_LEADER mode. State: All replicated index: 0, Majority replicated index: 0, Committed index: 0, Last appended: 0.0, Last appended by leader: 0, Current term: 0, Majority size: -1, State: 0, Mode: NON_LEADER, active raft config: opid_index: -1 OBSOLETE_local: false peers { permanent_uuid: "4cb7bc36980347239457961b73e584e7" member_type: VOTER last_known_addr { host: "127.18.219.1" port: 45787 } } peers { permanent_uuid: "d1fad7960fe24a01882576ac9bd71cab" member_type: VOTER last_known_addr { host: "127.18.219.2" port: 33363 } } peers { permanent_uuid: "717d352675a742a79e1434f6e07c1e14" member_type: VOTER last_known_addr { host: "127.18.219.3" port: 38295 } }
I20260709 12:23:35.649612 20724 ts_tablet_manager.cc:1403] T af470eade4e84721b438296d7e426f6f P 4cb7bc36980347239457961b73e584e7: Time spent bootstrapping tablet: real 0.077s	user 0.012s	sys 0.010s
I20260709 12:23:35.650331 20672 tablet_service.cc:1511] Processing CreateTablet for tablet 36c303d50e80426db3c11ec0e6f31817 (DEFAULT_TABLE table=test-workload [id=264b3256a77347109f7ad9cf4bd4b507]), partition=RANGE (key) PARTITION 1492319107 <= VALUES < 1528717134
I20260709 12:23:35.650969 20722 ts_tablet_manager.cc:1434] T 8a677a088f424bc4968c5cff611c0f65 P d1fad7960fe24a01882576ac9bd71cab: Time spent starting tablet: real 0.008s	user 0.005s	sys 0.000s
I20260709 12:23:35.651584 20672 data_dirs.cc:400] Could only allocate 1 dirs of requested 3 for tablet 36c303d50e80426db3c11ec0e6f31817. 1 dirs total, 0 dirs full, 0 dirs failed
I20260709 12:23:35.653029 20722 tablet_bootstrap.cc:492] T 93f700f510374c0d8055b9372dd81bbc P d1fad7960fe24a01882576ac9bd71cab: Bootstrap starting.
I20260709 12:23:35.652674 20724 raft_consensus.cc:359] T af470eade4e84721b438296d7e426f6f P 4cb7bc36980347239457961b73e584e7 [term 0 FOLLOWER]: Replica starting. Triggering 0 pending ops. Active config: opid_index: -1 OBSOLETE_local: false peers { permanent_uuid: "4cb7bc36980347239457961b73e584e7" member_type: VOTER last_known_addr { host: "127.18.219.1" port: 45787 } } peers { permanent_uuid: "d1fad7960fe24a01882576ac9bd71cab" member_type: VOTER last_known_addr { host: "127.18.219.2" port: 33363 } } peers { permanent_uuid: "717d352675a742a79e1434f6e07c1e14" member_type: VOTER last_known_addr { host: "127.18.219.3" port: 38295 } }
I20260709 12:23:35.653517 20724 raft_consensus.cc:385] T af470eade4e84721b438296d7e426f6f P 4cb7bc36980347239457961b73e584e7 [term 0 FOLLOWER]: Consensus starting up: Expiring failure detector timer to make a prompt election more likely
I20260709 12:23:35.659052 20594 tablet_service.cc:1511] Processing CreateTablet for tablet 36c303d50e80426db3c11ec0e6f31817 (DEFAULT_TABLE table=test-workload [id=264b3256a77347109f7ad9cf4bd4b507]), partition=RANGE (key) PARTITION 1492319107 <= VALUES < 1528717134
I20260709 12:23:35.660406 20594 data_dirs.cc:400] Could only allocate 1 dirs of requested 3 for tablet 36c303d50e80426db3c11ec0e6f31817. 1 dirs total, 0 dirs full, 0 dirs failed
I20260709 12:23:35.653895 20724 raft_consensus.cc:740] T af470eade4e84721b438296d7e426f6f P 4cb7bc36980347239457961b73e584e7 [term 0 FOLLOWER]: Becoming Follower/Learner. State: Replica: 4cb7bc36980347239457961b73e584e7, State: Initialized, Role: FOLLOWER
I20260709 12:23:35.661710 20724 consensus_queue.cc:260] T af470eade4e84721b438296d7e426f6f P 4cb7bc36980347239457961b73e584e7 [NON_LEADER]: Queue going to NON_LEADER mode. State: All replicated index: 0, Majority replicated index: 0, Committed index: 0, Last appended: 0.0, Last appended by leader: 0, Current term: 0, Majority size: -1, State: 0, Mode: NON_LEADER, active raft config: opid_index: -1 OBSOLETE_local: false peers { permanent_uuid: "4cb7bc36980347239457961b73e584e7" member_type: VOTER last_known_addr { host: "127.18.219.1" port: 45787 } } peers { permanent_uuid: "d1fad7960fe24a01882576ac9bd71cab" member_type: VOTER last_known_addr { host: "127.18.219.2" port: 33363 } } peers { permanent_uuid: "717d352675a742a79e1434f6e07c1e14" member_type: VOTER last_known_addr { host: "127.18.219.3" port: 38295 } }
I20260709 12:23:35.664278 20724 ts_tablet_manager.cc:1434] T af470eade4e84721b438296d7e426f6f P 4cb7bc36980347239457961b73e584e7: Time spent starting tablet: real 0.014s	user 0.003s	sys 0.003s
I20260709 12:23:35.665313 20724 tablet_bootstrap.cc:492] T 8a677a088f424bc4968c5cff611c0f65 P 4cb7bc36980347239457961b73e584e7: Bootstrap starting.
I20260709 12:23:35.668959 20669 tablet_service.cc:1511] Processing CreateTablet for tablet d960fcc220ba4ccba2373bff40f76dec (DEFAULT_TABLE table=test-workload [id=264b3256a77347109f7ad9cf4bd4b507]), partition=RANGE (key) PARTITION 1528717134 <= VALUES < 1565115161
I20260709 12:23:35.670308 20669 data_dirs.cc:400] Could only allocate 1 dirs of requested 3 for tablet d960fcc220ba4ccba2373bff40f76dec. 1 dirs total, 0 dirs full, 0 dirs failed
I20260709 12:23:35.670009 20519 tablet_service.cc:1511] Processing CreateTablet for tablet b4fd1a13c1b649f98f48bbf975f90c9b (DEFAULT_TABLE table=test-workload [id=264b3256a77347109f7ad9cf4bd4b507]), partition=RANGE (key) PARTITION 1565115161 <= VALUES < 1601513188
I20260709 12:23:35.671264 20519 data_dirs.cc:400] Could only allocate 1 dirs of requested 3 for tablet b4fd1a13c1b649f98f48bbf975f90c9b. 1 dirs total, 0 dirs full, 0 dirs failed
I20260709 12:23:35.670979 20592 tablet_service.cc:1511] Processing CreateTablet for tablet d960fcc220ba4ccba2373bff40f76dec (DEFAULT_TABLE table=test-workload [id=264b3256a77347109f7ad9cf4bd4b507]), partition=RANGE (key) PARTITION 1528717134 <= VALUES < 1565115161
I20260709 12:23:35.672256 20592 data_dirs.cc:400] Could only allocate 1 dirs of requested 3 for tablet d960fcc220ba4ccba2373bff40f76dec. 1 dirs total, 0 dirs full, 0 dirs failed
I20260709 12:23:35.680958 20722 tablet_bootstrap.cc:654] T 93f700f510374c0d8055b9372dd81bbc P d1fad7960fe24a01882576ac9bd71cab: Neither blocks nor log segments found. Creating new log.
I20260709 12:23:35.663965 20515 tablet_service.cc:1511] Processing CreateTablet for tablet d960fcc220ba4ccba2373bff40f76dec (DEFAULT_TABLE table=test-workload [id=264b3256a77347109f7ad9cf4bd4b507]), partition=RANGE (key) PARTITION 1528717134 <= VALUES < 1565115161
I20260709 12:23:35.682560 20515 data_dirs.cc:400] Could only allocate 1 dirs of requested 3 for tablet d960fcc220ba4ccba2373bff40f76dec. 1 dirs total, 0 dirs full, 0 dirs failed
W20260709 12:23:35.688483 20498 outbound_call.cc:321] RPC callback for RPC call kudu.consensus.ConsensusService.RequestConsensusVote -> {remote=127.18.219.2:33363, user_credentials={real_user=slave}} blocked reactor thread for 96240.5us
I20260709 12:23:35.690618 20607 tablet_service.cc:1917] Received RequestConsensusVote() RPC: tablet_id: "fee2dd216398461da7e0f64e1cbef827" candidate_uuid: "4cb7bc36980347239457961b73e584e7" candidate_term: 1 candidate_status { last_received { term: 0 index: 0 } } ignore_live_leader: false dest_uuid: "d1fad7960fe24a01882576ac9bd71cab" is_pre_election: true
W20260709 12:23:35.697803 20498 leader_election.cc:343] T fee2dd216398461da7e0f64e1cbef827 P 4cb7bc36980347239457961b73e584e7 [CANDIDATE]: Term 1 pre-election: Tablet error from VoteRequest() call to peer d1fad7960fe24a01882576ac9bd71cab (127.18.219.2:33363): Illegal state: must be running to vote when last-logged opid is not known
I20260709 12:23:35.698282 20498 leader_election.cc:304] T fee2dd216398461da7e0f64e1cbef827 P 4cb7bc36980347239457961b73e584e7 [CANDIDATE]: Term 1 pre-election: Election decided. Result: candidate lost. Election summary: received 3 responses out of 3 voters: 1 yes votes; 2 no votes. yes voters: 4cb7bc36980347239457961b73e584e7; no voters: 717d352675a742a79e1434f6e07c1e14, d1fad7960fe24a01882576ac9bd71cab
I20260709 12:23:35.700265 20722 tablet_bootstrap.cc:492] T 93f700f510374c0d8055b9372dd81bbc P d1fad7960fe24a01882576ac9bd71cab: No bootstrap required, opened a new log
I20260709 12:23:35.700820 20722 ts_tablet_manager.cc:1403] T 93f700f510374c0d8055b9372dd81bbc P d1fad7960fe24a01882576ac9bd71cab: Time spent bootstrapping tablet: real 0.048s	user 0.009s	sys 0.005s
I20260709 12:23:35.703558 20724 tablet_bootstrap.cc:654] T 8a677a088f424bc4968c5cff611c0f65 P 4cb7bc36980347239457961b73e584e7: Neither blocks nor log segments found. Creating new log.
I20260709 12:23:35.703727 20722 raft_consensus.cc:359] T 93f700f510374c0d8055b9372dd81bbc P d1fad7960fe24a01882576ac9bd71cab [term 0 FOLLOWER]: Replica starting. Triggering 0 pending ops. Active config: opid_index: -1 OBSOLETE_local: false peers { permanent_uuid: "4cb7bc36980347239457961b73e584e7" member_type: VOTER last_known_addr { host: "127.18.219.1" port: 45787 } } peers { permanent_uuid: "d1fad7960fe24a01882576ac9bd71cab" member_type: VOTER last_known_addr { host: "127.18.219.2" port: 33363 } } peers { permanent_uuid: "717d352675a742a79e1434f6e07c1e14" member_type: VOTER last_known_addr { host: "127.18.219.3" port: 38295 } }
I20260709 12:23:35.704722 20722 raft_consensus.cc:385] T 93f700f510374c0d8055b9372dd81bbc P d1fad7960fe24a01882576ac9bd71cab [term 0 FOLLOWER]: Consensus starting up: Expiring failure detector timer to make a prompt election more likely
I20260709 12:23:35.705061 20722 raft_consensus.cc:740] T 93f700f510374c0d8055b9372dd81bbc P d1fad7960fe24a01882576ac9bd71cab [term 0 FOLLOWER]: Becoming Follower/Learner. State: Replica: d1fad7960fe24a01882576ac9bd71cab, State: Initialized, Role: FOLLOWER
I20260709 12:23:35.706049 20722 consensus_queue.cc:260] T 93f700f510374c0d8055b9372dd81bbc P d1fad7960fe24a01882576ac9bd71cab [NON_LEADER]: Queue going to NON_LEADER mode. State: All replicated index: 0, Majority replicated index: 0, Committed index: 0, Last appended: 0.0, Last appended by leader: 0, Current term: 0, Majority size: -1, State: 0, Mode: NON_LEADER, active raft config: opid_index: -1 OBSOLETE_local: false peers { permanent_uuid: "4cb7bc36980347239457961b73e584e7" member_type: VOTER last_known_addr { host: "127.18.219.1" port: 45787 } } peers { permanent_uuid: "d1fad7960fe24a01882576ac9bd71cab" member_type: VOTER last_known_addr { host: "127.18.219.2" port: 33363 } } peers { permanent_uuid: "717d352675a742a79e1434f6e07c1e14" member_type: VOTER last_known_addr { host: "127.18.219.3" port: 38295 } }
I20260709 12:23:35.707384 20749 raft_consensus.cc:2749] T fee2dd216398461da7e0f64e1cbef827 P 4cb7bc36980347239457961b73e584e7 [term 0 FOLLOWER]: Leader pre-election lost for term 1. Reason: could not achieve majority
I20260709 12:23:35.709735 20723 tablet_bootstrap.cc:492] T 93f700f510374c0d8055b9372dd81bbc P 717d352675a742a79e1434f6e07c1e14: No bootstrap required, opened a new log
I20260709 12:23:35.710206 20723 ts_tablet_manager.cc:1403] T 93f700f510374c0d8055b9372dd81bbc P 717d352675a742a79e1434f6e07c1e14: Time spent bootstrapping tablet: real 0.200s	user 0.005s	sys 0.010s
I20260709 12:23:35.712988 20723 raft_consensus.cc:359] T 93f700f510374c0d8055b9372dd81bbc P 717d352675a742a79e1434f6e07c1e14 [term 0 FOLLOWER]: Replica starting. Triggering 0 pending ops. Active config: opid_index: -1 OBSOLETE_local: false peers { permanent_uuid: "4cb7bc36980347239457961b73e584e7" member_type: VOTER last_known_addr { host: "127.18.219.1" port: 45787 } } peers { permanent_uuid: "d1fad7960fe24a01882576ac9bd71cab" member_type: VOTER last_known_addr { host: "127.18.219.2" port: 33363 } } peers { permanent_uuid: "717d352675a742a79e1434f6e07c1e14" member_type: VOTER last_known_addr { host: "127.18.219.3" port: 38295 } }
I20260709 12:23:35.713698 20723 raft_consensus.cc:385] T 93f700f510374c0d8055b9372dd81bbc P 717d352675a742a79e1434f6e07c1e14 [term 0 FOLLOWER]: Consensus starting up: Expiring failure detector timer to make a prompt election more likely
I20260709 12:23:35.713982 20723 raft_consensus.cc:740] T 93f700f510374c0d8055b9372dd81bbc P 717d352675a742a79e1434f6e07c1e14 [term 0 FOLLOWER]: Becoming Follower/Learner. State: Replica: 717d352675a742a79e1434f6e07c1e14, State: Initialized, Role: FOLLOWER
I20260709 12:23:35.715935 20722 ts_tablet_manager.cc:1434] T 93f700f510374c0d8055b9372dd81bbc P d1fad7960fe24a01882576ac9bd71cab: Time spent starting tablet: real 0.015s	user 0.005s	sys 0.000s
I20260709 12:23:35.716097 20724 tablet_bootstrap.cc:492] T 8a677a088f424bc4968c5cff611c0f65 P 4cb7bc36980347239457961b73e584e7: No bootstrap required, opened a new log
I20260709 12:23:35.714824 20723 consensus_queue.cc:260] T 93f700f510374c0d8055b9372dd81bbc P 717d352675a742a79e1434f6e07c1e14 [NON_LEADER]: Queue going to NON_LEADER mode. State: All replicated index: 0, Majority replicated index: 0, Committed index: 0, Last appended: 0.0, Last appended by leader: 0, Current term: 0, Majority size: -1, State: 0, Mode: NON_LEADER, active raft config: opid_index: -1 OBSOLETE_local: false peers { permanent_uuid: "4cb7bc36980347239457961b73e584e7" member_type: VOTER last_known_addr { host: "127.18.219.1" port: 45787 } } peers { permanent_uuid: "d1fad7960fe24a01882576ac9bd71cab" member_type: VOTER last_known_addr { host: "127.18.219.2" port: 33363 } } peers { permanent_uuid: "717d352675a742a79e1434f6e07c1e14" member_type: VOTER last_known_addr { host: "127.18.219.3" port: 38295 } }
I20260709 12:23:35.716569 20724 ts_tablet_manager.cc:1403] T 8a677a088f424bc4968c5cff611c0f65 P 4cb7bc36980347239457961b73e584e7: Time spent bootstrapping tablet: real 0.052s	user 0.009s	sys 0.000s
I20260709 12:23:35.721082 20592 tablet_service.cc:1511] Processing CreateTablet for tablet b4fd1a13c1b649f98f48bbf975f90c9b (DEFAULT_TABLE table=test-workload [id=264b3256a77347109f7ad9cf4bd4b507]), partition=RANGE (key) PARTITION 1565115161 <= VALUES < 1601513188
I20260709 12:23:35.721726 20724 raft_consensus.cc:359] T 8a677a088f424bc4968c5cff611c0f65 P 4cb7bc36980347239457961b73e584e7 [term 0 FOLLOWER]: Replica starting. Triggering 0 pending ops. Active config: opid_index: -1 OBSOLETE_local: false peers { permanent_uuid: "4cb7bc36980347239457961b73e584e7" member_type: VOTER last_known_addr { host: "127.18.219.1" port: 45787 } } peers { permanent_uuid: "d1fad7960fe24a01882576ac9bd71cab" member_type: VOTER last_known_addr { host: "127.18.219.2" port: 33363 } } peers { permanent_uuid: "717d352675a742a79e1434f6e07c1e14" member_type: VOTER last_known_addr { host: "127.18.219.3" port: 38295 } }
I20260709 12:23:35.718205 20723 ts_tablet_manager.cc:1434] T 93f700f510374c0d8055b9372dd81bbc P 717d352675a742a79e1434f6e07c1e14: Time spent starting tablet: real 0.008s	user 0.004s	sys 0.002s
I20260709 12:23:35.722476 20724 raft_consensus.cc:385] T 8a677a088f424bc4968c5cff611c0f65 P 4cb7bc36980347239457961b73e584e7 [term 0 FOLLOWER]: Consensus starting up: Expiring failure detector timer to make a prompt election more likely
I20260709 12:23:35.727341 20724 raft_consensus.cc:740] T 8a677a088f424bc4968c5cff611c0f65 P 4cb7bc36980347239457961b73e584e7 [term 0 FOLLOWER]: Becoming Follower/Learner. State: Replica: 4cb7bc36980347239457961b73e584e7, State: Initialized, Role: FOLLOWER
I20260709 12:23:35.727475 20429 catalog_manager.cc:5697] T bf4cb72248214f5ea50fe2165aa63a6c P 4cb7bc36980347239457961b73e584e7 reported cstate change: term changed from 0 to 1, leader changed from <none> to 4cb7bc36980347239457961b73e584e7 (127.18.219.1). New cstate: current_term: 1 leader_uuid: "4cb7bc36980347239457961b73e584e7" committed_config { opid_index: -1 OBSOLETE_local: false peers { permanent_uuid: "717d352675a742a79e1434f6e07c1e14" member_type: VOTER last_known_addr { host: "127.18.219.3" port: 38295 } health_report { overall_health: UNKNOWN } } peers { permanent_uuid: "d1fad7960fe24a01882576ac9bd71cab" member_type: VOTER last_known_addr { host: "127.18.219.2" port: 33363 } health_report { overall_health: UNKNOWN } } peers { permanent_uuid: "4cb7bc36980347239457961b73e584e7" member_type: VOTER last_known_addr { host: "127.18.219.1" port: 45787 } health_report { overall_health: HEALTHY } } }
I20260709 12:23:35.728349 20520 tablet_service.cc:1511] Processing CreateTablet for tablet 9ef6cd3e2cd44b3ba6e937e5a71c3d72 (DEFAULT_TABLE table=test-workload [id=264b3256a77347109f7ad9cf4bd4b507]), partition=RANGE (key) PARTITION 1601513188 <= VALUES < 1637911215
I20260709 12:23:35.729728 20520 data_dirs.cc:400] Could only allocate 1 dirs of requested 3 for tablet 9ef6cd3e2cd44b3ba6e937e5a71c3d72. 1 dirs total, 0 dirs full, 0 dirs failed
I20260709 12:23:35.731516 20594 tablet_service.cc:1511] Processing CreateTablet for tablet 9ef6cd3e2cd44b3ba6e937e5a71c3d72 (DEFAULT_TABLE table=test-workload [id=264b3256a77347109f7ad9cf4bd4b507]), partition=RANGE (key) PARTITION 1601513188 <= VALUES < 1637911215
I20260709 12:23:35.732115 20518 tablet_service.cc:1511] Processing CreateTablet for tablet a29f8963eedd419aa7207ef2e98e6f76 (DEFAULT_TABLE table=test-workload [id=264b3256a77347109f7ad9cf4bd4b507]), partition=RANGE (key) PARTITION 1637911215 <= VALUES < 1674309242
I20260709 12:23:35.733347 20518 data_dirs.cc:400] Could only allocate 1 dirs of requested 3 for tablet a29f8963eedd419aa7207ef2e98e6f76. 1 dirs total, 0 dirs full, 0 dirs failed
I20260709 12:23:35.734524 20595 tablet_service.cc:1511] Processing CreateTablet for tablet a29f8963eedd419aa7207ef2e98e6f76 (DEFAULT_TABLE table=test-workload [id=264b3256a77347109f7ad9cf4bd4b507]), partition=RANGE (key) PARTITION 1637911215 <= VALUES < 1674309242
I20260709 12:23:35.738633 20519 tablet_service.cc:1511] Processing CreateTablet for tablet 360b1f5dc4d44b1aaa4d8603e2c27c98 (DEFAULT_TABLE table=test-workload [id=264b3256a77347109f7ad9cf4bd4b507]), partition=RANGE (key) PARTITION 1674309242 <= VALUES < 1710707269
I20260709 12:23:35.739090 20593 tablet_service.cc:1511] Processing CreateTablet for tablet 360b1f5dc4d44b1aaa4d8603e2c27c98 (DEFAULT_TABLE table=test-workload [id=264b3256a77347109f7ad9cf4bd4b507]), partition=RANGE (key) PARTITION 1674309242 <= VALUES < 1710707269
I20260709 12:23:35.739884 20519 data_dirs.cc:400] Could only allocate 1 dirs of requested 3 for tablet 360b1f5dc4d44b1aaa4d8603e2c27c98. 1 dirs total, 0 dirs full, 0 dirs failed
I20260709 12:23:35.741816 20722 tablet_bootstrap.cc:492] T 100183d0045b4157a5b8f2bd7054db0b P d1fad7960fe24a01882576ac9bd71cab: Bootstrap starting.
I20260709 12:23:35.743287 20672 tablet_service.cc:1511] Processing CreateTablet for tablet a29f8963eedd419aa7207ef2e98e6f76 (DEFAULT_TABLE table=test-workload [id=264b3256a77347109f7ad9cf4bd4b507]), partition=RANGE (key) PARTITION 1637911215 <= VALUES < 1674309242
I20260709 12:23:35.746299 20517 tablet_service.cc:1511] Processing CreateTablet for tablet 63750d0e75684b878f3be8d43642f6d8 (DEFAULT_TABLE table=test-workload [id=264b3256a77347109f7ad9cf4bd4b507]), partition=RANGE (key) PARTITION 1710707269 <= VALUES < 1747105296
I20260709 12:23:35.747236 20672 data_dirs.cc:400] Could only allocate 1 dirs of requested 3 for tablet a29f8963eedd419aa7207ef2e98e6f76. 1 dirs total, 0 dirs full, 0 dirs failed
I20260709 12:23:35.747484 20517 data_dirs.cc:400] Could only allocate 1 dirs of requested 3 for tablet 63750d0e75684b878f3be8d43642f6d8. 1 dirs total, 0 dirs full, 0 dirs failed
I20260709 12:23:35.751273 20669 tablet_service.cc:1511] Processing CreateTablet for tablet 360b1f5dc4d44b1aaa4d8603e2c27c98 (DEFAULT_TABLE table=test-workload [id=264b3256a77347109f7ad9cf4bd4b507]), partition=RANGE (key) PARTITION 1674309242 <= VALUES < 1710707269
I20260709 12:23:35.751543 20588 tablet_service.cc:1511] Processing CreateTablet for tablet 63750d0e75684b878f3be8d43642f6d8 (DEFAULT_TABLE table=test-workload [id=264b3256a77347109f7ad9cf4bd4b507]), partition=RANGE (key) PARTITION 1710707269 <= VALUES < 1747105296
I20260709 12:23:35.752496 20669 data_dirs.cc:400] Could only allocate 1 dirs of requested 3 for tablet 360b1f5dc4d44b1aaa4d8603e2c27c98. 1 dirs total, 0 dirs full, 0 dirs failed
I20260709 12:23:35.753710 20723 tablet_bootstrap.cc:492] T af470eade4e84721b438296d7e426f6f P 717d352675a742a79e1434f6e07c1e14: Bootstrap starting.
I20260709 12:23:35.722410 20592 data_dirs.cc:400] Could only allocate 1 dirs of requested 3 for tablet b4fd1a13c1b649f98f48bbf975f90c9b. 1 dirs total, 0 dirs full, 0 dirs failed
I20260709 12:23:35.758111 20594 data_dirs.cc:400] Could only allocate 1 dirs of requested 3 for tablet 9ef6cd3e2cd44b3ba6e937e5a71c3d72. 1 dirs total, 0 dirs full, 0 dirs failed
I20260709 12:23:35.759501 20588 data_dirs.cc:400] Could only allocate 1 dirs of requested 3 for tablet 63750d0e75684b878f3be8d43642f6d8. 1 dirs total, 0 dirs full, 0 dirs failed
I20260709 12:23:35.761536 20666 tablet_service.cc:1511] Processing CreateTablet for tablet 63750d0e75684b878f3be8d43642f6d8 (DEFAULT_TABLE table=test-workload [id=264b3256a77347109f7ad9cf4bd4b507]), partition=RANGE (key) PARTITION 1710707269 <= VALUES < 1747105296
I20260709 12:23:35.763185 20666 data_dirs.cc:400] Could only allocate 1 dirs of requested 3 for tablet 63750d0e75684b878f3be8d43642f6d8. 1 dirs total, 0 dirs full, 0 dirs failed
I20260709 12:23:35.765988 20593 data_dirs.cc:400] Could only allocate 1 dirs of requested 3 for tablet 360b1f5dc4d44b1aaa4d8603e2c27c98. 1 dirs total, 0 dirs full, 0 dirs failed
I20260709 12:23:35.769032 20521 tablet_service.cc:1511] Processing CreateTablet for tablet 955d24dc691b40f9ad572c0f9f7fab28 (DEFAULT_TABLE table=test-workload [id=264b3256a77347109f7ad9cf4bd4b507]), partition=RANGE (key) PARTITION 1747105296 <= VALUES < 1783503323
I20260709 12:23:35.732118 20665 tablet_service.cc:1511] Processing CreateTablet for tablet 9ef6cd3e2cd44b3ba6e937e5a71c3d72 (DEFAULT_TABLE table=test-workload [id=264b3256a77347109f7ad9cf4bd4b507]), partition=RANGE (key) PARTITION 1601513188 <= VALUES < 1637911215
I20260709 12:23:35.770489 20595 data_dirs.cc:400] Could only allocate 1 dirs of requested 3 for tablet a29f8963eedd419aa7207ef2e98e6f76. 1 dirs total, 0 dirs full, 0 dirs failed
I20260709 12:23:35.770524 20665 data_dirs.cc:400] Could only allocate 1 dirs of requested 3 for tablet 9ef6cd3e2cd44b3ba6e937e5a71c3d72. 1 dirs total, 0 dirs full, 0 dirs failed
I20260709 12:23:35.770431 20521 data_dirs.cc:400] Could only allocate 1 dirs of requested 3 for tablet 955d24dc691b40f9ad572c0f9f7fab28. 1 dirs total, 0 dirs full, 0 dirs failed
I20260709 12:23:35.782804 20597 tablet_service.cc:1511] Processing CreateTablet for tablet 955d24dc691b40f9ad572c0f9f7fab28 (DEFAULT_TABLE table=test-workload [id=264b3256a77347109f7ad9cf4bd4b507]), partition=RANGE (key) PARTITION 1747105296 <= VALUES < 1783503323
I20260709 12:23:35.783296 20670 tablet_service.cc:1511] Processing CreateTablet for tablet 955d24dc691b40f9ad572c0f9f7fab28 (DEFAULT_TABLE table=test-workload [id=264b3256a77347109f7ad9cf4bd4b507]), partition=RANGE (key) PARTITION 1747105296 <= VALUES < 1783503323
I20260709 12:23:35.784070 20597 data_dirs.cc:400] Could only allocate 1 dirs of requested 3 for tablet 955d24dc691b40f9ad572c0f9f7fab28. 1 dirs total, 0 dirs full, 0 dirs failed
I20260709 12:23:35.784535 20670 data_dirs.cc:400] Could only allocate 1 dirs of requested 3 for tablet 955d24dc691b40f9ad572c0f9f7fab28. 1 dirs total, 0 dirs full, 0 dirs failed
I20260709 12:23:35.798743 20596 tablet_service.cc:1511] Processing CreateTablet for tablet 58c3cead73284585b698b30c4693a17e (DEFAULT_TABLE table=test-workload [id=264b3256a77347109f7ad9cf4bd4b507]), partition=RANGE (key) PARTITION 1783503323 <= VALUES < 1819901350
I20260709 12:23:35.800062 20596 data_dirs.cc:400] Could only allocate 1 dirs of requested 3 for tablet 58c3cead73284585b698b30c4693a17e. 1 dirs total, 0 dirs full, 0 dirs failed
I20260709 12:23:35.800760 20731 raft_consensus.cc:493] T 8a677a088f424bc4968c5cff611c0f65 P d1fad7960fe24a01882576ac9bd71cab [term 0 FOLLOWER]: Starting pre-election (no leader contacted us within the election timeout)
I20260709 12:23:35.801259 20731 raft_consensus.cc:515] T 8a677a088f424bc4968c5cff611c0f65 P d1fad7960fe24a01882576ac9bd71cab [term 0 FOLLOWER]: Starting pre-election with config: opid_index: -1 OBSOLETE_local: false peers { permanent_uuid: "4cb7bc36980347239457961b73e584e7" member_type: VOTER last_known_addr { host: "127.18.219.1" port: 45787 } } peers { permanent_uuid: "d1fad7960fe24a01882576ac9bd71cab" member_type: VOTER last_known_addr { host: "127.18.219.2" port: 33363 } } peers { permanent_uuid: "717d352675a742a79e1434f6e07c1e14" member_type: VOTER last_known_addr { host: "127.18.219.3" port: 38295 } }
I20260709 12:23:35.802459 20671 tablet_service.cc:1511] Processing CreateTablet for tablet b4fd1a13c1b649f98f48bbf975f90c9b (DEFAULT_TABLE table=test-workload [id=264b3256a77347109f7ad9cf4bd4b507]), partition=RANGE (key) PARTITION 1565115161 <= VALUES < 1601513188
I20260709 12:23:35.803393 20664 tablet_service.cc:1511] Processing CreateTablet for tablet 58c3cead73284585b698b30c4693a17e (DEFAULT_TABLE table=test-workload [id=264b3256a77347109f7ad9cf4bd4b507]), partition=RANGE (key) PARTITION 1783503323 <= VALUES < 1819901350
I20260709 12:23:35.803632 20731 leader_election.cc:290] T 8a677a088f424bc4968c5cff611c0f65 P d1fad7960fe24a01882576ac9bd71cab [CANDIDATE]: Term 1 pre-election: Requested pre-vote from peers 4cb7bc36980347239457961b73e584e7 (127.18.219.1:45787), 717d352675a742a79e1434f6e07c1e14 (127.18.219.3:38295)
I20260709 12:23:35.803684 20671 data_dirs.cc:400] Could only allocate 1 dirs of requested 3 for tablet b4fd1a13c1b649f98f48bbf975f90c9b. 1 dirs total, 0 dirs full, 0 dirs failed
I20260709 12:23:35.804992 20532 tablet_service.cc:1917] Received RequestConsensusVote() RPC: tablet_id: "8a677a088f424bc4968c5cff611c0f65" candidate_uuid: "d1fad7960fe24a01882576ac9bd71cab" candidate_term: 1 candidate_status { last_received { term: 0 index: 0 } } ignore_live_leader: false dest_uuid: "4cb7bc36980347239457961b73e584e7" is_pre_election: true
I20260709 12:23:35.805330 20682 tablet_service.cc:1917] Received RequestConsensusVote() RPC: tablet_id: "8a677a088f424bc4968c5cff611c0f65" candidate_uuid: "d1fad7960fe24a01882576ac9bd71cab" candidate_term: 1 candidate_status { last_received { term: 0 index: 0 } } ignore_live_leader: false dest_uuid: "717d352675a742a79e1434f6e07c1e14" is_pre_election: true
W20260709 12:23:35.807201 20571 leader_election.cc:343] T 8a677a088f424bc4968c5cff611c0f65 P d1fad7960fe24a01882576ac9bd71cab [CANDIDATE]: Term 1 pre-election: Tablet error from VoteRequest() call to peer 717d352675a742a79e1434f6e07c1e14 (127.18.219.3:38295): Illegal state: must be running to vote when last-logged opid is not known
I20260709 12:23:35.778187 20724 consensus_queue.cc:260] T 8a677a088f424bc4968c5cff611c0f65 P 4cb7bc36980347239457961b73e584e7 [NON_LEADER]: Queue going to NON_LEADER mode. State: All replicated index: 0, Majority replicated index: 0, Committed index: 0, Last appended: 0.0, Last appended by leader: 0, Current term: 0, Majority size: -1, State: 0, Mode: NON_LEADER, active raft config: opid_index: -1 OBSOLETE_local: false peers { permanent_uuid: "4cb7bc36980347239457961b73e584e7" member_type: VOTER last_known_addr { host: "127.18.219.1" port: 45787 } } peers { permanent_uuid: "d1fad7960fe24a01882576ac9bd71cab" member_type: VOTER last_known_addr { host: "127.18.219.2" port: 33363 } } peers { permanent_uuid: "717d352675a742a79e1434f6e07c1e14" member_type: VOTER last_known_addr { host: "127.18.219.3" port: 38295 } }
I20260709 12:23:35.808105 20532 raft_consensus.cc:2468] T 8a677a088f424bc4968c5cff611c0f65 P 4cb7bc36980347239457961b73e584e7 [term 0 FOLLOWER]: Leader pre-election vote request: Granting yes vote for candidate d1fad7960fe24a01882576ac9bd71cab in term 0.
I20260709 12:23:35.809435 20724 ts_tablet_manager.cc:1434] T 8a677a088f424bc4968c5cff611c0f65 P 4cb7bc36980347239457961b73e584e7: Time spent starting tablet: real 0.090s	user 0.003s	sys 0.003s
I20260709 12:23:35.809891 20664 data_dirs.cc:400] Could only allocate 1 dirs of requested 3 for tablet 58c3cead73284585b698b30c4693a17e. 1 dirs total, 0 dirs full, 0 dirs failed
I20260709 12:23:35.810465 20724 tablet_bootstrap.cc:492] T 831bb0db2e3744a491c5897722678a57 P 4cb7bc36980347239457961b73e584e7: Bootstrap starting.
I20260709 12:23:35.814172 20570 leader_election.cc:304] T 8a677a088f424bc4968c5cff611c0f65 P d1fad7960fe24a01882576ac9bd71cab [CANDIDATE]: Term 1 pre-election: Election decided. Result: candidate won. Election summary: received 3 responses out of 3 voters: 2 yes votes; 1 no votes. yes voters: 4cb7bc36980347239457961b73e584e7, d1fad7960fe24a01882576ac9bd71cab; no voters: 717d352675a742a79e1434f6e07c1e14
I20260709 12:23:35.815284 20722 tablet_bootstrap.cc:654] T 100183d0045b4157a5b8f2bd7054db0b P d1fad7960fe24a01882576ac9bd71cab: Neither blocks nor log segments found. Creating new log.
I20260709 12:23:35.815500 20731 raft_consensus.cc:2804] T 8a677a088f424bc4968c5cff611c0f65 P d1fad7960fe24a01882576ac9bd71cab [term 0 FOLLOWER]: Leader pre-election won for term 1
I20260709 12:23:35.815892 20731 raft_consensus.cc:493] T 8a677a088f424bc4968c5cff611c0f65 P d1fad7960fe24a01882576ac9bd71cab [term 0 FOLLOWER]: Starting leader election (no leader contacted us within the election timeout)
I20260709 12:23:35.816256 20731 raft_consensus.cc:3060] T 8a677a088f424bc4968c5cff611c0f65 P d1fad7960fe24a01882576ac9bd71cab [term 0 FOLLOWER]: Advancing to term 1
I20260709 12:23:35.823779 20731 raft_consensus.cc:515] T 8a677a088f424bc4968c5cff611c0f65 P d1fad7960fe24a01882576ac9bd71cab [term 1 FOLLOWER]: Starting leader election with config: opid_index: -1 OBSOLETE_local: false peers { permanent_uuid: "4cb7bc36980347239457961b73e584e7" member_type: VOTER last_known_addr { host: "127.18.219.1" port: 45787 } } peers { permanent_uuid: "d1fad7960fe24a01882576ac9bd71cab" member_type: VOTER last_known_addr { host: "127.18.219.2" port: 33363 } } peers { permanent_uuid: "717d352675a742a79e1434f6e07c1e14" member_type: VOTER last_known_addr { host: "127.18.219.3" port: 38295 } }
I20260709 12:23:35.826726 20532 tablet_service.cc:1917] Received RequestConsensusVote() RPC: tablet_id: "8a677a088f424bc4968c5cff611c0f65" candidate_uuid: "d1fad7960fe24a01882576ac9bd71cab" candidate_term: 1 candidate_status { last_received { term: 0 index: 0 } } ignore_live_leader: false dest_uuid: "4cb7bc36980347239457961b73e584e7"
I20260709 12:23:35.827396 20532 raft_consensus.cc:3060] T 8a677a088f424bc4968c5cff611c0f65 P 4cb7bc36980347239457961b73e584e7 [term 0 FOLLOWER]: Advancing to term 1
I20260709 12:23:35.828860 20515 tablet_service.cc:1511] Processing CreateTablet for tablet 865fb9fde1b940298fb4f7d8939c10a8 (DEFAULT_TABLE table=test-workload [id=264b3256a77347109f7ad9cf4bd4b507]), partition=RANGE (key) PARTITION 1819901350 <= VALUES < 1856299377
I20260709 12:23:35.830193 20515 data_dirs.cc:400] Could only allocate 1 dirs of requested 3 for tablet 865fb9fde1b940298fb4f7d8939c10a8. 1 dirs total, 0 dirs full, 0 dirs failed
I20260709 12:23:35.834632 20532 raft_consensus.cc:2468] T 8a677a088f424bc4968c5cff611c0f65 P 4cb7bc36980347239457961b73e584e7 [term 1 FOLLOWER]: Leader election vote request: Granting yes vote for candidate d1fad7960fe24a01882576ac9bd71cab in term 1.
I20260709 12:23:35.835803 20724 tablet_bootstrap.cc:654] T 831bb0db2e3744a491c5897722678a57 P 4cb7bc36980347239457961b73e584e7: Neither blocks nor log segments found. Creating new log.
I20260709 12:23:35.835912 20570 leader_election.cc:304] T 8a677a088f424bc4968c5cff611c0f65 P d1fad7960fe24a01882576ac9bd71cab [CANDIDATE]: Term 1 election: Election decided. Result: candidate won. Election summary: received 2 responses out of 3 voters: 2 yes votes; 0 no votes. yes voters: 4cb7bc36980347239457961b73e584e7, d1fad7960fe24a01882576ac9bd71cab; no voters: 
I20260709 12:23:35.845752 20682 tablet_service.cc:1917] Received RequestConsensusVote() RPC: tablet_id: "8a677a088f424bc4968c5cff611c0f65" candidate_uuid: "d1fad7960fe24a01882576ac9bd71cab" candidate_term: 1 candidate_status { last_received { term: 0 index: 0 } } ignore_live_leader: false dest_uuid: "717d352675a742a79e1434f6e07c1e14"
