I20260709 12:09:19.110075  1021 raft_consensus.cc:359] T f0fa4dff57b642f3af9274aa5c7998af P a7562c60e0574c989ec3dc5a6f980e81 [term 0 FOLLOWER]: Replica starting. Triggering 0 pending ops. Active config: opid_index: -1 OBSOLETE_local: false peers { permanent_uuid: "c6dd5e16fcff49cc885f018c6d9d5237" member_type: VOTER last_known_addr { host: "127.31.98.129" port: 38077 } } peers { permanent_uuid: "c606f87d11234b63803cb5c32f47b609" member_type: VOTER last_known_addr { host: "127.31.98.130" port: 34353 } } peers { permanent_uuid: "a7562c60e0574c989ec3dc5a6f980e81" member_type: VOTER last_known_addr { host: "127.31.98.131" port: 38075 } }
I20260709 12:09:19.110737  1021 raft_consensus.cc:385] T f0fa4dff57b642f3af9274aa5c7998af P a7562c60e0574c989ec3dc5a6f980e81 [term 0 FOLLOWER]: Consensus starting up: Expiring failure detector timer to make a prompt election more likely
I20260709 12:09:19.110999  1021 raft_consensus.cc:740] T f0fa4dff57b642f3af9274aa5c7998af P a7562c60e0574c989ec3dc5a6f980e81 [term 0 FOLLOWER]: Becoming Follower/Learner. State: Replica: a7562c60e0574c989ec3dc5a6f980e81, State: Initialized, Role: FOLLOWER
I20260709 12:09:19.112603  1022 raft_consensus.cc:359] T ef03eb6d1ab548819f6d5b4ddabeccf3 P c606f87d11234b63803cb5c32f47b609 [term 0 FOLLOWER]: Replica starting. Triggering 0 pending ops. Active config: opid_index: -1 OBSOLETE_local: false peers { permanent_uuid: "c6dd5e16fcff49cc885f018c6d9d5237" member_type: VOTER last_known_addr { host: "127.31.98.129" port: 38077 } } peers { permanent_uuid: "c606f87d11234b63803cb5c32f47b609" member_type: VOTER last_known_addr { host: "127.31.98.130" port: 34353 } } peers { permanent_uuid: "a7562c60e0574c989ec3dc5a6f980e81" member_type: VOTER last_known_addr { host: "127.31.98.131" port: 38075 } }
I20260709 12:09:19.113343  1022 raft_consensus.cc:385] T ef03eb6d1ab548819f6d5b4ddabeccf3 P c606f87d11234b63803cb5c32f47b609 [term 0 FOLLOWER]: Consensus starting up: Expiring failure detector timer to make a prompt election more likely
I20260709 12:09:19.113641  1022 raft_consensus.cc:740] T ef03eb6d1ab548819f6d5b4ddabeccf3 P c606f87d11234b63803cb5c32f47b609 [term 0 FOLLOWER]: Becoming Follower/Learner. State: Replica: c606f87d11234b63803cb5c32f47b609, State: Initialized, Role: FOLLOWER
I20260709 12:09:19.114372  1022 consensus_queue.cc:260] T ef03eb6d1ab548819f6d5b4ddabeccf3 P c606f87d11234b63803cb5c32f47b609 [NON_LEADER]: Queue going to NON_LEADER mode. State: All replicated index: 0, Majority replicated index: 0, Committed index: 0, Last appended: 0.0, Last appended by leader: 0, Current term: 0, Majority size: -1, State: 0, Mode: NON_LEADER, active raft config: opid_index: -1 OBSOLETE_local: false peers { permanent_uuid: "c6dd5e16fcff49cc885f018c6d9d5237" member_type: VOTER last_known_addr { host: "127.31.98.129" port: 38077 } } peers { permanent_uuid: "c606f87d11234b63803cb5c32f47b609" member_type: VOTER last_known_addr { host: "127.31.98.130" port: 34353 } } peers { permanent_uuid: "a7562c60e0574c989ec3dc5a6f980e81" member_type: VOTER last_known_addr { host: "127.31.98.131" port: 38075 } }
I20260709 12:09:19.116602  1022 ts_tablet_manager.cc:1434] T ef03eb6d1ab548819f6d5b4ddabeccf3 P c606f87d11234b63803cb5c32f47b609: Time spent starting tablet: real 0.007s	user 0.003s	sys 0.002s
I20260709 12:09:19.117496  1022 tablet_bootstrap.cc:492] T 9c4f4c50de5448f590de198f6d72ed33 P c606f87d11234b63803cb5c32f47b609: Bootstrap starting.
I20260709 12:09:19.123422  1022 tablet_bootstrap.cc:654] T 9c4f4c50de5448f590de198f6d72ed33 P c606f87d11234b63803cb5c32f47b609: Neither blocks nor log segments found. Creating new log.
I20260709 12:09:19.123838  1213 raft_consensus.cc:493] T 095e9a1a3b0e429186dc42e0b12d7689 P c606f87d11234b63803cb5c32f47b609 [term 0 FOLLOWER]: Starting pre-election (no leader contacted us within the election timeout)
I20260709 12:09:19.124357  1213 raft_consensus.cc:515] T 095e9a1a3b0e429186dc42e0b12d7689 P c606f87d11234b63803cb5c32f47b609 [term 0 FOLLOWER]: Starting pre-election with config: opid_index: -1 OBSOLETE_local: false peers { permanent_uuid: "c6dd5e16fcff49cc885f018c6d9d5237" member_type: VOTER last_known_addr { host: "127.31.98.129" port: 38077 } } peers { permanent_uuid: "c606f87d11234b63803cb5c32f47b609" member_type: VOTER last_known_addr { host: "127.31.98.130" port: 34353 } } peers { permanent_uuid: "a7562c60e0574c989ec3dc5a6f980e81" member_type: VOTER last_known_addr { host: "127.31.98.131" port: 38075 } }
I20260709 12:09:19.126586  1213 leader_election.cc:290] T 095e9a1a3b0e429186dc42e0b12d7689 P c606f87d11234b63803cb5c32f47b609 [CANDIDATE]: Term 1 pre-election: Requested pre-vote from peers c6dd5e16fcff49cc885f018c6d9d5237 (127.31.98.129:38077), a7562c60e0574c989ec3dc5a6f980e81 (127.31.98.131:38075)
I20260709 12:09:19.127815   978 tablet_service.cc:1917] Received RequestConsensusVote() RPC: tablet_id: "095e9a1a3b0e429186dc42e0b12d7689" candidate_uuid: "c606f87d11234b63803cb5c32f47b609" candidate_term: 1 candidate_status { last_received { term: 0 index: 0 } } ignore_live_leader: false dest_uuid: "a7562c60e0574c989ec3dc5a6f980e81" is_pre_election: true
I20260709 12:09:19.128067   829 tablet_service.cc:1917] Received RequestConsensusVote() RPC: tablet_id: "095e9a1a3b0e429186dc42e0b12d7689" candidate_uuid: "c606f87d11234b63803cb5c32f47b609" candidate_term: 1 candidate_status { last_received { term: 0 index: 0 } } ignore_live_leader: false dest_uuid: "c6dd5e16fcff49cc885f018c6d9d5237" is_pre_election: true
I20260709 12:09:19.128595   829 raft_consensus.cc:2468] T 095e9a1a3b0e429186dc42e0b12d7689 P c6dd5e16fcff49cc885f018c6d9d5237 [term 0 FOLLOWER]: Leader pre-election vote request: Granting yes vote for candidate c606f87d11234b63803cb5c32f47b609 in term 0.
W20260709 12:09:19.129251   868 leader_election.cc:343] T 095e9a1a3b0e429186dc42e0b12d7689 P c606f87d11234b63803cb5c32f47b609 [CANDIDATE]: Term 1 pre-election: Tablet error from VoteRequest() call to peer a7562c60e0574c989ec3dc5a6f980e81 (127.31.98.131:38075): Illegal state: must be running to vote when last-logged opid is not known
I20260709 12:09:19.129781  1090 raft_consensus.cc:493] T b9a0bf5fda9a4ae688edd07b37d90c2b P c6dd5e16fcff49cc885f018c6d9d5237 [term 0 FOLLOWER]: Starting pre-election (no leader contacted us within the election timeout)
I20260709 12:09:19.130306  1090 raft_consensus.cc:515] T b9a0bf5fda9a4ae688edd07b37d90c2b P c6dd5e16fcff49cc885f018c6d9d5237 [term 0 FOLLOWER]: Starting pre-election with config: opid_index: -1 OBSOLETE_local: false peers { permanent_uuid: "c6dd5e16fcff49cc885f018c6d9d5237" member_type: VOTER last_known_addr { host: "127.31.98.129" port: 38077 } } peers { permanent_uuid: "c606f87d11234b63803cb5c32f47b609" member_type: VOTER last_known_addr { host: "127.31.98.130" port: 34353 } } peers { permanent_uuid: "a7562c60e0574c989ec3dc5a6f980e81" member_type: VOTER last_known_addr { host: "127.31.98.131" port: 38075 } }
I20260709 12:09:19.130749   869 leader_election.cc:304] T 095e9a1a3b0e429186dc42e0b12d7689 P c606f87d11234b63803cb5c32f47b609 [CANDIDATE]: Term 1 pre-election: Election decided. Result: candidate won. Election summary: received 3 responses out of 3 voters: 2 yes votes; 1 no votes. yes voters: c606f87d11234b63803cb5c32f47b609, c6dd5e16fcff49cc885f018c6d9d5237; no voters: a7562c60e0574c989ec3dc5a6f980e81
I20260709 12:09:19.132120  1105 raft_consensus.cc:2804] T 095e9a1a3b0e429186dc42e0b12d7689 P c606f87d11234b63803cb5c32f47b609 [term 0 FOLLOWER]: Leader pre-election won for term 1
I20260709 12:09:19.111619  1021 consensus_queue.cc:260] T f0fa4dff57b642f3af9274aa5c7998af P a7562c60e0574c989ec3dc5a6f980e81 [NON_LEADER]: Queue going to NON_LEADER mode. State: All replicated index: 0, Majority replicated index: 0, Committed index: 0, Last appended: 0.0, Last appended by leader: 0, Current term: 0, Majority size: -1, State: 0, Mode: NON_LEADER, active raft config: opid_index: -1 OBSOLETE_local: false peers { permanent_uuid: "c6dd5e16fcff49cc885f018c6d9d5237" member_type: VOTER last_known_addr { host: "127.31.98.129" port: 38077 } } peers { permanent_uuid: "c606f87d11234b63803cb5c32f47b609" member_type: VOTER last_known_addr { host: "127.31.98.130" port: 34353 } } peers { permanent_uuid: "a7562c60e0574c989ec3dc5a6f980e81" member_type: VOTER last_known_addr { host: "127.31.98.131" port: 38075 } }
I20260709 12:09:19.132253  1090 leader_election.cc:290] T b9a0bf5fda9a4ae688edd07b37d90c2b P c6dd5e16fcff49cc885f018c6d9d5237 [CANDIDATE]: Term 1 pre-election: Requested pre-vote from peers c606f87d11234b63803cb5c32f47b609 (127.31.98.130:34353), a7562c60e0574c989ec3dc5a6f980e81 (127.31.98.131:38075)
I20260709 12:09:19.132488  1105 raft_consensus.cc:493] T 095e9a1a3b0e429186dc42e0b12d7689 P c606f87d11234b63803cb5c32f47b609 [term 0 FOLLOWER]: Starting leader election (no leader contacted us within the election timeout)
I20260709 12:09:19.132859  1105 raft_consensus.cc:3060] T 095e9a1a3b0e429186dc42e0b12d7689 P c606f87d11234b63803cb5c32f47b609 [term 0 FOLLOWER]: Advancing to term 1
I20260709 12:09:19.133428  1021 ts_tablet_manager.cc:1434] T f0fa4dff57b642f3af9274aa5c7998af P a7562c60e0574c989ec3dc5a6f980e81: Time spent starting tablet: real 0.026s	user 0.001s	sys 0.003s
I20260709 12:09:19.133762   904 tablet_service.cc:1917] Received RequestConsensusVote() RPC: tablet_id: "b9a0bf5fda9a4ae688edd07b37d90c2b" candidate_uuid: "c6dd5e16fcff49cc885f018c6d9d5237" candidate_term: 1 candidate_status { last_received { term: 0 index: 0 } } ignore_live_leader: false dest_uuid: "c606f87d11234b63803cb5c32f47b609" is_pre_election: true
I20260709 12:09:19.134258  1021 tablet_bootstrap.cc:492] T b9a0bf5fda9a4ae688edd07b37d90c2b P a7562c60e0574c989ec3dc5a6f980e81: Bootstrap starting.
I20260709 12:09:19.134313   904 raft_consensus.cc:2468] T b9a0bf5fda9a4ae688edd07b37d90c2b P c606f87d11234b63803cb5c32f47b609 [term 0 FOLLOWER]: Leader pre-election vote request: Granting yes vote for candidate c6dd5e16fcff49cc885f018c6d9d5237 in term 0.
I20260709 12:09:19.135685   795 leader_election.cc:304] T b9a0bf5fda9a4ae688edd07b37d90c2b P c6dd5e16fcff49cc885f018c6d9d5237 [CANDIDATE]: Term 1 pre-election: Election decided. Result: candidate won. Election summary: received 2 responses out of 3 voters: 2 yes votes; 0 no votes. yes voters: c606f87d11234b63803cb5c32f47b609, c6dd5e16fcff49cc885f018c6d9d5237; no voters: 
I20260709 12:09:19.138391   978 tablet_service.cc:1917] Received RequestConsensusVote() RPC: tablet_id: "b9a0bf5fda9a4ae688edd07b37d90c2b" candidate_uuid: "c6dd5e16fcff49cc885f018c6d9d5237" candidate_term: 1 candidate_status { last_received { term: 0 index: 0 } } ignore_live_leader: false dest_uuid: "a7562c60e0574c989ec3dc5a6f980e81" is_pre_election: true
I20260709 12:09:19.132138  1088 raft_consensus.cc:493] T c6ec382dc1474a21a59dd694f6982121 P c6dd5e16fcff49cc885f018c6d9d5237 [term 0 FOLLOWER]: Starting pre-election (no leader contacted us within the election timeout)
I20260709 12:09:19.139724  1090 raft_consensus.cc:2804] T b9a0bf5fda9a4ae688edd07b37d90c2b P c6dd5e16fcff49cc885f018c6d9d5237 [term 0 FOLLOWER]: Leader pre-election won for term 1
I20260709 12:09:19.140137  1090 raft_consensus.cc:493] T b9a0bf5fda9a4ae688edd07b37d90c2b P c6dd5e16fcff49cc885f018c6d9d5237 [term 0 FOLLOWER]: Starting leader election (no leader contacted us within the election timeout)
I20260709 12:09:19.139796  1088 raft_consensus.cc:515] T c6ec382dc1474a21a59dd694f6982121 P c6dd5e16fcff49cc885f018c6d9d5237 [term 0 FOLLOWER]: Starting pre-election with config: opid_index: -1 OBSOLETE_local: false peers { permanent_uuid: "c6dd5e16fcff49cc885f018c6d9d5237" member_type: VOTER last_known_addr { host: "127.31.98.129" port: 38077 } } peers { permanent_uuid: "c606f87d11234b63803cb5c32f47b609" member_type: VOTER last_known_addr { host: "127.31.98.130" port: 34353 } } peers { permanent_uuid: "a7562c60e0574c989ec3dc5a6f980e81" member_type: VOTER last_known_addr { host: "127.31.98.131" port: 38075 } }
I20260709 12:09:19.140513  1090 raft_consensus.cc:3060] T b9a0bf5fda9a4ae688edd07b37d90c2b P c6dd5e16fcff49cc885f018c6d9d5237 [term 0 FOLLOWER]: Advancing to term 1
I20260709 12:09:19.141990  1021 tablet_bootstrap.cc:654] T b9a0bf5fda9a4ae688edd07b37d90c2b P a7562c60e0574c989ec3dc5a6f980e81: Neither blocks nor log segments found. Creating new log.
I20260709 12:09:19.141932  1088 leader_election.cc:290] T c6ec382dc1474a21a59dd694f6982121 P c6dd5e16fcff49cc885f018c6d9d5237 [CANDIDATE]: Term 1 pre-election: Requested pre-vote from peers c606f87d11234b63803cb5c32f47b609 (127.31.98.130:34353), a7562c60e0574c989ec3dc5a6f980e81 (127.31.98.131:38075)
W20260709 12:09:19.144742   793 leader_election.cc:343] T b9a0bf5fda9a4ae688edd07b37d90c2b P c6dd5e16fcff49cc885f018c6d9d5237 [CANDIDATE]: Term 1 pre-election: Tablet error from VoteRequest() call to peer a7562c60e0574c989ec3dc5a6f980e81 (127.31.98.131:38075): Illegal state: must be running to vote when last-logged opid is not known
I20260709 12:09:19.145063   904 tablet_service.cc:1917] Received RequestConsensusVote() RPC: tablet_id: "c6ec382dc1474a21a59dd694f6982121" candidate_uuid: "c6dd5e16fcff49cc885f018c6d9d5237" candidate_term: 1 candidate_status { last_received { term: 0 index: 0 } } ignore_live_leader: false dest_uuid: "c606f87d11234b63803cb5c32f47b609" is_pre_election: true
I20260709 12:09:19.145778   978 tablet_service.cc:1917] Received RequestConsensusVote() RPC: tablet_id: "c6ec382dc1474a21a59dd694f6982121" candidate_uuid: "c6dd5e16fcff49cc885f018c6d9d5237" candidate_term: 1 candidate_status { last_received { term: 0 index: 0 } } ignore_live_leader: false dest_uuid: "a7562c60e0574c989ec3dc5a6f980e81" is_pre_election: true
W20260709 12:09:19.151026   793 leader_election.cc:343] T c6ec382dc1474a21a59dd694f6982121 P c6dd5e16fcff49cc885f018c6d9d5237 [CANDIDATE]: Term 1 pre-election: Tablet error from VoteRequest() call to peer a7562c60e0574c989ec3dc5a6f980e81 (127.31.98.131:38075): Illegal state: must be running to vote when last-logged opid is not known
I20260709 12:09:19.150388   904 raft_consensus.cc:2468] T c6ec382dc1474a21a59dd694f6982121 P c606f87d11234b63803cb5c32f47b609 [term 0 FOLLOWER]: Leader pre-election vote request: Granting yes vote for candidate c6dd5e16fcff49cc885f018c6d9d5237 in term 0.
I20260709 12:09:19.152541   795 leader_election.cc:304] T c6ec382dc1474a21a59dd694f6982121 P c6dd5e16fcff49cc885f018c6d9d5237 [CANDIDATE]: Term 1 pre-election: Election decided. Result: candidate won. Election summary: received 3 responses out of 3 voters: 2 yes votes; 1 no votes. yes voters: c606f87d11234b63803cb5c32f47b609, c6dd5e16fcff49cc885f018c6d9d5237; no voters: a7562c60e0574c989ec3dc5a6f980e81
I20260709 12:09:19.154043  1149 raft_consensus.cc:2804] T c6ec382dc1474a21a59dd694f6982121 P c6dd5e16fcff49cc885f018c6d9d5237 [term 0 FOLLOWER]: Leader pre-election won for term 1
I20260709 12:09:19.154419  1149 raft_consensus.cc:493] T c6ec382dc1474a21a59dd694f6982121 P c6dd5e16fcff49cc885f018c6d9d5237 [term 0 FOLLOWER]: Starting leader election (no leader contacted us within the election timeout)
I20260709 12:09:19.154758  1149 raft_consensus.cc:3060] T c6ec382dc1474a21a59dd694f6982121 P c6dd5e16fcff49cc885f018c6d9d5237 [term 0 FOLLOWER]: Advancing to term 1
I20260709 12:09:19.156359  1090 raft_consensus.cc:515] T b9a0bf5fda9a4ae688edd07b37d90c2b P c6dd5e16fcff49cc885f018c6d9d5237 [term 1 FOLLOWER]: Starting leader election with config: opid_index: -1 OBSOLETE_local: false peers { permanent_uuid: "c6dd5e16fcff49cc885f018c6d9d5237" member_type: VOTER last_known_addr { host: "127.31.98.129" port: 38077 } } peers { permanent_uuid: "c606f87d11234b63803cb5c32f47b609" member_type: VOTER last_known_addr { host: "127.31.98.130" port: 34353 } } peers { permanent_uuid: "a7562c60e0574c989ec3dc5a6f980e81" member_type: VOTER last_known_addr { host: "127.31.98.131" port: 38075 } }
I20260709 12:09:19.158731  1090 leader_election.cc:290] T b9a0bf5fda9a4ae688edd07b37d90c2b P c6dd5e16fcff49cc885f018c6d9d5237 [CANDIDATE]: Term 1 election: Requested vote from peers c606f87d11234b63803cb5c32f47b609 (127.31.98.130:34353), a7562c60e0574c989ec3dc5a6f980e81 (127.31.98.131:38075)
I20260709 12:09:19.159852   979 tablet_service.cc:1917] Received RequestConsensusVote() RPC: tablet_id: "b9a0bf5fda9a4ae688edd07b37d90c2b" candidate_uuid: "c6dd5e16fcff49cc885f018c6d9d5237" candidate_term: 1 candidate_status { last_received { term: 0 index: 0 } } ignore_live_leader: false dest_uuid: "a7562c60e0574c989ec3dc5a6f980e81"
I20260709 12:09:19.160917   904 tablet_service.cc:1917] Received RequestConsensusVote() RPC: tablet_id: "b9a0bf5fda9a4ae688edd07b37d90c2b" candidate_uuid: "c6dd5e16fcff49cc885f018c6d9d5237" candidate_term: 1 candidate_status { last_received { term: 0 index: 0 } } ignore_live_leader: false dest_uuid: "c606f87d11234b63803cb5c32f47b609"
I20260709 12:09:19.151448  1022 tablet_bootstrap.cc:492] T 9c4f4c50de5448f590de198f6d72ed33 P c606f87d11234b63803cb5c32f47b609: No bootstrap required, opened a new log
W20260709 12:09:19.162026   793 leader_election.cc:343] T b9a0bf5fda9a4ae688edd07b37d90c2b P c6dd5e16fcff49cc885f018c6d9d5237 [CANDIDATE]: Term 1 election: Tablet error from VoteRequest() call to peer a7562c60e0574c989ec3dc5a6f980e81 (127.31.98.131:38075): Illegal state: must be running to vote when last-logged opid is not known
I20260709 12:09:19.163347  1020 tablet_bootstrap.cc:492] T fd11b8d55b25424c94dedf918b6e1db4 P c6dd5e16fcff49cc885f018c6d9d5237: No bootstrap required, opened a new log
I20260709 12:09:19.163724  1020 ts_tablet_manager.cc:1403] T fd11b8d55b25424c94dedf918b6e1db4 P c6dd5e16fcff49cc885f018c6d9d5237: Time spent bootstrapping tablet: real 0.067s	user 0.012s	sys 0.014s
I20260709 12:09:19.161969  1022 ts_tablet_manager.cc:1403] T 9c4f4c50de5448f590de198f6d72ed33 P c606f87d11234b63803cb5c32f47b609: Time spent bootstrapping tablet: real 0.045s	user 0.009s	sys 0.002s
I20260709 12:09:19.161427   904 raft_consensus.cc:3060] T b9a0bf5fda9a4ae688edd07b37d90c2b P c606f87d11234b63803cb5c32f47b609 [term 0 FOLLOWER]: Advancing to term 1
I20260709 12:09:19.165817  1022 raft_consensus.cc:359] T 9c4f4c50de5448f590de198f6d72ed33 P c606f87d11234b63803cb5c32f47b609 [term 0 FOLLOWER]: Replica starting. Triggering 0 pending ops. Active config: opid_index: -1 OBSOLETE_local: false peers { permanent_uuid: "c6dd5e16fcff49cc885f018c6d9d5237" member_type: VOTER last_known_addr { host: "127.31.98.129" port: 38077 } } peers { permanent_uuid: "c606f87d11234b63803cb5c32f47b609" member_type: VOTER last_known_addr { host: "127.31.98.130" port: 34353 } } peers { permanent_uuid: "a7562c60e0574c989ec3dc5a6f980e81" member_type: VOTER last_known_addr { host: "127.31.98.131" port: 38075 } }
I20260709 12:09:19.166338  1022 raft_consensus.cc:385] T 9c4f4c50de5448f590de198f6d72ed33 P c606f87d11234b63803cb5c32f47b609 [term 0 FOLLOWER]: Consensus starting up: Expiring failure detector timer to make a prompt election more likely
I20260709 12:09:19.166595  1022 raft_consensus.cc:740] T 9c4f4c50de5448f590de198f6d72ed33 P c606f87d11234b63803cb5c32f47b609 [term 0 FOLLOWER]: Becoming Follower/Learner. State: Replica: c606f87d11234b63803cb5c32f47b609, State: Initialized, Role: FOLLOWER
I20260709 12:09:19.167187  1022 consensus_queue.cc:260] T 9c4f4c50de5448f590de198f6d72ed33 P c606f87d11234b63803cb5c32f47b609 [NON_LEADER]: Queue going to NON_LEADER mode. State: All replicated index: 0, Majority replicated index: 0, Committed index: 0, Last appended: 0.0, Last appended by leader: 0, Current term: 0, Majority size: -1, State: 0, Mode: NON_LEADER, active raft config: opid_index: -1 OBSOLETE_local: false peers { permanent_uuid: "c6dd5e16fcff49cc885f018c6d9d5237" member_type: VOTER last_known_addr { host: "127.31.98.129" port: 38077 } } peers { permanent_uuid: "c606f87d11234b63803cb5c32f47b609" member_type: VOTER last_known_addr { host: "127.31.98.130" port: 34353 } } peers { permanent_uuid: "a7562c60e0574c989ec3dc5a6f980e81" member_type: VOTER last_known_addr { host: "127.31.98.131" port: 38075 } }
I20260709 12:09:19.170884  1020 raft_consensus.cc:359] T fd11b8d55b25424c94dedf918b6e1db4 P c6dd5e16fcff49cc885f018c6d9d5237 [term 0 FOLLOWER]: Replica starting. Triggering 0 pending ops. Active config: opid_index: -1 OBSOLETE_local: false peers { permanent_uuid: "c6dd5e16fcff49cc885f018c6d9d5237" member_type: VOTER last_known_addr { host: "127.31.98.129" port: 38077 } } peers { permanent_uuid: "c606f87d11234b63803cb5c32f47b609" member_type: VOTER last_known_addr { host: "127.31.98.130" port: 34353 } } peers { permanent_uuid: "a7562c60e0574c989ec3dc5a6f980e81" member_type: VOTER last_known_addr { host: "127.31.98.131" port: 38075 } }
I20260709 12:09:19.171520  1020 raft_consensus.cc:385] T fd11b8d55b25424c94dedf918b6e1db4 P c6dd5e16fcff49cc885f018c6d9d5237 [term 0 FOLLOWER]: Consensus starting up: Expiring failure detector timer to make a prompt election more likely
I20260709 12:09:19.161574  1105 raft_consensus.cc:515] T 095e9a1a3b0e429186dc42e0b12d7689 P c606f87d11234b63803cb5c32f47b609 [term 1 FOLLOWER]: Starting leader election with config: opid_index: -1 OBSOLETE_local: false peers { permanent_uuid: "c6dd5e16fcff49cc885f018c6d9d5237" member_type: VOTER last_known_addr { host: "127.31.98.129" port: 38077 } } peers { permanent_uuid: "c606f87d11234b63803cb5c32f47b609" member_type: VOTER last_known_addr { host: "127.31.98.130" port: 34353 } } peers { permanent_uuid: "a7562c60e0574c989ec3dc5a6f980e81" member_type: VOTER last_known_addr { host: "127.31.98.131" port: 38075 } }
I20260709 12:09:19.173498  1105 leader_election.cc:290] T 095e9a1a3b0e429186dc42e0b12d7689 P c606f87d11234b63803cb5c32f47b609 [CANDIDATE]: Term 1 election: Requested vote from peers c6dd5e16fcff49cc885f018c6d9d5237 (127.31.98.129:38077), a7562c60e0574c989ec3dc5a6f980e81 (127.31.98.131:38075)
I20260709 12:09:19.171785  1020 raft_consensus.cc:740] T fd11b8d55b25424c94dedf918b6e1db4 P c6dd5e16fcff49cc885f018c6d9d5237 [term 0 FOLLOWER]: Becoming Follower/Learner. State: Replica: c6dd5e16fcff49cc885f018c6d9d5237, State: Initialized, Role: FOLLOWER
I20260709 12:09:19.174201   827 tablet_service.cc:1917] Received RequestConsensusVote() RPC: tablet_id: "095e9a1a3b0e429186dc42e0b12d7689" candidate_uuid: "c606f87d11234b63803cb5c32f47b609" candidate_term: 1 candidate_status { last_received { term: 0 index: 0 } } ignore_live_leader: false dest_uuid: "c6dd5e16fcff49cc885f018c6d9d5237"
I20260709 12:09:19.174831   827 raft_consensus.cc:3060] T 095e9a1a3b0e429186dc42e0b12d7689 P c6dd5e16fcff49cc885f018c6d9d5237 [term 0 FOLLOWER]: Advancing to term 1
I20260709 12:09:19.174512  1020 consensus_queue.cc:260] T fd11b8d55b25424c94dedf918b6e1db4 P c6dd5e16fcff49cc885f018c6d9d5237 [NON_LEADER]: Queue going to NON_LEADER mode. State: All replicated index: 0, Majority replicated index: 0, Committed index: 0, Last appended: 0.0, Last appended by leader: 0, Current term: 0, Majority size: -1, State: 0, Mode: NON_LEADER, active raft config: opid_index: -1 OBSOLETE_local: false peers { permanent_uuid: "c6dd5e16fcff49cc885f018c6d9d5237" member_type: VOTER last_known_addr { host: "127.31.98.129" port: 38077 } } peers { permanent_uuid: "c606f87d11234b63803cb5c32f47b609" member_type: VOTER last_known_addr { host: "127.31.98.130" port: 34353 } } peers { permanent_uuid: "a7562c60e0574c989ec3dc5a6f980e81" member_type: VOTER last_known_addr { host: "127.31.98.131" port: 38075 } }
I20260709 12:09:19.175263   978 tablet_service.cc:1917] Received RequestConsensusVote() RPC: tablet_id: "095e9a1a3b0e429186dc42e0b12d7689" candidate_uuid: "c606f87d11234b63803cb5c32f47b609" candidate_term: 1 candidate_status { last_received { term: 0 index: 0 } } ignore_live_leader: false dest_uuid: "a7562c60e0574c989ec3dc5a6f980e81"
I20260709 12:09:19.176451  1020 ts_tablet_manager.cc:1434] T fd11b8d55b25424c94dedf918b6e1db4 P c6dd5e16fcff49cc885f018c6d9d5237: Time spent starting tablet: real 0.008s	user 0.003s	sys 0.002s
W20260709 12:09:19.176550   868 leader_election.cc:343] T 095e9a1a3b0e429186dc42e0b12d7689 P c606f87d11234b63803cb5c32f47b609 [CANDIDATE]: Term 1 election: Tablet error from VoteRequest() call to peer a7562c60e0574c989ec3dc5a6f980e81 (127.31.98.131:38075): Illegal state: must be running to vote when last-logged opid is not known
I20260709 12:09:19.177076  1022 ts_tablet_manager.cc:1434] T 9c4f4c50de5448f590de198f6d72ed33 P c606f87d11234b63803cb5c32f47b609: Time spent starting tablet: real 0.013s	user 0.004s	sys 0.001s
I20260709 12:09:19.178575  1020 tablet_bootstrap.cc:492] T 9084548e65ca4a54acb184add0b38cb1 P c6dd5e16fcff49cc885f018c6d9d5237: Bootstrap starting.
I20260709 12:09:19.178848  1022 tablet_bootstrap.cc:492] T f0fa4dff57b642f3af9274aa5c7998af P c606f87d11234b63803cb5c32f47b609: Bootstrap starting.
I20260709 12:09:19.180820  1105 raft_consensus.cc:493] T e3b6f1df8950442ebd7d6df30775547e P c606f87d11234b63803cb5c32f47b609 [term 0 FOLLOWER]: Starting pre-election (no leader contacted us within the election timeout)
I20260709 12:09:19.181278  1105 raft_consensus.cc:515] T e3b6f1df8950442ebd7d6df30775547e P c606f87d11234b63803cb5c32f47b609 [term 0 FOLLOWER]: Starting pre-election with config: opid_index: -1 OBSOLETE_local: false peers { permanent_uuid: "c6dd5e16fcff49cc885f018c6d9d5237" member_type: VOTER last_known_addr { host: "127.31.98.129" port: 38077 } } peers { permanent_uuid: "c606f87d11234b63803cb5c32f47b609" member_type: VOTER last_known_addr { host: "127.31.98.130" port: 34353 } } peers { permanent_uuid: "a7562c60e0574c989ec3dc5a6f980e81" member_type: VOTER last_known_addr { host: "127.31.98.131" port: 38075 } }
I20260709 12:09:19.183154  1105 leader_election.cc:290] T e3b6f1df8950442ebd7d6df30775547e P c606f87d11234b63803cb5c32f47b609 [CANDIDATE]: Term 1 pre-election: Requested pre-vote from peers c6dd5e16fcff49cc885f018c6d9d5237 (127.31.98.129:38077), a7562c60e0574c989ec3dc5a6f980e81 (127.31.98.131:38075)
I20260709 12:09:19.184191   978 tablet_service.cc:1917] Received RequestConsensusVote() RPC: tablet_id: "e3b6f1df8950442ebd7d6df30775547e" candidate_uuid: "c606f87d11234b63803cb5c32f47b609" candidate_term: 1 candidate_status { last_received { term: 0 index: 0 } } ignore_live_leader: false dest_uuid: "a7562c60e0574c989ec3dc5a6f980e81" is_pre_election: true
I20260709 12:09:19.184780   978 raft_consensus.cc:2468] T e3b6f1df8950442ebd7d6df30775547e P a7562c60e0574c989ec3dc5a6f980e81 [term 0 FOLLOWER]: Leader pre-election vote request: Granting yes vote for candidate c606f87d11234b63803cb5c32f47b609 in term 0.
I20260709 12:09:19.187057   868 leader_election.cc:304] T e3b6f1df8950442ebd7d6df30775547e P c606f87d11234b63803cb5c32f47b609 [CANDIDATE]: Term 1 pre-election: Election decided. Result: candidate won. Election summary: received 2 responses out of 3 voters: 2 yes votes; 0 no votes. yes voters: a7562c60e0574c989ec3dc5a6f980e81, c606f87d11234b63803cb5c32f47b609; no voters: 
I20260709 12:09:19.188557  1020 tablet_bootstrap.cc:654] T 9084548e65ca4a54acb184add0b38cb1 P c6dd5e16fcff49cc885f018c6d9d5237: Neither blocks nor log segments found. Creating new log.
I20260709 12:09:19.189124  1105 raft_consensus.cc:2804] T e3b6f1df8950442ebd7d6df30775547e P c606f87d11234b63803cb5c32f47b609 [term 0 FOLLOWER]: Leader pre-election won for term 1
I20260709 12:09:19.191027  1105 raft_consensus.cc:493] T e3b6f1df8950442ebd7d6df30775547e P c606f87d11234b63803cb5c32f47b609 [term 0 FOLLOWER]: Starting leader election (no leader contacted us within the election timeout)
I20260709 12:09:19.191380  1105 raft_consensus.cc:3060] T e3b6f1df8950442ebd7d6df30775547e P c606f87d11234b63803cb5c32f47b609 [term 0 FOLLOWER]: Advancing to term 1
I20260709 12:09:19.189459   829 tablet_service.cc:1917] Received RequestConsensusVote() RPC: tablet_id: "e3b6f1df8950442ebd7d6df30775547e" candidate_uuid: "c606f87d11234b63803cb5c32f47b609" candidate_term: 1 candidate_status { last_received { term: 0 index: 0 } } ignore_live_leader: false dest_uuid: "c6dd5e16fcff49cc885f018c6d9d5237" is_pre_election: true
I20260709 12:09:19.198978   978 raft_consensus.cc:3060] T a00e2c310f634fe78afd46a93312e4c8 P a7562c60e0574c989ec3dc5a6f980e81 [term 0 FOLLOWER]: Advancing to term 1
W20260709 12:09:19.200479   869 leader_election.cc:343] T e3b6f1df8950442ebd7d6df30775547e P c606f87d11234b63803cb5c32f47b609 [CANDIDATE]: Term 1 pre-election: Tablet error from VoteRequest() call to peer c6dd5e16fcff49cc885f018c6d9d5237 (127.31.98.129:38077): Illegal state: must be running to vote when last-logged opid is not known
I20260709 12:09:19.203068   904 raft_consensus.cc:2468] T b9a0bf5fda9a4ae688edd07b37d90c2b P c606f87d11234b63803cb5c32f47b609 [term 1 FOLLOWER]: Leader election vote request: Granting yes vote for candidate c6dd5e16fcff49cc885f018c6d9d5237 in term 1.
I20260709 12:09:19.204145   795 leader_election.cc:304] T b9a0bf5fda9a4ae688edd07b37d90c2b P c6dd5e16fcff49cc885f018c6d9d5237 [CANDIDATE]: Term 1 election: Election decided. Result: candidate won. Election summary: received 3 responses out of 3 voters: 2 yes votes; 1 no votes. yes voters: c606f87d11234b63803cb5c32f47b609, c6dd5e16fcff49cc885f018c6d9d5237; no voters: a7562c60e0574c989ec3dc5a6f980e81
I20260709 12:09:19.204725  1090 raft_consensus.cc:2804] T b9a0bf5fda9a4ae688edd07b37d90c2b P c6dd5e16fcff49cc885f018c6d9d5237 [term 1 FOLLOWER]: Leader election won for term 1
I20260709 12:09:19.205144  1090 raft_consensus.cc:697] T b9a0bf5fda9a4ae688edd07b37d90c2b P c6dd5e16fcff49cc885f018c6d9d5237 [term 1 LEADER]: Becoming Leader. State: Replica: c6dd5e16fcff49cc885f018c6d9d5237, State: Running, Role: LEADER
I20260709 12:09:19.205832  1090 consensus_queue.cc:237] T b9a0bf5fda9a4ae688edd07b37d90c2b P c6dd5e16fcff49cc885f018c6d9d5237 [LEADER]: Queue going to LEADER mode. State: All replicated index: 0, Majority replicated index: 0, Committed index: 0, Last appended: 0.0, Last appended by leader: 0, Current term: 1, Majority size: 2, State: 0, Mode: LEADER, active raft config: opid_index: -1 OBSOLETE_local: false peers { permanent_uuid: "c6dd5e16fcff49cc885f018c6d9d5237" member_type: VOTER last_known_addr { host: "127.31.98.129" port: 38077 } } peers { permanent_uuid: "c606f87d11234b63803cb5c32f47b609" member_type: VOTER last_known_addr { host: "127.31.98.130" port: 34353 } } peers { permanent_uuid: "a7562c60e0574c989ec3dc5a6f980e81" member_type: VOTER last_known_addr { host: "127.31.98.131" port: 38075 } }
I20260709 12:09:19.209851  1149 raft_consensus.cc:515] T c6ec382dc1474a21a59dd694f6982121 P c6dd5e16fcff49cc885f018c6d9d5237 [term 1 FOLLOWER]: Starting leader election with config: opid_index: -1 OBSOLETE_local: false peers { permanent_uuid: "c6dd5e16fcff49cc885f018c6d9d5237" member_type: VOTER last_known_addr { host: "127.31.98.129" port: 38077 } } peers { permanent_uuid: "c606f87d11234b63803cb5c32f47b609" member_type: VOTER last_known_addr { host: "127.31.98.130" port: 34353 } } peers { permanent_uuid: "a7562c60e0574c989ec3dc5a6f980e81" member_type: VOTER last_known_addr { host: "127.31.98.131" port: 38075 } }
I20260709 12:09:19.210505  1221 consensus_queue.cc:1048] T a00e2c310f634fe78afd46a93312e4c8 P c6dd5e16fcff49cc885f018c6d9d5237 [LEADER]: Connected to new peer: Peer: permanent_uuid: "a7562c60e0574c989ec3dc5a6f980e81" member_type: VOTER last_known_addr { host: "127.31.98.131" port: 38075 }, Status: LMP_MISMATCH, Last received: 0.0, Next index: 1, Last known committed idx: 0, Time since last communication: 0.001s
I20260709 12:09:19.214306   827 raft_consensus.cc:2468] T 095e9a1a3b0e429186dc42e0b12d7689 P c6dd5e16fcff49cc885f018c6d9d5237 [term 1 FOLLOWER]: Leader election vote request: Granting yes vote for candidate c606f87d11234b63803cb5c32f47b609 in term 1.
I20260709 12:09:19.216171   904 tablet_service.cc:1917] Received RequestConsensusVote() RPC: tablet_id: "c6ec382dc1474a21a59dd694f6982121" candidate_uuid: "c6dd5e16fcff49cc885f018c6d9d5237" candidate_term: 1 candidate_status { last_received { term: 0 index: 0 } } ignore_live_leader: false dest_uuid: "c606f87d11234b63803cb5c32f47b609"
I20260709 12:09:19.226712  1021 tablet_bootstrap.cc:492] T b9a0bf5fda9a4ae688edd07b37d90c2b P a7562c60e0574c989ec3dc5a6f980e81: No bootstrap required, opened a new log
I20260709 12:09:19.215544  1152 raft_consensus.cc:493] T 5913c37610af42fbaa264a2927493f65 P c6dd5e16fcff49cc885f018c6d9d5237 [term 0 FOLLOWER]: Starting pre-election (no leader contacted us within the election timeout)
I20260709 12:09:19.233234  1021 ts_tablet_manager.cc:1403] T b9a0bf5fda9a4ae688edd07b37d90c2b P a7562c60e0574c989ec3dc5a6f980e81: Time spent bootstrapping tablet: real 0.099s	user 0.018s	sys 0.027s
I20260709 12:09:19.233718  1152 raft_consensus.cc:515] T 5913c37610af42fbaa264a2927493f65 P c6dd5e16fcff49cc885f018c6d9d5237 [term 0 FOLLOWER]: Starting pre-election with config: opid_index: -1 OBSOLETE_local: false peers { permanent_uuid: "c6dd5e16fcff49cc885f018c6d9d5237" member_type: VOTER last_known_addr { host: "127.31.98.129" port: 38077 } } peers { permanent_uuid: "c606f87d11234b63803cb5c32f47b609" member_type: VOTER last_known_addr { host: "127.31.98.130" port: 34353 } } peers { permanent_uuid: "a7562c60e0574c989ec3dc5a6f980e81" member_type: VOTER last_known_addr { host: "127.31.98.131" port: 38075 } }
I20260709 12:09:19.233192  1101 raft_consensus.cc:493] T f0fa4dff57b642f3af9274aa5c7998af P a7562c60e0574c989ec3dc5a6f980e81 [term 0 FOLLOWER]: Starting pre-election (no leader contacted us within the election timeout)
I20260709 12:09:19.236060  1101 raft_consensus.cc:515] T f0fa4dff57b642f3af9274aa5c7998af P a7562c60e0574c989ec3dc5a6f980e81 [term 0 FOLLOWER]: Starting pre-election with config: opid_index: -1 OBSOLETE_local: false peers { permanent_uuid: "c6dd5e16fcff49cc885f018c6d9d5237" member_type: VOTER last_known_addr { host: "127.31.98.129" port: 38077 } } peers { permanent_uuid: "c606f87d11234b63803cb5c32f47b609" member_type: VOTER last_known_addr { host: "127.31.98.130" port: 34353 } } peers { permanent_uuid: "a7562c60e0574c989ec3dc5a6f980e81" member_type: VOTER last_known_addr { host: "127.31.98.131" port: 38075 } }
I20260709 12:09:19.237358   902 tablet_service.cc:1917] Received RequestConsensusVote() RPC: tablet_id: "5913c37610af42fbaa264a2927493f65" candidate_uuid: "c6dd5e16fcff49cc885f018c6d9d5237" candidate_term: 1 candidate_status { last_received { term: 0 index: 0 } } ignore_live_leader: false dest_uuid: "c606f87d11234b63803cb5c32f47b609" is_pre_election: true
I20260709 12:09:19.237937   902 raft_consensus.cc:2468] T 5913c37610af42fbaa264a2927493f65 P c606f87d11234b63803cb5c32f47b609 [term 0 FOLLOWER]: Leader pre-election vote request: Granting yes vote for candidate c6dd5e16fcff49cc885f018c6d9d5237 in term 0.
I20260709 12:09:19.237991   979 tablet_service.cc:1917] Received RequestConsensusVote() RPC: tablet_id: "5913c37610af42fbaa264a2927493f65" candidate_uuid: "c6dd5e16fcff49cc885f018c6d9d5237" candidate_term: 1 candidate_status { last_received { term: 0 index: 0 } } ignore_live_leader: false dest_uuid: "a7562c60e0574c989ec3dc5a6f980e81" is_pre_election: true
I20260709 12:09:19.238668   979 raft_consensus.cc:2468] T 5913c37610af42fbaa264a2927493f65 P a7562c60e0574c989ec3dc5a6f980e81 [term 0 FOLLOWER]: Leader pre-election vote request: Granting yes vote for candidate c6dd5e16fcff49cc885f018c6d9d5237 in term 0.
I20260709 12:09:19.210570  1105 raft_consensus.cc:515] T e3b6f1df8950442ebd7d6df30775547e P c606f87d11234b63803cb5c32f47b609 [term 1 FOLLOWER]: Starting leader election with config: opid_index: -1 OBSOLETE_local: false peers { permanent_uuid: "c6dd5e16fcff49cc885f018c6d9d5237" member_type: VOTER last_known_addr { host: "127.31.98.129" port: 38077 } } peers { permanent_uuid: "c606f87d11234b63803cb5c32f47b609" member_type: VOTER last_known_addr { host: "127.31.98.130" port: 34353 } } peers { permanent_uuid: "a7562c60e0574c989ec3dc5a6f980e81" member_type: VOTER last_known_addr { host: "127.31.98.131" port: 38075 } }
I20260709 12:09:19.239879   795 leader_election.cc:304] T 5913c37610af42fbaa264a2927493f65 P c6dd5e16fcff49cc885f018c6d9d5237 [CANDIDATE]: Term 1 pre-election: Election decided. Result: candidate won. Election summary: received 2 responses out of 3 voters: 2 yes votes; 0 no votes. yes voters: c606f87d11234b63803cb5c32f47b609, c6dd5e16fcff49cc885f018c6d9d5237; no voters: 
I20260709 12:09:19.239984  1021 raft_consensus.cc:359] T b9a0bf5fda9a4ae688edd07b37d90c2b P a7562c60e0574c989ec3dc5a6f980e81 [term 0 FOLLOWER]: Replica starting. Triggering 0 pending ops. Active config: opid_index: -1 OBSOLETE_local: false peers { permanent_uuid: "c6dd5e16fcff49cc885f018c6d9d5237" member_type: VOTER last_known_addr { host: "127.31.98.129" port: 38077 } } peers { permanent_uuid: "c606f87d11234b63803cb5c32f47b609" member_type: VOTER last_known_addr { host: "127.31.98.130" port: 34353 } } peers { permanent_uuid: "a7562c60e0574c989ec3dc5a6f980e81" member_type: VOTER last_known_addr { host: "127.31.98.131" port: 38075 } }
I20260709 12:09:19.240705  1021 raft_consensus.cc:385] T b9a0bf5fda9a4ae688edd07b37d90c2b P a7562c60e0574c989ec3dc5a6f980e81 [term 0 FOLLOWER]: Consensus starting up: Expiring failure detector timer to make a prompt election more likely
I20260709 12:09:19.240983  1021 raft_consensus.cc:740] T b9a0bf5fda9a4ae688edd07b37d90c2b P a7562c60e0574c989ec3dc5a6f980e81 [term 0 FOLLOWER]: Becoming Follower/Learner. State: Replica: a7562c60e0574c989ec3dc5a6f980e81, State: Initialized, Role: FOLLOWER
I20260709 12:09:19.241526   869 leader_election.cc:304] T 095e9a1a3b0e429186dc42e0b12d7689 P c606f87d11234b63803cb5c32f47b609 [CANDIDATE]: Term 1 election: Election decided. Result: candidate won. Election summary: received 3 responses out of 3 voters: 2 yes votes; 1 no votes. yes voters: c606f87d11234b63803cb5c32f47b609, c6dd5e16fcff49cc885f018c6d9d5237; no voters: a7562c60e0574c989ec3dc5a6f980e81
I20260709 12:09:19.241587  1021 consensus_queue.cc:260] T b9a0bf5fda9a4ae688edd07b37d90c2b P a7562c60e0574c989ec3dc5a6f980e81 [NON_LEADER]: Queue going to NON_LEADER mode. State: All replicated index: 0, Majority replicated index: 0, Committed index: 0, Last appended: 0.0, Last appended by leader: 0, Current term: 0, Majority size: -1, State: 0, Mode: NON_LEADER, active raft config: opid_index: -1 OBSOLETE_local: false peers { permanent_uuid: "c6dd5e16fcff49cc885f018c6d9d5237" member_type: VOTER last_known_addr { host: "127.31.98.129" port: 38077 } } peers { permanent_uuid: "c606f87d11234b63803cb5c32f47b609" member_type: VOTER last_known_addr { host: "127.31.98.130" port: 34353 } } peers { permanent_uuid: "a7562c60e0574c989ec3dc5a6f980e81" member_type: VOTER last_known_addr { host: "127.31.98.131" port: 38075 } }
I20260709 12:09:19.242412   975 tablet_service.cc:1917] Received RequestConsensusVote() RPC: tablet_id: "c6ec382dc1474a21a59dd694f6982121" candidate_uuid: "c6dd5e16fcff49cc885f018c6d9d5237" candidate_term: 1 candidate_status { last_received { term: 0 index: 0 } } ignore_live_leader: false dest_uuid: "a7562c60e0574c989ec3dc5a6f980e81"
I20260709 12:09:19.242656  1104 raft_consensus.cc:2804] T 095e9a1a3b0e429186dc42e0b12d7689 P c606f87d11234b63803cb5c32f47b609 [term 1 FOLLOWER]: Leader election won for term 1
I20260709 12:09:19.243235  1104 raft_consensus.cc:697] T 095e9a1a3b0e429186dc42e0b12d7689 P c606f87d11234b63803cb5c32f47b609 [term 1 LEADER]: Becoming Leader. State: Replica: c606f87d11234b63803cb5c32f47b609, State: Running, Role: LEADER
I20260709 12:09:19.244107  1021 ts_tablet_manager.cc:1434] T b9a0bf5fda9a4ae688edd07b37d90c2b P a7562c60e0574c989ec3dc5a6f980e81: Time spent starting tablet: real 0.011s	user 0.005s	sys 0.001s
I20260709 12:09:19.244025  1104 consensus_queue.cc:237] T 095e9a1a3b0e429186dc42e0b12d7689 P c606f87d11234b63803cb5c32f47b609 [LEADER]: Queue going to LEADER mode. State: All replicated index: 0, Majority replicated index: 0, Committed index: 0, Last appended: 0.0, Last appended by leader: 0, Current term: 1, Majority size: 2, State: 0, Mode: LEADER, active raft config: opid_index: -1 OBSOLETE_local: false peers { permanent_uuid: "c6dd5e16fcff49cc885f018c6d9d5237" member_type: VOTER last_known_addr { host: "127.31.98.129" port: 38077 } } peers { permanent_uuid: "c606f87d11234b63803cb5c32f47b609" member_type: VOTER last_known_addr { host: "127.31.98.130" port: 34353 } } peers { permanent_uuid: "a7562c60e0574c989ec3dc5a6f980e81" member_type: VOTER last_known_addr { host: "127.31.98.131" port: 38075 } }
I20260709 12:09:19.245185  1021 tablet_bootstrap.cc:492] T fd11b8d55b25424c94dedf918b6e1db4 P a7562c60e0574c989ec3dc5a6f980e81: Bootstrap starting.
I20260709 12:09:19.245110   829 tablet_service.cc:1917] Received RequestConsensusVote() RPC: tablet_id: "f0fa4dff57b642f3af9274aa5c7998af" candidate_uuid: "a7562c60e0574c989ec3dc5a6f980e81" candidate_term: 1 candidate_status { last_received { term: 0 index: 0 } } ignore_live_leader: false dest_uuid: "c6dd5e16fcff49cc885f018c6d9d5237" is_pre_election: true
I20260709 12:09:19.248234   829 raft_consensus.cc:2468] T f0fa4dff57b642f3af9274aa5c7998af P c6dd5e16fcff49cc885f018c6d9d5237 [term 0 FOLLOWER]: Leader pre-election vote request: Granting yes vote for candidate a7562c60e0574c989ec3dc5a6f980e81 in term 0.
I20260709 12:09:19.248649   826 tablet_service.cc:1917] Received RequestConsensusVote() RPC: tablet_id: "e3b6f1df8950442ebd7d6df30775547e" candidate_uuid: "c606f87d11234b63803cb5c32f47b609" candidate_term: 1 candidate_status { last_received { term: 0 index: 0 } } ignore_live_leader: false dest_uuid: "c6dd5e16fcff49cc885f018c6d9d5237"
I20260709 12:09:19.239782  1149 leader_election.cc:290] T c6ec382dc1474a21a59dd694f6982121 P c6dd5e16fcff49cc885f018c6d9d5237 [CANDIDATE]: Term 1 election: Requested vote from peers c606f87d11234b63803cb5c32f47b609 (127.31.98.130:34353), a7562c60e0574c989ec3dc5a6f980e81 (127.31.98.131:38075)
I20260709 12:09:19.247489   902 tablet_service.cc:1917] Received RequestConsensusVote() RPC: tablet_id: "f0fa4dff57b642f3af9274aa5c7998af" candidate_uuid: "a7562c60e0574c989ec3dc5a6f980e81" candidate_term: 1 candidate_status { last_received { term: 0 index: 0 } } ignore_live_leader: false dest_uuid: "c606f87d11234b63803cb5c32f47b609" is_pre_election: true
I20260709 12:09:19.238004  1101 leader_election.cc:290] T f0fa4dff57b642f3af9274aa5c7998af P a7562c60e0574c989ec3dc5a6f980e81 [CANDIDATE]: Term 1 pre-election: Requested pre-vote from peers c6dd5e16fcff49cc885f018c6d9d5237 (127.31.98.129:38077), c606f87d11234b63803cb5c32f47b609 (127.31.98.130:34353)
I20260709 12:09:19.250144   943 leader_election.cc:304] T f0fa4dff57b642f3af9274aa5c7998af P a7562c60e0574c989ec3dc5a6f980e81 [CANDIDATE]: Term 1 pre-election: Election decided. Result: candidate won. Election summary: received 2 responses out of 3 voters: 2 yes votes; 0 no votes. yes voters: a7562c60e0574c989ec3dc5a6f980e81, c6dd5e16fcff49cc885f018c6d9d5237; no voters: 
I20260709 12:09:19.253940   904 raft_consensus.cc:3060] T c6ec382dc1474a21a59dd694f6982121 P c606f87d11234b63803cb5c32f47b609 [term 0 FOLLOWER]: Advancing to term 1
W20260709 12:09:19.250360   793 leader_election.cc:343] T c6ec382dc1474a21a59dd694f6982121 P c6dd5e16fcff49cc885f018c6d9d5237 [CANDIDATE]: Term 1 election: Tablet error from VoteRequest() call to peer a7562c60e0574c989ec3dc5a6f980e81 (127.31.98.131:38075): Illegal state: must be running to vote when last-logged opid is not known
W20260709 12:09:19.250572   869 leader_election.cc:343] T e3b6f1df8950442ebd7d6df30775547e P c606f87d11234b63803cb5c32f47b609 [CANDIDATE]: Term 1 election: Tablet error from VoteRequest() call to peer c6dd5e16fcff49cc885f018c6d9d5237 (127.31.98.129:38077): Illegal state: must be running to vote when last-logged opid is not known
I20260709 12:09:19.250874  1221 raft_consensus.cc:2804] T 5913c37610af42fbaa264a2927493f65 P c6dd5e16fcff49cc885f018c6d9d5237 [term 0 FOLLOWER]: Leader pre-election won for term 1
I20260709 12:09:19.256176  1221 raft_consensus.cc:493] T 5913c37610af42fbaa264a2927493f65 P c6dd5e16fcff49cc885f018c6d9d5237 [term 0 FOLLOWER]: Starting leader election (no leader contacted us within the election timeout)
I20260709 12:09:19.256067  1022 tablet_bootstrap.cc:654] T f0fa4dff57b642f3af9274aa5c7998af P c606f87d11234b63803cb5c32f47b609: Neither blocks nor log segments found. Creating new log.
W20260709 12:09:19.257681   944 leader_election.cc:343] T f0fa4dff57b642f3af9274aa5c7998af P a7562c60e0574c989ec3dc5a6f980e81 [CANDIDATE]: Term 1 pre-election: Tablet error from VoteRequest() call to peer c606f87d11234b63803cb5c32f47b609 (127.31.98.130:34353): Illegal state: must be running to vote when last-logged opid is not known
I20260709 12:09:19.261108  1105 leader_election.cc:290] T e3b6f1df8950442ebd7d6df30775547e P c606f87d11234b63803cb5c32f47b609 [CANDIDATE]: Term 1 election: Requested vote from peers c6dd5e16fcff49cc885f018c6d9d5237 (127.31.98.129:38077), a7562c60e0574c989ec3dc5a6f980e81 (127.31.98.131:38075)
I20260709 12:09:19.256522  1221 raft_consensus.cc:3060] T 5913c37610af42fbaa264a2927493f65 P c6dd5e16fcff49cc885f018c6d9d5237 [term 0 FOLLOWER]: Advancing to term 1
I20260709 12:09:19.262221   979 tablet_service.cc:1917] Received RequestConsensusVote() RPC: tablet_id: "e3b6f1df8950442ebd7d6df30775547e" candidate_uuid: "c606f87d11234b63803cb5c32f47b609" candidate_term: 1 candidate_status { last_received { term: 0 index: 0 } } ignore_live_leader: false dest_uuid: "a7562c60e0574c989ec3dc5a6f980e81"
I20260709 12:09:19.262784   979 raft_consensus.cc:3060] T e3b6f1df8950442ebd7d6df30775547e P a7562c60e0574c989ec3dc5a6f980e81 [term 0 FOLLOWER]: Advancing to term 1
I20260709 12:09:19.263852  1101 raft_consensus.cc:2804] T f0fa4dff57b642f3af9274aa5c7998af P a7562c60e0574c989ec3dc5a6f980e81 [term 0 FOLLOWER]: Leader pre-election won for term 1
I20260709 12:09:19.264271  1101 raft_consensus.cc:493] T f0fa4dff57b642f3af9274aa5c7998af P a7562c60e0574c989ec3dc5a6f980e81 [term 0 FOLLOWER]: Starting leader election (no leader contacted us within the election timeout)
I20260709 12:09:19.264622  1101 raft_consensus.cc:3060] T f0fa4dff57b642f3af9274aa5c7998af P a7562c60e0574c989ec3dc5a6f980e81 [term 0 FOLLOWER]: Advancing to term 1
I20260709 12:09:19.266607   904 raft_consensus.cc:2468] T c6ec382dc1474a21a59dd694f6982121 P c606f87d11234b63803cb5c32f47b609 [term 1 FOLLOWER]: Leader election vote request: Granting yes vote for candidate c6dd5e16fcff49cc885f018c6d9d5237 in term 1.
I20260709 12:09:19.269290   979 raft_consensus.cc:2468] T e3b6f1df8950442ebd7d6df30775547e P a7562c60e0574c989ec3dc5a6f980e81 [term 1 FOLLOWER]: Leader election vote request: Granting yes vote for candidate c606f87d11234b63803cb5c32f47b609 in term 1.
I20260709 12:09:19.270291   868 leader_election.cc:304] T e3b6f1df8950442ebd7d6df30775547e P c606f87d11234b63803cb5c32f47b609 [CANDIDATE]: Term 1 election: Election decided. Result: candidate won. Election summary: received 3 responses out of 3 voters: 2 yes votes; 1 no votes. yes voters: a7562c60e0574c989ec3dc5a6f980e81, c606f87d11234b63803cb5c32f47b609; no voters: c6dd5e16fcff49cc885f018c6d9d5237
I20260709 12:09:19.270457   795 leader_election.cc:304] T c6ec382dc1474a21a59dd694f6982121 P c6dd5e16fcff49cc885f018c6d9d5237 [CANDIDATE]: Term 1 election: Election decided. Result: candidate won. Election summary: received 3 responses out of 3 voters: 2 yes votes; 1 no votes. yes voters: c606f87d11234b63803cb5c32f47b609, c6dd5e16fcff49cc885f018c6d9d5237; no voters: a7562c60e0574c989ec3dc5a6f980e81
I20260709 12:09:19.271377  1105 raft_consensus.cc:2804] T e3b6f1df8950442ebd7d6df30775547e P c606f87d11234b63803cb5c32f47b609 [term 1 FOLLOWER]: Leader election won for term 1
I20260709 12:09:19.271766  1149 raft_consensus.cc:2804] T c6ec382dc1474a21a59dd694f6982121 P c6dd5e16fcff49cc885f018c6d9d5237 [term 1 FOLLOWER]: Leader election won for term 1
I20260709 12:09:19.272082  1105 raft_consensus.cc:697] T e3b6f1df8950442ebd7d6df30775547e P c606f87d11234b63803cb5c32f47b609 [term 1 LEADER]: Becoming Leader. State: Replica: c606f87d11234b63803cb5c32f47b609, State: Running, Role: LEADER
I20260709 12:09:19.272293  1149 raft_consensus.cc:697] T c6ec382dc1474a21a59dd694f6982121 P c6dd5e16fcff49cc885f018c6d9d5237 [term 1 LEADER]: Becoming Leader. State: Replica: c6dd5e16fcff49cc885f018c6d9d5237, State: Running, Role: LEADER
I20260709 12:09:19.273828  1149 consensus_queue.cc:237] T c6ec382dc1474a21a59dd694f6982121 P c6dd5e16fcff49cc885f018c6d9d5237 [LEADER]: Queue going to LEADER mode. State: All replicated index: 0, Majority replicated index: 0, Committed index: 0, Last appended: 0.0, Last appended by leader: 0, Current term: 1, Majority size: 2, State: 0, Mode: LEADER, active raft config: opid_index: -1 OBSOLETE_local: false peers { permanent_uuid: "c6dd5e16fcff49cc885f018c6d9d5237" member_type: VOTER last_known_addr { host: "127.31.98.129" port: 38077 } } peers { permanent_uuid: "c606f87d11234b63803cb5c32f47b609" member_type: VOTER last_known_addr { host: "127.31.98.130" port: 34353 } } peers { permanent_uuid: "a7562c60e0574c989ec3dc5a6f980e81" member_type: VOTER last_known_addr { host: "127.31.98.131" port: 38075 } }
I20260709 12:09:19.275180  1105 consensus_queue.cc:237] T e3b6f1df8950442ebd7d6df30775547e P c606f87d11234b63803cb5c32f47b609 [LEADER]: Queue going to LEADER mode. State: All replicated index: 0, Majority replicated index: 0, Committed index: 0, Last appended: 0.0, Last appended by leader: 0, Current term: 1, Majority size: 2, State: 0, Mode: LEADER, active raft config: opid_index: -1 OBSOLETE_local: false peers { permanent_uuid: "c6dd5e16fcff49cc885f018c6d9d5237" member_type: VOTER last_known_addr { host: "127.31.98.129" port: 38077 } } peers { permanent_uuid: "c606f87d11234b63803cb5c32f47b609" member_type: VOTER last_known_addr { host: "127.31.98.130" port: 34353 } } peers { permanent_uuid: "a7562c60e0574c989ec3dc5a6f980e81" member_type: VOTER last_known_addr { host: "127.31.98.131" port: 38075 } }
I20260709 12:09:19.269351  1021 tablet_bootstrap.cc:654] T fd11b8d55b25424c94dedf918b6e1db4 P a7562c60e0574c989ec3dc5a6f980e81: Neither blocks nor log segments found. Creating new log.
