I20260709 12:23:33.929286  3791 tablet_service.cc:1511] Processing CreateTablet for tablet 60b15923a9194146bec11be0bf51e846 (DEFAULT_TABLE table=test-workload [id=2c28e9d8f39e484786be1a3bde8e1793]), partition=RANGE (key) PARTITION 1674309242 <= VALUES < 1710707269
I20260709 12:23:33.939486  3791 data_dirs.cc:400] Could only allocate 1 dirs of requested 3 for tablet 60b15923a9194146bec11be0bf51e846. 1 dirs total, 0 dirs full, 0 dirs failed
I20260709 12:23:33.941833  3795 tablet_service.cc:1511] Processing CreateTablet for tablet 61259eb8da4f4a9fa80aba37c0b4577c (DEFAULT_TABLE table=test-workload [id=2c28e9d8f39e484786be1a3bde8e1793]), partition=RANGE (key) PARTITION 1710707269 <= VALUES < 1747105296
I20260709 12:23:33.902318  3853 raft_consensus.cc:515] T 607ded1cedc749da84b7a0bf68411907 P 2be14e49930345238481baa53232dee0 [term 1 FOLLOWER]: Starting leader election with config: opid_index: -1 OBSOLETE_local: false peers { permanent_uuid: "b585021757d34afe896112f933f89d6f" member_type: VOTER last_known_addr { host: "127.2.105.1" port: 37995 } } peers { permanent_uuid: "2be14e49930345238481baa53232dee0" member_type: VOTER last_known_addr { host: "127.2.105.2" port: 36083 } } peers { permanent_uuid: "618ab7e3915c4f5eb99b38a386eff1ba" member_type: VOTER last_known_addr { host: "127.2.105.3" port: 35501 } }
I20260709 12:23:33.943253  3795 data_dirs.cc:400] Could only allocate 1 dirs of requested 3 for tablet 61259eb8da4f4a9fa80aba37c0b4577c. 1 dirs total, 0 dirs full, 0 dirs failed
I20260709 12:23:33.943321  3637 data_dirs.cc:400] Could only allocate 1 dirs of requested 3 for tablet 60b15923a9194146bec11be0bf51e846. 1 dirs total, 0 dirs full, 0 dirs failed
I20260709 12:23:33.923085  3846 tablet_bootstrap.cc:492] T 8f0103bd3f5546359f62668a3fba853f P 2be14e49930345238481baa53232dee0: No bootstrap required, opened a new log
I20260709 12:23:33.916493  3721 tablet_service.cc:1511] Processing CreateTablet for tablet 60b15923a9194146bec11be0bf51e846 (DEFAULT_TABLE table=test-workload [id=2c28e9d8f39e484786be1a3bde8e1793]), partition=RANGE (key) PARTITION 1674309242 <= VALUES < 1710707269
I20260709 12:23:33.932355  3716 tablet_service.cc:1511] Processing CreateTablet for tablet 61259eb8da4f4a9fa80aba37c0b4577c (DEFAULT_TABLE table=test-workload [id=2c28e9d8f39e484786be1a3bde8e1793]), partition=RANGE (key) PARTITION 1710707269 <= VALUES < 1747105296
I20260709 12:23:33.930785  3638 tablet_service.cc:1511] Processing CreateTablet for tablet 61259eb8da4f4a9fa80aba37c0b4577c (DEFAULT_TABLE table=test-workload [id=2c28e9d8f39e484786be1a3bde8e1793]), partition=RANGE (key) PARTITION 1710707269 <= VALUES < 1747105296
I20260709 12:23:33.947140  3847 raft_consensus.cc:740] T 8f0103bd3f5546359f62668a3fba853f P 618ab7e3915c4f5eb99b38a386eff1ba [term 0 FOLLOWER]: Becoming Follower/Learner. State: Replica: 618ab7e3915c4f5eb99b38a386eff1ba, State: Initialized, Role: FOLLOWER
I20260709 12:23:33.948918  3638 data_dirs.cc:400] Could only allocate 1 dirs of requested 3 for tablet 61259eb8da4f4a9fa80aba37c0b4577c. 1 dirs total, 0 dirs full, 0 dirs failed
I20260709 12:23:33.949004  3847 consensus_queue.cc:260] T 8f0103bd3f5546359f62668a3fba853f P 618ab7e3915c4f5eb99b38a386eff1ba [NON_LEADER]: Queue going to NON_LEADER mode. State: All replicated index: 0, Majority replicated index: 0, Committed index: 0, Last appended: 0.0, Last appended by leader: 0, Current term: 0, Majority size: -1, State: 0, Mode: NON_LEADER, active raft config: opid_index: -1 OBSOLETE_local: false peers { permanent_uuid: "b585021757d34afe896112f933f89d6f" member_type: VOTER last_known_addr { host: "127.2.105.1" port: 37995 } } peers { permanent_uuid: "2be14e49930345238481baa53232dee0" member_type: VOTER last_known_addr { host: "127.2.105.2" port: 36083 } } peers { permanent_uuid: "618ab7e3915c4f5eb99b38a386eff1ba" member_type: VOTER last_known_addr { host: "127.2.105.3" port: 35501 } }
I20260709 12:23:33.949942  3716 data_dirs.cc:400] Could only allocate 1 dirs of requested 3 for tablet 61259eb8da4f4a9fa80aba37c0b4577c. 1 dirs total, 0 dirs full, 0 dirs failed
I20260709 12:23:33.951277  3846 ts_tablet_manager.cc:1403] T 8f0103bd3f5546359f62668a3fba853f P 2be14e49930345238481baa53232dee0: Time spent bootstrapping tablet: real 0.229s	user 0.019s	sys 0.024s
I20260709 12:23:33.953132  3721 data_dirs.cc:400] Could only allocate 1 dirs of requested 3 for tablet 60b15923a9194146bec11be0bf51e846. 1 dirs total, 0 dirs full, 0 dirs failed
I20260709 12:23:33.955138  3847 ts_tablet_manager.cc:1434] T 8f0103bd3f5546359f62668a3fba853f P 618ab7e3915c4f5eb99b38a386eff1ba: Time spent starting tablet: real 0.092s	user 0.007s	sys 0.001s
I20260709 12:23:33.967847  3847 tablet_bootstrap.cc:492] T 607ded1cedc749da84b7a0bf68411907 P 618ab7e3915c4f5eb99b38a386eff1ba: Bootstrap starting.
I20260709 12:23:33.982744  3637 tablet_service.cc:1511] Processing CreateTablet for tablet 47d5cb209a8047128fea58ed5b6b22fe (DEFAULT_TABLE table=test-workload [id=2c28e9d8f39e484786be1a3bde8e1793]), partition=RANGE (key) PARTITION 1747105296 <= VALUES < 1783503323
I20260709 12:23:33.984606  3637 data_dirs.cc:400] Could only allocate 1 dirs of requested 3 for tablet 47d5cb209a8047128fea58ed5b6b22fe. 1 dirs total, 0 dirs full, 0 dirs failed
I20260709 12:23:33.989589  3714 tablet_service.cc:1511] Processing CreateTablet for tablet 47d5cb209a8047128fea58ed5b6b22fe (DEFAULT_TABLE table=test-workload [id=2c28e9d8f39e484786be1a3bde8e1793]), partition=RANGE (key) PARTITION 1747105296 <= VALUES < 1783503323
I20260709 12:23:33.954855  3846 raft_consensus.cc:359] T 8f0103bd3f5546359f62668a3fba853f P 2be14e49930345238481baa53232dee0 [term 0 FOLLOWER]: Replica starting. Triggering 0 pending ops. Active config: opid_index: -1 OBSOLETE_local: false peers { permanent_uuid: "b585021757d34afe896112f933f89d6f" member_type: VOTER last_known_addr { host: "127.2.105.1" port: 37995 } } peers { permanent_uuid: "2be14e49930345238481baa53232dee0" member_type: VOTER last_known_addr { host: "127.2.105.2" port: 36083 } } peers { permanent_uuid: "618ab7e3915c4f5eb99b38a386eff1ba" member_type: VOTER last_known_addr { host: "127.2.105.3" port: 35501 } }
I20260709 12:23:33.992617  3714 data_dirs.cc:400] Could only allocate 1 dirs of requested 3 for tablet 47d5cb209a8047128fea58ed5b6b22fe. 1 dirs total, 0 dirs full, 0 dirs failed
I20260709 12:23:33.992906  3846 raft_consensus.cc:385] T 8f0103bd3f5546359f62668a3fba853f P 2be14e49930345238481baa53232dee0 [term 0 FOLLOWER]: Consensus starting up: Expiring failure detector timer to make a prompt election more likely
I20260709 12:23:33.993391  3846 raft_consensus.cc:740] T 8f0103bd3f5546359f62668a3fba853f P 2be14e49930345238481baa53232dee0 [term 0 FOLLOWER]: Becoming Follower/Learner. State: Replica: 2be14e49930345238481baa53232dee0, State: Initialized, Role: FOLLOWER
I20260709 12:23:33.999970  3848 tablet_bootstrap.cc:492] T 643f1a268e3b45afa3cfd42609a124ed P b585021757d34afe896112f933f89d6f: No bootstrap required, opened a new log
I20260709 12:23:34.000648  3848 ts_tablet_manager.cc:1403] T 643f1a268e3b45afa3cfd42609a124ed P b585021757d34afe896112f933f89d6f: Time spent bootstrapping tablet: real 0.171s	user 0.016s	sys 0.001s
I20260709 12:23:34.002094  3790 tablet_service.cc:1511] Processing CreateTablet for tablet 47d5cb209a8047128fea58ed5b6b22fe (DEFAULT_TABLE table=test-workload [id=2c28e9d8f39e484786be1a3bde8e1793]), partition=RANGE (key) PARTITION 1747105296 <= VALUES < 1783503323
I20260709 12:23:34.004145  3641 tablet_service.cc:1511] Processing CreateTablet for tablet 1e148373763e4b9296d05b81d2ccb0bb (DEFAULT_TABLE table=test-workload [id=2c28e9d8f39e484786be1a3bde8e1793]), partition=RANGE (key) PARTITION 1783503323 <= VALUES < 1819901350
I20260709 12:23:34.005620  3641 data_dirs.cc:400] Could only allocate 1 dirs of requested 3 for tablet 1e148373763e4b9296d05b81d2ccb0bb. 1 dirs total, 0 dirs full, 0 dirs failed
I20260709 12:23:34.008152  3848 raft_consensus.cc:359] T 643f1a268e3b45afa3cfd42609a124ed P b585021757d34afe896112f933f89d6f [term 0 FOLLOWER]: Replica starting. Triggering 0 pending ops. Active config: opid_index: -1 OBSOLETE_local: false peers { permanent_uuid: "b585021757d34afe896112f933f89d6f" member_type: VOTER last_known_addr { host: "127.2.105.1" port: 37995 } } peers { permanent_uuid: "2be14e49930345238481baa53232dee0" member_type: VOTER last_known_addr { host: "127.2.105.2" port: 36083 } } peers { permanent_uuid: "618ab7e3915c4f5eb99b38a386eff1ba" member_type: VOTER last_known_addr { host: "127.2.105.3" port: 35501 } }
I20260709 12:23:34.009033  3848 raft_consensus.cc:385] T 643f1a268e3b45afa3cfd42609a124ed P b585021757d34afe896112f933f89d6f [term 0 FOLLOWER]: Consensus starting up: Expiring failure detector timer to make a prompt election more likely
I20260709 12:23:34.009433  3848 raft_consensus.cc:740] T 643f1a268e3b45afa3cfd42609a124ed P b585021757d34afe896112f933f89d6f [term 0 FOLLOWER]: Becoming Follower/Learner. State: Replica: b585021757d34afe896112f933f89d6f, State: Initialized, Role: FOLLOWER
I20260709 12:23:34.014604  3852 raft_consensus.cc:493] T 47ef01c5a0314dc9a4827f38fb2d5795 P b585021757d34afe896112f933f89d6f [term 0 FOLLOWER]: Starting pre-election (no leader contacted us within the election timeout)
I20260709 12:23:34.015638  3790 data_dirs.cc:400] Could only allocate 1 dirs of requested 3 for tablet 47d5cb209a8047128fea58ed5b6b22fe. 1 dirs total, 0 dirs full, 0 dirs failed
I20260709 12:23:34.015213  3852 raft_consensus.cc:515] T 47ef01c5a0314dc9a4827f38fb2d5795 P b585021757d34afe896112f933f89d6f [term 0 FOLLOWER]: Starting pre-election with config: opid_index: -1 OBSOLETE_local: false peers { permanent_uuid: "2be14e49930345238481baa53232dee0" member_type: VOTER last_known_addr { host: "127.2.105.2" port: 36083 } } peers { permanent_uuid: "b585021757d34afe896112f933f89d6f" member_type: VOTER last_known_addr { host: "127.2.105.1" port: 37995 } } peers { permanent_uuid: "618ab7e3915c4f5eb99b38a386eff1ba" member_type: VOTER last_known_addr { host: "127.2.105.3" port: 35501 } }
I20260709 12:23:34.016283  3847 tablet_bootstrap.cc:654] T 607ded1cedc749da84b7a0bf68411907 P 618ab7e3915c4f5eb99b38a386eff1ba: Neither blocks nor log segments found. Creating new log.
I20260709 12:23:34.021195  3806 tablet_service.cc:1917] Received RequestConsensusVote() RPC: tablet_id: "47ef01c5a0314dc9a4827f38fb2d5795" candidate_uuid: "b585021757d34afe896112f933f89d6f" candidate_term: 1 candidate_status { last_received { term: 0 index: 0 } } ignore_live_leader: false dest_uuid: "618ab7e3915c4f5eb99b38a386eff1ba" is_pre_election: true
W20260709 12:23:34.023510  3620 leader_election.cc:343] T 47ef01c5a0314dc9a4827f38fb2d5795 P b585021757d34afe896112f933f89d6f [CANDIDATE]: Term 1 pre-election: Tablet error from VoteRequest() call to peer 618ab7e3915c4f5eb99b38a386eff1ba (127.2.105.3:35501): Illegal state: must be running to vote when last-logged opid is not known
I20260709 12:23:34.024189  3852 leader_election.cc:290] T 47ef01c5a0314dc9a4827f38fb2d5795 P b585021757d34afe896112f933f89d6f [CANDIDATE]: Term 1 pre-election: Requested pre-vote from peers 2be14e49930345238481baa53232dee0 (127.2.105.2:36083), 618ab7e3915c4f5eb99b38a386eff1ba (127.2.105.3:35501)
I20260709 12:23:34.033571  3656 tablet_service.cc:1917] Received RequestConsensusVote() RPC: tablet_id: "607ded1cedc749da84b7a0bf68411907" candidate_uuid: "2be14e49930345238481baa53232dee0" candidate_term: 1 candidate_status { last_received { term: 0 index: 0 } } ignore_live_leader: false dest_uuid: "b585021757d34afe896112f933f89d6f"
I20260709 12:23:34.034266  3656 raft_consensus.cc:3060] T 607ded1cedc749da84b7a0bf68411907 P b585021757d34afe896112f933f89d6f [term 0 FOLLOWER]: Advancing to term 1
I20260709 12:23:34.034551  3806 tablet_service.cc:1917] Received RequestConsensusVote() RPC: tablet_id: "607ded1cedc749da84b7a0bf68411907" candidate_uuid: "2be14e49930345238481baa53232dee0" candidate_term: 1 candidate_status { last_received { term: 0 index: 0 } } ignore_live_leader: false dest_uuid: "618ab7e3915c4f5eb99b38a386eff1ba"
W20260709 12:23:34.036110  3695 leader_election.cc:343] T 607ded1cedc749da84b7a0bf68411907 P 2be14e49930345238481baa53232dee0 [CANDIDATE]: Term 1 election: Tablet error from VoteRequest() call to peer 618ab7e3915c4f5eb99b38a386eff1ba (127.2.105.3:35501): Illegal state: must be running to vote when last-logged opid is not known
I20260709 12:23:34.031325  3848 consensus_queue.cc:260] T 643f1a268e3b45afa3cfd42609a124ed P b585021757d34afe896112f933f89d6f [NON_LEADER]: Queue going to NON_LEADER mode. State: All replicated index: 0, Majority replicated index: 0, Committed index: 0, Last appended: 0.0, Last appended by leader: 0, Current term: 0, Majority size: -1, State: 0, Mode: NON_LEADER, active raft config: opid_index: -1 OBSOLETE_local: false peers { permanent_uuid: "b585021757d34afe896112f933f89d6f" member_type: VOTER last_known_addr { host: "127.2.105.1" port: 37995 } } peers { permanent_uuid: "2be14e49930345238481baa53232dee0" member_type: VOTER last_known_addr { host: "127.2.105.2" port: 36083 } } peers { permanent_uuid: "618ab7e3915c4f5eb99b38a386eff1ba" member_type: VOTER last_known_addr { host: "127.2.105.3" port: 35501 } }
I20260709 12:23:34.041312  3644 tablet_service.cc:1511] Processing CreateTablet for tablet 24f6856ec549448782ca7e4a56634464 (DEFAULT_TABLE table=test-workload [id=2c28e9d8f39e484786be1a3bde8e1793]), partition=RANGE (key) PARTITION 1819901350 <= VALUES < 1856299377
I20260709 12:23:34.043203  3719 tablet_service.cc:1511] Processing CreateTablet for tablet 24f6856ec549448782ca7e4a56634464 (DEFAULT_TABLE table=test-workload [id=2c28e9d8f39e484786be1a3bde8e1793]), partition=RANGE (key) PARTITION 1819901350 <= VALUES < 1856299377
I20260709 12:23:34.045463  3789 tablet_service.cc:1511] Processing CreateTablet for tablet 24f6856ec549448782ca7e4a56634464 (DEFAULT_TABLE table=test-workload [id=2c28e9d8f39e484786be1a3bde8e1793]), partition=RANGE (key) PARTITION 1819901350 <= VALUES < 1856299377
I20260709 12:23:34.045917  3643 tablet_service.cc:1511] Processing CreateTablet for tablet ede2e2280f80432f932b545052cdb2ee (DEFAULT_TABLE table=test-workload [id=2c28e9d8f39e484786be1a3bde8e1793]), partition=RANGE (key) PARTITION 1856299377 <= VALUES < 1892697404
I20260709 12:23:34.047230  3789 data_dirs.cc:400] Could only allocate 1 dirs of requested 3 for tablet 24f6856ec549448782ca7e4a56634464. 1 dirs total, 0 dirs full, 0 dirs failed
I20260709 12:23:34.047959  3716 tablet_service.cc:1511] Processing CreateTablet for tablet ede2e2280f80432f932b545052cdb2ee (DEFAULT_TABLE table=test-workload [id=2c28e9d8f39e484786be1a3bde8e1793]), partition=RANGE (key) PARTITION 1856299377 <= VALUES < 1892697404
I20260709 12:23:34.049211  3719 data_dirs.cc:400] Could only allocate 1 dirs of requested 3 for tablet 24f6856ec549448782ca7e4a56634464. 1 dirs total, 0 dirs full, 0 dirs failed
I20260709 12:23:34.049893  3716 data_dirs.cc:400] Could only allocate 1 dirs of requested 3 for tablet ede2e2280f80432f932b545052cdb2ee. 1 dirs total, 0 dirs full, 0 dirs failed
I20260709 12:23:34.037770  3853 leader_election.cc:290] T 607ded1cedc749da84b7a0bf68411907 P 2be14e49930345238481baa53232dee0 [CANDIDATE]: Term 1 election: Requested vote from peers b585021757d34afe896112f933f89d6f (127.2.105.1:37995), 618ab7e3915c4f5eb99b38a386eff1ba (127.2.105.3:35501)
I20260709 12:23:34.052048  3639 tablet_service.cc:1511] Processing CreateTablet for tablet a178e62c04f54b44ac9193be85ff795f (DEFAULT_TABLE table=test-workload [id=2c28e9d8f39e484786be1a3bde8e1793]), partition=RANGE (key) PARTITION 1892697404 <= VALUES < 1929095431
I20260709 12:23:34.052482  3788 tablet_service.cc:1511] Processing CreateTablet for tablet ede2e2280f80432f932b545052cdb2ee (DEFAULT_TABLE table=test-workload [id=2c28e9d8f39e484786be1a3bde8e1793]), partition=RANGE (key) PARTITION 1856299377 <= VALUES < 1892697404
I20260709 12:23:34.042912  3644 data_dirs.cc:400] Could only allocate 1 dirs of requested 3 for tablet 24f6856ec549448782ca7e4a56634464. 1 dirs total, 0 dirs full, 0 dirs failed
I20260709 12:23:34.053985  3788 data_dirs.cc:400] Could only allocate 1 dirs of requested 3 for tablet ede2e2280f80432f932b545052cdb2ee. 1 dirs total, 0 dirs full, 0 dirs failed
I20260709 12:23:34.054654  3639 data_dirs.cc:400] Could only allocate 1 dirs of requested 3 for tablet a178e62c04f54b44ac9193be85ff795f. 1 dirs total, 0 dirs full, 0 dirs failed
I20260709 12:23:34.055339  3643 data_dirs.cc:400] Could only allocate 1 dirs of requested 3 for tablet ede2e2280f80432f932b545052cdb2ee. 1 dirs total, 0 dirs full, 0 dirs failed
I20260709 12:23:34.056107  3848 ts_tablet_manager.cc:1434] T 643f1a268e3b45afa3cfd42609a124ed P b585021757d34afe896112f933f89d6f: Time spent starting tablet: real 0.055s	user 0.004s	sys 0.006s
I20260709 12:23:34.057286  3848 tablet_bootstrap.cc:492] T 8f0103bd3f5546359f62668a3fba853f P b585021757d34afe896112f933f89d6f: Bootstrap starting.
I20260709 12:23:34.057972  3656 raft_consensus.cc:2468] T 607ded1cedc749da84b7a0bf68411907 P b585021757d34afe896112f933f89d6f [term 1 FOLLOWER]: Leader election vote request: Granting yes vote for candidate 2be14e49930345238481baa53232dee0 in term 1.
I20260709 12:23:33.994443  3846 consensus_queue.cc:260] T 8f0103bd3f5546359f62668a3fba853f P 2be14e49930345238481baa53232dee0 [NON_LEADER]: Queue going to NON_LEADER mode. State: All replicated index: 0, Majority replicated index: 0, Committed index: 0, Last appended: 0.0, Last appended by leader: 0, Current term: 0, Majority size: -1, State: 0, Mode: NON_LEADER, active raft config: opid_index: -1 OBSOLETE_local: false peers { permanent_uuid: "b585021757d34afe896112f933f89d6f" member_type: VOTER last_known_addr { host: "127.2.105.1" port: 37995 } } peers { permanent_uuid: "2be14e49930345238481baa53232dee0" member_type: VOTER last_known_addr { host: "127.2.105.2" port: 36083 } } peers { permanent_uuid: "618ab7e3915c4f5eb99b38a386eff1ba" member_type: VOTER last_known_addr { host: "127.2.105.3" port: 35501 } }
I20260709 12:23:34.073315  3731 tablet_service.cc:1917] Received RequestConsensusVote() RPC: tablet_id: "47ef01c5a0314dc9a4827f38fb2d5795" candidate_uuid: "b585021757d34afe896112f933f89d6f" candidate_term: 1 candidate_status { last_received { term: 0 index: 0 } } ignore_live_leader: false dest_uuid: "2be14e49930345238481baa53232dee0" is_pre_election: true
I20260709 12:23:34.035878  3787 tablet_service.cc:1511] Processing CreateTablet for tablet 1e148373763e4b9296d05b81d2ccb0bb (DEFAULT_TABLE table=test-workload [id=2c28e9d8f39e484786be1a3bde8e1793]), partition=RANGE (key) PARTITION 1783503323 <= VALUES < 1819901350
I20260709 12:23:34.066952  3852 raft_consensus.cc:493] T 643f1a268e3b45afa3cfd42609a124ed P b585021757d34afe896112f933f89d6f [term 0 FOLLOWER]: Starting pre-election (no leader contacted us within the election timeout)
W20260709 12:23:34.075156  3621 leader_election.cc:343] T 47ef01c5a0314dc9a4827f38fb2d5795 P b585021757d34afe896112f933f89d6f [CANDIDATE]: Term 1 pre-election: Tablet error from VoteRequest() call to peer 2be14e49930345238481baa53232dee0 (127.2.105.2:36083): Illegal state: must be running to vote when last-logged opid is not known
I20260709 12:23:34.075397  3846 ts_tablet_manager.cc:1434] T 8f0103bd3f5546359f62668a3fba853f P 2be14e49930345238481baa53232dee0: Time spent starting tablet: real 0.124s	user 0.009s	sys 0.000s
I20260709 12:23:34.076030  3787 data_dirs.cc:400] Could only allocate 1 dirs of requested 3 for tablet 1e148373763e4b9296d05b81d2ccb0bb. 1 dirs total, 0 dirs full, 0 dirs failed
I20260709 12:23:34.075701  3621 leader_election.cc:304] T 47ef01c5a0314dc9a4827f38fb2d5795 P b585021757d34afe896112f933f89d6f [CANDIDATE]: Term 1 pre-election: Election decided. Result: candidate lost. Election summary: received 3 responses out of 3 voters: 1 yes votes; 2 no votes. yes voters: b585021757d34afe896112f933f89d6f; no voters: 2be14e49930345238481baa53232dee0, 618ab7e3915c4f5eb99b38a386eff1ba
I20260709 12:23:34.075460  3852 raft_consensus.cc:515] T 643f1a268e3b45afa3cfd42609a124ed P b585021757d34afe896112f933f89d6f [term 0 FOLLOWER]: Starting pre-election with config: opid_index: -1 OBSOLETE_local: false peers { permanent_uuid: "b585021757d34afe896112f933f89d6f" member_type: VOTER last_known_addr { host: "127.2.105.1" port: 37995 } } peers { permanent_uuid: "2be14e49930345238481baa53232dee0" member_type: VOTER last_known_addr { host: "127.2.105.2" port: 36083 } } peers { permanent_uuid: "618ab7e3915c4f5eb99b38a386eff1ba" member_type: VOTER last_known_addr { host: "127.2.105.3" port: 35501 } }
I20260709 12:23:34.077107  3853 raft_consensus.cc:493] T 8f0103bd3f5546359f62668a3fba853f P 2be14e49930345238481baa53232dee0 [term 0 FOLLOWER]: Starting pre-election (no leader contacted us within the election timeout)
I20260709 12:23:34.077679  3853 raft_consensus.cc:515] T 8f0103bd3f5546359f62668a3fba853f P 2be14e49930345238481baa53232dee0 [term 0 FOLLOWER]: Starting pre-election with config: opid_index: -1 OBSOLETE_local: false peers { permanent_uuid: "b585021757d34afe896112f933f89d6f" member_type: VOTER last_known_addr { host: "127.2.105.1" port: 37995 } } peers { permanent_uuid: "2be14e49930345238481baa53232dee0" member_type: VOTER last_known_addr { host: "127.2.105.2" port: 36083 } } peers { permanent_uuid: "618ab7e3915c4f5eb99b38a386eff1ba" member_type: VOTER last_known_addr { host: "127.2.105.3" port: 35501 } }
I20260709 12:23:34.079444  3846 tablet_bootstrap.cc:492] T 974b0ce590004b49b9057dfffbbc33fd P 2be14e49930345238481baa53232dee0: Bootstrap starting.
I20260709 12:23:34.080075  3806 tablet_service.cc:1917] Received RequestConsensusVote() RPC: tablet_id: "643f1a268e3b45afa3cfd42609a124ed" candidate_uuid: "b585021757d34afe896112f933f89d6f" candidate_term: 1 candidate_status { last_received { term: 0 index: 0 } } ignore_live_leader: false dest_uuid: "618ab7e3915c4f5eb99b38a386eff1ba" is_pre_election: true
I20260709 12:23:34.081511  3806 raft_consensus.cc:2468] T 643f1a268e3b45afa3cfd42609a124ed P 618ab7e3915c4f5eb99b38a386eff1ba [term 0 FOLLOWER]: Leader pre-election vote request: Granting yes vote for candidate b585021757d34afe896112f933f89d6f in term 0.
I20260709 12:23:34.089097  3620 leader_election.cc:304] T 643f1a268e3b45afa3cfd42609a124ed P b585021757d34afe896112f933f89d6f [CANDIDATE]: Term 1 pre-election: Election decided. Result: candidate won. Election summary: received 2 responses out of 3 voters: 2 yes votes; 0 no votes. yes voters: 618ab7e3915c4f5eb99b38a386eff1ba, b585021757d34afe896112f933f89d6f; no voters: 
I20260709 12:23:34.082640  3852 leader_election.cc:290] T 643f1a268e3b45afa3cfd42609a124ed P b585021757d34afe896112f933f89d6f [CANDIDATE]: Term 1 pre-election: Requested pre-vote from peers 2be14e49930345238481baa53232dee0 (127.2.105.2:36083), 618ab7e3915c4f5eb99b38a386eff1ba (127.2.105.3:35501)
I20260709 12:23:34.090232  3848 tablet_bootstrap.cc:654] T 8f0103bd3f5546359f62668a3fba853f P b585021757d34afe896112f933f89d6f: Neither blocks nor log segments found. Creating new log.
I20260709 12:23:34.089571  3717 tablet_service.cc:1511] Processing CreateTablet for tablet a178e62c04f54b44ac9193be85ff795f (DEFAULT_TABLE table=test-workload [id=2c28e9d8f39e484786be1a3bde8e1793]), partition=RANGE (key) PARTITION 1892697404 <= VALUES < 1929095431
I20260709 12:23:34.095377  3695 leader_election.cc:304] T 607ded1cedc749da84b7a0bf68411907 P 2be14e49930345238481baa53232dee0 [CANDIDATE]: Term 1 election: Election decided. Result: candidate won. Election summary: received 3 responses out of 3 voters: 2 yes votes; 1 no votes. yes voters: 2be14e49930345238481baa53232dee0, b585021757d34afe896112f933f89d6f; no voters: 618ab7e3915c4f5eb99b38a386eff1ba
I20260709 12:23:34.073277  3715 tablet_service.cc:1511] Processing CreateTablet for tablet 1e148373763e4b9296d05b81d2ccb0bb (DEFAULT_TABLE table=test-workload [id=2c28e9d8f39e484786be1a3bde8e1793]), partition=RANGE (key) PARTITION 1783503323 <= VALUES < 1819901350
I20260709 12:23:34.096984  3853 leader_election.cc:290] T 8f0103bd3f5546359f62668a3fba853f P 2be14e49930345238481baa53232dee0 [CANDIDATE]: Term 1 pre-election: Requested pre-vote from peers b585021757d34afe896112f933f89d6f (127.2.105.1:37995), 618ab7e3915c4f5eb99b38a386eff1ba (127.2.105.3:35501)
I20260709 12:23:34.097599  3853 raft_consensus.cc:2804] T 607ded1cedc749da84b7a0bf68411907 P 2be14e49930345238481baa53232dee0 [term 1 FOLLOWER]: Leader election won for term 1
I20260709 12:23:34.090518  3852 raft_consensus.cc:2749] T 47ef01c5a0314dc9a4827f38fb2d5795 P b585021757d34afe896112f933f89d6f [term 0 FOLLOWER]: Leader pre-election lost for term 1. Reason: could not achieve majority
I20260709 12:23:34.098201  3806 tablet_service.cc:1917] Received RequestConsensusVote() RPC: tablet_id: "8f0103bd3f5546359f62668a3fba853f" candidate_uuid: "2be14e49930345238481baa53232dee0" candidate_term: 1 candidate_status { last_received { term: 0 index: 0 } } ignore_live_leader: false dest_uuid: "618ab7e3915c4f5eb99b38a386eff1ba" is_pre_election: true
I20260709 12:23:34.098574  3852 raft_consensus.cc:2804] T 643f1a268e3b45afa3cfd42609a124ed P b585021757d34afe896112f933f89d6f [term 0 FOLLOWER]: Leader pre-election won for term 1
I20260709 12:23:34.098941  3806 raft_consensus.cc:2468] T 8f0103bd3f5546359f62668a3fba853f P 618ab7e3915c4f5eb99b38a386eff1ba [term 0 FOLLOWER]: Leader pre-election vote request: Granting yes vote for candidate 2be14e49930345238481baa53232dee0 in term 0.
I20260709 12:23:34.099272  3852 raft_consensus.cc:493] T 643f1a268e3b45afa3cfd42609a124ed P b585021757d34afe896112f933f89d6f [term 0 FOLLOWER]: Starting leader election (no leader contacted us within the election timeout)
I20260709 12:23:34.099646  3852 raft_consensus.cc:3060] T 643f1a268e3b45afa3cfd42609a124ed P b585021757d34afe896112f933f89d6f [term 0 FOLLOWER]: Advancing to term 1
I20260709 12:23:34.100486  3695 leader_election.cc:304] T 8f0103bd3f5546359f62668a3fba853f P 2be14e49930345238481baa53232dee0 [CANDIDATE]: Term 1 pre-election: Election decided. Result: candidate won. Election summary: received 2 responses out of 3 voters: 2 yes votes; 0 no votes. yes voters: 2be14e49930345238481baa53232dee0, 618ab7e3915c4f5eb99b38a386eff1ba; no voters: 
I20260709 12:23:34.103706  3717 data_dirs.cc:400] Could only allocate 1 dirs of requested 3 for tablet a178e62c04f54b44ac9193be85ff795f. 1 dirs total, 0 dirs full, 0 dirs failed
I20260709 12:23:34.104645  3656 tablet_service.cc:1917] Received RequestConsensusVote() RPC: tablet_id: "8f0103bd3f5546359f62668a3fba853f" candidate_uuid: "2be14e49930345238481baa53232dee0" candidate_term: 1 candidate_status { last_received { term: 0 index: 0 } } ignore_live_leader: false dest_uuid: "b585021757d34afe896112f933f89d6f" is_pre_election: true
W20260709 12:23:34.106133  3695 leader_election.cc:343] T 8f0103bd3f5546359f62668a3fba853f P 2be14e49930345238481baa53232dee0 [CANDIDATE]: Term 1 pre-election: Tablet error from VoteRequest() call to peer b585021757d34afe896112f933f89d6f (127.2.105.1:37995): Illegal state: must be running to vote when last-logged opid is not known
I20260709 12:23:34.107203  3876 raft_consensus.cc:2804] T 8f0103bd3f5546359f62668a3fba853f P 2be14e49930345238481baa53232dee0 [term 0 FOLLOWER]: Leader pre-election won for term 1
I20260709 12:23:34.107613  3876 raft_consensus.cc:493] T 8f0103bd3f5546359f62668a3fba853f P 2be14e49930345238481baa53232dee0 [term 0 FOLLOWER]: Starting leader election (no leader contacted us within the election timeout)
I20260709 12:23:34.107990  3876 raft_consensus.cc:3060] T 8f0103bd3f5546359f62668a3fba853f P 2be14e49930345238481baa53232dee0 [term 0 FOLLOWER]: Advancing to term 1
I20260709 12:23:34.110283  3852 raft_consensus.cc:515] T 643f1a268e3b45afa3cfd42609a124ed P b585021757d34afe896112f933f89d6f [term 1 FOLLOWER]: Starting leader election with config: opid_index: -1 OBSOLETE_local: false peers { permanent_uuid: "b585021757d34afe896112f933f89d6f" member_type: VOTER last_known_addr { host: "127.2.105.1" port: 37995 } } peers { permanent_uuid: "2be14e49930345238481baa53232dee0" member_type: VOTER last_known_addr { host: "127.2.105.2" port: 36083 } } peers { permanent_uuid: "618ab7e3915c4f5eb99b38a386eff1ba" member_type: VOTER last_known_addr { host: "127.2.105.3" port: 35501 } }
I20260709 12:23:34.132871  3715 data_dirs.cc:400] Could only allocate 1 dirs of requested 3 for tablet 1e148373763e4b9296d05b81d2ccb0bb. 1 dirs total, 0 dirs full, 0 dirs failed
I20260709 12:23:34.141230  3796 tablet_service.cc:1511] Processing CreateTablet for tablet a178e62c04f54b44ac9193be85ff795f (DEFAULT_TABLE table=test-workload [id=2c28e9d8f39e484786be1a3bde8e1793]), partition=RANGE (key) PARTITION 1892697404 <= VALUES < 1929095431
I20260709 12:23:34.150547  3853 raft_consensus.cc:697] T 607ded1cedc749da84b7a0bf68411907 P 2be14e49930345238481baa53232dee0 [term 1 LEADER]: Becoming Leader. State: Replica: 2be14e49930345238481baa53232dee0, State: Running, Role: LEADER
I20260709 12:23:34.154405  3796 data_dirs.cc:400] Could only allocate 1 dirs of requested 3 for tablet a178e62c04f54b44ac9193be85ff795f. 1 dirs total, 0 dirs full, 0 dirs failed
W20260709 12:23:34.160997  3620 outbound_call.cc:321] RPC callback for RPC call kudu.consensus.ConsensusService.RequestConsensusVote -> {remote=127.2.105.3:35501, user_credentials={real_user=slave}} blocked reactor thread for 72007.3us
W20260709 12:23:34.167294  3621 outbound_call.cc:321] RPC callback for RPC call kudu.consensus.ConsensusService.RequestConsensusVote -> {remote=127.2.105.2:36083, user_credentials={real_user=slave}} blocked reactor thread for 92202.3us
I20260709 12:23:34.170226  3731 tablet_service.cc:1917] Received RequestConsensusVote() RPC: tablet_id: "643f1a268e3b45afa3cfd42609a124ed" candidate_uuid: "b585021757d34afe896112f933f89d6f" candidate_term: 1 candidate_status { last_received { term: 0 index: 0 } } ignore_live_leader: false dest_uuid: "2be14e49930345238481baa53232dee0" is_pre_election: true
I20260709 12:23:34.170526  3880 raft_consensus.cc:493] T d2bd3eef718f40aeae31e27a75cee15b P 2be14e49930345238481baa53232dee0 [term 0 FOLLOWER]: Starting pre-election (no leader contacted us within the election timeout)
I20260709 12:23:34.171108  3880 raft_consensus.cc:515] T d2bd3eef718f40aeae31e27a75cee15b P 2be14e49930345238481baa53232dee0 [term 0 FOLLOWER]: Starting pre-election with config: opid_index: -1 OBSOLETE_local: false peers { permanent_uuid: "b585021757d34afe896112f933f89d6f" member_type: VOTER last_known_addr { host: "127.2.105.1" port: 37995 } } peers { permanent_uuid: "2be14e49930345238481baa53232dee0" member_type: VOTER last_known_addr { host: "127.2.105.2" port: 36083 } } peers { permanent_uuid: "618ab7e3915c4f5eb99b38a386eff1ba" member_type: VOTER last_known_addr { host: "127.2.105.3" port: 35501 } }
I20260709 12:23:34.171885  3847 tablet_bootstrap.cc:492] T 607ded1cedc749da84b7a0bf68411907 P 618ab7e3915c4f5eb99b38a386eff1ba: No bootstrap required, opened a new log
I20260709 12:23:34.172513  3847 ts_tablet_manager.cc:1403] T 607ded1cedc749da84b7a0bf68411907 P 618ab7e3915c4f5eb99b38a386eff1ba: Time spent bootstrapping tablet: real 0.205s	user 0.007s	sys 0.013s
I20260709 12:23:34.171963  3638 tablet_service.cc:1511] Processing CreateTablet for tablet 1f6a7ff211284f43983ff1b1153325a4 (DEFAULT_TABLE table=test-workload [id=2c28e9d8f39e484786be1a3bde8e1793]), partition=RANGE (key) PARTITION 1929095431 <= VALUES < 1965493458
I20260709 12:23:34.173727  3638 data_dirs.cc:400] Could only allocate 1 dirs of requested 3 for tablet 1f6a7ff211284f43983ff1b1153325a4. 1 dirs total, 0 dirs full, 0 dirs failed
I20260709 12:23:34.174309  3656 tablet_service.cc:1917] Received RequestConsensusVote() RPC: tablet_id: "d2bd3eef718f40aeae31e27a75cee15b" candidate_uuid: "2be14e49930345238481baa53232dee0" candidate_term: 1 candidate_status { last_received { term: 0 index: 0 } } ignore_live_leader: false dest_uuid: "b585021757d34afe896112f933f89d6f" is_pre_election: true
I20260709 12:23:34.176092  3847 raft_consensus.cc:359] T 607ded1cedc749da84b7a0bf68411907 P 618ab7e3915c4f5eb99b38a386eff1ba [term 0 FOLLOWER]: Replica starting. Triggering 0 pending ops. Active config: opid_index: -1 OBSOLETE_local: false peers { permanent_uuid: "b585021757d34afe896112f933f89d6f" member_type: VOTER last_known_addr { host: "127.2.105.1" port: 37995 } } peers { permanent_uuid: "2be14e49930345238481baa53232dee0" member_type: VOTER last_known_addr { host: "127.2.105.2" port: 36083 } } peers { permanent_uuid: "618ab7e3915c4f5eb99b38a386eff1ba" member_type: VOTER last_known_addr { host: "127.2.105.3" port: 35501 } }
I20260709 12:23:34.176738  3846 tablet_bootstrap.cc:654] T 974b0ce590004b49b9057dfffbbc33fd P 2be14e49930345238481baa53232dee0: Neither blocks nor log segments found. Creating new log.
I20260709 12:23:34.176863  3847 raft_consensus.cc:385] T 607ded1cedc749da84b7a0bf68411907 P 618ab7e3915c4f5eb99b38a386eff1ba [term 0 FOLLOWER]: Consensus starting up: Expiring failure detector timer to make a prompt election more likely
I20260709 12:23:34.177263  3847 raft_consensus.cc:740] T 607ded1cedc749da84b7a0bf68411907 P 618ab7e3915c4f5eb99b38a386eff1ba [term 0 FOLLOWER]: Becoming Follower/Learner. State: Replica: 618ab7e3915c4f5eb99b38a386eff1ba, State: Initialized, Role: FOLLOWER
I20260709 12:23:34.177927  3852 leader_election.cc:290] T 643f1a268e3b45afa3cfd42609a124ed P b585021757d34afe896112f933f89d6f [CANDIDATE]: Term 1 election: Requested vote from peers 2be14e49930345238481baa53232dee0 (127.2.105.2:36083), 618ab7e3915c4f5eb99b38a386eff1ba (127.2.105.3:35501)
I20260709 12:23:34.178077  3847 consensus_queue.cc:260] T 607ded1cedc749da84b7a0bf68411907 P 618ab7e3915c4f5eb99b38a386eff1ba [NON_LEADER]: Queue going to NON_LEADER mode. State: All replicated index: 0, Majority replicated index: 0, Committed index: 0, Last appended: 0.0, Last appended by leader: 0, Current term: 0, Majority size: -1, State: 0, Mode: NON_LEADER, active raft config: opid_index: -1 OBSOLETE_local: false peers { permanent_uuid: "b585021757d34afe896112f933f89d6f" member_type: VOTER last_known_addr { host: "127.2.105.1" port: 37995 } } peers { permanent_uuid: "2be14e49930345238481baa53232dee0" member_type: VOTER last_known_addr { host: "127.2.105.2" port: 36083 } } peers { permanent_uuid: "618ab7e3915c4f5eb99b38a386eff1ba" member_type: VOTER last_known_addr { host: "127.2.105.3" port: 35501 } }
I20260709 12:23:34.166885  3853 consensus_queue.cc:237] T 607ded1cedc749da84b7a0bf68411907 P 2be14e49930345238481baa53232dee0 [LEADER]: Queue going to LEADER mode. State: All replicated index: 0, Majority replicated index: 0, Committed index: 0, Last appended: 0.0, Last appended by leader: 0, Current term: 1, Majority size: 2, State: 0, Mode: LEADER, active raft config: opid_index: -1 OBSOLETE_local: false peers { permanent_uuid: "b585021757d34afe896112f933f89d6f" member_type: VOTER last_known_addr { host: "127.2.105.1" port: 37995 } } peers { permanent_uuid: "2be14e49930345238481baa53232dee0" member_type: VOTER last_known_addr { host: "127.2.105.2" port: 36083 } } peers { permanent_uuid: "618ab7e3915c4f5eb99b38a386eff1ba" member_type: VOTER last_known_addr { host: "127.2.105.3" port: 35501 } }
I20260709 12:23:34.184273  3847 ts_tablet_manager.cc:1434] T 607ded1cedc749da84b7a0bf68411907 P 618ab7e3915c4f5eb99b38a386eff1ba: Time spent starting tablet: real 0.011s	user 0.008s	sys 0.000s
W20260709 12:23:34.185385  3621 leader_election.cc:343] T 643f1a268e3b45afa3cfd42609a124ed P b585021757d34afe896112f933f89d6f [CANDIDATE]: Term 1 pre-election: Tablet error from VoteRequest() call to peer 2be14e49930345238481baa53232dee0 (127.2.105.2:36083): Illegal state: must be running to vote when last-logged opid is not known
I20260709 12:23:34.186749  3731 tablet_service.cc:1917] Received RequestConsensusVote() RPC: tablet_id: "643f1a268e3b45afa3cfd42609a124ed" candidate_uuid: "b585021757d34afe896112f933f89d6f" candidate_term: 1 candidate_status { last_received { term: 0 index: 0 } } ignore_live_leader: false dest_uuid: "2be14e49930345238481baa53232dee0"
W20260709 12:23:34.190054  3621 leader_election.cc:343] T 643f1a268e3b45afa3cfd42609a124ed P b585021757d34afe896112f933f89d6f [CANDIDATE]: Term 1 election: Tablet error from VoteRequest() call to peer 2be14e49930345238481baa53232dee0 (127.2.105.2:36083): Illegal state: must be running to vote when last-logged opid is not known
I20260709 12:23:34.192238  3640 tablet_service.cc:1511] Processing CreateTablet for tablet 5c4bc175479d43b888fa09811afb977f (DEFAULT_TABLE table=test-workload [id=2c28e9d8f39e484786be1a3bde8e1793]), partition=RANGE (key) PARTITION 1965493458 <= VALUES < 2001891485
I20260709 12:23:34.193770  3640 data_dirs.cc:400] Could only allocate 1 dirs of requested 3 for tablet 5c4bc175479d43b888fa09811afb977f. 1 dirs total, 0 dirs full, 0 dirs failed
I20260709 12:23:34.197796  3805 tablet_service.cc:1917] Received RequestConsensusVote() RPC: tablet_id: "d2bd3eef718f40aeae31e27a75cee15b" candidate_uuid: "2be14e49930345238481baa53232dee0" candidate_term: 1 candidate_status { last_received { term: 0 index: 0 } } ignore_live_leader: false dest_uuid: "618ab7e3915c4f5eb99b38a386eff1ba" is_pre_election: true
W20260709 12:23:34.200078  3695 leader_election.cc:343] T d2bd3eef718f40aeae31e27a75cee15b P 2be14e49930345238481baa53232dee0 [CANDIDATE]: Term 1 pre-election: Tablet error from VoteRequest() call to peer 618ab7e3915c4f5eb99b38a386eff1ba (127.2.105.3:35501): Illegal state: must be running to vote when last-logged opid is not known
I20260709 12:23:34.201112  3806 tablet_service.cc:1917] Received RequestConsensusVote() RPC: tablet_id: "643f1a268e3b45afa3cfd42609a124ed" candidate_uuid: "b585021757d34afe896112f933f89d6f" candidate_term: 1 candidate_status { last_received { term: 0 index: 0 } } ignore_live_leader: false dest_uuid: "618ab7e3915c4f5eb99b38a386eff1ba"
I20260709 12:23:34.196182  3876 raft_consensus.cc:515] T 8f0103bd3f5546359f62668a3fba853f P 2be14e49930345238481baa53232dee0 [term 1 FOLLOWER]: Starting leader election with config: opid_index: -1 OBSOLETE_local: false peers { permanent_uuid: "b585021757d34afe896112f933f89d6f" member_type: VOTER last_known_addr { host: "127.2.105.1" port: 37995 } } peers { permanent_uuid: "2be14e49930345238481baa53232dee0" member_type: VOTER last_known_addr { host: "127.2.105.2" port: 36083 } } peers { permanent_uuid: "618ab7e3915c4f5eb99b38a386eff1ba" member_type: VOTER last_known_addr { host: "127.2.105.3" port: 35501 } }
I20260709 12:23:34.201874  3806 raft_consensus.cc:3060] T 643f1a268e3b45afa3cfd42609a124ed P 618ab7e3915c4f5eb99b38a386eff1ba [term 0 FOLLOWER]: Advancing to term 1
I20260709 12:23:34.212069  3716 tablet_service.cc:1511] Processing CreateTablet for tablet 1f6a7ff211284f43983ff1b1153325a4 (DEFAULT_TABLE table=test-workload [id=2c28e9d8f39e484786be1a3bde8e1793]), partition=RANGE (key) PARTITION 1929095431 <= VALUES < 1965493458
I20260709 12:23:34.213900  3716 data_dirs.cc:400] Could only allocate 1 dirs of requested 3 for tablet 1f6a7ff211284f43983ff1b1153325a4. 1 dirs total, 0 dirs full, 0 dirs failed
I20260709 12:23:34.207134  3880 leader_election.cc:290] T d2bd3eef718f40aeae31e27a75cee15b P 2be14e49930345238481baa53232dee0 [CANDIDATE]: Term 1 pre-election: Requested pre-vote from peers b585021757d34afe896112f933f89d6f (127.2.105.1:37995), 618ab7e3915c4f5eb99b38a386eff1ba (127.2.105.3:35501)
I20260709 12:23:34.223382  3795 tablet_service.cc:1511] Processing CreateTablet for tablet 1f6a7ff211284f43983ff1b1153325a4 (DEFAULT_TABLE table=test-workload [id=2c28e9d8f39e484786be1a3bde8e1793]), partition=RANGE (key) PARTITION 1929095431 <= VALUES < 1965493458
I20260709 12:23:34.224938  3795 data_dirs.cc:400] Could only allocate 1 dirs of requested 3 for tablet 1f6a7ff211284f43983ff1b1153325a4. 1 dirs total, 0 dirs full, 0 dirs failed
I20260709 12:23:34.231542  3806 raft_consensus.cc:2468] T 643f1a268e3b45afa3cfd42609a124ed P 618ab7e3915c4f5eb99b38a386eff1ba [term 1 FOLLOWER]: Leader election vote request: Granting yes vote for candidate b585021757d34afe896112f933f89d6f in term 1.
I20260709 12:23:34.233480  3620 leader_election.cc:304] T 643f1a268e3b45afa3cfd42609a124ed P b585021757d34afe896112f933f89d6f [CANDIDATE]: Term 1 election: Election decided. Result: candidate won. Election summary: received 3 responses out of 3 voters: 2 yes votes; 1 no votes. yes voters: 618ab7e3915c4f5eb99b38a386eff1ba, b585021757d34afe896112f933f89d6f; no voters: 2be14e49930345238481baa53232dee0
I20260709 12:23:34.234831  3878 raft_consensus.cc:2804] T 643f1a268e3b45afa3cfd42609a124ed P b585021757d34afe896112f933f89d6f [term 1 FOLLOWER]: Leader election won for term 1
W20260709 12:23:34.201231  3695 leader_election.cc:343] T d2bd3eef718f40aeae31e27a75cee15b P 2be14e49930345238481baa53232dee0 [CANDIDATE]: Term 1 pre-election: Tablet error from VoteRequest() call to peer b585021757d34afe896112f933f89d6f (127.2.105.1:37995): Illegal state: must be running to vote when last-logged opid is not known
I20260709 12:23:34.240725  3878 raft_consensus.cc:697] T 643f1a268e3b45afa3cfd42609a124ed P b585021757d34afe896112f933f89d6f [term 1 LEADER]: Becoming Leader. State: Replica: b585021757d34afe896112f933f89d6f, State: Running, Role: LEADER
I20260709 12:23:34.244621  3878 consensus_queue.cc:237] T 643f1a268e3b45afa3cfd42609a124ed P b585021757d34afe896112f933f89d6f [LEADER]: Queue going to LEADER mode. State: All replicated index: 0, Majority replicated index: 0, Committed index: 0, Last appended: 0.0, Last appended by leader: 0, Current term: 1, Majority size: 2, State: 0, Mode: LEADER, active raft config: opid_index: -1 OBSOLETE_local: false peers { permanent_uuid: "b585021757d34afe896112f933f89d6f" member_type: VOTER last_known_addr { host: "127.2.105.1" port: 37995 } } peers { permanent_uuid: "2be14e49930345238481baa53232dee0" member_type: VOTER last_known_addr { host: "127.2.105.2" port: 36083 } } peers { permanent_uuid: "618ab7e3915c4f5eb99b38a386eff1ba" member_type: VOTER last_known_addr { host: "127.2.105.3" port: 35501 } }
I20260709 12:23:34.248126  3879 raft_consensus.cc:493] T de252ba2dedf4e59ae75c0c03bca25e3 P b585021757d34afe896112f933f89d6f [term 0 FOLLOWER]: Starting pre-election (no leader contacted us within the election timeout)
I20260709 12:23:34.248958  3879 raft_consensus.cc:515] T de252ba2dedf4e59ae75c0c03bca25e3 P b585021757d34afe896112f933f89d6f [term 0 FOLLOWER]: Starting pre-election with config: opid_index: -1 OBSOLETE_local: false peers { permanent_uuid: "b585021757d34afe896112f933f89d6f" member_type: VOTER last_known_addr { host: "127.2.105.1" port: 37995 } } peers { permanent_uuid: "2be14e49930345238481baa53232dee0" member_type: VOTER last_known_addr { host: "127.2.105.2" port: 36083 } } peers { permanent_uuid: "618ab7e3915c4f5eb99b38a386eff1ba" member_type: VOTER last_known_addr { host: "127.2.105.3" port: 35501 } }
I20260709 12:23:34.251248  3876 leader_election.cc:290] T 8f0103bd3f5546359f62668a3fba853f P 2be14e49930345238481baa53232dee0 [CANDIDATE]: Term 1 election: Requested vote from peers b585021757d34afe896112f933f89d6f (127.2.105.1:37995), 618ab7e3915c4f5eb99b38a386eff1ba (127.2.105.3:35501)
I20260709 12:23:34.253485  3879 leader_election.cc:290] T de252ba2dedf4e59ae75c0c03bca25e3 P b585021757d34afe896112f933f89d6f [CANDIDATE]: Term 1 pre-election: Requested pre-vote from peers 2be14e49930345238481baa53232dee0 (127.2.105.2:36083), 618ab7e3915c4f5eb99b38a386eff1ba (127.2.105.3:35501)
I20260709 12:23:34.256886  3731 tablet_service.cc:1917] Received RequestConsensusVote() RPC: tablet_id: "de252ba2dedf4e59ae75c0c03bca25e3" candidate_uuid: "b585021757d34afe896112f933f89d6f" candidate_term: 1 candidate_status { last_received { term: 0 index: 0 } } ignore_live_leader: false dest_uuid: "2be14e49930345238481baa53232dee0" is_pre_election: true
I20260709 12:23:34.259254  3695 leader_election.cc:304] T d2bd3eef718f40aeae31e27a75cee15b P 2be14e49930345238481baa53232dee0 [CANDIDATE]: Term 1 pre-election: Election decided. Result: candidate lost. Election summary: received 3 responses out of 3 voters: 1 yes votes; 2 no votes. yes voters: 2be14e49930345238481baa53232dee0; no voters: 618ab7e3915c4f5eb99b38a386eff1ba, b585021757d34afe896112f933f89d6f
I20260709 12:23:34.259374  3864 raft_consensus.cc:493] T 607ded1cedc749da84b7a0bf68411907 P 618ab7e3915c4f5eb99b38a386eff1ba [term 0 FOLLOWER]: Starting pre-election (no leader contacted us within the election timeout)
W20260709 12:23:34.260360  3695 outbound_call.cc:321] RPC callback for RPC call kudu.consensus.ConsensusService.RequestConsensusVote -> {remote=127.2.105.1:37995, user_credentials={real_user=slave}} blocked reactor thread for 59222us
I20260709 12:23:34.260110  3864 raft_consensus.cc:515] T 607ded1cedc749da84b7a0bf68411907 P 618ab7e3915c4f5eb99b38a386eff1ba [term 0 FOLLOWER]: Starting pre-election with config: opid_index: -1 OBSOLETE_local: false peers { permanent_uuid: "b585021757d34afe896112f933f89d6f" member_type: VOTER last_known_addr { host: "127.2.105.1" port: 37995 } } peers { permanent_uuid: "2be14e49930345238481baa53232dee0" member_type: VOTER last_known_addr { host: "127.2.105.2" port: 36083 } } peers { permanent_uuid: "618ab7e3915c4f5eb99b38a386eff1ba" member_type: VOTER last_known_addr { host: "127.2.105.3" port: 35501 } }
I20260709 12:23:34.262964  3806 tablet_service.cc:1917] Received RequestConsensusVote() RPC: tablet_id: "8f0103bd3f5546359f62668a3fba853f" candidate_uuid: "2be14e49930345238481baa53232dee0" candidate_term: 1 candidate_status { last_received { term: 0 index: 0 } } ignore_live_leader: false dest_uuid: "618ab7e3915c4f5eb99b38a386eff1ba"
I20260709 12:23:34.263641  3806 raft_consensus.cc:3060] T 8f0103bd3f5546359f62668a3fba853f P 618ab7e3915c4f5eb99b38a386eff1ba [term 0 FOLLOWER]: Advancing to term 1
I20260709 12:23:34.264673  3876 raft_consensus.cc:2749] T d2bd3eef718f40aeae31e27a75cee15b P 2be14e49930345238481baa53232dee0 [term 0 FOLLOWER]: Leader pre-election lost for term 1. Reason: could not achieve majority
I20260709 12:23:34.264510  3656 tablet_service.cc:1917] Received RequestConsensusVote() RPC: tablet_id: "607ded1cedc749da84b7a0bf68411907" candidate_uuid: "618ab7e3915c4f5eb99b38a386eff1ba" candidate_term: 1 candidate_status { last_received { term: 0 index: 0 } } ignore_live_leader: false dest_uuid: "b585021757d34afe896112f933f89d6f" is_pre_election: true
I20260709 12:23:34.265940  3656 raft_consensus.cc:2393] T 607ded1cedc749da84b7a0bf68411907 P b585021757d34afe896112f933f89d6f [term 1 FOLLOWER]: Leader pre-election vote request: Denying vote to candidate 618ab7e3915c4f5eb99b38a386eff1ba in current term 1: Already voted for candidate 2be14e49930345238481baa53232dee0 in this term.
I20260709 12:23:34.267325  3655 tablet_service.cc:1917] Received RequestConsensusVote() RPC: tablet_id: "8f0103bd3f5546359f62668a3fba853f" candidate_uuid: "2be14e49930345238481baa53232dee0" candidate_term: 1 candidate_status { last_received { term: 0 index: 0 } } ignore_live_leader: false dest_uuid: "b585021757d34afe896112f933f89d6f"
I20260709 12:23:34.273869  3805 tablet_service.cc:1917] Received RequestConsensusVote() RPC: tablet_id: "de252ba2dedf4e59ae75c0c03bca25e3" candidate_uuid: "b585021757d34afe896112f933f89d6f" candidate_term: 1 candidate_status { last_received { term: 0 index: 0 } } ignore_live_leader: false dest_uuid: "618ab7e3915c4f5eb99b38a386eff1ba" is_pre_election: true
I20260709 12:23:34.274781  3788 tablet_service.cc:1511] Processing CreateTablet for tablet 5c4bc175479d43b888fa09811afb977f (DEFAULT_TABLE table=test-workload [id=2c28e9d8f39e484786be1a3bde8e1793]), partition=RANGE (key) PARTITION 1965493458 <= VALUES < 2001891485
I20260709 12:23:34.277110  3788 data_dirs.cc:400] Could only allocate 1 dirs of requested 3 for tablet 5c4bc175479d43b888fa09811afb977f. 1 dirs total, 0 dirs full, 0 dirs failed
I20260709 12:23:34.277613  3731 tablet_service.cc:1917] Received RequestConsensusVote() RPC: tablet_id: "607ded1cedc749da84b7a0bf68411907" candidate_uuid: "618ab7e3915c4f5eb99b38a386eff1ba" candidate_term: 1 candidate_status { last_received { term: 0 index: 0 } } ignore_live_leader: false dest_uuid: "2be14e49930345238481baa53232dee0" is_pre_election: true
I20260709 12:23:34.278870  3721 tablet_service.cc:1511] Processing CreateTablet for tablet 5c4bc175479d43b888fa09811afb977f (DEFAULT_TABLE table=test-workload [id=2c28e9d8f39e484786be1a3bde8e1793]), partition=RANGE (key) PARTITION 1965493458 <= VALUES < 2001891485
I20260709 12:23:34.270823  3864 leader_election.cc:290] T 607ded1cedc749da84b7a0bf68411907 P 618ab7e3915c4f5eb99b38a386eff1ba [CANDIDATE]: Term 1 pre-election: Requested pre-vote from peers b585021757d34afe896112f933f89d6f (127.2.105.1:37995), 2be14e49930345238481baa53232dee0 (127.2.105.2:36083)
I20260709 12:23:34.280555  3721 data_dirs.cc:400] Could only allocate 1 dirs of requested 3 for tablet 5c4bc175479d43b888fa09811afb977f. 1 dirs total, 0 dirs full, 0 dirs failed
I20260709 12:23:34.283720  3769 leader_election.cc:304] T 607ded1cedc749da84b7a0bf68411907 P 618ab7e3915c4f5eb99b38a386eff1ba [CANDIDATE]: Term 1 pre-election: Election decided. Result: candidate lost. Election summary: received 3 responses out of 3 voters: 1 yes votes; 2 no votes. yes voters: 618ab7e3915c4f5eb99b38a386eff1ba; no voters: 2be14e49930345238481baa53232dee0, b585021757d34afe896112f933f89d6f
I20260709 12:23:34.289250  3864 raft_consensus.cc:3060] T 607ded1cedc749da84b7a0bf68411907 P 618ab7e3915c4f5eb99b38a386eff1ba [term 0 FOLLOWER]: Advancing to term 1
I20260709 12:23:34.289499  3846 tablet_bootstrap.cc:492] T 974b0ce590004b49b9057dfffbbc33fd P 2be14e49930345238481baa53232dee0: No bootstrap required, opened a new log
I20260709 12:23:34.290150  3846 ts_tablet_manager.cc:1403] T 974b0ce590004b49b9057dfffbbc33fd P 2be14e49930345238481baa53232dee0: Time spent bootstrapping tablet: real 0.211s	user 0.028s	sys 0.011s
