I20260709 12:08:48.552372  7547 leader_election.cc:290] T bd6452ea26464d26908fbfbe9941d4df P 280d7974b86d4acb828257a6e5770801 [CANDIDATE]: Term 2 election: Requested vote from peers 057cc8badf9046e7930a35a6e245a1ae (127.6.139.129:41997), d0429e3ac5a1401cba4961d0d002d123 (127.6.139.130:43145)
I20260709 12:08:48.553153  7400 tablet_service.cc:1917] Received RequestConsensusVote() RPC: tablet_id: "bd6452ea26464d26908fbfbe9941d4df" candidate_uuid: "280d7974b86d4acb828257a6e5770801" candidate_term: 2 candidate_status { last_received { term: 1 index: 1 } } ignore_live_leader: true dest_uuid: "057cc8badf9046e7930a35a6e245a1ae"
I20260709 12:08:48.553449  7473 tablet_service.cc:1917] Received RequestConsensusVote() RPC: tablet_id: "bd6452ea26464d26908fbfbe9941d4df" candidate_uuid: "280d7974b86d4acb828257a6e5770801" candidate_term: 2 candidate_status { last_received { term: 1 index: 1 } } ignore_live_leader: true dest_uuid: "d0429e3ac5a1401cba4961d0d002d123"
I20260709 12:08:48.553755  7400 raft_consensus.cc:3055] T bd6452ea26464d26908fbfbe9941d4df P 057cc8badf9046e7930a35a6e245a1ae [term 1 LEADER]: Stepping down as leader of term 1
I20260709 12:08:48.554055  7473 raft_consensus.cc:3060] T bd6452ea26464d26908fbfbe9941d4df P d0429e3ac5a1401cba4961d0d002d123 [term 1 FOLLOWER]: Advancing to term 2
I20260709 12:08:48.554073  7400 raft_consensus.cc:740] T bd6452ea26464d26908fbfbe9941d4df P 057cc8badf9046e7930a35a6e245a1ae [term 1 LEADER]: Becoming Follower/Learner. State: Replica: 057cc8badf9046e7930a35a6e245a1ae, State: Running, Role: LEADER
I20260709 12:08:48.555022  7400 consensus_queue.cc:260] T bd6452ea26464d26908fbfbe9941d4df P 057cc8badf9046e7930a35a6e245a1ae [NON_LEADER]: Queue going to NON_LEADER mode. State: All replicated index: 0, Majority replicated index: 1, Committed index: 1, Last appended: 1.1, Last appended by leader: 1, Current term: 1, Majority size: -1, State: 0, Mode: NON_LEADER, active raft config: opid_index: -1 OBSOLETE_local: false peers { permanent_uuid: "057cc8badf9046e7930a35a6e245a1ae" member_type: VOTER last_known_addr { host: "127.6.139.129" port: 41997 } } peers { permanent_uuid: "d0429e3ac5a1401cba4961d0d002d123" member_type: VOTER last_known_addr { host: "127.6.139.130" port: 43145 } } peers { permanent_uuid: "280d7974b86d4acb828257a6e5770801" member_type: VOTER last_known_addr { host: "127.6.139.131" port: 35537 } }
I20260709 12:08:48.556108  7400 raft_consensus.cc:3060] T bd6452ea26464d26908fbfbe9941d4df P 057cc8badf9046e7930a35a6e245a1ae [term 1 FOLLOWER]: Advancing to term 2
I20260709 12:08:48.560645  7473 raft_consensus.cc:2468] T bd6452ea26464d26908fbfbe9941d4df P d0429e3ac5a1401cba4961d0d002d123 [term 2 FOLLOWER]: Leader election vote request: Granting yes vote for candidate 280d7974b86d4acb828257a6e5770801 in term 2.
I20260709 12:08:48.561834  7512 leader_election.cc:304] T bd6452ea26464d26908fbfbe9941d4df P 280d7974b86d4acb828257a6e5770801 [CANDIDATE]: Term 2 election: Election decided. Result: candidate won. Election summary: received 2 responses out of 3 voters: 2 yes votes; 0 no votes. yes voters: 280d7974b86d4acb828257a6e5770801, d0429e3ac5a1401cba4961d0d002d123; no voters: 
I20260709 12:08:48.562168  7400 raft_consensus.cc:2468] T bd6452ea26464d26908fbfbe9941d4df P 057cc8badf9046e7930a35a6e245a1ae [term 2 FOLLOWER]: Leader election vote request: Granting yes vote for candidate 280d7974b86d4acb828257a6e5770801 in term 2.
I20260709 12:08:48.562490  7626 raft_consensus.cc:2804] T bd6452ea26464d26908fbfbe9941d4df P 280d7974b86d4acb828257a6e5770801 [term 2 FOLLOWER]: Leader election won for term 2
I20260709 12:08:48.563391  7626 raft_consensus.cc:697] T bd6452ea26464d26908fbfbe9941d4df P 280d7974b86d4acb828257a6e5770801 [term 2 LEADER]: Becoming Leader. State: Replica: 280d7974b86d4acb828257a6e5770801, State: Running, Role: LEADER
I20260709 12:08:48.564131  7626 consensus_queue.cc:237] T bd6452ea26464d26908fbfbe9941d4df P 280d7974b86d4acb828257a6e5770801 [LEADER]: Queue going to LEADER mode. State: All replicated index: 0, Majority replicated index: 1, Committed index: 1, Last appended: 1.1, Last appended by leader: 1, Current term: 2, Majority size: 2, State: 0, Mode: LEADER, active raft config: opid_index: -1 OBSOLETE_local: false peers { permanent_uuid: "057cc8badf9046e7930a35a6e245a1ae" member_type: VOTER last_known_addr { host: "127.6.139.129" port: 41997 } } peers { permanent_uuid: "d0429e3ac5a1401cba4961d0d002d123" member_type: VOTER last_known_addr { host: "127.6.139.130" port: 43145 } } peers { permanent_uuid: "280d7974b86d4acb828257a6e5770801" member_type: VOTER last_known_addr { host: "127.6.139.131" port: 35537 } }
I20260709 12:08:48.570757  7298 catalog_manager.cc:5697] T bd6452ea26464d26908fbfbe9941d4df P 280d7974b86d4acb828257a6e5770801 reported cstate change: term changed from 1 to 2, leader changed from 057cc8badf9046e7930a35a6e245a1ae (127.6.139.129) to 280d7974b86d4acb828257a6e5770801 (127.6.139.131). New cstate: current_term: 2 leader_uuid: "280d7974b86d4acb828257a6e5770801" committed_config { opid_index: -1 OBSOLETE_local: false peers { permanent_uuid: "057cc8badf9046e7930a35a6e245a1ae" member_type: VOTER last_known_addr { host: "127.6.139.129" port: 41997 } health_report { overall_health: UNKNOWN } } peers { permanent_uuid: "d0429e3ac5a1401cba4961d0d002d123" member_type: VOTER last_known_addr { host: "127.6.139.130" port: 43145 } health_report { overall_health: UNKNOWN } } peers { permanent_uuid: "280d7974b86d4acb828257a6e5770801" member_type: VOTER last_known_addr { host: "127.6.139.131" port: 35537 } health_report { overall_health: HEALTHY } } }
I20260709 12:08:48.681861  7627 raft_consensus.cc:993] T 596709f2ca15449c9568bc8a1ef6326f P 057cc8badf9046e7930a35a6e245a1ae: : Instructing follower 280d7974b86d4acb828257a6e5770801 to start an election
I20260709 12:08:48.682343  7687 raft_consensus.cc:1081] T 596709f2ca15449c9568bc8a1ef6326f P 057cc8badf9046e7930a35a6e245a1ae [term 2 LEADER]: Signalling peer 280d7974b86d4acb828257a6e5770801 to start an election
I20260709 12:08:48.683746  7547 tablet_service.cc:2044] Received Run Leader Election RPC: tablet_id: "596709f2ca15449c9568bc8a1ef6326f"
dest_uuid: "280d7974b86d4acb828257a6e5770801"
 from {username='slave'} at 127.0.0.1:36694
I20260709 12:08:48.684221  7547 raft_consensus.cc:493] T 596709f2ca15449c9568bc8a1ef6326f P 280d7974b86d4acb828257a6e5770801 [term 2 FOLLOWER]: Starting forced leader election (received explicit request)
I20260709 12:08:48.684514  7547 raft_consensus.cc:3060] T 596709f2ca15449c9568bc8a1ef6326f P 280d7974b86d4acb828257a6e5770801 [term 2 FOLLOWER]: Advancing to term 3
I20260709 12:08:48.688905  7547 raft_consensus.cc:515] T 596709f2ca15449c9568bc8a1ef6326f P 280d7974b86d4acb828257a6e5770801 [term 3 FOLLOWER]: Starting forced leader election with config: opid_index: -1 OBSOLETE_local: false peers { permanent_uuid: "057cc8badf9046e7930a35a6e245a1ae" member_type: VOTER last_known_addr { host: "127.6.139.129" port: 41997 } } peers { permanent_uuid: "d0429e3ac5a1401cba4961d0d002d123" member_type: VOTER last_known_addr { host: "127.6.139.130" port: 43145 } } peers { permanent_uuid: "280d7974b86d4acb828257a6e5770801" member_type: VOTER last_known_addr { host: "127.6.139.131" port: 35537 } }
I20260709 12:08:48.690429  7547 leader_election.cc:290] T 596709f2ca15449c9568bc8a1ef6326f P 280d7974b86d4acb828257a6e5770801 [CANDIDATE]: Term 3 election: Requested vote from peers 057cc8badf9046e7930a35a6e245a1ae (127.6.139.129:41997), d0429e3ac5a1401cba4961d0d002d123 (127.6.139.130:43145)
I20260709 12:08:48.691179  7400 tablet_service.cc:1917] Received RequestConsensusVote() RPC: tablet_id: "596709f2ca15449c9568bc8a1ef6326f" candidate_uuid: "280d7974b86d4acb828257a6e5770801" candidate_term: 3 candidate_status { last_received { term: 2 index: 2 } } ignore_live_leader: true dest_uuid: "057cc8badf9046e7930a35a6e245a1ae"
I20260709 12:08:48.691730  7400 raft_consensus.cc:3055] T 596709f2ca15449c9568bc8a1ef6326f P 057cc8badf9046e7930a35a6e245a1ae [term 2 LEADER]: Stepping down as leader of term 2
I20260709 12:08:48.691521  7473 tablet_service.cc:1917] Received RequestConsensusVote() RPC: tablet_id: "596709f2ca15449c9568bc8a1ef6326f" candidate_uuid: "280d7974b86d4acb828257a6e5770801" candidate_term: 3 candidate_status { last_received { term: 2 index: 2 } } ignore_live_leader: true dest_uuid: "d0429e3ac5a1401cba4961d0d002d123"
I20260709 12:08:48.692000  7400 raft_consensus.cc:740] T 596709f2ca15449c9568bc8a1ef6326f P 057cc8badf9046e7930a35a6e245a1ae [term 2 LEADER]: Becoming Follower/Learner. State: Replica: 057cc8badf9046e7930a35a6e245a1ae, State: Running, Role: LEADER
I20260709 12:08:48.692246  7473 raft_consensus.cc:3060] T 596709f2ca15449c9568bc8a1ef6326f P d0429e3ac5a1401cba4961d0d002d123 [term 2 FOLLOWER]: Advancing to term 3
I20260709 12:08:48.692745  7400 consensus_queue.cc:260] T 596709f2ca15449c9568bc8a1ef6326f P 057cc8badf9046e7930a35a6e245a1ae [NON_LEADER]: Queue going to NON_LEADER mode. State: All replicated index: 0, Majority replicated index: 2, Committed index: 2, Last appended: 2.2, Last appended by leader: 2, Current term: 2, Majority size: -1, State: 0, Mode: NON_LEADER, active raft config: opid_index: -1 OBSOLETE_local: false peers { permanent_uuid: "057cc8badf9046e7930a35a6e245a1ae" member_type: VOTER last_known_addr { host: "127.6.139.129" port: 41997 } } peers { permanent_uuid: "d0429e3ac5a1401cba4961d0d002d123" member_type: VOTER last_known_addr { host: "127.6.139.130" port: 43145 } } peers { permanent_uuid: "280d7974b86d4acb828257a6e5770801" member_type: VOTER last_known_addr { host: "127.6.139.131" port: 35537 } }
I20260709 12:08:48.693545  7400 raft_consensus.cc:3060] T 596709f2ca15449c9568bc8a1ef6326f P 057cc8badf9046e7930a35a6e245a1ae [term 2 FOLLOWER]: Advancing to term 3
I20260709 12:08:48.697690  7473 raft_consensus.cc:2468] T 596709f2ca15449c9568bc8a1ef6326f P d0429e3ac5a1401cba4961d0d002d123 [term 3 FOLLOWER]: Leader election vote request: Granting yes vote for candidate 280d7974b86d4acb828257a6e5770801 in term 3.
I20260709 12:08:48.697696  7400 raft_consensus.cc:2468] T 596709f2ca15449c9568bc8a1ef6326f P 057cc8badf9046e7930a35a6e245a1ae [term 3 FOLLOWER]: Leader election vote request: Granting yes vote for candidate 280d7974b86d4acb828257a6e5770801 in term 3.
I20260709 12:08:48.698664  7514 leader_election.cc:304] T 596709f2ca15449c9568bc8a1ef6326f P 280d7974b86d4acb828257a6e5770801 [CANDIDATE]: Term 3 election: Election decided. Result: candidate won. Election summary: received 2 responses out of 3 voters: 2 yes votes; 0 no votes. yes voters: 057cc8badf9046e7930a35a6e245a1ae, 280d7974b86d4acb828257a6e5770801; no voters: 
I20260709 12:08:48.699343  7626 raft_consensus.cc:2804] T 596709f2ca15449c9568bc8a1ef6326f P 280d7974b86d4acb828257a6e5770801 [term 3 FOLLOWER]: Leader election won for term 3
I20260709 12:08:48.699843  7626 raft_consensus.cc:697] T 596709f2ca15449c9568bc8a1ef6326f P 280d7974b86d4acb828257a6e5770801 [term 3 LEADER]: Becoming Leader. State: Replica: 280d7974b86d4acb828257a6e5770801, State: Running, Role: LEADER
I20260709 12:08:48.700536  7626 consensus_queue.cc:237] T 596709f2ca15449c9568bc8a1ef6326f P 280d7974b86d4acb828257a6e5770801 [LEADER]: Queue going to LEADER mode. State: All replicated index: 0, Majority replicated index: 2, Committed index: 2, Last appended: 2.2, Last appended by leader: 2, Current term: 3, Majority size: 2, State: 0, Mode: LEADER, active raft config: opid_index: -1 OBSOLETE_local: false peers { permanent_uuid: "057cc8badf9046e7930a35a6e245a1ae" member_type: VOTER last_known_addr { host: "127.6.139.129" port: 41997 } } peers { permanent_uuid: "d0429e3ac5a1401cba4961d0d002d123" member_type: VOTER last_known_addr { host: "127.6.139.130" port: 43145 } } peers { permanent_uuid: "280d7974b86d4acb828257a6e5770801" member_type: VOTER last_known_addr { host: "127.6.139.131" port: 35537 } }
I20260709 12:08:48.706682  7298 catalog_manager.cc:5697] T 596709f2ca15449c9568bc8a1ef6326f P 280d7974b86d4acb828257a6e5770801 reported cstate change: term changed from 2 to 3, leader changed from 057cc8badf9046e7930a35a6e245a1ae (127.6.139.129) to 280d7974b86d4acb828257a6e5770801 (127.6.139.131). New cstate: current_term: 3 leader_uuid: "280d7974b86d4acb828257a6e5770801" committed_config { opid_index: -1 OBSOLETE_local: false peers { permanent_uuid: "057cc8badf9046e7930a35a6e245a1ae" member_type: VOTER last_known_addr { host: "127.6.139.129" port: 41997 } health_report { overall_health: UNKNOWN } } peers { permanent_uuid: "d0429e3ac5a1401cba4961d0d002d123" member_type: VOTER last_known_addr { host: "127.6.139.130" port: 43145 } health_report { overall_health: UNKNOWN } } peers { permanent_uuid: "280d7974b86d4acb828257a6e5770801" member_type: VOTER last_known_addr { host: "127.6.139.131" port: 35537 } health_report { overall_health: HEALTHY } } }
I20260709 12:08:48.991902  7473 raft_consensus.cc:1275] T bd6452ea26464d26908fbfbe9941d4df P d0429e3ac5a1401cba4961d0d002d123 [term 2 FOLLOWER]: Refusing update from remote peer 280d7974b86d4acb828257a6e5770801: Log matching property violated. Preceding OpId in replica: term: 1 index: 1. Preceding OpId from leader: term: 2 index: 2. (index mismatch)
I20260709 12:08:48.993486  7626 consensus_queue.cc:1048] T bd6452ea26464d26908fbfbe9941d4df P 280d7974b86d4acb828257a6e5770801 [LEADER]: Connected to new peer: Peer: permanent_uuid: "d0429e3ac5a1401cba4961d0d002d123" member_type: VOTER last_known_addr { host: "127.6.139.130" port: 43145 }, Status: LMP_MISMATCH, Last received: 0.0, Next index: 2, Last known committed idx: 1, Time since last communication: 0.000s
I20260709 12:08:49.003531  7400 raft_consensus.cc:1275] T bd6452ea26464d26908fbfbe9941d4df P 057cc8badf9046e7930a35a6e245a1ae [term 2 FOLLOWER]: Refusing update from remote peer 280d7974b86d4acb828257a6e5770801: Log matching property violated. Preceding OpId in replica: term: 1 index: 1. Preceding OpId from leader: term: 2 index: 2. (index mismatch)
I20260709 12:08:49.005151  7688 consensus_queue.cc:1048] T bd6452ea26464d26908fbfbe9941d4df P 280d7974b86d4acb828257a6e5770801 [LEADER]: Connected to new peer: Peer: permanent_uuid: "057cc8badf9046e7930a35a6e245a1ae" member_type: VOTER last_known_addr { host: "127.6.139.129" port: 41997 }, Status: LMP_MISMATCH, Last received: 0.0, Next index: 2, Last known committed idx: 1, Time since last communication: 0.000s
I20260709 12:08:49.100085  7473 raft_consensus.cc:1275] T 596709f2ca15449c9568bc8a1ef6326f P d0429e3ac5a1401cba4961d0d002d123 [term 3 FOLLOWER]: Refusing update from remote peer 280d7974b86d4acb828257a6e5770801: Log matching property violated. Preceding OpId in replica: term: 2 index: 2. Preceding OpId from leader: term: 3 index: 3. (index mismatch)
I20260709 12:08:49.101354  7626 consensus_queue.cc:1048] T 596709f2ca15449c9568bc8a1ef6326f P 280d7974b86d4acb828257a6e5770801 [LEADER]: Connected to new peer: Peer: permanent_uuid: "d0429e3ac5a1401cba4961d0d002d123" member_type: VOTER last_known_addr { host: "127.6.139.130" port: 43145 }, Status: LMP_MISMATCH, Last received: 0.0, Next index: 3, Last known committed idx: 2, Time since last communication: 0.000s
I20260709 12:08:49.110056  7400 raft_consensus.cc:1275] T 596709f2ca15449c9568bc8a1ef6326f P 057cc8badf9046e7930a35a6e245a1ae [term 3 FOLLOWER]: Refusing update from remote peer 280d7974b86d4acb828257a6e5770801: Log matching property violated. Preceding OpId in replica: term: 2 index: 2. Preceding OpId from leader: term: 3 index: 3. (index mismatch)
I20260709 12:08:49.112708  7702 consensus_queue.cc:1048] T 596709f2ca15449c9568bc8a1ef6326f P 280d7974b86d4acb828257a6e5770801 [LEADER]: Connected to new peer: Peer: permanent_uuid: "057cc8badf9046e7930a35a6e245a1ae" member_type: VOTER last_known_addr { host: "127.6.139.129" port: 41997 }, Status: LMP_MISMATCH, Last received: 0.0, Next index: 3, Last known committed idx: 2, Time since last communication: 0.000s
I20260709 12:08:49.496366  6702 auto_leader_rebalancer.cc:141] leader rebalance for table test-workload
I20260709 12:08:49.502483  6702 auto_leader_rebalancer.cc:440] table: test-workload, leader rebalance finish, leader transfer count: 0
I20260709 12:08:49.502897  6702 auto_leader_rebalancer.cc:515] All tables' leader rebalancing finished this round
I20260709 12:08:50.503811  6702 auto_leader_rebalancer.cc:141] leader rebalance for table test-workload
I20260709 12:08:50.509737  6702 auto_leader_rebalancer.cc:440] table: test-workload, leader rebalance finish, leader transfer count: 0
I20260709 12:08:50.510205  6702 auto_leader_rebalancer.cc:515] All tables' leader rebalancing finished this round
I20260709 12:08:51.511297  6702 auto_leader_rebalancer.cc:141] leader rebalance for table test-workload
I20260709 12:08:51.516629  6702 auto_leader_rebalancer.cc:440] table: test-workload, leader rebalance finish, leader transfer count: 0
I20260709 12:08:51.517019  6702 auto_leader_rebalancer.cc:515] All tables' leader rebalancing finished this round
I20260709 12:08:52.518165  6702 auto_leader_rebalancer.cc:141] leader rebalance for table test-workload
I20260709 12:08:52.523375  6702 auto_leader_rebalancer.cc:440] table: test-workload, leader rebalance finish, leader transfer count: 0
I20260709 12:08:52.523744  6702 auto_leader_rebalancer.cc:515] All tables' leader rebalancing finished this round
I20260709 12:08:53.524586  6702 auto_leader_rebalancer.cc:141] leader rebalance for table test-workload
I20260709 12:08:53.529655  6702 auto_leader_rebalancer.cc:440] table: test-workload, leader rebalance finish, leader transfer count: 0
I20260709 12:08:53.529995  6702 auto_leader_rebalancer.cc:515] All tables' leader rebalancing finished this round
I20260709 12:08:54.530858  6702 auto_leader_rebalancer.cc:141] leader rebalance for table test-workload
I20260709 12:08:54.535851  6702 auto_leader_rebalancer.cc:440] table: test-workload, leader rebalance finish, leader transfer count: 0
I20260709 12:08:54.536170  6702 auto_leader_rebalancer.cc:515] All tables' leader rebalancing finished this round
I20260709 12:08:55.537007  6702 auto_leader_rebalancer.cc:141] leader rebalance for table test-workload
I20260709 12:08:55.542057  6702 auto_leader_rebalancer.cc:440] table: test-workload, leader rebalance finish, leader transfer count: 0
I20260709 12:08:55.542394  6702 auto_leader_rebalancer.cc:515] All tables' leader rebalancing finished this round
I20260709 12:08:56.543325  6702 auto_leader_rebalancer.cc:141] leader rebalance for table test-workload
I20260709 12:08:56.548326  6702 auto_leader_rebalancer.cc:440] table: test-workload, leader rebalance finish, leader transfer count: 0
I20260709 12:08:56.548681  6702 auto_leader_rebalancer.cc:515] All tables' leader rebalancing finished this round
I20260709 12:08:57.549808  6702 auto_leader_rebalancer.cc:141] leader rebalance for table test-workload
I20260709 12:08:57.554762  6702 auto_leader_rebalancer.cc:440] table: test-workload, leader rebalance finish, leader transfer count: 0
I20260709 12:08:57.555091  6702 auto_leader_rebalancer.cc:515] All tables' leader rebalancing finished this round
I20260709 12:08:58.583559  6702 auto_leader_rebalancer-test.cc:384] The leader distribution is 
I20260709 12:08:58.590193  7547 tablet_service.cc:2072] Received LeaderStepDown RPC: tablet_id: "596709f2ca15449c9568bc8a1ef6326f"
dest_uuid: "280d7974b86d4acb828257a6e5770801"
mode: GRACEFUL
new_leader_uuid: "057cc8badf9046e7930a35a6e245a1ae"
 from {username='slave'} at 127.0.0.1:36712
I20260709 12:08:58.590855  7547 raft_consensus.cc:606] T 596709f2ca15449c9568bc8a1ef6326f P 280d7974b86d4acb828257a6e5770801 [term 3 LEADER]: Received request to transfer leadership to TS 057cc8badf9046e7930a35a6e245a1ae
I20260709 12:08:58.597759  7547 tablet_service.cc:2072] Received LeaderStepDown RPC: tablet_id: "bd6452ea26464d26908fbfbe9941d4df"
dest_uuid: "280d7974b86d4acb828257a6e5770801"
mode: GRACEFUL
new_leader_uuid: "057cc8badf9046e7930a35a6e245a1ae"
 from {username='slave'} at 127.0.0.1:36712
I20260709 12:08:58.598320  7547 raft_consensus.cc:606] T bd6452ea26464d26908fbfbe9941d4df P 280d7974b86d4acb828257a6e5770801 [term 2 LEADER]: Received request to transfer leadership to TS 057cc8badf9046e7930a35a6e245a1ae
I20260709 12:08:58.605515  7473 tablet_service.cc:2072] Received LeaderStepDown RPC: tablet_id: "bed4c78454d84c6f9f3396a702a98bd8"
dest_uuid: "d0429e3ac5a1401cba4961d0d002d123"
mode: GRACEFUL
new_leader_uuid: "057cc8badf9046e7930a35a6e245a1ae"
 from {username='slave'} at 127.0.0.1:44868
I20260709 12:08:58.605966  7473 raft_consensus.cc:606] T bed4c78454d84c6f9f3396a702a98bd8 P d0429e3ac5a1401cba4961d0d002d123 [term 2 LEADER]: Received request to transfer leadership to TS 057cc8badf9046e7930a35a6e245a1ae
I20260709 12:08:58.610987  7473 tablet_service.cc:2072] Received LeaderStepDown RPC: tablet_id: "6b38e74cba644fbfac053df32912c764"
dest_uuid: "d0429e3ac5a1401cba4961d0d002d123"
mode: GRACEFUL
new_leader_uuid: "057cc8badf9046e7930a35a6e245a1ae"
 from {username='slave'} at 127.0.0.1:44868
I20260709 12:08:58.611474  7473 raft_consensus.cc:606] T 6b38e74cba644fbfac053df32912c764 P d0429e3ac5a1401cba4961d0d002d123 [term 2 LEADER]: Received request to transfer leadership to TS 057cc8badf9046e7930a35a6e245a1ae
I20260709 12:08:58.616822  7473 tablet_service.cc:2072] Received LeaderStepDown RPC: tablet_id: "6e4d69077c8b4d84baf18bf1aea865a8"
dest_uuid: "d0429e3ac5a1401cba4961d0d002d123"
mode: GRACEFUL
new_leader_uuid: "057cc8badf9046e7930a35a6e245a1ae"
 from {username='slave'} at 127.0.0.1:44868
I20260709 12:08:58.617318  7473 raft_consensus.cc:606] T 6e4d69077c8b4d84baf18bf1aea865a8 P d0429e3ac5a1401cba4961d0d002d123 [term 2 LEADER]: Received request to transfer leadership to TS 057cc8badf9046e7930a35a6e245a1ae
I20260709 12:08:58.629588  7713 raft_consensus.cc:993] T 6b38e74cba644fbfac053df32912c764 P d0429e3ac5a1401cba4961d0d002d123: : Instructing follower 057cc8badf9046e7930a35a6e245a1ae to start an election
I20260709 12:08:58.630089  7715 raft_consensus.cc:1081] T 6b38e74cba644fbfac053df32912c764 P d0429e3ac5a1401cba4961d0d002d123 [term 2 LEADER]: Signalling peer 057cc8badf9046e7930a35a6e245a1ae to start an election
I20260709 12:08:58.631480  7397 tablet_service.cc:2044] Received Run Leader Election RPC: tablet_id: "6b38e74cba644fbfac053df32912c764"
dest_uuid: "057cc8badf9046e7930a35a6e245a1ae"
 from {username='slave'} at 127.0.0.1:47136
I20260709 12:08:58.631922  7397 raft_consensus.cc:493] T 6b38e74cba644fbfac053df32912c764 P 057cc8badf9046e7930a35a6e245a1ae [term 2 FOLLOWER]: Starting forced leader election (received explicit request)
I20260709 12:08:58.632227  7397 raft_consensus.cc:3060] T 6b38e74cba644fbfac053df32912c764 P 057cc8badf9046e7930a35a6e245a1ae [term 2 FOLLOWER]: Advancing to term 3
I20260709 12:08:58.637061  7397 raft_consensus.cc:515] T 6b38e74cba644fbfac053df32912c764 P 057cc8badf9046e7930a35a6e245a1ae [term 3 FOLLOWER]: Starting forced leader election with config: opid_index: -1 OBSOLETE_local: false peers { permanent_uuid: "057cc8badf9046e7930a35a6e245a1ae" member_type: VOTER last_known_addr { host: "127.6.139.129" port: 41997 } } peers { permanent_uuid: "d0429e3ac5a1401cba4961d0d002d123" member_type: VOTER last_known_addr { host: "127.6.139.130" port: 43145 } } peers { permanent_uuid: "280d7974b86d4acb828257a6e5770801" member_type: VOTER last_known_addr { host: "127.6.139.131" port: 35537 } }
I20260709 12:08:58.639029  7397 leader_election.cc:290] T 6b38e74cba644fbfac053df32912c764 P 057cc8badf9046e7930a35a6e245a1ae [CANDIDATE]: Term 3 election: Requested vote from peers d0429e3ac5a1401cba4961d0d002d123 (127.6.139.130:43145), 280d7974b86d4acb828257a6e5770801 (127.6.139.131:35537)
I20260709 12:08:58.639236  7715 raft_consensus.cc:993] T bed4c78454d84c6f9f3396a702a98bd8 P d0429e3ac5a1401cba4961d0d002d123: : Instructing follower 057cc8badf9046e7930a35a6e245a1ae to start an election
I20260709 12:08:58.639840  7715 raft_consensus.cc:1081] T bed4c78454d84c6f9f3396a702a98bd8 P d0429e3ac5a1401cba4961d0d002d123 [term 2 LEADER]: Signalling peer 057cc8badf9046e7930a35a6e245a1ae to start an election
I20260709 12:08:58.640275  7547 tablet_service.cc:1917] Received RequestConsensusVote() RPC: tablet_id: "6b38e74cba644fbfac053df32912c764" candidate_uuid: "057cc8badf9046e7930a35a6e245a1ae" candidate_term: 3 candidate_status { last_received { term: 2 index: 2 } } ignore_live_leader: true dest_uuid: "280d7974b86d4acb828257a6e5770801"
I20260709 12:08:58.640421  7473 tablet_service.cc:1917] Received RequestConsensusVote() RPC: tablet_id: "6b38e74cba644fbfac053df32912c764" candidate_uuid: "057cc8badf9046e7930a35a6e245a1ae" candidate_term: 3 candidate_status { last_received { term: 2 index: 2 } } ignore_live_leader: true dest_uuid: "d0429e3ac5a1401cba4961d0d002d123"
I20260709 12:08:58.640971  7547 raft_consensus.cc:3060] T 6b38e74cba644fbfac053df32912c764 P 280d7974b86d4acb828257a6e5770801 [term 2 FOLLOWER]: Advancing to term 3
I20260709 12:08:58.641099  7473 raft_consensus.cc:3055] T 6b38e74cba644fbfac053df32912c764 P d0429e3ac5a1401cba4961d0d002d123 [term 2 LEADER]: Stepping down as leader of term 2
I20260709 12:08:58.641543  7473 raft_consensus.cc:740] T 6b38e74cba644fbfac053df32912c764 P d0429e3ac5a1401cba4961d0d002d123 [term 2 LEADER]: Becoming Follower/Learner. State: Replica: d0429e3ac5a1401cba4961d0d002d123, State: Running, Role: LEADER
I20260709 12:08:58.641583  7397 tablet_service.cc:2044] Received Run Leader Election RPC: tablet_id: "bed4c78454d84c6f9f3396a702a98bd8"
dest_uuid: "057cc8badf9046e7930a35a6e245a1ae"
 from {username='slave'} at 127.0.0.1:47136
I20260709 12:08:58.642231  7397 raft_consensus.cc:493] T bed4c78454d84c6f9f3396a702a98bd8 P 057cc8badf9046e7930a35a6e245a1ae [term 2 FOLLOWER]: Starting forced leader election (received explicit request)
I20260709 12:08:58.642580  7397 raft_consensus.cc:3060] T bed4c78454d84c6f9f3396a702a98bd8 P 057cc8badf9046e7930a35a6e245a1ae [term 2 FOLLOWER]: Advancing to term 3
I20260709 12:08:58.642529  7473 consensus_queue.cc:260] T 6b38e74cba644fbfac053df32912c764 P d0429e3ac5a1401cba4961d0d002d123 [NON_LEADER]: Queue going to NON_LEADER mode. State: All replicated index: 0, Majority replicated index: 2, Committed index: 2, Last appended: 2.2, Last appended by leader: 2, Current term: 2, Majority size: -1, State: 0, Mode: NON_LEADER, active raft config: opid_index: -1 OBSOLETE_local: false peers { permanent_uuid: "057cc8badf9046e7930a35a6e245a1ae" member_type: VOTER last_known_addr { host: "127.6.139.129" port: 41997 } } peers { permanent_uuid: "d0429e3ac5a1401cba4961d0d002d123" member_type: VOTER last_known_addr { host: "127.6.139.130" port: 43145 } } peers { permanent_uuid: "280d7974b86d4acb828257a6e5770801" member_type: VOTER last_known_addr { host: "127.6.139.131" port: 35537 } }
I20260709 12:08:58.643862  7473 raft_consensus.cc:3060] T 6b38e74cba644fbfac053df32912c764 P d0429e3ac5a1401cba4961d0d002d123 [term 2 FOLLOWER]: Advancing to term 3
I20260709 12:08:58.647642  7547 raft_consensus.cc:2468] T 6b38e74cba644fbfac053df32912c764 P 280d7974b86d4acb828257a6e5770801 [term 3 FOLLOWER]: Leader election vote request: Granting yes vote for candidate 057cc8badf9046e7930a35a6e245a1ae in term 3.
I20260709 12:08:58.648671  7397 raft_consensus.cc:515] T bed4c78454d84c6f9f3396a702a98bd8 P 057cc8badf9046e7930a35a6e245a1ae [term 3 FOLLOWER]: Starting forced leader election with config: opid_index: -1 OBSOLETE_local: false peers { permanent_uuid: "057cc8badf9046e7930a35a6e245a1ae" member_type: VOTER last_known_addr { host: "127.6.139.129" port: 41997 } } peers { permanent_uuid: "d0429e3ac5a1401cba4961d0d002d123" member_type: VOTER last_known_addr { host: "127.6.139.130" port: 43145 } } peers { permanent_uuid: "280d7974b86d4acb828257a6e5770801" member_type: VOTER last_known_addr { host: "127.6.139.131" port: 35537 } }
I20260709 12:08:58.648891  7363 leader_election.cc:304] T 6b38e74cba644fbfac053df32912c764 P 057cc8badf9046e7930a35a6e245a1ae [CANDIDATE]: Term 3 election: Election decided. Result: candidate won. Election summary: received 2 responses out of 3 voters: 2 yes votes; 0 no votes. yes voters: 057cc8badf9046e7930a35a6e245a1ae, 280d7974b86d4acb828257a6e5770801; no voters: 
I20260709 12:08:58.648941  7473 raft_consensus.cc:2468] T 6b38e74cba644fbfac053df32912c764 P d0429e3ac5a1401cba4961d0d002d123 [term 3 FOLLOWER]: Leader election vote request: Granting yes vote for candidate 057cc8badf9046e7930a35a6e245a1ae in term 3.
I20260709 12:08:58.649920  7687 raft_consensus.cc:2804] T 6b38e74cba644fbfac053df32912c764 P 057cc8badf9046e7930a35a6e245a1ae [term 3 FOLLOWER]: Leader election won for term 3
I20260709 12:08:58.650398  7687 raft_consensus.cc:697] T 6b38e74cba644fbfac053df32912c764 P 057cc8badf9046e7930a35a6e245a1ae [term 3 LEADER]: Becoming Leader. State: Replica: 057cc8badf9046e7930a35a6e245a1ae, State: Running, Role: LEADER
I20260709 12:08:58.650530  7397 leader_election.cc:290] T bed4c78454d84c6f9f3396a702a98bd8 P 057cc8badf9046e7930a35a6e245a1ae [CANDIDATE]: Term 3 election: Requested vote from peers d0429e3ac5a1401cba4961d0d002d123 (127.6.139.130:43145), 280d7974b86d4acb828257a6e5770801 (127.6.139.131:35537)
I20260709 12:08:58.651361  7687 consensus_queue.cc:237] T 6b38e74cba644fbfac053df32912c764 P 057cc8badf9046e7930a35a6e245a1ae [LEADER]: Queue going to LEADER mode. State: All replicated index: 0, Majority replicated index: 2, Committed index: 2, Last appended: 2.2, Last appended by leader: 2, Current term: 3, Majority size: 2, State: 0, Mode: LEADER, active raft config: opid_index: -1 OBSOLETE_local: false peers { permanent_uuid: "057cc8badf9046e7930a35a6e245a1ae" member_type: VOTER last_known_addr { host: "127.6.139.129" port: 41997 } } peers { permanent_uuid: "d0429e3ac5a1401cba4961d0d002d123" member_type: VOTER last_known_addr { host: "127.6.139.130" port: 43145 } } peers { permanent_uuid: "280d7974b86d4acb828257a6e5770801" member_type: VOTER last_known_addr { host: "127.6.139.131" port: 35537 } }
I20260709 12:08:58.651948  7473 tablet_service.cc:1917] Received RequestConsensusVote() RPC: tablet_id: "bed4c78454d84c6f9f3396a702a98bd8" candidate_uuid: "057cc8badf9046e7930a35a6e245a1ae" candidate_term: 3 candidate_status { last_received { term: 2 index: 2 } } ignore_live_leader: true dest_uuid: "d0429e3ac5a1401cba4961d0d002d123"
I20260709 12:08:58.652100  7547 tablet_service.cc:1917] Received RequestConsensusVote() RPC: tablet_id: "bed4c78454d84c6f9f3396a702a98bd8" candidate_uuid: "057cc8badf9046e7930a35a6e245a1ae" candidate_term: 3 candidate_status { last_received { term: 2 index: 2 } } ignore_live_leader: true dest_uuid: "280d7974b86d4acb828257a6e5770801"
I20260709 12:08:58.652416  7473 raft_consensus.cc:3055] T bed4c78454d84c6f9f3396a702a98bd8 P d0429e3ac5a1401cba4961d0d002d123 [term 2 LEADER]: Stepping down as leader of term 2
I20260709 12:08:58.652647  7547 raft_consensus.cc:3060] T bed4c78454d84c6f9f3396a702a98bd8 P 280d7974b86d4acb828257a6e5770801 [term 2 FOLLOWER]: Advancing to term 3
I20260709 12:08:58.652751  7473 raft_consensus.cc:740] T bed4c78454d84c6f9f3396a702a98bd8 P d0429e3ac5a1401cba4961d0d002d123 [term 2 LEADER]: Becoming Follower/Learner. State: Replica: d0429e3ac5a1401cba4961d0d002d123, State: Running, Role: LEADER
I20260709 12:08:58.653694  7473 consensus_queue.cc:260] T bed4c78454d84c6f9f3396a702a98bd8 P d0429e3ac5a1401cba4961d0d002d123 [NON_LEADER]: Queue going to NON_LEADER mode. State: All replicated index: 0, Majority replicated index: 2, Committed index: 2, Last appended: 2.2, Last appended by leader: 2, Current term: 2, Majority size: -1, State: 0, Mode: NON_LEADER, active raft config: opid_index: -1 OBSOLETE_local: false peers { permanent_uuid: "057cc8badf9046e7930a35a6e245a1ae" member_type: VOTER last_known_addr { host: "127.6.139.129" port: 41997 } } peers { permanent_uuid: "d0429e3ac5a1401cba4961d0d002d123" member_type: VOTER last_known_addr { host: "127.6.139.130" port: 43145 } } peers { permanent_uuid: "280d7974b86d4acb828257a6e5770801" member_type: VOTER last_known_addr { host: "127.6.139.131" port: 35537 } }
I20260709 12:08:58.654644  7473 raft_consensus.cc:3060] T bed4c78454d84c6f9f3396a702a98bd8 P d0429e3ac5a1401cba4961d0d002d123 [term 2 FOLLOWER]: Advancing to term 3
I20260709 12:08:58.659152  7547 raft_consensus.cc:2468] T bed4c78454d84c6f9f3396a702a98bd8 P 280d7974b86d4acb828257a6e5770801 [term 3 FOLLOWER]: Leader election vote request: Granting yes vote for candidate 057cc8badf9046e7930a35a6e245a1ae in term 3.
I20260709 12:08:58.660146  7363 leader_election.cc:304] T bed4c78454d84c6f9f3396a702a98bd8 P 057cc8badf9046e7930a35a6e245a1ae [CANDIDATE]: Term 3 election: Election decided. Result: candidate won. Election summary: received 2 responses out of 3 voters: 2 yes votes; 0 no votes. yes voters: 057cc8badf9046e7930a35a6e245a1ae, 280d7974b86d4acb828257a6e5770801; no voters: 
I20260709 12:08:58.660259  7473 raft_consensus.cc:2468] T bed4c78454d84c6f9f3396a702a98bd8 P d0429e3ac5a1401cba4961d0d002d123 [term 3 FOLLOWER]: Leader election vote request: Granting yes vote for candidate 057cc8badf9046e7930a35a6e245a1ae in term 3.
I20260709 12:08:58.660876  7687 raft_consensus.cc:2804] T bed4c78454d84c6f9f3396a702a98bd8 P 057cc8badf9046e7930a35a6e245a1ae [term 3 FOLLOWER]: Leader election won for term 3
I20260709 12:08:58.660512  7298 catalog_manager.cc:5697] T 6b38e74cba644fbfac053df32912c764 P 057cc8badf9046e7930a35a6e245a1ae reported cstate change: term changed from 2 to 3, leader changed from d0429e3ac5a1401cba4961d0d002d123 (127.6.139.130) to 057cc8badf9046e7930a35a6e245a1ae (127.6.139.129). New cstate: current_term: 3 leader_uuid: "057cc8badf9046e7930a35a6e245a1ae" committed_config { opid_index: -1 OBSOLETE_local: false peers { permanent_uuid: "057cc8badf9046e7930a35a6e245a1ae" member_type: VOTER last_known_addr { host: "127.6.139.129" port: 41997 } health_report { overall_health: HEALTHY } } peers { permanent_uuid: "d0429e3ac5a1401cba4961d0d002d123" member_type: VOTER last_known_addr { host: "127.6.139.130" port: 43145 } health_report { overall_health: UNKNOWN } } peers { permanent_uuid: "280d7974b86d4acb828257a6e5770801" member_type: VOTER last_known_addr { host: "127.6.139.131" port: 35537 } health_report { overall_health: UNKNOWN } } }
I20260709 12:08:58.661479  7687 raft_consensus.cc:697] T bed4c78454d84c6f9f3396a702a98bd8 P 057cc8badf9046e7930a35a6e245a1ae [term 3 LEADER]: Becoming Leader. State: Replica: 057cc8badf9046e7930a35a6e245a1ae, State: Running, Role: LEADER
I20260709 12:08:58.662278  7687 consensus_queue.cc:237] T bed4c78454d84c6f9f3396a702a98bd8 P 057cc8badf9046e7930a35a6e245a1ae [LEADER]: Queue going to LEADER mode. State: All replicated index: 0, Majority replicated index: 2, Committed index: 2, Last appended: 2.2, Last appended by leader: 2, Current term: 3, Majority size: 2, State: 0, Mode: LEADER, active raft config: opid_index: -1 OBSOLETE_local: false peers { permanent_uuid: "057cc8badf9046e7930a35a6e245a1ae" member_type: VOTER last_known_addr { host: "127.6.139.129" port: 41997 } } peers { permanent_uuid: "d0429e3ac5a1401cba4961d0d002d123" member_type: VOTER last_known_addr { host: "127.6.139.130" port: 43145 } } peers { permanent_uuid: "280d7974b86d4acb828257a6e5770801" member_type: VOTER last_known_addr { host: "127.6.139.131" port: 35537 } }
I20260709 12:08:58.677004  7298 catalog_manager.cc:5697] T bed4c78454d84c6f9f3396a702a98bd8 P 057cc8badf9046e7930a35a6e245a1ae reported cstate change: term changed from 2 to 3, leader changed from d0429e3ac5a1401cba4961d0d002d123 (127.6.139.130) to 057cc8badf9046e7930a35a6e245a1ae (127.6.139.129). New cstate: current_term: 3 leader_uuid: "057cc8badf9046e7930a35a6e245a1ae" committed_config { opid_index: -1 OBSOLETE_local: false peers { permanent_uuid: "057cc8badf9046e7930a35a6e245a1ae" member_type: VOTER last_known_addr { host: "127.6.139.129" port: 41997 } health_report { overall_health: HEALTHY } } peers { permanent_uuid: "d0429e3ac5a1401cba4961d0d002d123" member_type: VOTER last_known_addr { host: "127.6.139.130" port: 43145 } health_report { overall_health: UNKNOWN } } peers { permanent_uuid: "280d7974b86d4acb828257a6e5770801" member_type: VOTER last_known_addr { host: "127.6.139.131" port: 35537 } health_report { overall_health: UNKNOWN } } }
I20260709 12:08:58.999532  7722 raft_consensus.cc:993] T 596709f2ca15449c9568bc8a1ef6326f P 280d7974b86d4acb828257a6e5770801: : Instructing follower 057cc8badf9046e7930a35a6e245a1ae to start an election
I20260709 12:08:59.000162  7708 raft_consensus.cc:1081] T 596709f2ca15449c9568bc8a1ef6326f P 280d7974b86d4acb828257a6e5770801 [term 3 LEADER]: Signalling peer 057cc8badf9046e7930a35a6e245a1ae to start an election
I20260709 12:08:59.001648  7397 tablet_service.cc:2044] Received Run Leader Election RPC: tablet_id: "596709f2ca15449c9568bc8a1ef6326f"
dest_uuid: "057cc8badf9046e7930a35a6e245a1ae"
 from {username='slave'} at 127.0.0.1:47122
I20260709 12:08:59.002090  7397 raft_consensus.cc:493] T 596709f2ca15449c9568bc8a1ef6326f P 057cc8badf9046e7930a35a6e245a1ae [term 3 FOLLOWER]: Starting forced leader election (received explicit request)
I20260709 12:08:59.002405  7397 raft_consensus.cc:3060] T 596709f2ca15449c9568bc8a1ef6326f P 057cc8badf9046e7930a35a6e245a1ae [term 3 FOLLOWER]: Advancing to term 4
I20260709 12:08:59.007418  7397 raft_consensus.cc:515] T 596709f2ca15449c9568bc8a1ef6326f P 057cc8badf9046e7930a35a6e245a1ae [term 4 FOLLOWER]: Starting forced leader election with config: opid_index: -1 OBSOLETE_local: false peers { permanent_uuid: "057cc8badf9046e7930a35a6e245a1ae" member_type: VOTER last_known_addr { host: "127.6.139.129" port: 41997 } } peers { permanent_uuid: "d0429e3ac5a1401cba4961d0d002d123" member_type: VOTER last_known_addr { host: "127.6.139.130" port: 43145 } } peers { permanent_uuid: "280d7974b86d4acb828257a6e5770801" member_type: VOTER last_known_addr { host: "127.6.139.131" port: 35537 } }
I20260709 12:08:59.008971  7397 leader_election.cc:290] T 596709f2ca15449c9568bc8a1ef6326f P 057cc8badf9046e7930a35a6e245a1ae [CANDIDATE]: Term 4 election: Requested vote from peers d0429e3ac5a1401cba4961d0d002d123 (127.6.139.130:43145), 280d7974b86d4acb828257a6e5770801 (127.6.139.131:35537)
I20260709 12:08:59.009752  7473 tablet_service.cc:1917] Received RequestConsensusVote() RPC: tablet_id: "596709f2ca15449c9568bc8a1ef6326f" candidate_uuid: "057cc8badf9046e7930a35a6e245a1ae" candidate_term: 4 candidate_status { last_received { term: 3 index: 3 } } ignore_live_leader: true dest_uuid: "d0429e3ac5a1401cba4961d0d002d123"
I20260709 12:08:59.009932  7547 tablet_service.cc:1917] Received RequestConsensusVote() RPC: tablet_id: "596709f2ca15449c9568bc8a1ef6326f" candidate_uuid: "057cc8badf9046e7930a35a6e245a1ae" candidate_term: 4 candidate_status { last_received { term: 3 index: 3 } } ignore_live_leader: true dest_uuid: "280d7974b86d4acb828257a6e5770801"
I20260709 12:08:59.010294  7473 raft_consensus.cc:3060] T 596709f2ca15449c9568bc8a1ef6326f P d0429e3ac5a1401cba4961d0d002d123 [term 3 FOLLOWER]: Advancing to term 4
I20260709 12:08:59.010368  7547 raft_consensus.cc:3055] T 596709f2ca15449c9568bc8a1ef6326f P 280d7974b86d4acb828257a6e5770801 [term 3 LEADER]: Stepping down as leader of term 3
I20260709 12:08:59.010677  7547 raft_consensus.cc:740] T 596709f2ca15449c9568bc8a1ef6326f P 280d7974b86d4acb828257a6e5770801 [term 3 LEADER]: Becoming Follower/Learner. State: Replica: 280d7974b86d4acb828257a6e5770801, State: Running, Role: LEADER
I20260709 12:08:59.011451  7547 consensus_queue.cc:260] T 596709f2ca15449c9568bc8a1ef6326f P 280d7974b86d4acb828257a6e5770801 [NON_LEADER]: Queue going to NON_LEADER mode. State: All replicated index: 0, Majority replicated index: 3, Committed index: 3, Last appended: 3.3, Last appended by leader: 3, Current term: 3, Majority size: -1, State: 0, Mode: NON_LEADER, active raft config: opid_index: -1 OBSOLETE_local: false peers { permanent_uuid: "057cc8badf9046e7930a35a6e245a1ae" member_type: VOTER last_known_addr { host: "127.6.139.129" port: 41997 } } peers { permanent_uuid: "d0429e3ac5a1401cba4961d0d002d123" member_type: VOTER last_known_addr { host: "127.6.139.130" port: 43145 } } peers { permanent_uuid: "280d7974b86d4acb828257a6e5770801" member_type: VOTER last_known_addr { host: "127.6.139.131" port: 35537 } }
I20260709 12:08:59.012593  7547 raft_consensus.cc:3060] T 596709f2ca15449c9568bc8a1ef6326f P 280d7974b86d4acb828257a6e5770801 [term 3 FOLLOWER]: Advancing to term 4
I20260709 12:08:59.016352  7473 raft_consensus.cc:2468] T 596709f2ca15449c9568bc8a1ef6326f P d0429e3ac5a1401cba4961d0d002d123 [term 4 FOLLOWER]: Leader election vote request: Granting yes vote for candidate 057cc8badf9046e7930a35a6e245a1ae in term 4.
I20260709 12:08:59.017311  7363 leader_election.cc:304] T 596709f2ca15449c9568bc8a1ef6326f P 057cc8badf9046e7930a35a6e245a1ae [CANDIDATE]: Term 4 election: Election decided. Result: candidate won. Election summary: received 2 responses out of 3 voters: 2 yes votes; 0 no votes. yes voters: 057cc8badf9046e7930a35a6e245a1ae, d0429e3ac5a1401cba4961d0d002d123; no voters: 
I20260709 12:08:59.017952  7687 raft_consensus.cc:2804] T 596709f2ca15449c9568bc8a1ef6326f P 057cc8badf9046e7930a35a6e245a1ae [term 4 FOLLOWER]: Leader election won for term 4
I20260709 12:08:59.018378  7547 raft_consensus.cc:2468] T 596709f2ca15449c9568bc8a1ef6326f P 280d7974b86d4acb828257a6e5770801 [term 4 FOLLOWER]: Leader election vote request: Granting yes vote for candidate 057cc8badf9046e7930a35a6e245a1ae in term 4.
I20260709 12:08:59.018395  7687 raft_consensus.cc:697] T 596709f2ca15449c9568bc8a1ef6326f P 057cc8badf9046e7930a35a6e245a1ae [term 4 LEADER]: Becoming Leader. State: Replica: 057cc8badf9046e7930a35a6e245a1ae, State: Running, Role: LEADER
I20260709 12:08:59.019459  7687 consensus_queue.cc:237] T 596709f2ca15449c9568bc8a1ef6326f P 057cc8badf9046e7930a35a6e245a1ae [LEADER]: Queue going to LEADER mode. State: All replicated index: 0, Majority replicated index: 3, Committed index: 3, Last appended: 3.3, Last appended by leader: 3, Current term: 4, Majority size: 2, State: 0, Mode: LEADER, active raft config: opid_index: -1 OBSOLETE_local: false peers { permanent_uuid: "057cc8badf9046e7930a35a6e245a1ae" member_type: VOTER last_known_addr { host: "127.6.139.129" port: 41997 } } peers { permanent_uuid: "d0429e3ac5a1401cba4961d0d002d123" member_type: VOTER last_known_addr { host: "127.6.139.130" port: 43145 } } peers { permanent_uuid: "280d7974b86d4acb828257a6e5770801" member_type: VOTER last_known_addr { host: "127.6.139.131" port: 35537 } }
I20260709 12:08:59.026147  7298 catalog_manager.cc:5697] T 596709f2ca15449c9568bc8a1ef6326f P 057cc8badf9046e7930a35a6e245a1ae reported cstate change: term changed from 3 to 4, leader changed from 280d7974b86d4acb828257a6e5770801 (127.6.139.131) to 057cc8badf9046e7930a35a6e245a1ae (127.6.139.129). New cstate: current_term: 4 leader_uuid: "057cc8badf9046e7930a35a6e245a1ae" committed_config { opid_index: -1 OBSOLETE_local: false peers { permanent_uuid: "057cc8badf9046e7930a35a6e245a1ae" member_type: VOTER last_known_addr { host: "127.6.139.129" port: 41997 } health_report { overall_health: HEALTHY } } peers { permanent_uuid: "d0429e3ac5a1401cba4961d0d002d123" member_type: VOTER last_known_addr { host: "127.6.139.130" port: 43145 } health_report { overall_health: UNKNOWN } } peers { permanent_uuid: "280d7974b86d4acb828257a6e5770801" member_type: VOTER last_known_addr { host: "127.6.139.131" port: 35537 } health_report { overall_health: UNKNOWN } } }
I20260709 12:08:59.042320  7715 raft_consensus.cc:993] T 6e4d69077c8b4d84baf18bf1aea865a8 P d0429e3ac5a1401cba4961d0d002d123: : Instructing follower 057cc8badf9046e7930a35a6e245a1ae to start an election
I20260709 12:08:59.042768  7713 raft_consensus.cc:1081] T 6e4d69077c8b4d84baf18bf1aea865a8 P d0429e3ac5a1401cba4961d0d002d123 [term 2 LEADER]: Signalling peer 057cc8badf9046e7930a35a6e245a1ae to start an election
I20260709 12:08:59.044234  7397 tablet_service.cc:2044] Received Run Leader Election RPC: tablet_id: "6e4d69077c8b4d84baf18bf1aea865a8"
dest_uuid: "057cc8badf9046e7930a35a6e245a1ae"
 from {username='slave'} at 127.0.0.1:47136
I20260709 12:08:59.044693  7397 raft_consensus.cc:493] T 6e4d69077c8b4d84baf18bf1aea865a8 P 057cc8badf9046e7930a35a6e245a1ae [term 2 FOLLOWER]: Starting forced leader election (received explicit request)
I20260709 12:08:59.045182  7397 raft_consensus.cc:3060] T 6e4d69077c8b4d84baf18bf1aea865a8 P 057cc8badf9046e7930a35a6e245a1ae [term 2 FOLLOWER]: Advancing to term 3
I20260709 12:08:59.050262  7397 raft_consensus.cc:515] T 6e4d69077c8b4d84baf18bf1aea865a8 P 057cc8badf9046e7930a35a6e245a1ae [term 3 FOLLOWER]: Starting forced leader election with config: opid_index: -1 OBSOLETE_local: false peers { permanent_uuid: "057cc8badf9046e7930a35a6e245a1ae" member_type: VOTER last_known_addr { host: "127.6.139.129" port: 41997 } } peers { permanent_uuid: "d0429e3ac5a1401cba4961d0d002d123" member_type: VOTER last_known_addr { host: "127.6.139.130" port: 43145 } } peers { permanent_uuid: "280d7974b86d4acb828257a6e5770801" member_type: VOTER last_known_addr { host: "127.6.139.131" port: 35537 } }
I20260709 12:08:59.051548  7397 leader_election.cc:290] T 6e4d69077c8b4d84baf18bf1aea865a8 P 057cc8badf9046e7930a35a6e245a1ae [CANDIDATE]: Term 3 election: Requested vote from peers d0429e3ac5a1401cba4961d0d002d123 (127.6.139.130:43145), 280d7974b86d4acb828257a6e5770801 (127.6.139.131:35537)
I20260709 12:08:59.052363  7473 tablet_service.cc:1917] Received RequestConsensusVote() RPC: tablet_id: "6e4d69077c8b4d84baf18bf1aea865a8" candidate_uuid: "057cc8badf9046e7930a35a6e245a1ae" candidate_term: 3 candidate_status { last_received { term: 2 index: 2 } } ignore_live_leader: true dest_uuid: "d0429e3ac5a1401cba4961d0d002d123"
I20260709 12:08:59.052587  7547 tablet_service.cc:1917] Received RequestConsensusVote() RPC: tablet_id: "6e4d69077c8b4d84baf18bf1aea865a8" candidate_uuid: "057cc8badf9046e7930a35a6e245a1ae" candidate_term: 3 candidate_status { last_received { term: 2 index: 2 } } ignore_live_leader: true dest_uuid: "280d7974b86d4acb828257a6e5770801"
I20260709 12:08:59.052847  7473 raft_consensus.cc:3055] T 6e4d69077c8b4d84baf18bf1aea865a8 P d0429e3ac5a1401cba4961d0d002d123 [term 2 LEADER]: Stepping down as leader of term 2
I20260709 12:08:59.053071  7547 raft_consensus.cc:3060] T 6e4d69077c8b4d84baf18bf1aea865a8 P 280d7974b86d4acb828257a6e5770801 [term 2 FOLLOWER]: Advancing to term 3
I20260709 12:08:59.053159  7473 raft_consensus.cc:740] T 6e4d69077c8b4d84baf18bf1aea865a8 P d0429e3ac5a1401cba4961d0d002d123 [term 2 LEADER]: Becoming Follower/Learner. State: Replica: d0429e3ac5a1401cba4961d0d002d123, State: Running, Role: LEADER
I20260709 12:08:59.053947  7473 consensus_queue.cc:260] T 6e4d69077c8b4d84baf18bf1aea865a8 P d0429e3ac5a1401cba4961d0d002d123 [NON_LEADER]: Queue going to NON_LEADER mode. State: All replicated index: 0, Majority replicated index: 2, Committed index: 2, Last appended: 2.2, Last appended by leader: 2, Current term: 2, Majority size: -1, State: 0, Mode: NON_LEADER, active raft config: opid_index: -1 OBSOLETE_local: false peers { permanent_uuid: "057cc8badf9046e7930a35a6e245a1ae" member_type: VOTER last_known_addr { host: "127.6.139.129" port: 41997 } } peers { permanent_uuid: "d0429e3ac5a1401cba4961d0d002d123" member_type: VOTER last_known_addr { host: "127.6.139.130" port: 43145 } } peers { permanent_uuid: "280d7974b86d4acb828257a6e5770801" member_type: VOTER last_known_addr { host: "127.6.139.131" port: 35537 } }
I20260709 12:08:59.054936  7473 raft_consensus.cc:3060] T 6e4d69077c8b4d84baf18bf1aea865a8 P d0429e3ac5a1401cba4961d0d002d123 [term 2 FOLLOWER]: Advancing to term 3
I20260709 12:08:59.057242  7547 raft_consensus.cc:2468] T 6e4d69077c8b4d84baf18bf1aea865a8 P 280d7974b86d4acb828257a6e5770801 [term 3 FOLLOWER]: Leader election vote request: Granting yes vote for candidate 057cc8badf9046e7930a35a6e245a1ae in term 3.
I20260709 12:08:59.058121  7363 leader_election.cc:304] T 6e4d69077c8b4d84baf18bf1aea865a8 P 057cc8badf9046e7930a35a6e245a1ae [CANDIDATE]: Term 3 election: Election decided. Result: candidate won. Election summary: received 2 responses out of 3 voters: 2 yes votes; 0 no votes. yes voters: 057cc8badf9046e7930a35a6e245a1ae, 280d7974b86d4acb828257a6e5770801; no voters: 
I20260709 12:08:59.058811  7687 raft_consensus.cc:2804] T 6e4d69077c8b4d84baf18bf1aea865a8 P 057cc8badf9046e7930a35a6e245a1ae [term 3 FOLLOWER]: Leader election won for term 3
I20260709 12:08:59.059188  7687 raft_consensus.cc:697] T 6e4d69077c8b4d84baf18bf1aea865a8 P 057cc8badf9046e7930a35a6e245a1ae [term 3 LEADER]: Becoming Leader. State: Replica: 057cc8badf9046e7930a35a6e245a1ae, State: Running, Role: LEADER
I20260709 12:08:59.059238  7473 raft_consensus.cc:2468] T 6e4d69077c8b4d84baf18bf1aea865a8 P d0429e3ac5a1401cba4961d0d002d123 [term 3 FOLLOWER]: Leader election vote request: Granting yes vote for candidate 057cc8badf9046e7930a35a6e245a1ae in term 3.
I20260709 12:08:59.060066  7687 consensus_queue.cc:237] T 6e4d69077c8b4d84baf18bf1aea865a8 P 057cc8badf9046e7930a35a6e245a1ae [LEADER]: Queue going to LEADER mode. State: All replicated index: 0, Majority replicated index: 2, Committed index: 2, Last appended: 2.2, Last appended by leader: 2, Current term: 3, Majority size: 2, State: 0, Mode: LEADER, active raft config: opid_index: -1 OBSOLETE_local: false peers { permanent_uuid: "057cc8badf9046e7930a35a6e245a1ae" member_type: VOTER last_known_addr { host: "127.6.139.129" port: 41997 } } peers { permanent_uuid: "d0429e3ac5a1401cba4961d0d002d123" member_type: VOTER last_known_addr { host: "127.6.139.130" port: 43145 } } peers { permanent_uuid: "280d7974b86d4acb828257a6e5770801" member_type: VOTER last_known_addr { host: "127.6.139.131" port: 35537 } }
