I20260709 12:23:07.366703 20649 consensus_queue.cc:237] T 51cc5d15de0747ff9debc5ee6ed3bc0f P c847f172ac1f4838987340197d4e0f75 [LEADER]: Queue going to LEADER mode. State: All replicated index: 0, Majority replicated index: 2, Committed index: 2, Last appended: 2.2, Last appended by leader: 2, Current term: 3, Majority size: 2, State: 0, Mode: LEADER, active raft config: opid_index: -1 OBSOLETE_local: false peers { permanent_uuid: "c847f172ac1f4838987340197d4e0f75" member_type: VOTER last_known_addr { host: "127.19.53.129" port: 46487 } } peers { permanent_uuid: "c5ed500bf5f74731af19959975975661" member_type: VOTER last_known_addr { host: "127.19.53.130" port: 45919 } } peers { permanent_uuid: "9352e2e87b084cba83c555d6cbff9284" member_type: VOTER last_known_addr { host: "127.19.53.131" port: 37853 } }
I20260709 12:23:07.373191 20227 catalog_manager.cc:5697] T 51cc5d15de0747ff9debc5ee6ed3bc0f P c847f172ac1f4838987340197d4e0f75 reported cstate change: term changed from 2 to 3, leader changed from c5ed500bf5f74731af19959975975661 (127.19.53.130) to c847f172ac1f4838987340197d4e0f75 (127.19.53.129). New cstate: current_term: 3 leader_uuid: "c847f172ac1f4838987340197d4e0f75" committed_config { opid_index: -1 OBSOLETE_local: false peers { permanent_uuid: "c847f172ac1f4838987340197d4e0f75" member_type: VOTER last_known_addr { host: "127.19.53.129" port: 46487 } health_report { overall_health: HEALTHY } } peers { permanent_uuid: "c5ed500bf5f74731af19959975975661" member_type: VOTER last_known_addr { host: "127.19.53.130" port: 45919 } health_report { overall_health: UNKNOWN } } peers { permanent_uuid: "9352e2e87b084cba83c555d6cbff9284" member_type: VOTER last_known_addr { host: "127.19.53.131" port: 37853 } health_report { overall_health: UNKNOWN } } }
I20260709 12:23:07.545503 20406 raft_consensus.cc:1275] T 125cbc329b2b4cce88e48026ddf7dfa5 P c5ed500bf5f74731af19959975975661 [term 3 FOLLOWER]: Refusing update from remote peer c847f172ac1f4838987340197d4e0f75: Log matching property violated. Preceding OpId in replica: term: 2 index: 2. Preceding OpId from leader: term: 3 index: 3. (index mismatch)
I20260709 12:23:07.546649 20649 consensus_queue.cc:1048] T 125cbc329b2b4cce88e48026ddf7dfa5 P c847f172ac1f4838987340197d4e0f75 [LEADER]: Connected to new peer: Peer: permanent_uuid: "c5ed500bf5f74731af19959975975661" member_type: VOTER last_known_addr { host: "127.19.53.130" port: 45919 }, Status: LMP_MISMATCH, Last received: 0.0, Next index: 3, Last known committed idx: 2, Time since last communication: 0.000s
I20260709 12:23:07.558367 20481 raft_consensus.cc:1275] T 125cbc329b2b4cce88e48026ddf7dfa5 P 9352e2e87b084cba83c555d6cbff9284 [term 3 FOLLOWER]: Refusing update from remote peer c847f172ac1f4838987340197d4e0f75: Log matching property violated. Preceding OpId in replica: term: 2 index: 2. Preceding OpId from leader: term: 3 index: 3. (index mismatch)
I20260709 12:23:07.560292 20671 consensus_queue.cc:1048] T 125cbc329b2b4cce88e48026ddf7dfa5 P c847f172ac1f4838987340197d4e0f75 [LEADER]: Connected to new peer: Peer: permanent_uuid: "9352e2e87b084cba83c555d6cbff9284" member_type: VOTER last_known_addr { host: "127.19.53.131" port: 37853 }, Status: LMP_MISMATCH, Last received: 0.0, Next index: 3, Last known committed idx: 2, Time since last communication: 0.001s
I20260709 12:23:07.582552 20406 raft_consensus.cc:1275] T c38f8b7738114c6f8f7ae1f5ab1888c7 P c5ed500bf5f74731af19959975975661 [term 4 FOLLOWER]: Refusing update from remote peer c847f172ac1f4838987340197d4e0f75: Log matching property violated. Preceding OpId in replica: term: 3 index: 3. Preceding OpId from leader: term: 4 index: 4. (index mismatch)
I20260709 12:23:07.583636 20671 consensus_queue.cc:1048] T c38f8b7738114c6f8f7ae1f5ab1888c7 P c847f172ac1f4838987340197d4e0f75 [LEADER]: Connected to new peer: Peer: permanent_uuid: "c5ed500bf5f74731af19959975975661" member_type: VOTER last_known_addr { host: "127.19.53.130" port: 45919 }, Status: LMP_MISMATCH, Last received: 0.0, Next index: 4, Last known committed idx: 3, Time since last communication: 0.000s
I20260709 12:23:07.585955 20481 raft_consensus.cc:1275] T c38f8b7738114c6f8f7ae1f5ab1888c7 P 9352e2e87b084cba83c555d6cbff9284 [term 4 FOLLOWER]: Refusing update from remote peer c847f172ac1f4838987340197d4e0f75: Log matching property violated. Preceding OpId in replica: term: 3 index: 3. Preceding OpId from leader: term: 4 index: 4. (index mismatch)
I20260709 12:23:07.587180 20649 consensus_queue.cc:1048] T c38f8b7738114c6f8f7ae1f5ab1888c7 P c847f172ac1f4838987340197d4e0f75 [LEADER]: Connected to new peer: Peer: permanent_uuid: "9352e2e87b084cba83c555d6cbff9284" member_type: VOTER last_known_addr { host: "127.19.53.131" port: 37853 }, Status: LMP_MISMATCH, Last received: 0.0, Next index: 4, Last known committed idx: 3, Time since last communication: 0.000s
I20260709 12:23:07.668020 20481 raft_consensus.cc:1275] T 4244a4fa36d74d25a8950c854b628e23 P 9352e2e87b084cba83c555d6cbff9284 [term 3 FOLLOWER]: Refusing update from remote peer c847f172ac1f4838987340197d4e0f75: Log matching property violated. Preceding OpId in replica: term: 2 index: 2. Preceding OpId from leader: term: 3 index: 3. (index mismatch)
I20260709 12:23:07.669212 20671 consensus_queue.cc:1048] T 4244a4fa36d74d25a8950c854b628e23 P c847f172ac1f4838987340197d4e0f75 [LEADER]: Connected to new peer: Peer: permanent_uuid: "9352e2e87b084cba83c555d6cbff9284" member_type: VOTER last_known_addr { host: "127.19.53.131" port: 37853 }, Status: LMP_MISMATCH, Last received: 0.0, Next index: 3, Last known committed idx: 2, Time since last communication: 0.000s
I20260709 12:23:07.677779 20406 raft_consensus.cc:1275] T 4244a4fa36d74d25a8950c854b628e23 P c5ed500bf5f74731af19959975975661 [term 3 FOLLOWER]: Refusing update from remote peer c847f172ac1f4838987340197d4e0f75: Log matching property violated. Preceding OpId in replica: term: 2 index: 2. Preceding OpId from leader: term: 3 index: 3. (index mismatch)
I20260709 12:23:07.679446 20649 consensus_queue.cc:1048] T 4244a4fa36d74d25a8950c854b628e23 P c847f172ac1f4838987340197d4e0f75 [LEADER]: Connected to new peer: Peer: permanent_uuid: "c5ed500bf5f74731af19959975975661" member_type: VOTER last_known_addr { host: "127.19.53.130" port: 45919 }, Status: LMP_MISMATCH, Last received: 0.0, Next index: 3, Last known committed idx: 2, Time since last communication: 0.000s
I20260709 12:23:07.747296 20481 raft_consensus.cc:1275] T b031fa927d794b8c8ab0e6f0eca15da1 P 9352e2e87b084cba83c555d6cbff9284 [term 3 FOLLOWER]: Refusing update from remote peer c847f172ac1f4838987340197d4e0f75: Log matching property violated. Preceding OpId in replica: term: 2 index: 2. Preceding OpId from leader: term: 3 index: 3. (index mismatch)
I20260709 12:23:07.748502 20677 consensus_queue.cc:1048] T b031fa927d794b8c8ab0e6f0eca15da1 P c847f172ac1f4838987340197d4e0f75 [LEADER]: Connected to new peer: Peer: permanent_uuid: "9352e2e87b084cba83c555d6cbff9284" member_type: VOTER last_known_addr { host: "127.19.53.131" port: 37853 }, Status: LMP_MISMATCH, Last received: 0.0, Next index: 3, Last known committed idx: 2, Time since last communication: 0.000s
I20260709 12:23:07.756343 20406 raft_consensus.cc:1275] T b031fa927d794b8c8ab0e6f0eca15da1 P c5ed500bf5f74731af19959975975661 [term 3 FOLLOWER]: Refusing update from remote peer c847f172ac1f4838987340197d4e0f75: Log matching property violated. Preceding OpId in replica: term: 2 index: 2. Preceding OpId from leader: term: 3 index: 3. (index mismatch)
I20260709 12:23:07.758021 20656 consensus_queue.cc:1048] T b031fa927d794b8c8ab0e6f0eca15da1 P c847f172ac1f4838987340197d4e0f75 [LEADER]: Connected to new peer: Peer: permanent_uuid: "c5ed500bf5f74731af19959975975661" member_type: VOTER last_known_addr { host: "127.19.53.130" port: 45919 }, Status: LMP_MISMATCH, Last received: 0.0, Next index: 3, Last known committed idx: 2, Time since last communication: 0.000s
I20260709 12:23:07.829047 20406 raft_consensus.cc:1275] T 51cc5d15de0747ff9debc5ee6ed3bc0f P c5ed500bf5f74731af19959975975661 [term 3 FOLLOWER]: Refusing update from remote peer c847f172ac1f4838987340197d4e0f75: Log matching property violated. Preceding OpId in replica: term: 2 index: 2. Preceding OpId from leader: term: 3 index: 3. (index mismatch)
I20260709 12:23:07.830230 20656 consensus_queue.cc:1048] T 51cc5d15de0747ff9debc5ee6ed3bc0f P c847f172ac1f4838987340197d4e0f75 [LEADER]: Connected to new peer: Peer: permanent_uuid: "c5ed500bf5f74731af19959975975661" member_type: VOTER last_known_addr { host: "127.19.53.130" port: 45919 }, Status: LMP_MISMATCH, Last received: 0.0, Next index: 3, Last known committed idx: 2, Time since last communication: 0.000s
I20260709 12:23:07.842535 20481 raft_consensus.cc:1275] T 51cc5d15de0747ff9debc5ee6ed3bc0f P 9352e2e87b084cba83c555d6cbff9284 [term 3 FOLLOWER]: Refusing update from remote peer c847f172ac1f4838987340197d4e0f75: Log matching property violated. Preceding OpId in replica: term: 2 index: 2. Preceding OpId from leader: term: 3 index: 3. (index mismatch)
I20260709 12:23:07.843935 20671 consensus_queue.cc:1048] T 51cc5d15de0747ff9debc5ee6ed3bc0f P c847f172ac1f4838987340197d4e0f75 [LEADER]: Connected to new peer: Peer: permanent_uuid: "9352e2e87b084cba83c555d6cbff9284" member_type: VOTER last_known_addr { host: "127.19.53.131" port: 37853 }, Status: LMP_MISMATCH, Last received: 0.0, Next index: 3, Last known committed idx: 2, Time since last communication: 0.001s
W20260709 12:23:08.136631 20502 debug-util.cc:398] Leaking SignalData structure 0x7b08001ad900 after lost signal to thread 19673
W20260709 12:23:08.137441 20502 debug-util.cc:398] Leaking SignalData structure 0x7b0800092f00 after lost signal to thread 20264
W20260709 12:23:08.138351 20502 debug-util.cc:398] Leaking SignalData structure 0x7b08000b1c80 after lost signal to thread 20356
W20260709 12:23:08.139096 20502 debug-util.cc:398] Leaking SignalData structure 0x7b080009aaa0 after lost signal to thread 20431
W20260709 12:23:08.139818 20502 debug-util.cc:398] Leaking SignalData structure 0x7b08000ac740 after lost signal to thread 20505
I20260709 12:23:10.058236 19670 auto_leader_rebalancer-test.cc:399] The leader distribution is 
I20260709 12:23:10.058892 19670 auto_leader_rebalancer.cc:141] leader rebalance for table test-workload
I20260709 12:23:10.067123 20332 tablet_service.cc:2072] Received LeaderStepDown RPC: tablet_id: "125cbc329b2b4cce88e48026ddf7dfa5"
dest_uuid: "c847f172ac1f4838987340197d4e0f75"
mode: GRACEFUL
new_leader_uuid: "9352e2e87b084cba83c555d6cbff9284"
 from {username='slave'} at 127.0.0.1:48868
I20260709 12:23:10.067602 20332 raft_consensus.cc:606] T 125cbc329b2b4cce88e48026ddf7dfa5 P c847f172ac1f4838987340197d4e0f75 [term 3 LEADER]: Received request to transfer leadership to TS 9352e2e87b084cba83c555d6cbff9284
I20260709 12:23:10.069942 20332 tablet_service.cc:2072] Received LeaderStepDown RPC: tablet_id: "3edc64c6be354ea3b454835ab12c932d"
dest_uuid: "c847f172ac1f4838987340197d4e0f75"
mode: GRACEFUL
new_leader_uuid: "c5ed500bf5f74731af19959975975661"
 from {username='slave'} at 127.0.0.1:48868
I20260709 12:23:10.070395 20332 raft_consensus.cc:606] T 3edc64c6be354ea3b454835ab12c932d P c847f172ac1f4838987340197d4e0f75 [term 2 LEADER]: Received request to transfer leadership to TS c5ed500bf5f74731af19959975975661
I20260709 12:23:10.072528 20332 tablet_service.cc:2072] Received LeaderStepDown RPC: tablet_id: "84769e84cb5e40d98ab2445fdce3f7bb"
dest_uuid: "c847f172ac1f4838987340197d4e0f75"
mode: GRACEFUL
new_leader_uuid: "c5ed500bf5f74731af19959975975661"
 from {username='slave'} at 127.0.0.1:48868
I20260709 12:23:10.072950 20332 raft_consensus.cc:606] T 84769e84cb5e40d98ab2445fdce3f7bb P c847f172ac1f4838987340197d4e0f75 [term 2 LEADER]: Received request to transfer leadership to TS c5ed500bf5f74731af19959975975661
I20260709 12:23:10.075215 20332 tablet_service.cc:2072] Received LeaderStepDown RPC: tablet_id: "b031fa927d794b8c8ab0e6f0eca15da1"
dest_uuid: "c847f172ac1f4838987340197d4e0f75"
mode: GRACEFUL
new_leader_uuid: "9352e2e87b084cba83c555d6cbff9284"
 from {username='slave'} at 127.0.0.1:48868
I20260709 12:23:10.075634 20332 raft_consensus.cc:606] T b031fa927d794b8c8ab0e6f0eca15da1 P c847f172ac1f4838987340197d4e0f75 [term 3 LEADER]: Received request to transfer leadership to TS 9352e2e87b084cba83c555d6cbff9284
I20260709 12:23:10.076818 19670 auto_leader_rebalancer.cc:440] table: test-workload, leader rebalance finish, leader transfer count: 4
I20260709 12:23:10.077332 19670 auto_leader_rebalancer.cc:515] All tables' leader rebalancing finished this round
I20260709 12:23:10.163233 20677 raft_consensus.cc:993] T 84769e84cb5e40d98ab2445fdce3f7bb P c847f172ac1f4838987340197d4e0f75: : Instructing follower c5ed500bf5f74731af19959975975661 to start an election
I20260709 12:23:10.163800 20683 raft_consensus.cc:1081] T 84769e84cb5e40d98ab2445fdce3f7bb P c847f172ac1f4838987340197d4e0f75 [term 2 LEADER]: Signalling peer c5ed500bf5f74731af19959975975661 to start an election
I20260709 12:23:10.165432 20406 tablet_service.cc:2044] Received Run Leader Election RPC: tablet_id: "84769e84cb5e40d98ab2445fdce3f7bb"
dest_uuid: "c5ed500bf5f74731af19959975975661"
 from {username='slave'} at 127.0.0.1:48286
I20260709 12:23:10.166033 20406 raft_consensus.cc:493] T 84769e84cb5e40d98ab2445fdce3f7bb P c5ed500bf5f74731af19959975975661 [term 2 FOLLOWER]: Starting forced leader election (received explicit request)
I20260709 12:23:10.166450 20406 raft_consensus.cc:3060] T 84769e84cb5e40d98ab2445fdce3f7bb P c5ed500bf5f74731af19959975975661 [term 2 FOLLOWER]: Advancing to term 3
I20260709 12:23:10.174008 20406 raft_consensus.cc:515] T 84769e84cb5e40d98ab2445fdce3f7bb P c5ed500bf5f74731af19959975975661 [term 3 FOLLOWER]: Starting forced leader election with config: opid_index: -1 OBSOLETE_local: false peers { permanent_uuid: "c847f172ac1f4838987340197d4e0f75" member_type: VOTER last_known_addr { host: "127.19.53.129" port: 46487 } } peers { permanent_uuid: "c5ed500bf5f74731af19959975975661" member_type: VOTER last_known_addr { host: "127.19.53.130" port: 45919 } } peers { permanent_uuid: "9352e2e87b084cba83c555d6cbff9284" member_type: VOTER last_known_addr { host: "127.19.53.131" port: 37853 } }
I20260709 12:23:10.176777 20406 leader_election.cc:290] T 84769e84cb5e40d98ab2445fdce3f7bb P c5ed500bf5f74731af19959975975661 [CANDIDATE]: Term 3 election: Requested vote from peers c847f172ac1f4838987340197d4e0f75 (127.19.53.129:46487), 9352e2e87b084cba83c555d6cbff9284 (127.19.53.131:37853)
I20260709 12:23:10.177491 20332 tablet_service.cc:1917] Received RequestConsensusVote() RPC: tablet_id: "84769e84cb5e40d98ab2445fdce3f7bb" candidate_uuid: "c5ed500bf5f74731af19959975975661" candidate_term: 3 candidate_status { last_received { term: 2 index: 2 } } ignore_live_leader: true dest_uuid: "c847f172ac1f4838987340197d4e0f75"
I20260709 12:23:10.177845 20479 tablet_service.cc:1917] Received RequestConsensusVote() RPC: tablet_id: "84769e84cb5e40d98ab2445fdce3f7bb" candidate_uuid: "c5ed500bf5f74731af19959975975661" candidate_term: 3 candidate_status { last_received { term: 2 index: 2 } } ignore_live_leader: true dest_uuid: "9352e2e87b084cba83c555d6cbff9284"
I20260709 12:23:10.178170 20332 raft_consensus.cc:3055] T 84769e84cb5e40d98ab2445fdce3f7bb P c847f172ac1f4838987340197d4e0f75 [term 2 LEADER]: Stepping down as leader of term 2
I20260709 12:23:10.178390 20479 raft_consensus.cc:3060] T 84769e84cb5e40d98ab2445fdce3f7bb P 9352e2e87b084cba83c555d6cbff9284 [term 2 FOLLOWER]: Advancing to term 3
I20260709 12:23:10.178541 20332 raft_consensus.cc:740] T 84769e84cb5e40d98ab2445fdce3f7bb P c847f172ac1f4838987340197d4e0f75 [term 2 LEADER]: Becoming Follower/Learner. State: Replica: c847f172ac1f4838987340197d4e0f75, State: Running, Role: LEADER
I20260709 12:23:10.179291 20332 consensus_queue.cc:260] T 84769e84cb5e40d98ab2445fdce3f7bb P c847f172ac1f4838987340197d4e0f75 [NON_LEADER]: Queue going to NON_LEADER mode. State: All replicated index: 0, Majority replicated index: 2, Committed index: 2, Last appended: 2.2, Last appended by leader: 2, Current term: 2, Majority size: -1, State: 0, Mode: NON_LEADER, active raft config: opid_index: -1 OBSOLETE_local: false peers { permanent_uuid: "c847f172ac1f4838987340197d4e0f75" member_type: VOTER last_known_addr { host: "127.19.53.129" port: 46487 } } peers { permanent_uuid: "c5ed500bf5f74731af19959975975661" member_type: VOTER last_known_addr { host: "127.19.53.130" port: 45919 } } peers { permanent_uuid: "9352e2e87b084cba83c555d6cbff9284" member_type: VOTER last_known_addr { host: "127.19.53.131" port: 37853 } }
I20260709 12:23:10.180462 20332 raft_consensus.cc:3060] T 84769e84cb5e40d98ab2445fdce3f7bb P c847f172ac1f4838987340197d4e0f75 [term 2 FOLLOWER]: Advancing to term 3
I20260709 12:23:10.185357 20479 raft_consensus.cc:2468] T 84769e84cb5e40d98ab2445fdce3f7bb P 9352e2e87b084cba83c555d6cbff9284 [term 3 FOLLOWER]: Leader election vote request: Granting yes vote for candidate c5ed500bf5f74731af19959975975661 in term 3.
I20260709 12:23:10.186671 20372 leader_election.cc:304] T 84769e84cb5e40d98ab2445fdce3f7bb P c5ed500bf5f74731af19959975975661 [CANDIDATE]: Term 3 election: Election decided. Result: candidate won. Election summary: received 2 responses out of 3 voters: 2 yes votes; 0 no votes. yes voters: 9352e2e87b084cba83c555d6cbff9284, c5ed500bf5f74731af19959975975661; no voters: 
I20260709 12:23:10.186902 20332 raft_consensus.cc:2468] T 84769e84cb5e40d98ab2445fdce3f7bb P c847f172ac1f4838987340197d4e0f75 [term 3 FOLLOWER]: Leader election vote request: Granting yes vote for candidate c5ed500bf5f74731af19959975975661 in term 3.
I20260709 12:23:10.187492 20651 raft_consensus.cc:2804] T 84769e84cb5e40d98ab2445fdce3f7bb P c5ed500bf5f74731af19959975975661 [term 3 FOLLOWER]: Leader election won for term 3
I20260709 12:23:10.188583 20651 raft_consensus.cc:697] T 84769e84cb5e40d98ab2445fdce3f7bb P c5ed500bf5f74731af19959975975661 [term 3 LEADER]: Becoming Leader. State: Replica: c5ed500bf5f74731af19959975975661, State: Running, Role: LEADER
I20260709 12:23:10.189719 20651 consensus_queue.cc:237] T 84769e84cb5e40d98ab2445fdce3f7bb P c5ed500bf5f74731af19959975975661 [LEADER]: Queue going to LEADER mode. State: All replicated index: 0, Majority replicated index: 2, Committed index: 2, Last appended: 2.2, Last appended by leader: 2, Current term: 3, Majority size: 2, State: 0, Mode: LEADER, active raft config: opid_index: -1 OBSOLETE_local: false peers { permanent_uuid: "c847f172ac1f4838987340197d4e0f75" member_type: VOTER last_known_addr { host: "127.19.53.129" port: 46487 } } peers { permanent_uuid: "c5ed500bf5f74731af19959975975661" member_type: VOTER last_known_addr { host: "127.19.53.130" port: 45919 } } peers { permanent_uuid: "9352e2e87b084cba83c555d6cbff9284" member_type: VOTER last_known_addr { host: "127.19.53.131" port: 37853 } }
I20260709 12:23:10.198808 20229 catalog_manager.cc:5697] T 84769e84cb5e40d98ab2445fdce3f7bb P c5ed500bf5f74731af19959975975661 reported cstate change: term changed from 2 to 3, leader changed from c847f172ac1f4838987340197d4e0f75 (127.19.53.129) to c5ed500bf5f74731af19959975975661 (127.19.53.130). New cstate: current_term: 3 leader_uuid: "c5ed500bf5f74731af19959975975661" committed_config { opid_index: -1 OBSOLETE_local: false peers { permanent_uuid: "c847f172ac1f4838987340197d4e0f75" member_type: VOTER last_known_addr { host: "127.19.53.129" port: 46487 } health_report { overall_health: UNKNOWN } } peers { permanent_uuid: "c5ed500bf5f74731af19959975975661" member_type: VOTER last_known_addr { host: "127.19.53.130" port: 45919 } health_report { overall_health: HEALTHY } } peers { permanent_uuid: "9352e2e87b084cba83c555d6cbff9284" member_type: VOTER last_known_addr { host: "127.19.53.131" port: 37853 } health_report { overall_health: UNKNOWN } } }
I20260709 12:23:10.275593 20677 raft_consensus.cc:993] T 3edc64c6be354ea3b454835ab12c932d P c847f172ac1f4838987340197d4e0f75: : Instructing follower c5ed500bf5f74731af19959975975661 to start an election
I20260709 12:23:10.276087 20683 raft_consensus.cc:1081] T 3edc64c6be354ea3b454835ab12c932d P c847f172ac1f4838987340197d4e0f75 [term 2 LEADER]: Signalling peer c5ed500bf5f74731af19959975975661 to start an election
I20260709 12:23:10.277733 20406 tablet_service.cc:2044] Received Run Leader Election RPC: tablet_id: "3edc64c6be354ea3b454835ab12c932d"
dest_uuid: "c5ed500bf5f74731af19959975975661"
 from {username='slave'} at 127.0.0.1:48286
I20260709 12:23:10.278363 20406 raft_consensus.cc:493] T 3edc64c6be354ea3b454835ab12c932d P c5ed500bf5f74731af19959975975661 [term 2 FOLLOWER]: Starting forced leader election (received explicit request)
I20260709 12:23:10.278753 20406 raft_consensus.cc:3060] T 3edc64c6be354ea3b454835ab12c932d P c5ed500bf5f74731af19959975975661 [term 2 FOLLOWER]: Advancing to term 3
I20260709 12:23:10.286417 20406 raft_consensus.cc:515] T 3edc64c6be354ea3b454835ab12c932d P c5ed500bf5f74731af19959975975661 [term 3 FOLLOWER]: Starting forced leader election with config: opid_index: -1 OBSOLETE_local: false peers { permanent_uuid: "c847f172ac1f4838987340197d4e0f75" member_type: VOTER last_known_addr { host: "127.19.53.129" port: 46487 } } peers { permanent_uuid: "c5ed500bf5f74731af19959975975661" member_type: VOTER last_known_addr { host: "127.19.53.130" port: 45919 } } peers { permanent_uuid: "9352e2e87b084cba83c555d6cbff9284" member_type: VOTER last_known_addr { host: "127.19.53.131" port: 37853 } }
I20260709 12:23:10.288705 20406 leader_election.cc:290] T 3edc64c6be354ea3b454835ab12c932d P c5ed500bf5f74731af19959975975661 [CANDIDATE]: Term 3 election: Requested vote from peers c847f172ac1f4838987340197d4e0f75 (127.19.53.129:46487), 9352e2e87b084cba83c555d6cbff9284 (127.19.53.131:37853)
I20260709 12:23:10.289376 20332 tablet_service.cc:1917] Received RequestConsensusVote() RPC: tablet_id: "3edc64c6be354ea3b454835ab12c932d" candidate_uuid: "c5ed500bf5f74731af19959975975661" candidate_term: 3 candidate_status { last_received { term: 2 index: 2 } } ignore_live_leader: true dest_uuid: "c847f172ac1f4838987340197d4e0f75"
I20260709 12:23:10.289692 20479 tablet_service.cc:1917] Received RequestConsensusVote() RPC: tablet_id: "3edc64c6be354ea3b454835ab12c932d" candidate_uuid: "c5ed500bf5f74731af19959975975661" candidate_term: 3 candidate_status { last_received { term: 2 index: 2 } } ignore_live_leader: true dest_uuid: "9352e2e87b084cba83c555d6cbff9284"
I20260709 12:23:10.289956 20332 raft_consensus.cc:3055] T 3edc64c6be354ea3b454835ab12c932d P c847f172ac1f4838987340197d4e0f75 [term 2 LEADER]: Stepping down as leader of term 2
I20260709 12:23:10.290251 20479 raft_consensus.cc:3060] T 3edc64c6be354ea3b454835ab12c932d P 9352e2e87b084cba83c555d6cbff9284 [term 2 FOLLOWER]: Advancing to term 3
I20260709 12:23:10.290336 20332 raft_consensus.cc:740] T 3edc64c6be354ea3b454835ab12c932d P c847f172ac1f4838987340197d4e0f75 [term 2 LEADER]: Becoming Follower/Learner. State: Replica: c847f172ac1f4838987340197d4e0f75, State: Running, Role: LEADER
I20260709 12:23:10.291158 20332 consensus_queue.cc:260] T 3edc64c6be354ea3b454835ab12c932d P c847f172ac1f4838987340197d4e0f75 [NON_LEADER]: Queue going to NON_LEADER mode. State: All replicated index: 0, Majority replicated index: 2, Committed index: 2, Last appended: 2.2, Last appended by leader: 2, Current term: 2, Majority size: -1, State: 0, Mode: NON_LEADER, active raft config: opid_index: -1 OBSOLETE_local: false peers { permanent_uuid: "c847f172ac1f4838987340197d4e0f75" member_type: VOTER last_known_addr { host: "127.19.53.129" port: 46487 } } peers { permanent_uuid: "c5ed500bf5f74731af19959975975661" member_type: VOTER last_known_addr { host: "127.19.53.130" port: 45919 } } peers { permanent_uuid: "9352e2e87b084cba83c555d6cbff9284" member_type: VOTER last_known_addr { host: "127.19.53.131" port: 37853 } }
I20260709 12:23:10.292315 20332 raft_consensus.cc:3060] T 3edc64c6be354ea3b454835ab12c932d P c847f172ac1f4838987340197d4e0f75 [term 2 FOLLOWER]: Advancing to term 3
I20260709 12:23:10.297122 20479 raft_consensus.cc:2468] T 3edc64c6be354ea3b454835ab12c932d P 9352e2e87b084cba83c555d6cbff9284 [term 3 FOLLOWER]: Leader election vote request: Granting yes vote for candidate c5ed500bf5f74731af19959975975661 in term 3.
I20260709 12:23:10.298388 20372 leader_election.cc:304] T 3edc64c6be354ea3b454835ab12c932d P c5ed500bf5f74731af19959975975661 [CANDIDATE]: Term 3 election: Election decided. Result: candidate won. Election summary: received 2 responses out of 3 voters: 2 yes votes; 0 no votes. yes voters: 9352e2e87b084cba83c555d6cbff9284, c5ed500bf5f74731af19959975975661; no voters: 
I20260709 12:23:10.298851 20332 raft_consensus.cc:2468] T 3edc64c6be354ea3b454835ab12c932d P c847f172ac1f4838987340197d4e0f75 [term 3 FOLLOWER]: Leader election vote request: Granting yes vote for candidate c5ed500bf5f74731af19959975975661 in term 3.
I20260709 12:23:10.299190 20651 raft_consensus.cc:2804] T 3edc64c6be354ea3b454835ab12c932d P c5ed500bf5f74731af19959975975661 [term 3 FOLLOWER]: Leader election won for term 3
I20260709 12:23:10.299763 20651 raft_consensus.cc:697] T 3edc64c6be354ea3b454835ab12c932d P c5ed500bf5f74731af19959975975661 [term 3 LEADER]: Becoming Leader. State: Replica: c5ed500bf5f74731af19959975975661, State: Running, Role: LEADER
I20260709 12:23:10.301163 20677 raft_consensus.cc:993] T 125cbc329b2b4cce88e48026ddf7dfa5 P c847f172ac1f4838987340197d4e0f75: : Instructing follower 9352e2e87b084cba83c555d6cbff9284 to start an election
I20260709 12:23:10.300742 20651 consensus_queue.cc:237] T 3edc64c6be354ea3b454835ab12c932d P c5ed500bf5f74731af19959975975661 [LEADER]: Queue going to LEADER mode. State: All replicated index: 0, Majority replicated index: 2, Committed index: 2, Last appended: 2.2, Last appended by leader: 2, Current term: 3, Majority size: 2, State: 0, Mode: LEADER, active raft config: opid_index: -1 OBSOLETE_local: false peers { permanent_uuid: "c847f172ac1f4838987340197d4e0f75" member_type: VOTER last_known_addr { host: "127.19.53.129" port: 46487 } } peers { permanent_uuid: "c5ed500bf5f74731af19959975975661" member_type: VOTER last_known_addr { host: "127.19.53.130" port: 45919 } } peers { permanent_uuid: "9352e2e87b084cba83c555d6cbff9284" member_type: VOTER last_known_addr { host: "127.19.53.131" port: 37853 } }
I20260709 12:23:10.301620 20683 raft_consensus.cc:1081] T 125cbc329b2b4cce88e48026ddf7dfa5 P c847f172ac1f4838987340197d4e0f75 [term 3 LEADER]: Signalling peer 9352e2e87b084cba83c555d6cbff9284 to start an election
I20260709 12:23:10.303120 20479 tablet_service.cc:2044] Received Run Leader Election RPC: tablet_id: "125cbc329b2b4cce88e48026ddf7dfa5"
dest_uuid: "9352e2e87b084cba83c555d6cbff9284"
 from {username='slave'} at 127.0.0.1:41534
I20260709 12:23:10.303643 20479 raft_consensus.cc:493] T 125cbc329b2b4cce88e48026ddf7dfa5 P 9352e2e87b084cba83c555d6cbff9284 [term 3 FOLLOWER]: Starting forced leader election (received explicit request)
I20260709 12:23:10.303977 20479 raft_consensus.cc:3060] T 125cbc329b2b4cce88e48026ddf7dfa5 P 9352e2e87b084cba83c555d6cbff9284 [term 3 FOLLOWER]: Advancing to term 4
I20260709 12:23:10.310366 20479 raft_consensus.cc:515] T 125cbc329b2b4cce88e48026ddf7dfa5 P 9352e2e87b084cba83c555d6cbff9284 [term 4 FOLLOWER]: Starting forced leader election with config: opid_index: -1 OBSOLETE_local: false peers { permanent_uuid: "c847f172ac1f4838987340197d4e0f75" member_type: VOTER last_known_addr { host: "127.19.53.129" port: 46487 } } peers { permanent_uuid: "c5ed500bf5f74731af19959975975661" member_type: VOTER last_known_addr { host: "127.19.53.130" port: 45919 } } peers { permanent_uuid: "9352e2e87b084cba83c555d6cbff9284" member_type: VOTER last_known_addr { host: "127.19.53.131" port: 37853 } }
I20260709 12:23:10.310544 20229 catalog_manager.cc:5697] T 3edc64c6be354ea3b454835ab12c932d P c5ed500bf5f74731af19959975975661 reported cstate change: term changed from 2 to 3, leader changed from c847f172ac1f4838987340197d4e0f75 (127.19.53.129) to c5ed500bf5f74731af19959975975661 (127.19.53.130). New cstate: current_term: 3 leader_uuid: "c5ed500bf5f74731af19959975975661" committed_config { opid_index: -1 OBSOLETE_local: false peers { permanent_uuid: "c847f172ac1f4838987340197d4e0f75" member_type: VOTER last_known_addr { host: "127.19.53.129" port: 46487 } health_report { overall_health: UNKNOWN } } peers { permanent_uuid: "c5ed500bf5f74731af19959975975661" member_type: VOTER last_known_addr { host: "127.19.53.130" port: 45919 } health_report { overall_health: HEALTHY } } peers { permanent_uuid: "9352e2e87b084cba83c555d6cbff9284" member_type: VOTER last_known_addr { host: "127.19.53.131" port: 37853 } health_report { overall_health: UNKNOWN } } }
I20260709 12:23:10.313335 20479 leader_election.cc:290] T 125cbc329b2b4cce88e48026ddf7dfa5 P 9352e2e87b084cba83c555d6cbff9284 [CANDIDATE]: Term 4 election: Requested vote from peers c847f172ac1f4838987340197d4e0f75 (127.19.53.129:46487), c5ed500bf5f74731af19959975975661 (127.19.53.130:45919)
I20260709 12:23:10.313710 20332 tablet_service.cc:1917] Received RequestConsensusVote() RPC: tablet_id: "125cbc329b2b4cce88e48026ddf7dfa5" candidate_uuid: "9352e2e87b084cba83c555d6cbff9284" candidate_term: 4 candidate_status { last_received { term: 3 index: 3 } } ignore_live_leader: true dest_uuid: "c847f172ac1f4838987340197d4e0f75"
I20260709 12:23:10.314291 20332 raft_consensus.cc:3055] T 125cbc329b2b4cce88e48026ddf7dfa5 P c847f172ac1f4838987340197d4e0f75 [term 3 LEADER]: Stepping down as leader of term 3
I20260709 12:23:10.314563 20332 raft_consensus.cc:740] T 125cbc329b2b4cce88e48026ddf7dfa5 P c847f172ac1f4838987340197d4e0f75 [term 3 LEADER]: Becoming Follower/Learner. State: Replica: c847f172ac1f4838987340197d4e0f75, State: Running, Role: LEADER
I20260709 12:23:10.315244 20332 consensus_queue.cc:260] T 125cbc329b2b4cce88e48026ddf7dfa5 P c847f172ac1f4838987340197d4e0f75 [NON_LEADER]: Queue going to NON_LEADER mode. State: All replicated index: 0, Majority replicated index: 3, Committed index: 3, Last appended: 3.3, Last appended by leader: 3, Current term: 3, Majority size: -1, State: 0, Mode: NON_LEADER, active raft config: opid_index: -1 OBSOLETE_local: false peers { permanent_uuid: "c847f172ac1f4838987340197d4e0f75" member_type: VOTER last_known_addr { host: "127.19.53.129" port: 46487 } } peers { permanent_uuid: "c5ed500bf5f74731af19959975975661" member_type: VOTER last_known_addr { host: "127.19.53.130" port: 45919 } } peers { permanent_uuid: "9352e2e87b084cba83c555d6cbff9284" member_type: VOTER last_known_addr { host: "127.19.53.131" port: 37853 } }
I20260709 12:23:10.316206 20332 raft_consensus.cc:3060] T 125cbc329b2b4cce88e48026ddf7dfa5 P c847f172ac1f4838987340197d4e0f75 [term 3 FOLLOWER]: Advancing to term 4
I20260709 12:23:10.315212 20406 tablet_service.cc:1917] Received RequestConsensusVote() RPC: tablet_id: "125cbc329b2b4cce88e48026ddf7dfa5" candidate_uuid: "9352e2e87b084cba83c555d6cbff9284" candidate_term: 4 candidate_status { last_received { term: 3 index: 3 } } ignore_live_leader: true dest_uuid: "c5ed500bf5f74731af19959975975661"
I20260709 12:23:10.318030 20406 raft_consensus.cc:3060] T 125cbc329b2b4cce88e48026ddf7dfa5 P c5ed500bf5f74731af19959975975661 [term 3 FOLLOWER]: Advancing to term 4
I20260709 12:23:10.321290 20332 raft_consensus.cc:2468] T 125cbc329b2b4cce88e48026ddf7dfa5 P c847f172ac1f4838987340197d4e0f75 [term 4 FOLLOWER]: Leader election vote request: Granting yes vote for candidate 9352e2e87b084cba83c555d6cbff9284 in term 4.
I20260709 12:23:10.322439 20445 leader_election.cc:304] T 125cbc329b2b4cce88e48026ddf7dfa5 P 9352e2e87b084cba83c555d6cbff9284 [CANDIDATE]: Term 4 election: Election decided. Result: candidate won. Election summary: received 2 responses out of 3 voters: 2 yes votes; 0 no votes. yes voters: 9352e2e87b084cba83c555d6cbff9284, c847f172ac1f4838987340197d4e0f75; no voters: 
I20260709 12:23:10.323215 20658 raft_consensus.cc:2804] T 125cbc329b2b4cce88e48026ddf7dfa5 P 9352e2e87b084cba83c555d6cbff9284 [term 4 FOLLOWER]: Leader election won for term 4
I20260709 12:23:10.324442 20658 raft_consensus.cc:697] T 125cbc329b2b4cce88e48026ddf7dfa5 P 9352e2e87b084cba83c555d6cbff9284 [term 4 LEADER]: Becoming Leader. State: Replica: 9352e2e87b084cba83c555d6cbff9284, State: Running, Role: LEADER
I20260709 12:23:10.325337 20658 consensus_queue.cc:237] T 125cbc329b2b4cce88e48026ddf7dfa5 P 9352e2e87b084cba83c555d6cbff9284 [LEADER]: Queue going to LEADER mode. State: All replicated index: 0, Majority replicated index: 3, Committed index: 3, Last appended: 3.3, Last appended by leader: 3, Current term: 4, Majority size: 2, State: 0, Mode: LEADER, active raft config: opid_index: -1 OBSOLETE_local: false peers { permanent_uuid: "c847f172ac1f4838987340197d4e0f75" member_type: VOTER last_known_addr { host: "127.19.53.129" port: 46487 } } peers { permanent_uuid: "c5ed500bf5f74731af19959975975661" member_type: VOTER last_known_addr { host: "127.19.53.130" port: 45919 } } peers { permanent_uuid: "9352e2e87b084cba83c555d6cbff9284" member_type: VOTER last_known_addr { host: "127.19.53.131" port: 37853 } }
I20260709 12:23:10.329594 20406 raft_consensus.cc:2468] T 125cbc329b2b4cce88e48026ddf7dfa5 P c5ed500bf5f74731af19959975975661 [term 4 FOLLOWER]: Leader election vote request: Granting yes vote for candidate 9352e2e87b084cba83c555d6cbff9284 in term 4.
I20260709 12:23:10.333149 20229 catalog_manager.cc:5697] T 125cbc329b2b4cce88e48026ddf7dfa5 P 9352e2e87b084cba83c555d6cbff9284 reported cstate change: term changed from 3 to 4, leader changed from c847f172ac1f4838987340197d4e0f75 (127.19.53.129) to 9352e2e87b084cba83c555d6cbff9284 (127.19.53.131). New cstate: current_term: 4 leader_uuid: "9352e2e87b084cba83c555d6cbff9284" committed_config { opid_index: -1 OBSOLETE_local: false peers { permanent_uuid: "c847f172ac1f4838987340197d4e0f75" member_type: VOTER last_known_addr { host: "127.19.53.129" port: 46487 } health_report { overall_health: UNKNOWN } } peers { permanent_uuid: "c5ed500bf5f74731af19959975975661" member_type: VOTER last_known_addr { host: "127.19.53.130" port: 45919 } health_report { overall_health: UNKNOWN } } peers { permanent_uuid: "9352e2e87b084cba83c555d6cbff9284" member_type: VOTER last_known_addr { host: "127.19.53.131" port: 37853 } health_report { overall_health: HEALTHY } } }
I20260709 12:23:10.461705 20683 raft_consensus.cc:993] T b031fa927d794b8c8ab0e6f0eca15da1 P c847f172ac1f4838987340197d4e0f75: : Instructing follower 9352e2e87b084cba83c555d6cbff9284 to start an election
I20260709 12:23:10.462287 20677 raft_consensus.cc:1081] T b031fa927d794b8c8ab0e6f0eca15da1 P c847f172ac1f4838987340197d4e0f75 [term 3 LEADER]: Signalling peer 9352e2e87b084cba83c555d6cbff9284 to start an election
I20260709 12:23:10.463882 20479 tablet_service.cc:2044] Received Run Leader Election RPC: tablet_id: "b031fa927d794b8c8ab0e6f0eca15da1"
dest_uuid: "9352e2e87b084cba83c555d6cbff9284"
 from {username='slave'} at 127.0.0.1:41534
I20260709 12:23:10.464504 20479 raft_consensus.cc:493] T b031fa927d794b8c8ab0e6f0eca15da1 P 9352e2e87b084cba83c555d6cbff9284 [term 3 FOLLOWER]: Starting forced leader election (received explicit request)
I20260709 12:23:10.464986 20479 raft_consensus.cc:3060] T b031fa927d794b8c8ab0e6f0eca15da1 P 9352e2e87b084cba83c555d6cbff9284 [term 3 FOLLOWER]: Advancing to term 4
I20260709 12:23:10.473467 20479 raft_consensus.cc:515] T b031fa927d794b8c8ab0e6f0eca15da1 P 9352e2e87b084cba83c555d6cbff9284 [term 4 FOLLOWER]: Starting forced leader election with config: opid_index: -1 OBSOLETE_local: false peers { permanent_uuid: "c847f172ac1f4838987340197d4e0f75" member_type: VOTER last_known_addr { host: "127.19.53.129" port: 46487 } } peers { permanent_uuid: "c5ed500bf5f74731af19959975975661" member_type: VOTER last_known_addr { host: "127.19.53.130" port: 45919 } } peers { permanent_uuid: "9352e2e87b084cba83c555d6cbff9284" member_type: VOTER last_known_addr { host: "127.19.53.131" port: 37853 } }
I20260709 12:23:10.476042 20479 leader_election.cc:290] T b031fa927d794b8c8ab0e6f0eca15da1 P 9352e2e87b084cba83c555d6cbff9284 [CANDIDATE]: Term 4 election: Requested vote from peers c847f172ac1f4838987340197d4e0f75 (127.19.53.129:46487), c5ed500bf5f74731af19959975975661 (127.19.53.130:45919)
I20260709 12:23:10.476708 20332 tablet_service.cc:1917] Received RequestConsensusVote() RPC: tablet_id: "b031fa927d794b8c8ab0e6f0eca15da1" candidate_uuid: "9352e2e87b084cba83c555d6cbff9284" candidate_term: 4 candidate_status { last_received { term: 3 index: 3 } } ignore_live_leader: true dest_uuid: "c847f172ac1f4838987340197d4e0f75"
I20260709 12:23:10.477312 20406 tablet_service.cc:1917] Received RequestConsensusVote() RPC: tablet_id: "b031fa927d794b8c8ab0e6f0eca15da1" candidate_uuid: "9352e2e87b084cba83c555d6cbff9284" candidate_term: 4 candidate_status { last_received { term: 3 index: 3 } } ignore_live_leader: true dest_uuid: "c5ed500bf5f74731af19959975975661"
I20260709 12:23:10.477597 20332 raft_consensus.cc:3055] T b031fa927d794b8c8ab0e6f0eca15da1 P c847f172ac1f4838987340197d4e0f75 [term 3 LEADER]: Stepping down as leader of term 3
I20260709 12:23:10.477882 20406 raft_consensus.cc:3060] T b031fa927d794b8c8ab0e6f0eca15da1 P c5ed500bf5f74731af19959975975661 [term 3 FOLLOWER]: Advancing to term 4
I20260709 12:23:10.477918 20332 raft_consensus.cc:740] T b031fa927d794b8c8ab0e6f0eca15da1 P c847f172ac1f4838987340197d4e0f75 [term 3 LEADER]: Becoming Follower/Learner. State: Replica: c847f172ac1f4838987340197d4e0f75, State: Running, Role: LEADER
I20260709 12:23:10.478866 20332 consensus_queue.cc:260] T b031fa927d794b8c8ab0e6f0eca15da1 P c847f172ac1f4838987340197d4e0f75 [NON_LEADER]: Queue going to NON_LEADER mode. State: All replicated index: 0, Majority replicated index: 3, Committed index: 3, Last appended: 3.3, Last appended by leader: 3, Current term: 3, Majority size: -1, State: 0, Mode: NON_LEADER, active raft config: opid_index: -1 OBSOLETE_local: false peers { permanent_uuid: "c847f172ac1f4838987340197d4e0f75" member_type: VOTER last_known_addr { host: "127.19.53.129" port: 46487 } } peers { permanent_uuid: "c5ed500bf5f74731af19959975975661" member_type: VOTER last_known_addr { host: "127.19.53.130" port: 45919 } } peers { permanent_uuid: "9352e2e87b084cba83c555d6cbff9284" member_type: VOTER last_known_addr { host: "127.19.53.131" port: 37853 } }
I20260709 12:23:10.480018 20332 raft_consensus.cc:3060] T b031fa927d794b8c8ab0e6f0eca15da1 P c847f172ac1f4838987340197d4e0f75 [term 3 FOLLOWER]: Advancing to term 4
I20260709 12:23:10.484177 20406 raft_consensus.cc:2468] T b031fa927d794b8c8ab0e6f0eca15da1 P c5ed500bf5f74731af19959975975661 [term 4 FOLLOWER]: Leader election vote request: Granting yes vote for candidate 9352e2e87b084cba83c555d6cbff9284 in term 4.
I20260709 12:23:10.485486 20444 leader_election.cc:304] T b031fa927d794b8c8ab0e6f0eca15da1 P 9352e2e87b084cba83c555d6cbff9284 [CANDIDATE]: Term 4 election: Election decided. Result: candidate won. Election summary: received 2 responses out of 3 voters: 2 yes votes; 0 no votes. yes voters: 9352e2e87b084cba83c555d6cbff9284, c5ed500bf5f74731af19959975975661; no voters: 
I20260709 12:23:10.486068 20332 raft_consensus.cc:2468] T b031fa927d794b8c8ab0e6f0eca15da1 P c847f172ac1f4838987340197d4e0f75 [term 4 FOLLOWER]: Leader election vote request: Granting yes vote for candidate 9352e2e87b084cba83c555d6cbff9284 in term 4.
I20260709 12:23:10.486274 20658 raft_consensus.cc:2804] T b031fa927d794b8c8ab0e6f0eca15da1 P 9352e2e87b084cba83c555d6cbff9284 [term 4 FOLLOWER]: Leader election won for term 4
I20260709 12:23:10.486882 20658 raft_consensus.cc:697] T b031fa927d794b8c8ab0e6f0eca15da1 P 9352e2e87b084cba83c555d6cbff9284 [term 4 LEADER]: Becoming Leader. State: Replica: 9352e2e87b084cba83c555d6cbff9284, State: Running, Role: LEADER
I20260709 12:23:10.487885 20658 consensus_queue.cc:237] T b031fa927d794b8c8ab0e6f0eca15da1 P 9352e2e87b084cba83c555d6cbff9284 [LEADER]: Queue going to LEADER mode. State: All replicated index: 0, Majority replicated index: 3, Committed index: 3, Last appended: 3.3, Last appended by leader: 3, Current term: 4, Majority size: 2, State: 0, Mode: LEADER, active raft config: opid_index: -1 OBSOLETE_local: false peers { permanent_uuid: "c847f172ac1f4838987340197d4e0f75" member_type: VOTER last_known_addr { host: "127.19.53.129" port: 46487 } } peers { permanent_uuid: "c5ed500bf5f74731af19959975975661" member_type: VOTER last_known_addr { host: "127.19.53.130" port: 45919 } } peers { permanent_uuid: "9352e2e87b084cba83c555d6cbff9284" member_type: VOTER last_known_addr { host: "127.19.53.131" port: 37853 } }
I20260709 12:23:10.498001 20229 catalog_manager.cc:5697] T b031fa927d794b8c8ab0e6f0eca15da1 P 9352e2e87b084cba83c555d6cbff9284 reported cstate change: term changed from 3 to 4, leader changed from c847f172ac1f4838987340197d4e0f75 (127.19.53.129) to 9352e2e87b084cba83c555d6cbff9284 (127.19.53.131). New cstate: current_term: 4 leader_uuid: "9352e2e87b084cba83c555d6cbff9284" committed_config { opid_index: -1 OBSOLETE_local: false peers { permanent_uuid: "c847f172ac1f4838987340197d4e0f75" member_type: VOTER last_known_addr { host: "127.19.53.129" port: 46487 } health_report { overall_health: UNKNOWN } } peers { permanent_uuid: "c5ed500bf5f74731af19959975975661" member_type: VOTER last_known_addr { host: "127.19.53.130" port: 45919 } health_report { overall_health: UNKNOWN } } peers { permanent_uuid: "9352e2e87b084cba83c555d6cbff9284" member_type: VOTER last_known_addr { host: "127.19.53.131" port: 37853 } health_report { overall_health: HEALTHY } } }
I20260709 12:23:10.582360 20332 raft_consensus.cc:1275] T 84769e84cb5e40d98ab2445fdce3f7bb P c847f172ac1f4838987340197d4e0f75 [term 3 FOLLOWER]: Refusing update from remote peer c5ed500bf5f74731af19959975975661: Log matching property violated. Preceding OpId in replica: term: 2 index: 2. Preceding OpId from leader: term: 3 index: 3. (index mismatch)
I20260709 12:23:10.584250 20651 consensus_queue.cc:1048] T 84769e84cb5e40d98ab2445fdce3f7bb P c5ed500bf5f74731af19959975975661 [LEADER]: Connected to new peer: Peer: permanent_uuid: "c847f172ac1f4838987340197d4e0f75" member_type: VOTER last_known_addr { host: "127.19.53.129" port: 46487 }, Status: LMP_MISMATCH, Last received: 0.0, Next index: 3, Last known committed idx: 2, Time since last communication: 0.001s
I20260709 12:23:10.606472 20479 raft_consensus.cc:1275] T 84769e84cb5e40d98ab2445fdce3f7bb P 9352e2e87b084cba83c555d6cbff9284 [term 3 FOLLOWER]: Refusing update from remote peer c5ed500bf5f74731af19959975975661: Log matching property violated. Preceding OpId in replica: term: 2 index: 2. Preceding OpId from leader: term: 3 index: 3. (index mismatch)
I20260709 12:23:10.608244 20651 consensus_queue.cc:1048] T 84769e84cb5e40d98ab2445fdce3f7bb P c5ed500bf5f74731af19959975975661 [LEADER]: Connected to new peer: Peer: permanent_uuid: "9352e2e87b084cba83c555d6cbff9284" member_type: VOTER last_known_addr { host: "127.19.53.131" port: 37853 }, Status: LMP_MISMATCH, Last received: 0.0, Next index: 3, Last known committed idx: 2, Time since last communication: 0.000s
I20260709 12:23:10.704653 20332 raft_consensus.cc:1275] T 3edc64c6be354ea3b454835ab12c932d P c847f172ac1f4838987340197d4e0f75 [term 3 FOLLOWER]: Refusing update from remote peer c5ed500bf5f74731af19959975975661: Log matching property violated. Preceding OpId in replica: term: 2 index: 2. Preceding OpId from leader: term: 3 index: 3. (index mismatch)
I20260709 12:23:10.706007 20651 consensus_queue.cc:1048] T 3edc64c6be354ea3b454835ab12c932d P c5ed500bf5f74731af19959975975661 [LEADER]: Connected to new peer: Peer: permanent_uuid: "c847f172ac1f4838987340197d4e0f75" member_type: VOTER last_known_addr { host: "127.19.53.129" port: 46487 }, Status: LMP_MISMATCH, Last received: 0.0, Next index: 3, Last known committed idx: 2, Time since last communication: 0.000s
I20260709 12:23:10.717191 20481 raft_consensus.cc:1275] T 3edc64c6be354ea3b454835ab12c932d P 9352e2e87b084cba83c555d6cbff9284 [term 3 FOLLOWER]: Refusing update from remote peer c5ed500bf5f74731af19959975975661: Log matching property violated. Preceding OpId in replica: term: 2 index: 2. Preceding OpId from leader: term: 3 index: 3. (index mismatch)
I20260709 12:23:10.719477 20701 consensus_queue.cc:1048] T 3edc64c6be354ea3b454835ab12c932d P c5ed500bf5f74731af19959975975661 [LEADER]: Connected to new peer: Peer: permanent_uuid: "9352e2e87b084cba83c555d6cbff9284" member_type: VOTER last_known_addr { host: "127.19.53.131" port: 37853 }, Status: LMP_MISMATCH, Last received: 0.0, Next index: 3, Last known committed idx: 2, Time since last communication: 0.002s
I20260709 12:23:10.795146 20406 raft_consensus.cc:1275] T 125cbc329b2b4cce88e48026ddf7dfa5 P c5ed500bf5f74731af19959975975661 [term 4 FOLLOWER]: Refusing update from remote peer 9352e2e87b084cba83c555d6cbff9284: Log matching property violated. Preceding OpId in replica: term: 3 index: 3. Preceding OpId from leader: term: 4 index: 4. (index mismatch)
I20260709 12:23:10.796331 20658 consensus_queue.cc:1048] T 125cbc329b2b4cce88e48026ddf7dfa5 P 9352e2e87b084cba83c555d6cbff9284 [LEADER]: Connected to new peer: Peer: permanent_uuid: "c5ed500bf5f74731af19959975975661" member_type: VOTER last_known_addr { host: "127.19.53.130" port: 45919 }, Status: LMP_MISMATCH, Last received: 0.0, Next index: 4, Last known committed idx: 3, Time since last communication: 0.000s
I20260709 12:23:10.807662 20332 raft_consensus.cc:1275] T 125cbc329b2b4cce88e48026ddf7dfa5 P c847f172ac1f4838987340197d4e0f75 [term 4 FOLLOWER]: Refusing update from remote peer 9352e2e87b084cba83c555d6cbff9284: Log matching property violated. Preceding OpId in replica: term: 3 index: 3. Preceding OpId from leader: term: 4 index: 4. (index mismatch)
I20260709 12:23:10.808971 20658 consensus_queue.cc:1048] T 125cbc329b2b4cce88e48026ddf7dfa5 P 9352e2e87b084cba83c555d6cbff9284 [LEADER]: Connected to new peer: Peer: permanent_uuid: "c847f172ac1f4838987340197d4e0f75" member_type: VOTER last_known_addr { host: "127.19.53.129" port: 46487 }, Status: LMP_MISMATCH, Last received: 0.0, Next index: 4, Last known committed idx: 3, Time since last communication: 0.000s
I20260709 12:23:10.874482 20332 raft_consensus.cc:1275] T b031fa927d794b8c8ab0e6f0eca15da1 P c847f172ac1f4838987340197d4e0f75 [term 4 FOLLOWER]: Refusing update from remote peer 9352e2e87b084cba83c555d6cbff9284: Log matching property violated. Preceding OpId in replica: term: 3 index: 3. Preceding OpId from leader: term: 4 index: 4. (index mismatch)
I20260709 12:23:10.875696 20658 consensus_queue.cc:1048] T b031fa927d794b8c8ab0e6f0eca15da1 P 9352e2e87b084cba83c555d6cbff9284 [LEADER]: Connected to new peer: Peer: permanent_uuid: "c847f172ac1f4838987340197d4e0f75" member_type: VOTER last_known_addr { host: "127.19.53.129" port: 46487 }, Status: LMP_MISMATCH, Last received: 0.0, Next index: 4, Last known committed idx: 3, Time since last communication: 0.000s
I20260709 12:23:10.886168 20406 raft_consensus.cc:1275] T b031fa927d794b8c8ab0e6f0eca15da1 P c5ed500bf5f74731af19959975975661 [term 4 FOLLOWER]: Refusing update from remote peer 9352e2e87b084cba83c555d6cbff9284: Log matching property violated. Preceding OpId in replica: term: 3 index: 3. Preceding OpId from leader: term: 4 index: 4. (index mismatch)
I20260709 12:23:10.887593 20691 consensus_queue.cc:1048] T b031fa927d794b8c8ab0e6f0eca15da1 P 9352e2e87b084cba83c555d6cbff9284 [LEADER]: Connected to new peer: Peer: permanent_uuid: "c5ed500bf5f74731af19959975975661" member_type: VOTER last_known_addr { host: "127.19.53.130" port: 45919 }, Status: LMP_MISMATCH, Last received: 0.0, Next index: 4, Last known committed idx: 3, Time since last communication: 0.001s
I20260709 12:23:11.078704 19670 auto_leader_rebalancer.cc:141] leader rebalance for table test-workload
I20260709 12:23:11.084772 19670 auto_leader_rebalancer.cc:440] table: test-workload, leader rebalance finish, leader transfer count: 0
I20260709 12:23:11.085413 19670 auto_leader_rebalancer.cc:515] All tables' leader rebalancing finished this round
I20260709 12:23:12.086591 19670 auto_leader_rebalancer.cc:141] leader rebalance for table test-workload
I20260709 12:23:12.091892 19670 auto_leader_rebalancer.cc:440] table: test-workload, leader rebalance finish, leader transfer count: 0
I20260709 12:23:12.092337 19670 auto_leader_rebalancer.cc:515] All tables' leader rebalancing finished this round
I20260709 12:23:13.093297 19670 auto_leader_rebalancer.cc:141] leader rebalance for table test-workload
I20260709 12:23:13.099386 19670 auto_leader_rebalancer.cc:440] table: test-workload, leader rebalance finish, leader transfer count: 0
I20260709 12:23:13.099830 19670 auto_leader_rebalancer.cc:515] All tables' leader rebalancing finished this round
I20260709 12:23:14.100807 19670 auto_leader_rebalancer.cc:141] leader rebalance for table test-workload
I20260709 12:23:14.106575 19670 auto_leader_rebalancer.cc:440] table: test-workload, leader rebalance finish, leader transfer count: 0
I20260709 12:23:14.107064 19670 auto_leader_rebalancer.cc:515] All tables' leader rebalancing finished this round
I20260709 12:23:15.107935 19670 auto_leader_rebalancer.cc:141] leader rebalance for table test-workload
I20260709 12:23:15.114465 19670 auto_leader_rebalancer.cc:440] table: test-workload, leader rebalance finish, leader transfer count: 0
I20260709 12:23:15.114929 19670 auto_leader_rebalancer.cc:515] All tables' leader rebalancing finished this round
I20260709 12:23:16.115988 19670 auto_leader_rebalancer.cc:141] leader rebalance for table test-workload
I20260709 12:23:16.122596 19670 auto_leader_rebalancer.cc:440] table: test-workload, leader rebalance finish, leader transfer count: 0
I20260709 12:23:16.123060 19670 auto_leader_rebalancer.cc:515] All tables' leader rebalancing finished this round
I20260709 12:23:17.123926 19670 auto_leader_rebalancer.cc:141] leader rebalance for table test-workload
