I20260709 12:22:53.863731 20597 consensus_queue.cc:237] T 125cbc329b2b4cce88e48026ddf7dfa5 P c5ed500bf5f74731af19959975975661 [LEADER]: Queue going to LEADER mode. State: All replicated index: 0, Majority replicated index: 1, Committed index: 1, Last appended: 1.1, Last appended by leader: 1, Current term: 2, Majority size: 2, State: 0, Mode: LEADER, active raft config: opid_index: -1 OBSOLETE_local: false peers { permanent_uuid: "c847f172ac1f4838987340197d4e0f75" member_type: VOTER last_known_addr { host: "127.19.53.129" port: 46487 } } peers { permanent_uuid: "c5ed500bf5f74731af19959975975661" member_type: VOTER last_known_addr { host: "127.19.53.130" port: 45919 } } peers { permanent_uuid: "9352e2e87b084cba83c555d6cbff9284" member_type: VOTER last_known_addr { host: "127.19.53.131" port: 37853 } }
I20260709 12:22:53.866597 20371 leader_election.cc:304] T 51cc5d15de0747ff9debc5ee6ed3bc0f P c5ed500bf5f74731af19959975975661 [CANDIDATE]: Term 2 election: Election decided. Result: candidate won. Election summary: received 2 responses out of 3 voters: 2 yes votes; 0 no votes. yes voters: c5ed500bf5f74731af19959975975661, c847f172ac1f4838987340197d4e0f75; no voters: 
I20260709 12:22:53.867441 20527 raft_consensus.cc:2804] T 51cc5d15de0747ff9debc5ee6ed3bc0f P c5ed500bf5f74731af19959975975661 [term 2 FOLLOWER]: Leader election won for term 2
I20260709 12:22:53.867964 20527 raft_consensus.cc:697] T 51cc5d15de0747ff9debc5ee6ed3bc0f P c5ed500bf5f74731af19959975975661 [term 2 LEADER]: Becoming Leader. State: Replica: c5ed500bf5f74731af19959975975661, State: Running, Role: LEADER
I20260709 12:22:53.868145 20481 raft_consensus.cc:2468] T 125cbc329b2b4cce88e48026ddf7dfa5 P 9352e2e87b084cba83c555d6cbff9284 [term 2 FOLLOWER]: Leader election vote request: Granting yes vote for candidate c5ed500bf5f74731af19959975975661 in term 2.
I20260709 12:22:53.868803 20527 consensus_queue.cc:237] T 51cc5d15de0747ff9debc5ee6ed3bc0f P c5ed500bf5f74731af19959975975661 [LEADER]: Queue going to LEADER mode. State: All replicated index: 0, Majority replicated index: 1, Committed index: 1, Last appended: 1.1, Last appended by leader: 1, Current term: 2, Majority size: 2, State: 0, Mode: LEADER, active raft config: opid_index: -1 OBSOLETE_local: false peers { permanent_uuid: "c847f172ac1f4838987340197d4e0f75" member_type: VOTER last_known_addr { host: "127.19.53.129" port: 46487 } } peers { permanent_uuid: "c5ed500bf5f74731af19959975975661" member_type: VOTER last_known_addr { host: "127.19.53.130" port: 45919 } } peers { permanent_uuid: "9352e2e87b084cba83c555d6cbff9284" member_type: VOTER last_known_addr { host: "127.19.53.131" port: 37853 } }
I20260709 12:22:53.870600 20480 raft_consensus.cc:2468] T 51cc5d15de0747ff9debc5ee6ed3bc0f P 9352e2e87b084cba83c555d6cbff9284 [term 2 FOLLOWER]: Leader election vote request: Granting yes vote for candidate c5ed500bf5f74731af19959975975661 in term 2.
I20260709 12:22:53.873174 20228 catalog_manager.cc:5697] T 125cbc329b2b4cce88e48026ddf7dfa5 P c5ed500bf5f74731af19959975975661 reported cstate change: term changed from 1 to 2, leader changed from 9352e2e87b084cba83c555d6cbff9284 (127.19.53.131) to c5ed500bf5f74731af19959975975661 (127.19.53.130). New cstate: current_term: 2 leader_uuid: "c5ed500bf5f74731af19959975975661" committed_config { opid_index: -1 OBSOLETE_local: false peers { permanent_uuid: "c847f172ac1f4838987340197d4e0f75" member_type: VOTER last_known_addr { host: "127.19.53.129" port: 46487 } health_report { overall_health: UNKNOWN } } peers { permanent_uuid: "c5ed500bf5f74731af19959975975661" member_type: VOTER last_known_addr { host: "127.19.53.130" port: 45919 } health_report { overall_health: HEALTHY } } peers { permanent_uuid: "9352e2e87b084cba83c555d6cbff9284" member_type: VOTER last_known_addr { host: "127.19.53.131" port: 37853 } health_report { overall_health: UNKNOWN } } }
I20260709 12:22:53.884971 20228 catalog_manager.cc:5697] T 51cc5d15de0747ff9debc5ee6ed3bc0f P c5ed500bf5f74731af19959975975661 reported cstate change: term changed from 1 to 2, leader changed from c847f172ac1f4838987340197d4e0f75 (127.19.53.129) to c5ed500bf5f74731af19959975975661 (127.19.53.130). New cstate: current_term: 2 leader_uuid: "c5ed500bf5f74731af19959975975661" committed_config { opid_index: -1 OBSOLETE_local: false peers { permanent_uuid: "c847f172ac1f4838987340197d4e0f75" member_type: VOTER last_known_addr { host: "127.19.53.129" port: 46487 } health_report { overall_health: UNKNOWN } } peers { permanent_uuid: "c5ed500bf5f74731af19959975975661" member_type: VOTER last_known_addr { host: "127.19.53.130" port: 45919 } health_report { overall_health: HEALTHY } } peers { permanent_uuid: "9352e2e87b084cba83c555d6cbff9284" member_type: VOTER last_known_addr { host: "127.19.53.131" port: 37853 } health_report { overall_health: UNKNOWN } } }
I20260709 12:22:53.941283 20597 raft_consensus.cc:993] T 9b9610885fdd43c7832fe55c1d5a61b4 P c5ed500bf5f74731af19959975975661: : Instructing follower c847f172ac1f4838987340197d4e0f75 to start an election
I20260709 12:22:53.941735 20527 raft_consensus.cc:1081] T 9b9610885fdd43c7832fe55c1d5a61b4 P c5ed500bf5f74731af19959975975661 [term 1 LEADER]: Signalling peer c847f172ac1f4838987340197d4e0f75 to start an election
I20260709 12:22:53.943164 20332 tablet_service.cc:2044] Received Run Leader Election RPC: tablet_id: "9b9610885fdd43c7832fe55c1d5a61b4"
dest_uuid: "c847f172ac1f4838987340197d4e0f75"
 from {username='slave'} at 127.0.0.1:40430
I20260709 12:22:53.943643 20332 raft_consensus.cc:493] T 9b9610885fdd43c7832fe55c1d5a61b4 P c847f172ac1f4838987340197d4e0f75 [term 1 FOLLOWER]: Starting forced leader election (received explicit request)
I20260709 12:22:53.943943 20332 raft_consensus.cc:3060] T 9b9610885fdd43c7832fe55c1d5a61b4 P c847f172ac1f4838987340197d4e0f75 [term 1 FOLLOWER]: Advancing to term 2
I20260709 12:22:53.948489 20332 raft_consensus.cc:515] T 9b9610885fdd43c7832fe55c1d5a61b4 P c847f172ac1f4838987340197d4e0f75 [term 2 FOLLOWER]: Starting forced leader election with config: opid_index: -1 OBSOLETE_local: false peers { permanent_uuid: "c847f172ac1f4838987340197d4e0f75" member_type: VOTER last_known_addr { host: "127.19.53.129" port: 46487 } } peers { permanent_uuid: "c5ed500bf5f74731af19959975975661" member_type: VOTER last_known_addr { host: "127.19.53.130" port: 45919 } } peers { permanent_uuid: "9352e2e87b084cba83c555d6cbff9284" member_type: VOTER last_known_addr { host: "127.19.53.131" port: 37853 } }
I20260709 12:22:53.950129 20332 leader_election.cc:290] T 9b9610885fdd43c7832fe55c1d5a61b4 P c847f172ac1f4838987340197d4e0f75 [CANDIDATE]: Term 2 election: Requested vote from peers c5ed500bf5f74731af19959975975661 (127.19.53.130:45919), 9352e2e87b084cba83c555d6cbff9284 (127.19.53.131:37853)
I20260709 12:22:53.951067 20405 tablet_service.cc:1917] Received RequestConsensusVote() RPC: tablet_id: "9b9610885fdd43c7832fe55c1d5a61b4" candidate_uuid: "c847f172ac1f4838987340197d4e0f75" candidate_term: 2 candidate_status { last_received { term: 1 index: 1 } } ignore_live_leader: true dest_uuid: "c5ed500bf5f74731af19959975975661"
I20260709 12:22:53.951327 20480 tablet_service.cc:1917] Received RequestConsensusVote() RPC: tablet_id: "9b9610885fdd43c7832fe55c1d5a61b4" candidate_uuid: "c847f172ac1f4838987340197d4e0f75" candidate_term: 2 candidate_status { last_received { term: 1 index: 1 } } ignore_live_leader: true dest_uuid: "9352e2e87b084cba83c555d6cbff9284"
I20260709 12:22:53.951710 20405 raft_consensus.cc:3055] T 9b9610885fdd43c7832fe55c1d5a61b4 P c5ed500bf5f74731af19959975975661 [term 1 LEADER]: Stepping down as leader of term 1
I20260709 12:22:53.951821 20480 raft_consensus.cc:3060] T 9b9610885fdd43c7832fe55c1d5a61b4 P 9352e2e87b084cba83c555d6cbff9284 [term 1 FOLLOWER]: Advancing to term 2
I20260709 12:22:53.952070 20405 raft_consensus.cc:740] T 9b9610885fdd43c7832fe55c1d5a61b4 P c5ed500bf5f74731af19959975975661 [term 1 LEADER]: Becoming Follower/Learner. State: Replica: c5ed500bf5f74731af19959975975661, State: Running, Role: LEADER
I20260709 12:22:53.952908 20405 consensus_queue.cc:260] T 9b9610885fdd43c7832fe55c1d5a61b4 P c5ed500bf5f74731af19959975975661 [NON_LEADER]: Queue going to NON_LEADER mode. State: All replicated index: 0, Majority replicated index: 1, Committed index: 1, Last appended: 1.1, Last appended by leader: 1, Current term: 1, Majority size: -1, State: 0, Mode: NON_LEADER, active raft config: opid_index: -1 OBSOLETE_local: false peers { permanent_uuid: "c847f172ac1f4838987340197d4e0f75" member_type: VOTER last_known_addr { host: "127.19.53.129" port: 46487 } } peers { permanent_uuid: "c5ed500bf5f74731af19959975975661" member_type: VOTER last_known_addr { host: "127.19.53.130" port: 45919 } } peers { permanent_uuid: "9352e2e87b084cba83c555d6cbff9284" member_type: VOTER last_known_addr { host: "127.19.53.131" port: 37853 } }
I20260709 12:22:53.954103 20405 raft_consensus.cc:3060] T 9b9610885fdd43c7832fe55c1d5a61b4 P c5ed500bf5f74731af19959975975661 [term 1 FOLLOWER]: Advancing to term 2
I20260709 12:22:53.958891 20480 raft_consensus.cc:2468] T 9b9610885fdd43c7832fe55c1d5a61b4 P 9352e2e87b084cba83c555d6cbff9284 [term 2 FOLLOWER]: Leader election vote request: Granting yes vote for candidate c847f172ac1f4838987340197d4e0f75 in term 2.
I20260709 12:22:53.960116 20297 leader_election.cc:304] T 9b9610885fdd43c7832fe55c1d5a61b4 P c847f172ac1f4838987340197d4e0f75 [CANDIDATE]: Term 2 election: Election decided. Result: candidate won. Election summary: received 2 responses out of 3 voters: 2 yes votes; 0 no votes. yes voters: 9352e2e87b084cba83c555d6cbff9284, c847f172ac1f4838987340197d4e0f75; no voters: 
I20260709 12:22:53.960804 20529 raft_consensus.cc:2804] T 9b9610885fdd43c7832fe55c1d5a61b4 P c847f172ac1f4838987340197d4e0f75 [term 2 FOLLOWER]: Leader election won for term 2
I20260709 12:22:53.960743 20405 raft_consensus.cc:2468] T 9b9610885fdd43c7832fe55c1d5a61b4 P c5ed500bf5f74731af19959975975661 [term 2 FOLLOWER]: Leader election vote request: Granting yes vote for candidate c847f172ac1f4838987340197d4e0f75 in term 2.
I20260709 12:22:53.961372 20529 raft_consensus.cc:697] T 9b9610885fdd43c7832fe55c1d5a61b4 P c847f172ac1f4838987340197d4e0f75 [term 2 LEADER]: Becoming Leader. State: Replica: c847f172ac1f4838987340197d4e0f75, State: Running, Role: LEADER
I20260709 12:22:53.962257 20529 consensus_queue.cc:237] T 9b9610885fdd43c7832fe55c1d5a61b4 P c847f172ac1f4838987340197d4e0f75 [LEADER]: Queue going to LEADER mode. State: All replicated index: 0, Majority replicated index: 1, Committed index: 1, Last appended: 1.1, Last appended by leader: 1, Current term: 2, Majority size: 2, State: 0, Mode: LEADER, active raft config: opid_index: -1 OBSOLETE_local: false peers { permanent_uuid: "c847f172ac1f4838987340197d4e0f75" member_type: VOTER last_known_addr { host: "127.19.53.129" port: 46487 } } peers { permanent_uuid: "c5ed500bf5f74731af19959975975661" member_type: VOTER last_known_addr { host: "127.19.53.130" port: 45919 } } peers { permanent_uuid: "9352e2e87b084cba83c555d6cbff9284" member_type: VOTER last_known_addr { host: "127.19.53.131" port: 37853 } }
I20260709 12:22:53.968124 20228 catalog_manager.cc:5697] T 9b9610885fdd43c7832fe55c1d5a61b4 P c847f172ac1f4838987340197d4e0f75 reported cstate change: term changed from 1 to 2, leader changed from c5ed500bf5f74731af19959975975661 (127.19.53.130) to c847f172ac1f4838987340197d4e0f75 (127.19.53.129). New cstate: current_term: 2 leader_uuid: "c847f172ac1f4838987340197d4e0f75" committed_config { opid_index: -1 OBSOLETE_local: false peers { permanent_uuid: "c847f172ac1f4838987340197d4e0f75" member_type: VOTER last_known_addr { host: "127.19.53.129" port: 46487 } health_report { overall_health: HEALTHY } } peers { permanent_uuid: "c5ed500bf5f74731af19959975975661" member_type: VOTER last_known_addr { host: "127.19.53.130" port: 45919 } health_report { overall_health: UNKNOWN } } peers { permanent_uuid: "9352e2e87b084cba83c555d6cbff9284" member_type: VOTER last_known_addr { host: "127.19.53.131" port: 37853 } health_report { overall_health: UNKNOWN } } }
I20260709 12:22:54.000422 20528 raft_consensus.cc:993] T b031fa927d794b8c8ab0e6f0eca15da1 P 9352e2e87b084cba83c555d6cbff9284: : Instructing follower c5ed500bf5f74731af19959975975661 to start an election
I20260709 12:22:54.000890 20528 raft_consensus.cc:1081] T b031fa927d794b8c8ab0e6f0eca15da1 P 9352e2e87b084cba83c555d6cbff9284 [term 1 LEADER]: Signalling peer c5ed500bf5f74731af19959975975661 to start an election
I20260709 12:22:54.002369 20405 tablet_service.cc:2044] Received Run Leader Election RPC: tablet_id: "b031fa927d794b8c8ab0e6f0eca15da1"
dest_uuid: "c5ed500bf5f74731af19959975975661"
 from {username='slave'} at 127.0.0.1:48288
I20260709 12:22:54.002894 20405 raft_consensus.cc:493] T b031fa927d794b8c8ab0e6f0eca15da1 P c5ed500bf5f74731af19959975975661 [term 1 FOLLOWER]: Starting forced leader election (received explicit request)
I20260709 12:22:54.003182 20405 raft_consensus.cc:3060] T b031fa927d794b8c8ab0e6f0eca15da1 P c5ed500bf5f74731af19959975975661 [term 1 FOLLOWER]: Advancing to term 2
I20260709 12:22:54.007752 20405 raft_consensus.cc:515] T b031fa927d794b8c8ab0e6f0eca15da1 P c5ed500bf5f74731af19959975975661 [term 2 FOLLOWER]: Starting forced leader election with config: opid_index: -1 OBSOLETE_local: false peers { permanent_uuid: "c847f172ac1f4838987340197d4e0f75" member_type: VOTER last_known_addr { host: "127.19.53.129" port: 46487 } } peers { permanent_uuid: "c5ed500bf5f74731af19959975975661" member_type: VOTER last_known_addr { host: "127.19.53.130" port: 45919 } } peers { permanent_uuid: "9352e2e87b084cba83c555d6cbff9284" member_type: VOTER last_known_addr { host: "127.19.53.131" port: 37853 } }
I20260709 12:22:54.009297 20405 leader_election.cc:290] T b031fa927d794b8c8ab0e6f0eca15da1 P c5ed500bf5f74731af19959975975661 [CANDIDATE]: Term 2 election: Requested vote from peers c847f172ac1f4838987340197d4e0f75 (127.19.53.129:46487), 9352e2e87b084cba83c555d6cbff9284 (127.19.53.131:37853)
I20260709 12:22:54.010149 20332 tablet_service.cc:1917] Received RequestConsensusVote() RPC: tablet_id: "b031fa927d794b8c8ab0e6f0eca15da1" candidate_uuid: "c5ed500bf5f74731af19959975975661" candidate_term: 2 candidate_status { last_received { term: 1 index: 1 } } ignore_live_leader: true dest_uuid: "c847f172ac1f4838987340197d4e0f75"
I20260709 12:22:54.010352 20480 tablet_service.cc:1917] Received RequestConsensusVote() RPC: tablet_id: "b031fa927d794b8c8ab0e6f0eca15da1" candidate_uuid: "c5ed500bf5f74731af19959975975661" candidate_term: 2 candidate_status { last_received { term: 1 index: 1 } } ignore_live_leader: true dest_uuid: "9352e2e87b084cba83c555d6cbff9284"
I20260709 12:22:54.010779 20332 raft_consensus.cc:3060] T b031fa927d794b8c8ab0e6f0eca15da1 P c847f172ac1f4838987340197d4e0f75 [term 1 FOLLOWER]: Advancing to term 2
I20260709 12:22:54.010872 20480 raft_consensus.cc:3055] T b031fa927d794b8c8ab0e6f0eca15da1 P 9352e2e87b084cba83c555d6cbff9284 [term 1 LEADER]: Stepping down as leader of term 1
I20260709 12:22:54.011240 20480 raft_consensus.cc:740] T b031fa927d794b8c8ab0e6f0eca15da1 P 9352e2e87b084cba83c555d6cbff9284 [term 1 LEADER]: Becoming Follower/Learner. State: Replica: 9352e2e87b084cba83c555d6cbff9284, State: Running, Role: LEADER
I20260709 12:22:54.012053 20480 consensus_queue.cc:260] T b031fa927d794b8c8ab0e6f0eca15da1 P 9352e2e87b084cba83c555d6cbff9284 [NON_LEADER]: Queue going to NON_LEADER mode. State: All replicated index: 0, Majority replicated index: 1, Committed index: 1, Last appended: 1.1, Last appended by leader: 1, Current term: 1, Majority size: -1, State: 0, Mode: NON_LEADER, active raft config: opid_index: -1 OBSOLETE_local: false peers { permanent_uuid: "c847f172ac1f4838987340197d4e0f75" member_type: VOTER last_known_addr { host: "127.19.53.129" port: 46487 } } peers { permanent_uuid: "c5ed500bf5f74731af19959975975661" member_type: VOTER last_known_addr { host: "127.19.53.130" port: 45919 } } peers { permanent_uuid: "9352e2e87b084cba83c555d6cbff9284" member_type: VOTER last_known_addr { host: "127.19.53.131" port: 37853 } }
I20260709 12:22:54.013234 20480 raft_consensus.cc:3060] T b031fa927d794b8c8ab0e6f0eca15da1 P 9352e2e87b084cba83c555d6cbff9284 [term 1 FOLLOWER]: Advancing to term 2
I20260709 12:22:54.017782 20332 raft_consensus.cc:2468] T b031fa927d794b8c8ab0e6f0eca15da1 P c847f172ac1f4838987340197d4e0f75 [term 2 FOLLOWER]: Leader election vote request: Granting yes vote for candidate c5ed500bf5f74731af19959975975661 in term 2.
I20260709 12:22:54.019148 20371 leader_election.cc:304] T b031fa927d794b8c8ab0e6f0eca15da1 P c5ed500bf5f74731af19959975975661 [CANDIDATE]: Term 2 election: Election decided. Result: candidate won. Election summary: received 2 responses out of 3 voters: 2 yes votes; 0 no votes. yes voters: c5ed500bf5f74731af19959975975661, c847f172ac1f4838987340197d4e0f75; no voters: 
I20260709 12:22:54.019721 20480 raft_consensus.cc:2468] T b031fa927d794b8c8ab0e6f0eca15da1 P 9352e2e87b084cba83c555d6cbff9284 [term 2 FOLLOWER]: Leader election vote request: Granting yes vote for candidate c5ed500bf5f74731af19959975975661 in term 2.
I20260709 12:22:54.019954 20547 raft_consensus.cc:2804] T b031fa927d794b8c8ab0e6f0eca15da1 P c5ed500bf5f74731af19959975975661 [term 2 FOLLOWER]: Leader election won for term 2
I20260709 12:22:54.020460 20547 raft_consensus.cc:697] T b031fa927d794b8c8ab0e6f0eca15da1 P c5ed500bf5f74731af19959975975661 [term 2 LEADER]: Becoming Leader. State: Replica: c5ed500bf5f74731af19959975975661, State: Running, Role: LEADER
I20260709 12:22:54.021253 20547 consensus_queue.cc:237] T b031fa927d794b8c8ab0e6f0eca15da1 P c5ed500bf5f74731af19959975975661 [LEADER]: Queue going to LEADER mode. State: All replicated index: 0, Majority replicated index: 1, Committed index: 1, Last appended: 1.1, Last appended by leader: 1, Current term: 2, Majority size: 2, State: 0, Mode: LEADER, active raft config: opid_index: -1 OBSOLETE_local: false peers { permanent_uuid: "c847f172ac1f4838987340197d4e0f75" member_type: VOTER last_known_addr { host: "127.19.53.129" port: 46487 } } peers { permanent_uuid: "c5ed500bf5f74731af19959975975661" member_type: VOTER last_known_addr { host: "127.19.53.130" port: 45919 } } peers { permanent_uuid: "9352e2e87b084cba83c555d6cbff9284" member_type: VOTER last_known_addr { host: "127.19.53.131" port: 37853 } }
I20260709 12:22:54.028132 20228 catalog_manager.cc:5697] T b031fa927d794b8c8ab0e6f0eca15da1 P c5ed500bf5f74731af19959975975661 reported cstate change: term changed from 1 to 2, leader changed from 9352e2e87b084cba83c555d6cbff9284 (127.19.53.131) to c5ed500bf5f74731af19959975975661 (127.19.53.130). New cstate: current_term: 2 leader_uuid: "c5ed500bf5f74731af19959975975661" committed_config { opid_index: -1 OBSOLETE_local: false peers { permanent_uuid: "c847f172ac1f4838987340197d4e0f75" member_type: VOTER last_known_addr { host: "127.19.53.129" port: 46487 } health_report { overall_health: UNKNOWN } } peers { permanent_uuid: "c5ed500bf5f74731af19959975975661" member_type: VOTER last_known_addr { host: "127.19.53.130" port: 45919 } health_report { overall_health: HEALTHY } } peers { permanent_uuid: "9352e2e87b084cba83c555d6cbff9284" member_type: VOTER last_known_addr { host: "127.19.53.131" port: 37853 } health_report { overall_health: UNKNOWN } } }
I20260709 12:22:54.120421 20566 raft_consensus.cc:993] T c38f8b7738114c6f8f7ae1f5ab1888c7 P 9352e2e87b084cba83c555d6cbff9284: : Instructing follower c847f172ac1f4838987340197d4e0f75 to start an election
I20260709 12:22:54.120936 20528 raft_consensus.cc:1081] T c38f8b7738114c6f8f7ae1f5ab1888c7 P 9352e2e87b084cba83c555d6cbff9284 [term 1 LEADER]: Signalling peer c847f172ac1f4838987340197d4e0f75 to start an election
I20260709 12:22:54.122478 20332 tablet_service.cc:2044] Received Run Leader Election RPC: tablet_id: "c38f8b7738114c6f8f7ae1f5ab1888c7"
dest_uuid: "c847f172ac1f4838987340197d4e0f75"
 from {username='slave'} at 127.0.0.1:40442
I20260709 12:22:54.122979 20332 raft_consensus.cc:493] T c38f8b7738114c6f8f7ae1f5ab1888c7 P c847f172ac1f4838987340197d4e0f75 [term 1 FOLLOWER]: Starting forced leader election (received explicit request)
I20260709 12:22:54.123311 20332 raft_consensus.cc:3060] T c38f8b7738114c6f8f7ae1f5ab1888c7 P c847f172ac1f4838987340197d4e0f75 [term 1 FOLLOWER]: Advancing to term 2
I20260709 12:22:54.127756 20332 raft_consensus.cc:515] T c38f8b7738114c6f8f7ae1f5ab1888c7 P c847f172ac1f4838987340197d4e0f75 [term 2 FOLLOWER]: Starting forced leader election with config: opid_index: -1 OBSOLETE_local: false peers { permanent_uuid: "c5ed500bf5f74731af19959975975661" member_type: VOTER last_known_addr { host: "127.19.53.130" port: 45919 } } peers { permanent_uuid: "9352e2e87b084cba83c555d6cbff9284" member_type: VOTER last_known_addr { host: "127.19.53.131" port: 37853 } } peers { permanent_uuid: "c847f172ac1f4838987340197d4e0f75" member_type: VOTER last_known_addr { host: "127.19.53.129" port: 46487 } }
I20260709 12:22:54.129163 20332 leader_election.cc:290] T c38f8b7738114c6f8f7ae1f5ab1888c7 P c847f172ac1f4838987340197d4e0f75 [CANDIDATE]: Term 2 election: Requested vote from peers c5ed500bf5f74731af19959975975661 (127.19.53.130:45919), 9352e2e87b084cba83c555d6cbff9284 (127.19.53.131:37853)
I20260709 12:22:54.130091 20405 tablet_service.cc:1917] Received RequestConsensusVote() RPC: tablet_id: "c38f8b7738114c6f8f7ae1f5ab1888c7" candidate_uuid: "c847f172ac1f4838987340197d4e0f75" candidate_term: 2 candidate_status { last_received { term: 1 index: 1 } } ignore_live_leader: true dest_uuid: "c5ed500bf5f74731af19959975975661"
I20260709 12:22:54.130375 20480 tablet_service.cc:1917] Received RequestConsensusVote() RPC: tablet_id: "c38f8b7738114c6f8f7ae1f5ab1888c7" candidate_uuid: "c847f172ac1f4838987340197d4e0f75" candidate_term: 2 candidate_status { last_received { term: 1 index: 1 } } ignore_live_leader: true dest_uuid: "9352e2e87b084cba83c555d6cbff9284"
I20260709 12:22:54.130743 20405 raft_consensus.cc:3060] T c38f8b7738114c6f8f7ae1f5ab1888c7 P c5ed500bf5f74731af19959975975661 [term 1 FOLLOWER]: Advancing to term 2
I20260709 12:22:54.130935 20480 raft_consensus.cc:3055] T c38f8b7738114c6f8f7ae1f5ab1888c7 P 9352e2e87b084cba83c555d6cbff9284 [term 1 LEADER]: Stepping down as leader of term 1
I20260709 12:22:54.131340 20480 raft_consensus.cc:740] T c38f8b7738114c6f8f7ae1f5ab1888c7 P 9352e2e87b084cba83c555d6cbff9284 [term 1 LEADER]: Becoming Follower/Learner. State: Replica: 9352e2e87b084cba83c555d6cbff9284, State: Running, Role: LEADER
I20260709 12:22:54.131959 20480 consensus_queue.cc:260] T c38f8b7738114c6f8f7ae1f5ab1888c7 P 9352e2e87b084cba83c555d6cbff9284 [NON_LEADER]: Queue going to NON_LEADER mode. State: All replicated index: 0, Majority replicated index: 1, Committed index: 1, Last appended: 1.1, Last appended by leader: 1, Current term: 1, Majority size: -1, State: 0, Mode: NON_LEADER, active raft config: opid_index: -1 OBSOLETE_local: false peers { permanent_uuid: "c5ed500bf5f74731af19959975975661" member_type: VOTER last_known_addr { host: "127.19.53.130" port: 45919 } } peers { permanent_uuid: "9352e2e87b084cba83c555d6cbff9284" member_type: VOTER last_known_addr { host: "127.19.53.131" port: 37853 } } peers { permanent_uuid: "c847f172ac1f4838987340197d4e0f75" member_type: VOTER last_known_addr { host: "127.19.53.129" port: 46487 } }
I20260709 12:22:54.132838 20480 raft_consensus.cc:3060] T c38f8b7738114c6f8f7ae1f5ab1888c7 P 9352e2e87b084cba83c555d6cbff9284 [term 1 FOLLOWER]: Advancing to term 2
I20260709 12:22:54.135666 20405 raft_consensus.cc:2468] T c38f8b7738114c6f8f7ae1f5ab1888c7 P c5ed500bf5f74731af19959975975661 [term 2 FOLLOWER]: Leader election vote request: Granting yes vote for candidate c847f172ac1f4838987340197d4e0f75 in term 2.
I20260709 12:22:54.136795 20295 leader_election.cc:304] T c38f8b7738114c6f8f7ae1f5ab1888c7 P c847f172ac1f4838987340197d4e0f75 [CANDIDATE]: Term 2 election: Election decided. Result: candidate won. Election summary: received 2 responses out of 3 voters: 2 yes votes; 0 no votes. yes voters: c5ed500bf5f74731af19959975975661, c847f172ac1f4838987340197d4e0f75; no voters: 
I20260709 12:22:54.137475 20529 raft_consensus.cc:2804] T c38f8b7738114c6f8f7ae1f5ab1888c7 P c847f172ac1f4838987340197d4e0f75 [term 2 FOLLOWER]: Leader election won for term 2
I20260709 12:22:54.137567 20480 raft_consensus.cc:2468] T c38f8b7738114c6f8f7ae1f5ab1888c7 P 9352e2e87b084cba83c555d6cbff9284 [term 2 FOLLOWER]: Leader election vote request: Granting yes vote for candidate c847f172ac1f4838987340197d4e0f75 in term 2.
I20260709 12:22:54.137951 20529 raft_consensus.cc:697] T c38f8b7738114c6f8f7ae1f5ab1888c7 P c847f172ac1f4838987340197d4e0f75 [term 2 LEADER]: Becoming Leader. State: Replica: c847f172ac1f4838987340197d4e0f75, State: Running, Role: LEADER
I20260709 12:22:54.138815 20529 consensus_queue.cc:237] T c38f8b7738114c6f8f7ae1f5ab1888c7 P c847f172ac1f4838987340197d4e0f75 [LEADER]: Queue going to LEADER mode. State: All replicated index: 0, Majority replicated index: 1, Committed index: 1, Last appended: 1.1, Last appended by leader: 1, Current term: 2, Majority size: 2, State: 0, Mode: LEADER, active raft config: opid_index: -1 OBSOLETE_local: false peers { permanent_uuid: "c5ed500bf5f74731af19959975975661" member_type: VOTER last_known_addr { host: "127.19.53.130" port: 45919 } } peers { permanent_uuid: "9352e2e87b084cba83c555d6cbff9284" member_type: VOTER last_known_addr { host: "127.19.53.131" port: 37853 } } peers { permanent_uuid: "c847f172ac1f4838987340197d4e0f75" member_type: VOTER last_known_addr { host: "127.19.53.129" port: 46487 } }
I20260709 12:22:54.144985 20228 catalog_manager.cc:5697] T c38f8b7738114c6f8f7ae1f5ab1888c7 P c847f172ac1f4838987340197d4e0f75 reported cstate change: term changed from 1 to 2, leader changed from 9352e2e87b084cba83c555d6cbff9284 (127.19.53.131) to c847f172ac1f4838987340197d4e0f75 (127.19.53.129). New cstate: current_term: 2 leader_uuid: "c847f172ac1f4838987340197d4e0f75" committed_config { opid_index: -1 OBSOLETE_local: false peers { permanent_uuid: "c5ed500bf5f74731af19959975975661" member_type: VOTER last_known_addr { host: "127.19.53.130" port: 45919 } health_report { overall_health: UNKNOWN } } peers { permanent_uuid: "9352e2e87b084cba83c555d6cbff9284" member_type: VOTER last_known_addr { host: "127.19.53.131" port: 37853 } health_report { overall_health: UNKNOWN } } peers { permanent_uuid: "c847f172ac1f4838987340197d4e0f75" member_type: VOTER last_known_addr { host: "127.19.53.129" port: 46487 } health_report { overall_health: HEALTHY } } }
I20260709 12:22:54.191504 20480 raft_consensus.cc:1275] T 3edc64c6be354ea3b454835ab12c932d P 9352e2e87b084cba83c555d6cbff9284 [term 2 FOLLOWER]: Refusing update from remote peer c847f172ac1f4838987340197d4e0f75: Log matching property violated. Preceding OpId in replica: term: 1 index: 1. Preceding OpId from leader: term: 2 index: 2. (index mismatch)
I20260709 12:22:54.192857 20601 consensus_queue.cc:1048] T 3edc64c6be354ea3b454835ab12c932d P c847f172ac1f4838987340197d4e0f75 [LEADER]: Connected to new peer: Peer: permanent_uuid: "9352e2e87b084cba83c555d6cbff9284" member_type: VOTER last_known_addr { host: "127.19.53.131" port: 37853 }, Status: LMP_MISMATCH, Last received: 0.0, Next index: 2, Last known committed idx: 1, Time since last communication: 0.000s
I20260709 12:22:54.199945 20405 raft_consensus.cc:1275] T 3edc64c6be354ea3b454835ab12c932d P c5ed500bf5f74731af19959975975661 [term 2 FOLLOWER]: Refusing update from remote peer c847f172ac1f4838987340197d4e0f75: Log matching property violated. Preceding OpId in replica: term: 1 index: 1. Preceding OpId from leader: term: 2 index: 2. (index mismatch)
I20260709 12:22:54.201515 20529 consensus_queue.cc:1048] T 3edc64c6be354ea3b454835ab12c932d P c847f172ac1f4838987340197d4e0f75 [LEADER]: Connected to new peer: Peer: permanent_uuid: "c5ed500bf5f74731af19959975975661" member_type: VOTER last_known_addr { host: "127.19.53.130" port: 45919 }, Status: LMP_MISMATCH, Last received: 0.0, Next index: 2, Last known committed idx: 1, Time since last communication: 0.000s
I20260709 12:22:54.210850 20480 raft_consensus.cc:1275] T 84769e84cb5e40d98ab2445fdce3f7bb P 9352e2e87b084cba83c555d6cbff9284 [term 2 FOLLOWER]: Refusing update from remote peer c847f172ac1f4838987340197d4e0f75: Log matching property violated. Preceding OpId in replica: term: 1 index: 1. Preceding OpId from leader: term: 2 index: 2. (index mismatch)
I20260709 12:22:54.212754 20567 consensus_queue.cc:1048] T 84769e84cb5e40d98ab2445fdce3f7bb P c847f172ac1f4838987340197d4e0f75 [LEADER]: Connected to new peer: Peer: permanent_uuid: "9352e2e87b084cba83c555d6cbff9284" member_type: VOTER last_known_addr { host: "127.19.53.131" port: 37853 }, Status: LMP_MISMATCH, Last received: 0.0, Next index: 2, Last known committed idx: 1, Time since last communication: 0.000s
I20260709 12:22:54.213924 20405 raft_consensus.cc:1275] T 84769e84cb5e40d98ab2445fdce3f7bb P c5ed500bf5f74731af19959975975661 [term 2 FOLLOWER]: Refusing update from remote peer c847f172ac1f4838987340197d4e0f75: Log matching property violated. Preceding OpId in replica: term: 1 index: 1. Preceding OpId from leader: term: 2 index: 2. (index mismatch)
I20260709 12:22:54.215322 20567 consensus_queue.cc:1048] T 84769e84cb5e40d98ab2445fdce3f7bb P c847f172ac1f4838987340197d4e0f75 [LEADER]: Connected to new peer: Peer: permanent_uuid: "c5ed500bf5f74731af19959975975661" member_type: VOTER last_known_addr { host: "127.19.53.130" port: 45919 }, Status: LMP_MISMATCH, Last received: 0.0, Next index: 2, Last known committed idx: 1, Time since last communication: 0.000s
I20260709 12:22:54.244032 20332 raft_consensus.cc:3060] T ee898748d3bb4d1b9f14a0ba6405ad40 P c847f172ac1f4838987340197d4e0f75 [term 1 FOLLOWER]: Advancing to term 2
I20260709 12:22:54.250713 20332 raft_consensus.cc:1275] T ee898748d3bb4d1b9f14a0ba6405ad40 P c847f172ac1f4838987340197d4e0f75 [term 2 FOLLOWER]: Refusing update from remote peer 9352e2e87b084cba83c555d6cbff9284: Log matching property violated. Preceding OpId in replica: term: 1 index: 1. Preceding OpId from leader: term: 2 index: 2. (index mismatch)
I20260709 12:22:54.252100 20528 consensus_queue.cc:1048] T ee898748d3bb4d1b9f14a0ba6405ad40 P 9352e2e87b084cba83c555d6cbff9284 [LEADER]: Connected to new peer: Peer: permanent_uuid: "c847f172ac1f4838987340197d4e0f75" member_type: VOTER last_known_addr { host: "127.19.53.129" port: 46487 }, Status: LMP_MISMATCH, Last received: 0.0, Next index: 2, Last known committed idx: 1, Time since last communication: 0.000s
I20260709 12:22:54.253347 20405 raft_consensus.cc:1275] T ee898748d3bb4d1b9f14a0ba6405ad40 P c5ed500bf5f74731af19959975975661 [term 2 FOLLOWER]: Refusing update from remote peer 9352e2e87b084cba83c555d6cbff9284: Log matching property violated. Preceding OpId in replica: term: 1 index: 1. Preceding OpId from leader: term: 2 index: 2. (index mismatch)
I20260709 12:22:54.254601 20528 consensus_queue.cc:1048] T ee898748d3bb4d1b9f14a0ba6405ad40 P 9352e2e87b084cba83c555d6cbff9284 [LEADER]: Connected to new peer: Peer: permanent_uuid: "c5ed500bf5f74731af19959975975661" member_type: VOTER last_known_addr { host: "127.19.53.130" port: 45919 }, Status: LMP_MISMATCH, Last received: 0.0, Next index: 2, Last known committed idx: 1, Time since last communication: 0.000s
I20260709 12:22:54.383992 20480 raft_consensus.cc:1275] T 125cbc329b2b4cce88e48026ddf7dfa5 P 9352e2e87b084cba83c555d6cbff9284 [term 2 FOLLOWER]: Refusing update from remote peer c5ed500bf5f74731af19959975975661: Log matching property violated. Preceding OpId in replica: term: 1 index: 1. Preceding OpId from leader: term: 2 index: 2. (index mismatch)
I20260709 12:22:54.385197 20527 consensus_queue.cc:1048] T 125cbc329b2b4cce88e48026ddf7dfa5 P c5ed500bf5f74731af19959975975661 [LEADER]: Connected to new peer: Peer: permanent_uuid: "9352e2e87b084cba83c555d6cbff9284" member_type: VOTER last_known_addr { host: "127.19.53.131" port: 37853 }, Status: LMP_MISMATCH, Last received: 0.0, Next index: 2, Last known committed idx: 1, Time since last communication: 0.000s
I20260709 12:22:54.387861 20405 raft_consensus.cc:1275] T 9b9610885fdd43c7832fe55c1d5a61b4 P c5ed500bf5f74731af19959975975661 [term 2 FOLLOWER]: Refusing update from remote peer c847f172ac1f4838987340197d4e0f75: Log matching property violated. Preceding OpId in replica: term: 1 index: 1. Preceding OpId from leader: term: 2 index: 2. (index mismatch)
I20260709 12:22:54.389420 20567 consensus_queue.cc:1048] T 9b9610885fdd43c7832fe55c1d5a61b4 P c847f172ac1f4838987340197d4e0f75 [LEADER]: Connected to new peer: Peer: permanent_uuid: "c5ed500bf5f74731af19959975975661" member_type: VOTER last_known_addr { host: "127.19.53.130" port: 45919 }, Status: LMP_MISMATCH, Last received: 0.0, Next index: 2, Last known committed idx: 1, Time since last communication: 0.000s
I20260709 12:22:54.393416 20332 raft_consensus.cc:1275] T 125cbc329b2b4cce88e48026ddf7dfa5 P c847f172ac1f4838987340197d4e0f75 [term 2 FOLLOWER]: Refusing update from remote peer c5ed500bf5f74731af19959975975661: Log matching property violated. Preceding OpId in replica: term: 1 index: 1. Preceding OpId from leader: term: 2 index: 2. (index mismatch)
I20260709 12:22:54.394786 20547 consensus_queue.cc:1048] T 125cbc329b2b4cce88e48026ddf7dfa5 P c5ed500bf5f74731af19959975975661 [LEADER]: Connected to new peer: Peer: permanent_uuid: "c847f172ac1f4838987340197d4e0f75" member_type: VOTER last_known_addr { host: "127.19.53.129" port: 46487 }, Status: LMP_MISMATCH, Last received: 0.0, Next index: 2, Last known committed idx: 1, Time since last communication: 0.000s
I20260709 12:22:54.408404 20480 raft_consensus.cc:1275] T 9b9610885fdd43c7832fe55c1d5a61b4 P 9352e2e87b084cba83c555d6cbff9284 [term 2 FOLLOWER]: Refusing update from remote peer c847f172ac1f4838987340197d4e0f75: Log matching property violated. Preceding OpId in replica: term: 1 index: 1. Preceding OpId from leader: term: 2 index: 2. (index mismatch)
I20260709 12:22:54.409920 20616 consensus_queue.cc:1048] T 9b9610885fdd43c7832fe55c1d5a61b4 P c847f172ac1f4838987340197d4e0f75 [LEADER]: Connected to new peer: Peer: permanent_uuid: "9352e2e87b084cba83c555d6cbff9284" member_type: VOTER last_known_addr { host: "127.19.53.131" port: 37853 }, Status: LMP_MISMATCH, Last received: 0.0, Next index: 2, Last known committed idx: 1, Time since last communication: 0.000s
I20260709 12:22:54.435303 20330 raft_consensus.cc:1275] T 51cc5d15de0747ff9debc5ee6ed3bc0f P c847f172ac1f4838987340197d4e0f75 [term 2 FOLLOWER]: Refusing update from remote peer c5ed500bf5f74731af19959975975661: Log matching property violated. Preceding OpId in replica: term: 1 index: 1. Preceding OpId from leader: term: 2 index: 2. (index mismatch)
I20260709 12:22:54.436496 20547 consensus_queue.cc:1048] T 51cc5d15de0747ff9debc5ee6ed3bc0f P c5ed500bf5f74731af19959975975661 [LEADER]: Connected to new peer: Peer: permanent_uuid: "c847f172ac1f4838987340197d4e0f75" member_type: VOTER last_known_addr { host: "127.19.53.129" port: 46487 }, Status: LMP_MISMATCH, Last received: 0.0, Next index: 2, Last known committed idx: 1, Time since last communication: 0.000s
I20260709 12:22:54.441759 20480 raft_consensus.cc:1275] T 51cc5d15de0747ff9debc5ee6ed3bc0f P 9352e2e87b084cba83c555d6cbff9284 [term 2 FOLLOWER]: Refusing update from remote peer c5ed500bf5f74731af19959975975661: Log matching property violated. Preceding OpId in replica: term: 1 index: 1. Preceding OpId from leader: term: 2 index: 2. (index mismatch)
I20260709 12:22:54.443214 20547 consensus_queue.cc:1048] T 51cc5d15de0747ff9debc5ee6ed3bc0f P c5ed500bf5f74731af19959975975661 [LEADER]: Connected to new peer: Peer: permanent_uuid: "9352e2e87b084cba83c555d6cbff9284" member_type: VOTER last_known_addr { host: "127.19.53.131" port: 37853 }, Status: LMP_MISMATCH, Last received: 0.0, Next index: 2, Last known committed idx: 1, Time since last communication: 0.000s
I20260709 12:22:54.550051 20330 raft_consensus.cc:1275] T b031fa927d794b8c8ab0e6f0eca15da1 P c847f172ac1f4838987340197d4e0f75 [term 2 FOLLOWER]: Refusing update from remote peer c5ed500bf5f74731af19959975975661: Log matching property violated. Preceding OpId in replica: term: 1 index: 1. Preceding OpId from leader: term: 2 index: 2. (index mismatch)
I20260709 12:22:54.551399 20547 consensus_queue.cc:1048] T b031fa927d794b8c8ab0e6f0eca15da1 P c5ed500bf5f74731af19959975975661 [LEADER]: Connected to new peer: Peer: permanent_uuid: "c847f172ac1f4838987340197d4e0f75" member_type: VOTER last_known_addr { host: "127.19.53.129" port: 46487 }, Status: LMP_MISMATCH, Last received: 0.0, Next index: 2, Last known committed idx: 1, Time since last communication: 0.000s
I20260709 12:22:54.560325 20480 raft_consensus.cc:1275] T b031fa927d794b8c8ab0e6f0eca15da1 P 9352e2e87b084cba83c555d6cbff9284 [term 2 FOLLOWER]: Refusing update from remote peer c5ed500bf5f74731af19959975975661: Log matching property violated. Preceding OpId in replica: term: 1 index: 1. Preceding OpId from leader: term: 2 index: 2. (index mismatch)
I20260709 12:22:54.562484 20527 consensus_queue.cc:1048] T b031fa927d794b8c8ab0e6f0eca15da1 P c5ed500bf5f74731af19959975975661 [LEADER]: Connected to new peer: Peer: permanent_uuid: "9352e2e87b084cba83c555d6cbff9284" member_type: VOTER last_known_addr { host: "127.19.53.131" port: 37853 }, Status: LMP_MISMATCH, Last received: 0.0, Next index: 2, Last known committed idx: 1, Time since last communication: 0.000s
I20260709 12:22:54.608668 20480 raft_consensus.cc:1275] T c38f8b7738114c6f8f7ae1f5ab1888c7 P 9352e2e87b084cba83c555d6cbff9284 [term 2 FOLLOWER]: Refusing update from remote peer c847f172ac1f4838987340197d4e0f75: Log matching property violated. Preceding OpId in replica: term: 1 index: 1. Preceding OpId from leader: term: 2 index: 2. (index mismatch)
I20260709 12:22:54.609875 20616 consensus_queue.cc:1048] T c38f8b7738114c6f8f7ae1f5ab1888c7 P c847f172ac1f4838987340197d4e0f75 [LEADER]: Connected to new peer: Peer: permanent_uuid: "9352e2e87b084cba83c555d6cbff9284" member_type: VOTER last_known_addr { host: "127.19.53.131" port: 37853 }, Status: LMP_MISMATCH, Last received: 0.0, Next index: 2, Last known committed idx: 1, Time since last communication: 0.000s
I20260709 12:22:54.617597 20405 raft_consensus.cc:1275] T c38f8b7738114c6f8f7ae1f5ab1888c7 P c5ed500bf5f74731af19959975975661 [term 2 FOLLOWER]: Refusing update from remote peer c847f172ac1f4838987340197d4e0f75: Log matching property violated. Preceding OpId in replica: term: 1 index: 1. Preceding OpId from leader: term: 2 index: 2. (index mismatch)
I20260709 12:22:54.619257 20601 consensus_queue.cc:1048] T c38f8b7738114c6f8f7ae1f5ab1888c7 P c847f172ac1f4838987340197d4e0f75 [LEADER]: Connected to new peer: Peer: permanent_uuid: "c5ed500bf5f74731af19959975975661" member_type: VOTER last_known_addr { host: "127.19.53.130" port: 45919 }, Status: LMP_MISMATCH, Last received: 0.0, Next index: 2, Last known committed idx: 1, Time since last communication: 0.000s
I20260709 12:22:56.751169 19670 auto_leader_rebalancer-test.cc:365] The leader distribution is 
I20260709 12:22:56.751802 19670 auto_leader_rebalancer.cc:141] leader rebalance for table test-workload
I20260709 12:22:56.769265 20332 tablet_service.cc:2072] Received LeaderStepDown RPC: tablet_id: "4244a4fa36d74d25a8950c854b628e23"
dest_uuid: "c847f172ac1f4838987340197d4e0f75"
mode: GRACEFUL
new_leader_uuid: "9352e2e87b084cba83c555d6cbff9284"
 from {username='slave'} at 127.0.0.1:48868
I20260709 12:22:56.769701 20332 raft_consensus.cc:606] T 4244a4fa36d74d25a8950c854b628e23 P c847f172ac1f4838987340197d4e0f75 [term 1 LEADER]: Received request to transfer leadership to TS 9352e2e87b084cba83c555d6cbff9284
I20260709 12:22:56.771843 20332 tablet_service.cc:2072] Received LeaderStepDown RPC: tablet_id: "c38f8b7738114c6f8f7ae1f5ab1888c7"
dest_uuid: "c847f172ac1f4838987340197d4e0f75"
mode: GRACEFUL
new_leader_uuid: "9352e2e87b084cba83c555d6cbff9284"
 from {username='slave'} at 127.0.0.1:48868
I20260709 12:22:56.772203 20332 raft_consensus.cc:606] T c38f8b7738114c6f8f7ae1f5ab1888c7 P c847f172ac1f4838987340197d4e0f75 [term 2 LEADER]: Received request to transfer leadership to TS 9352e2e87b084cba83c555d6cbff9284
I20260709 12:22:56.773080 19670 auto_leader_rebalancer.cc:440] table: test-workload, leader rebalance finish, leader transfer count: 2
I20260709 12:22:56.773473 19670 auto_leader_rebalancer.cc:515] All tables' leader rebalancing finished this round
I20260709 12:22:56.943403 20626 raft_consensus.cc:993] T c38f8b7738114c6f8f7ae1f5ab1888c7 P c847f172ac1f4838987340197d4e0f75: : Instructing follower 9352e2e87b084cba83c555d6cbff9284 to start an election
I20260709 12:22:56.943914 20625 raft_consensus.cc:1081] T c38f8b7738114c6f8f7ae1f5ab1888c7 P c847f172ac1f4838987340197d4e0f75 [term 2 LEADER]: Signalling peer 9352e2e87b084cba83c555d6cbff9284 to start an election
I20260709 12:22:56.945344 20480 tablet_service.cc:2044] Received Run Leader Election RPC: tablet_id: "c38f8b7738114c6f8f7ae1f5ab1888c7"
dest_uuid: "9352e2e87b084cba83c555d6cbff9284"
 from {username='slave'} at 127.0.0.1:41534
I20260709 12:22:56.945796 20480 raft_consensus.cc:493] T c38f8b7738114c6f8f7ae1f5ab1888c7 P 9352e2e87b084cba83c555d6cbff9284 [term 2 FOLLOWER]: Starting forced leader election (received explicit request)
I20260709 12:22:56.946096 20480 raft_consensus.cc:3060] T c38f8b7738114c6f8f7ae1f5ab1888c7 P 9352e2e87b084cba83c555d6cbff9284 [term 2 FOLLOWER]: Advancing to term 3
I20260709 12:22:56.950074 20480 raft_consensus.cc:515] T c38f8b7738114c6f8f7ae1f5ab1888c7 P 9352e2e87b084cba83c555d6cbff9284 [term 3 FOLLOWER]: Starting forced leader election with config: opid_index: -1 OBSOLETE_local: false peers { permanent_uuid: "c5ed500bf5f74731af19959975975661" member_type: VOTER last_known_addr { host: "127.19.53.130" port: 45919 } } peers { permanent_uuid: "9352e2e87b084cba83c555d6cbff9284" member_type: VOTER last_known_addr { host: "127.19.53.131" port: 37853 } } peers { permanent_uuid: "c847f172ac1f4838987340197d4e0f75" member_type: VOTER last_known_addr { host: "127.19.53.129" port: 46487 } }
I20260709 12:22:56.951484 20480 leader_election.cc:290] T c38f8b7738114c6f8f7ae1f5ab1888c7 P 9352e2e87b084cba83c555d6cbff9284 [CANDIDATE]: Term 3 election: Requested vote from peers c5ed500bf5f74731af19959975975661 (127.19.53.130:45919), c847f172ac1f4838987340197d4e0f75 (127.19.53.129:46487)
I20260709 12:22:56.952445 20405 tablet_service.cc:1917] Received RequestConsensusVote() RPC: tablet_id: "c38f8b7738114c6f8f7ae1f5ab1888c7" candidate_uuid: "9352e2e87b084cba83c555d6cbff9284" candidate_term: 3 candidate_status { last_received { term: 2 index: 2 } } ignore_live_leader: true dest_uuid: "c5ed500bf5f74731af19959975975661"
I20260709 12:22:56.952502 20332 tablet_service.cc:1917] Received RequestConsensusVote() RPC: tablet_id: "c38f8b7738114c6f8f7ae1f5ab1888c7" candidate_uuid: "9352e2e87b084cba83c555d6cbff9284" candidate_term: 3 candidate_status { last_received { term: 2 index: 2 } } ignore_live_leader: true dest_uuid: "c847f172ac1f4838987340197d4e0f75"
I20260709 12:22:56.953097 20332 raft_consensus.cc:3055] T c38f8b7738114c6f8f7ae1f5ab1888c7 P c847f172ac1f4838987340197d4e0f75 [term 2 LEADER]: Stepping down as leader of term 2
I20260709 12:22:56.953089 20405 raft_consensus.cc:3060] T c38f8b7738114c6f8f7ae1f5ab1888c7 P c5ed500bf5f74731af19959975975661 [term 2 FOLLOWER]: Advancing to term 3
I20260709 12:22:56.953570 20332 raft_consensus.cc:740] T c38f8b7738114c6f8f7ae1f5ab1888c7 P c847f172ac1f4838987340197d4e0f75 [term 2 LEADER]: Becoming Follower/Learner. State: Replica: c847f172ac1f4838987340197d4e0f75, State: Running, Role: LEADER
I20260709 12:22:56.954370 20332 consensus_queue.cc:260] T c38f8b7738114c6f8f7ae1f5ab1888c7 P c847f172ac1f4838987340197d4e0f75 [NON_LEADER]: Queue going to NON_LEADER mode. State: All replicated index: 0, Majority replicated index: 2, Committed index: 2, Last appended: 2.2, Last appended by leader: 2, Current term: 2, Majority size: -1, State: 0, Mode: NON_LEADER, active raft config: opid_index: -1 OBSOLETE_local: false peers { permanent_uuid: "c5ed500bf5f74731af19959975975661" member_type: VOTER last_known_addr { host: "127.19.53.130" port: 45919 } } peers { permanent_uuid: "9352e2e87b084cba83c555d6cbff9284" member_type: VOTER last_known_addr { host: "127.19.53.131" port: 37853 } } peers { permanent_uuid: "c847f172ac1f4838987340197d4e0f75" member_type: VOTER last_known_addr { host: "127.19.53.129" port: 46487 } }
I20260709 12:22:56.955478 20332 raft_consensus.cc:3060] T c38f8b7738114c6f8f7ae1f5ab1888c7 P c847f172ac1f4838987340197d4e0f75 [term 2 FOLLOWER]: Advancing to term 3
I20260709 12:22:56.960045 20405 raft_consensus.cc:2468] T c38f8b7738114c6f8f7ae1f5ab1888c7 P c5ed500bf5f74731af19959975975661 [term 3 FOLLOWER]: Leader election vote request: Granting yes vote for candidate 9352e2e87b084cba83c555d6cbff9284 in term 3.
I20260709 12:22:56.961226 20444 leader_election.cc:304] T c38f8b7738114c6f8f7ae1f5ab1888c7 P 9352e2e87b084cba83c555d6cbff9284 [CANDIDATE]: Term 3 election: Election decided. Result: candidate won. Election summary: received 2 responses out of 3 voters: 2 yes votes; 0 no votes. yes voters: 9352e2e87b084cba83c555d6cbff9284, c5ed500bf5f74731af19959975975661; no voters: 
I20260709 12:22:56.961436 20332 raft_consensus.cc:2468] T c38f8b7738114c6f8f7ae1f5ab1888c7 P c847f172ac1f4838987340197d4e0f75 [term 3 FOLLOWER]: Leader election vote request: Granting yes vote for candidate 9352e2e87b084cba83c555d6cbff9284 in term 3.
I20260709 12:22:56.961973 20612 raft_consensus.cc:2804] T c38f8b7738114c6f8f7ae1f5ab1888c7 P 9352e2e87b084cba83c555d6cbff9284 [term 3 FOLLOWER]: Leader election won for term 3
I20260709 12:22:56.963148 20612 raft_consensus.cc:697] T c38f8b7738114c6f8f7ae1f5ab1888c7 P 9352e2e87b084cba83c555d6cbff9284 [term 3 LEADER]: Becoming Leader. State: Replica: 9352e2e87b084cba83c555d6cbff9284, State: Running, Role: LEADER
I20260709 12:22:56.963817 20612 consensus_queue.cc:237] T c38f8b7738114c6f8f7ae1f5ab1888c7 P 9352e2e87b084cba83c555d6cbff9284 [LEADER]: Queue going to LEADER mode. State: All replicated index: 0, Majority replicated index: 2, Committed index: 2, Last appended: 2.2, Last appended by leader: 2, Current term: 3, Majority size: 2, State: 0, Mode: LEADER, active raft config: opid_index: -1 OBSOLETE_local: false peers { permanent_uuid: "c5ed500bf5f74731af19959975975661" member_type: VOTER last_known_addr { host: "127.19.53.130" port: 45919 } } peers { permanent_uuid: "9352e2e87b084cba83c555d6cbff9284" member_type: VOTER last_known_addr { host: "127.19.53.131" port: 37853 } } peers { permanent_uuid: "c847f172ac1f4838987340197d4e0f75" member_type: VOTER last_known_addr { host: "127.19.53.129" port: 46487 } }
I20260709 12:22:56.972551 20228 catalog_manager.cc:5697] T c38f8b7738114c6f8f7ae1f5ab1888c7 P 9352e2e87b084cba83c555d6cbff9284 reported cstate change: term changed from 2 to 3, leader changed from c847f172ac1f4838987340197d4e0f75 (127.19.53.129) to 9352e2e87b084cba83c555d6cbff9284 (127.19.53.131). New cstate: current_term: 3 leader_uuid: "9352e2e87b084cba83c555d6cbff9284" committed_config { opid_index: -1 OBSOLETE_local: false peers { permanent_uuid: "c5ed500bf5f74731af19959975975661" member_type: VOTER last_known_addr { host: "127.19.53.130" port: 45919 } health_report { overall_health: UNKNOWN } } peers { permanent_uuid: "9352e2e87b084cba83c555d6cbff9284" member_type: VOTER last_known_addr { host: "127.19.53.131" port: 37853 } health_report { overall_health: HEALTHY } } peers { permanent_uuid: "c847f172ac1f4838987340197d4e0f75" member_type: VOTER last_known_addr { host: "127.19.53.129" port: 46487 } health_report { overall_health: UNKNOWN } } }
I20260709 12:22:57.103303 20625 raft_consensus.cc:993] T 4244a4fa36d74d25a8950c854b628e23 P c847f172ac1f4838987340197d4e0f75: : Instructing follower 9352e2e87b084cba83c555d6cbff9284 to start an election
I20260709 12:22:57.103767 20626 raft_consensus.cc:1081] T 4244a4fa36d74d25a8950c854b628e23 P c847f172ac1f4838987340197d4e0f75 [term 1 LEADER]: Signalling peer 9352e2e87b084cba83c555d6cbff9284 to start an election
I20260709 12:22:57.105376 20480 tablet_service.cc:2044] Received Run Leader Election RPC: tablet_id: "4244a4fa36d74d25a8950c854b628e23"
dest_uuid: "9352e2e87b084cba83c555d6cbff9284"
 from {username='slave'} at 127.0.0.1:41534
I20260709 12:22:57.105809 20480 raft_consensus.cc:493] T 4244a4fa36d74d25a8950c854b628e23 P 9352e2e87b084cba83c555d6cbff9284 [term 1 FOLLOWER]: Starting forced leader election (received explicit request)
I20260709 12:22:57.106163 20480 raft_consensus.cc:3060] T 4244a4fa36d74d25a8950c854b628e23 P 9352e2e87b084cba83c555d6cbff9284 [term 1 FOLLOWER]: Advancing to term 2
I20260709 12:22:57.111159 20480 raft_consensus.cc:515] T 4244a4fa36d74d25a8950c854b628e23 P 9352e2e87b084cba83c555d6cbff9284 [term 2 FOLLOWER]: Starting forced leader election with config: opid_index: -1 OBSOLETE_local: false peers { permanent_uuid: "c847f172ac1f4838987340197d4e0f75" member_type: VOTER last_known_addr { host: "127.19.53.129" port: 46487 } } peers { permanent_uuid: "c5ed500bf5f74731af19959975975661" member_type: VOTER last_known_addr { host: "127.19.53.130" port: 45919 } } peers { permanent_uuid: "9352e2e87b084cba83c555d6cbff9284" member_type: VOTER last_known_addr { host: "127.19.53.131" port: 37853 } }
I20260709 12:22:57.112599 20480 leader_election.cc:290] T 4244a4fa36d74d25a8950c854b628e23 P 9352e2e87b084cba83c555d6cbff9284 [CANDIDATE]: Term 2 election: Requested vote from peers c847f172ac1f4838987340197d4e0f75 (127.19.53.129:46487), c5ed500bf5f74731af19959975975661 (127.19.53.130:45919)
I20260709 12:22:57.113343 20332 tablet_service.cc:1917] Received RequestConsensusVote() RPC: tablet_id: "4244a4fa36d74d25a8950c854b628e23" candidate_uuid: "9352e2e87b084cba83c555d6cbff9284" candidate_term: 2 candidate_status { last_received { term: 1 index: 1 } } ignore_live_leader: true dest_uuid: "c847f172ac1f4838987340197d4e0f75"
