I20260709 12:23:23.372705 21033 consensus_queue.cc:260] T 65f63a56ed1344f0be0a39087c224ef5 P acf5f73a2c324515bd830db655e80d3a [NON_LEADER]: Queue going to NON_LEADER mode. State: All replicated index: 0, Majority replicated index: 0, Committed index: 0, Last appended: 0.0, Last appended by leader: 0, Current term: 0, Majority size: -1, State: 0, Mode: NON_LEADER, active raft config: opid_index: -1 OBSOLETE_local: false peers { permanent_uuid: "e9a80ed54e66423c885f96dd4063e13d" member_type: VOTER last_known_addr { host: "127.19.53.129" port: 44563 } } peers { permanent_uuid: "acf5f73a2c324515bd830db655e80d3a" member_type: VOTER last_known_addr { host: "127.19.53.130" port: 34057 } } peers { permanent_uuid: "a5dab597bfe64df8b9ac64289773f6df" member_type: VOTER last_known_addr { host: "127.19.53.131" port: 40531 } }
I20260709 12:23:23.372927 21042 raft_consensus.cc:515] T 635e13497beb4158a37d3eb939d250b7 P e9a80ed54e66423c885f96dd4063e13d [term 1 FOLLOWER]: Starting leader election with config: opid_index: -1 OBSOLETE_local: false peers { permanent_uuid: "e9a80ed54e66423c885f96dd4063e13d" member_type: VOTER last_known_addr { host: "127.19.53.129" port: 44563 } } peers { permanent_uuid: "acf5f73a2c324515bd830db655e80d3a" member_type: VOTER last_known_addr { host: "127.19.53.130" port: 34057 } } peers { permanent_uuid: "a5dab597bfe64df8b9ac64289773f6df" member_type: VOTER last_known_addr { host: "127.19.53.131" port: 40531 } }
I20260709 12:23:23.375121 21033 ts_tablet_manager.cc:1434] T 65f63a56ed1344f0be0a39087c224ef5 P acf5f73a2c324515bd830db655e80d3a: Time spent starting tablet: real 0.007s	user 0.006s	sys 0.000s
I20260709 12:23:23.375427 21042 leader_election.cc:290] T 635e13497beb4158a37d3eb939d250b7 P e9a80ed54e66423c885f96dd4063e13d [CANDIDATE]: Term 1 election: Requested vote from peers acf5f73a2c324515bd830db655e80d3a (127.19.53.130:34057), a5dab597bfe64df8b9ac64289773f6df (127.19.53.131:40531)
I20260709 12:23:23.376519 20992 tablet_service.cc:1917] Received RequestConsensusVote() RPC: tablet_id: "635e13497beb4158a37d3eb939d250b7" candidate_uuid: "e9a80ed54e66423c885f96dd4063e13d" candidate_term: 1 candidate_status { last_received { term: 0 index: 0 } } ignore_live_leader: false dest_uuid: "a5dab597bfe64df8b9ac64289773f6df"
I20260709 12:23:23.377085 20992 raft_consensus.cc:3060] T 635e13497beb4158a37d3eb939d250b7 P a5dab597bfe64df8b9ac64289773f6df [term 0 FOLLOWER]: Advancing to term 1
I20260709 12:23:23.377489 21089 raft_consensus.cc:515] T 9a5f4693ec36413e82a703765973c68d P acf5f73a2c324515bd830db655e80d3a [term 1 FOLLOWER]: Starting leader election with config: opid_index: -1 OBSOLETE_local: false peers { permanent_uuid: "e9a80ed54e66423c885f96dd4063e13d" member_type: VOTER last_known_addr { host: "127.19.53.129" port: 44563 } } peers { permanent_uuid: "acf5f73a2c324515bd830db655e80d3a" member_type: VOTER last_known_addr { host: "127.19.53.130" port: 34057 } } peers { permanent_uuid: "a5dab597bfe64df8b9ac64289773f6df" member_type: VOTER last_known_addr { host: "127.19.53.131" port: 40531 } }
I20260709 12:23:23.378213 20844 raft_consensus.cc:2468] T 80b779b3461145b89388b31ce624ad79 P e9a80ed54e66423c885f96dd4063e13d [term 1 FOLLOWER]: Leader election vote request: Granting yes vote for candidate acf5f73a2c324515bd830db655e80d3a in term 1.
I20260709 12:23:23.379169 21033 tablet_bootstrap.cc:492] T 587fbd691c684548a81b44b66533d08d P acf5f73a2c324515bd830db655e80d3a: Bootstrap starting.
I20260709 12:23:23.379925 20915 tablet_service.cc:1917] Received RequestConsensusVote() RPC: tablet_id: "635e13497beb4158a37d3eb939d250b7" candidate_uuid: "e9a80ed54e66423c885f96dd4063e13d" candidate_term: 1 candidate_status { last_received { term: 0 index: 0 } } ignore_live_leader: false dest_uuid: "acf5f73a2c324515bd830db655e80d3a" is_pre_election: true
I20260709 12:23:23.380398 20916 tablet_service.cc:1917] Received RequestConsensusVote() RPC: tablet_id: "635e13497beb4158a37d3eb939d250b7" candidate_uuid: "e9a80ed54e66423c885f96dd4063e13d" candidate_term: 1 candidate_status { last_received { term: 0 index: 0 } } ignore_live_leader: false dest_uuid: "acf5f73a2c324515bd830db655e80d3a"
I20260709 12:23:23.380544 20915 raft_consensus.cc:2468] T 635e13497beb4158a37d3eb939d250b7 P acf5f73a2c324515bd830db655e80d3a [term 0 FOLLOWER]: Leader pre-election vote request: Granting yes vote for candidate e9a80ed54e66423c885f96dd4063e13d in term 0.
I20260709 12:23:23.382014 20883 leader_election.cc:304] T 80b779b3461145b89388b31ce624ad79 P acf5f73a2c324515bd830db655e80d3a [CANDIDATE]: Term 1 election: Election decided. Result: candidate won. Election summary: received 2 responses out of 3 voters: 2 yes votes; 0 no votes. yes voters: acf5f73a2c324515bd830db655e80d3a, e9a80ed54e66423c885f96dd4063e13d; no voters: 
I20260709 12:23:23.383023 21102 raft_consensus.cc:2804] T 80b779b3461145b89388b31ce624ad79 P acf5f73a2c324515bd830db655e80d3a [term 1 FOLLOWER]: Leader election won for term 1
I20260709 12:23:23.383529 21102 raft_consensus.cc:697] T 80b779b3461145b89388b31ce624ad79 P acf5f73a2c324515bd830db655e80d3a [term 1 LEADER]: Becoming Leader. State: Replica: acf5f73a2c324515bd830db655e80d3a, State: Running, Role: LEADER
I20260709 12:23:23.363547 21034 tablet_bootstrap.cc:654] T 3b0f9254ee8d48a5a4911e7c0c424389 P a5dab597bfe64df8b9ac64289773f6df: Neither blocks nor log segments found. Creating new log.
I20260709 12:23:23.384398 21102 consensus_queue.cc:237] T 80b779b3461145b89388b31ce624ad79 P acf5f73a2c324515bd830db655e80d3a [LEADER]: Queue going to LEADER mode. State: All replicated index: 0, Majority replicated index: 0, Committed index: 0, Last appended: 0.0, Last appended by leader: 0, Current term: 1, Majority size: 2, State: 0, Mode: LEADER, active raft config: opid_index: -1 OBSOLETE_local: false peers { permanent_uuid: "e9a80ed54e66423c885f96dd4063e13d" member_type: VOTER last_known_addr { host: "127.19.53.129" port: 44563 } } peers { permanent_uuid: "acf5f73a2c324515bd830db655e80d3a" member_type: VOTER last_known_addr { host: "127.19.53.130" port: 34057 } } peers { permanent_uuid: "a5dab597bfe64df8b9ac64289773f6df" member_type: VOTER last_known_addr { host: "127.19.53.131" port: 40531 } }
I20260709 12:23:23.386459 21035 tablet_bootstrap.cc:492] T d03e320b54fb4b8a868cc8dd38974ecf P e9a80ed54e66423c885f96dd4063e13d: No bootstrap required, opened a new log
I20260709 12:23:23.386907 21035 ts_tablet_manager.cc:1403] T d03e320b54fb4b8a868cc8dd38974ecf P e9a80ed54e66423c885f96dd4063e13d: Time spent bootstrapping tablet: real 0.060s	user 0.011s	sys 0.024s
I20260709 12:23:23.385097 21033 tablet_bootstrap.cc:654] T 587fbd691c684548a81b44b66533d08d P acf5f73a2c324515bd830db655e80d3a: Neither blocks nor log segments found. Creating new log.
I20260709 12:23:23.388132 20991 raft_consensus.cc:2468] T 80b779b3461145b89388b31ce624ad79 P a5dab597bfe64df8b9ac64289773f6df [term 1 FOLLOWER]: Leader election vote request: Granting yes vote for candidate acf5f73a2c324515bd830db655e80d3a in term 1.
I20260709 12:23:23.393105 21035 raft_consensus.cc:359] T d03e320b54fb4b8a868cc8dd38974ecf P e9a80ed54e66423c885f96dd4063e13d [term 0 FOLLOWER]: Replica starting. Triggering 0 pending ops. Active config: opid_index: -1 OBSOLETE_local: false peers { permanent_uuid: "e9a80ed54e66423c885f96dd4063e13d" member_type: VOTER last_known_addr { host: "127.19.53.129" port: 44563 } } peers { permanent_uuid: "acf5f73a2c324515bd830db655e80d3a" member_type: VOTER last_known_addr { host: "127.19.53.130" port: 34057 } } peers { permanent_uuid: "a5dab597bfe64df8b9ac64289773f6df" member_type: VOTER last_known_addr { host: "127.19.53.131" port: 40531 } }
I20260709 12:23:23.392757 20992 raft_consensus.cc:2468] T 635e13497beb4158a37d3eb939d250b7 P a5dab597bfe64df8b9ac64289773f6df [term 1 FOLLOWER]: Leader election vote request: Granting yes vote for candidate e9a80ed54e66423c885f96dd4063e13d in term 1.
I20260709 12:23:23.394033 21035 raft_consensus.cc:385] T d03e320b54fb4b8a868cc8dd38974ecf P e9a80ed54e66423c885f96dd4063e13d [term 0 FOLLOWER]: Consensus starting up: Expiring failure detector timer to make a prompt election more likely
I20260709 12:23:23.394486 21035 raft_consensus.cc:740] T d03e320b54fb4b8a868cc8dd38974ecf P e9a80ed54e66423c885f96dd4063e13d [term 0 FOLLOWER]: Becoming Follower/Learner. State: Replica: e9a80ed54e66423c885f96dd4063e13d, State: Initialized, Role: FOLLOWER
I20260709 12:23:23.395327 21035 consensus_queue.cc:260] T d03e320b54fb4b8a868cc8dd38974ecf P e9a80ed54e66423c885f96dd4063e13d [NON_LEADER]: Queue going to NON_LEADER mode. State: All replicated index: 0, Majority replicated index: 0, Committed index: 0, Last appended: 0.0, Last appended by leader: 0, Current term: 0, Majority size: -1, State: 0, Mode: NON_LEADER, active raft config: opid_index: -1 OBSOLETE_local: false peers { permanent_uuid: "e9a80ed54e66423c885f96dd4063e13d" member_type: VOTER last_known_addr { host: "127.19.53.129" port: 44563 } } peers { permanent_uuid: "acf5f73a2c324515bd830db655e80d3a" member_type: VOTER last_known_addr { host: "127.19.53.130" port: 34057 } } peers { permanent_uuid: "a5dab597bfe64df8b9ac64289773f6df" member_type: VOTER last_known_addr { host: "127.19.53.131" port: 40531 } }
I20260709 12:23:23.396404 20810 leader_election.cc:304] T 635e13497beb4158a37d3eb939d250b7 P e9a80ed54e66423c885f96dd4063e13d [CANDIDATE]: Term 1 election: Election decided. Result: candidate won. Election summary: received 3 responses out of 3 voters: 2 yes votes; 1 no votes. yes voters: a5dab597bfe64df8b9ac64289773f6df, e9a80ed54e66423c885f96dd4063e13d; no voters: acf5f73a2c324515bd830db655e80d3a
I20260709 12:23:23.400274 21042 raft_consensus.cc:2804] T 635e13497beb4158a37d3eb939d250b7 P e9a80ed54e66423c885f96dd4063e13d [term 1 FOLLOWER]: Leader election won for term 1
I20260709 12:23:23.400918 21042 raft_consensus.cc:697] T 635e13497beb4158a37d3eb939d250b7 P e9a80ed54e66423c885f96dd4063e13d [term 1 LEADER]: Becoming Leader. State: Replica: e9a80ed54e66423c885f96dd4063e13d, State: Running, Role: LEADER
I20260709 12:23:23.401001 20844 tablet_service.cc:1917] Received RequestConsensusVote() RPC: tablet_id: "9a5f4693ec36413e82a703765973c68d" candidate_uuid: "acf5f73a2c324515bd830db655e80d3a" candidate_term: 1 candidate_status { last_received { term: 0 index: 0 } } ignore_live_leader: false dest_uuid: "e9a80ed54e66423c885f96dd4063e13d"
I20260709 12:23:23.401681 20844 raft_consensus.cc:3060] T 9a5f4693ec36413e82a703765973c68d P e9a80ed54e66423c885f96dd4063e13d [term 0 FOLLOWER]: Advancing to term 1
I20260709 12:23:23.401970 21042 consensus_queue.cc:237] T 635e13497beb4158a37d3eb939d250b7 P e9a80ed54e66423c885f96dd4063e13d [LEADER]: Queue going to LEADER mode. State: All replicated index: 0, Majority replicated index: 0, Committed index: 0, Last appended: 0.0, Last appended by leader: 0, Current term: 1, Majority size: 2, State: 0, Mode: LEADER, active raft config: opid_index: -1 OBSOLETE_local: false peers { permanent_uuid: "e9a80ed54e66423c885f96dd4063e13d" member_type: VOTER last_known_addr { host: "127.19.53.129" port: 44563 } } peers { permanent_uuid: "acf5f73a2c324515bd830db655e80d3a" member_type: VOTER last_known_addr { host: "127.19.53.130" port: 34057 } } peers { permanent_uuid: "a5dab597bfe64df8b9ac64289773f6df" member_type: VOTER last_known_addr { host: "127.19.53.131" port: 40531 } }
I20260709 12:23:23.404892 21034 tablet_bootstrap.cc:492] T 3b0f9254ee8d48a5a4911e7c0c424389 P a5dab597bfe64df8b9ac64289773f6df: No bootstrap required, opened a new log
I20260709 12:23:23.405334 21034 ts_tablet_manager.cc:1403] T 3b0f9254ee8d48a5a4911e7c0c424389 P a5dab597bfe64df8b9ac64289773f6df: Time spent bootstrapping tablet: real 0.055s	user 0.016s	sys 0.000s
I20260709 12:23:23.406746 21035 ts_tablet_manager.cc:1434] T d03e320b54fb4b8a868cc8dd38974ecf P e9a80ed54e66423c885f96dd4063e13d: Time spent starting tablet: real 0.019s	user 0.008s	sys 0.000s
I20260709 12:23:23.407725 21035 tablet_bootstrap.cc:492] T 8f5b5338b74c4dcd9b6d794f1b7ce35b P e9a80ed54e66423c885f96dd4063e13d: Bootstrap starting.
I20260709 12:23:23.408229 21034 raft_consensus.cc:359] T 3b0f9254ee8d48a5a4911e7c0c424389 P a5dab597bfe64df8b9ac64289773f6df [term 0 FOLLOWER]: Replica starting. Triggering 0 pending ops. Active config: opid_index: -1 OBSOLETE_local: false peers { permanent_uuid: "e9a80ed54e66423c885f96dd4063e13d" member_type: VOTER last_known_addr { host: "127.19.53.129" port: 44563 } } peers { permanent_uuid: "acf5f73a2c324515bd830db655e80d3a" member_type: VOTER last_known_addr { host: "127.19.53.130" port: 34057 } } peers { permanent_uuid: "a5dab597bfe64df8b9ac64289773f6df" member_type: VOTER last_known_addr { host: "127.19.53.131" port: 40531 } }
I20260709 12:23:23.408900 21034 raft_consensus.cc:385] T 3b0f9254ee8d48a5a4911e7c0c424389 P a5dab597bfe64df8b9ac64289773f6df [term 0 FOLLOWER]: Consensus starting up: Expiring failure detector timer to make a prompt election more likely
I20260709 12:23:23.409164 21034 raft_consensus.cc:740] T 3b0f9254ee8d48a5a4911e7c0c424389 P a5dab597bfe64df8b9ac64289773f6df [term 0 FOLLOWER]: Becoming Follower/Learner. State: Replica: a5dab597bfe64df8b9ac64289773f6df, State: Initialized, Role: FOLLOWER
I20260709 12:23:23.409842 21034 consensus_queue.cc:260] T 3b0f9254ee8d48a5a4911e7c0c424389 P a5dab597bfe64df8b9ac64289773f6df [NON_LEADER]: Queue going to NON_LEADER mode. State: All replicated index: 0, Majority replicated index: 0, Committed index: 0, Last appended: 0.0, Last appended by leader: 0, Current term: 0, Majority size: -1, State: 0, Mode: NON_LEADER, active raft config: opid_index: -1 OBSOLETE_local: false peers { permanent_uuid: "e9a80ed54e66423c885f96dd4063e13d" member_type: VOTER last_known_addr { host: "127.19.53.129" port: 44563 } } peers { permanent_uuid: "acf5f73a2c324515bd830db655e80d3a" member_type: VOTER last_known_addr { host: "127.19.53.130" port: 34057 } } peers { permanent_uuid: "a5dab597bfe64df8b9ac64289773f6df" member_type: VOTER last_known_addr { host: "127.19.53.131" port: 40531 } }
I20260709 12:23:23.413205 21035 tablet_bootstrap.cc:654] T 8f5b5338b74c4dcd9b6d794f1b7ce35b P e9a80ed54e66423c885f96dd4063e13d: Neither blocks nor log segments found. Creating new log.
I20260709 12:23:23.417207 21034 ts_tablet_manager.cc:1434] T 3b0f9254ee8d48a5a4911e7c0c424389 P a5dab597bfe64df8b9ac64289773f6df: Time spent starting tablet: real 0.012s	user 0.006s	sys 0.000s
I20260709 12:23:23.418157 21034 tablet_bootstrap.cc:492] T 9a5f4693ec36413e82a703765973c68d P a5dab597bfe64df8b9ac64289773f6df: Bootstrap starting.
I20260709 12:23:23.418994 21035 tablet_bootstrap.cc:492] T 8f5b5338b74c4dcd9b6d794f1b7ce35b P e9a80ed54e66423c885f96dd4063e13d: No bootstrap required, opened a new log
I20260709 12:23:23.419559 21035 ts_tablet_manager.cc:1403] T 8f5b5338b74c4dcd9b6d794f1b7ce35b P e9a80ed54e66423c885f96dd4063e13d: Time spent bootstrapping tablet: real 0.012s	user 0.007s	sys 0.003s
I20260709 12:23:23.420517 20844 raft_consensus.cc:2468] T 9a5f4693ec36413e82a703765973c68d P e9a80ed54e66423c885f96dd4063e13d [term 1 FOLLOWER]: Leader election vote request: Granting yes vote for candidate acf5f73a2c324515bd830db655e80d3a in term 1.
I20260709 12:23:23.421819 20883 leader_election.cc:304] T 9a5f4693ec36413e82a703765973c68d P acf5f73a2c324515bd830db655e80d3a [CANDIDATE]: Term 1 election: Election decided. Result: candidate won. Election summary: received 2 responses out of 3 voters: 2 yes votes; 0 no votes. yes voters: acf5f73a2c324515bd830db655e80d3a, e9a80ed54e66423c885f96dd4063e13d; no voters: 
I20260709 12:23:23.422260 21035 raft_consensus.cc:359] T 8f5b5338b74c4dcd9b6d794f1b7ce35b P e9a80ed54e66423c885f96dd4063e13d [term 0 FOLLOWER]: Replica starting. Triggering 0 pending ops. Active config: opid_index: -1 OBSOLETE_local: false peers { permanent_uuid: "e9a80ed54e66423c885f96dd4063e13d" member_type: VOTER last_known_addr { host: "127.19.53.129" port: 44563 } } peers { permanent_uuid: "acf5f73a2c324515bd830db655e80d3a" member_type: VOTER last_known_addr { host: "127.19.53.130" port: 34057 } } peers { permanent_uuid: "a5dab597bfe64df8b9ac64289773f6df" member_type: VOTER last_known_addr { host: "127.19.53.131" port: 40531 } }
I20260709 12:23:23.422905 21102 raft_consensus.cc:2804] T 9a5f4693ec36413e82a703765973c68d P acf5f73a2c324515bd830db655e80d3a [term 1 FOLLOWER]: Leader election won for term 1
I20260709 12:23:23.423028 21035 raft_consensus.cc:385] T 8f5b5338b74c4dcd9b6d794f1b7ce35b P e9a80ed54e66423c885f96dd4063e13d [term 0 FOLLOWER]: Consensus starting up: Expiring failure detector timer to make a prompt election more likely
I20260709 12:23:23.423633 21102 raft_consensus.cc:697] T 9a5f4693ec36413e82a703765973c68d P acf5f73a2c324515bd830db655e80d3a [term 1 LEADER]: Becoming Leader. State: Replica: acf5f73a2c324515bd830db655e80d3a, State: Running, Role: LEADER
I20260709 12:23:23.423846 21035 raft_consensus.cc:740] T 8f5b5338b74c4dcd9b6d794f1b7ce35b P e9a80ed54e66423c885f96dd4063e13d [term 0 FOLLOWER]: Becoming Follower/Learner. State: Replica: e9a80ed54e66423c885f96dd4063e13d, State: Initialized, Role: FOLLOWER
I20260709 12:23:23.424815 21102 consensus_queue.cc:237] T 9a5f4693ec36413e82a703765973c68d P acf5f73a2c324515bd830db655e80d3a [LEADER]: Queue going to LEADER mode. State: All replicated index: 0, Majority replicated index: 0, Committed index: 0, Last appended: 0.0, Last appended by leader: 0, Current term: 1, Majority size: 2, State: 0, Mode: LEADER, active raft config: opid_index: -1 OBSOLETE_local: false peers { permanent_uuid: "e9a80ed54e66423c885f96dd4063e13d" member_type: VOTER last_known_addr { host: "127.19.53.129" port: 44563 } } peers { permanent_uuid: "acf5f73a2c324515bd830db655e80d3a" member_type: VOTER last_known_addr { host: "127.19.53.130" port: 34057 } } peers { permanent_uuid: "a5dab597bfe64df8b9ac64289773f6df" member_type: VOTER last_known_addr { host: "127.19.53.131" port: 40531 } }
I20260709 12:23:23.424787 21035 consensus_queue.cc:260] T 8f5b5338b74c4dcd9b6d794f1b7ce35b P e9a80ed54e66423c885f96dd4063e13d [NON_LEADER]: Queue going to NON_LEADER mode. State: All replicated index: 0, Majority replicated index: 0, Committed index: 0, Last appended: 0.0, Last appended by leader: 0, Current term: 0, Majority size: -1, State: 0, Mode: NON_LEADER, active raft config: opid_index: -1 OBSOLETE_local: false peers { permanent_uuid: "e9a80ed54e66423c885f96dd4063e13d" member_type: VOTER last_known_addr { host: "127.19.53.129" port: 44563 } } peers { permanent_uuid: "acf5f73a2c324515bd830db655e80d3a" member_type: VOTER last_known_addr { host: "127.19.53.130" port: 34057 } } peers { permanent_uuid: "a5dab597bfe64df8b9ac64289773f6df" member_type: VOTER last_known_addr { host: "127.19.53.131" port: 40531 } }
I20260709 12:23:23.428529 21035 ts_tablet_manager.cc:1434] T 8f5b5338b74c4dcd9b6d794f1b7ce35b P e9a80ed54e66423c885f96dd4063e13d: Time spent starting tablet: real 0.009s	user 0.005s	sys 0.000s
I20260709 12:23:23.399689 20992 tablet_service.cc:1917] Received RequestConsensusVote() RPC: tablet_id: "9a5f4693ec36413e82a703765973c68d" candidate_uuid: "acf5f73a2c324515bd830db655e80d3a" candidate_term: 1 candidate_status { last_received { term: 0 index: 0 } } ignore_live_leader: false dest_uuid: "a5dab597bfe64df8b9ac64289773f6df"
I20260709 12:23:23.429557 21035 tablet_bootstrap.cc:492] T 65894f18921246f3a490cadc0fd5f50a P e9a80ed54e66423c885f96dd4063e13d: Bootstrap starting.
I20260709 12:23:23.430259 21034 tablet_bootstrap.cc:654] T 9a5f4693ec36413e82a703765973c68d P a5dab597bfe64df8b9ac64289773f6df: Neither blocks nor log segments found. Creating new log.
W20260709 12:23:23.430327 20885 leader_election.cc:343] T 9a5f4693ec36413e82a703765973c68d P acf5f73a2c324515bd830db655e80d3a [CANDIDATE]: Term 1 election: Tablet error from VoteRequest() call to peer a5dab597bfe64df8b9ac64289773f6df (127.19.53.131:40531): Illegal state: must be running to vote when last-logged opid is not known
I20260709 12:23:23.422174 20740 catalog_manager.cc:5697] T 635e13497beb4158a37d3eb939d250b7 P e9a80ed54e66423c885f96dd4063e13d reported cstate change: term changed from 0 to 1, leader changed from <none> to e9a80ed54e66423c885f96dd4063e13d (127.19.53.129). New cstate: current_term: 1 leader_uuid: "e9a80ed54e66423c885f96dd4063e13d" committed_config { opid_index: -1 OBSOLETE_local: false peers { permanent_uuid: "e9a80ed54e66423c885f96dd4063e13d" member_type: VOTER last_known_addr { host: "127.19.53.129" port: 44563 } health_report { overall_health: HEALTHY } } peers { permanent_uuid: "acf5f73a2c324515bd830db655e80d3a" member_type: VOTER last_known_addr { host: "127.19.53.130" port: 34057 } health_report { overall_health: UNKNOWN } } peers { permanent_uuid: "a5dab597bfe64df8b9ac64289773f6df" member_type: VOTER last_known_addr { host: "127.19.53.131" port: 40531 } health_report { overall_health: UNKNOWN } } }
I20260709 12:23:23.434613 21089 leader_election.cc:290] T 9a5f4693ec36413e82a703765973c68d P acf5f73a2c324515bd830db655e80d3a [CANDIDATE]: Term 1 election: Requested vote from peers e9a80ed54e66423c885f96dd4063e13d (127.19.53.129:44563), a5dab597bfe64df8b9ac64289773f6df (127.19.53.131:40531)
I20260709 12:23:23.437825 21033 tablet_bootstrap.cc:492] T 587fbd691c684548a81b44b66533d08d P acf5f73a2c324515bd830db655e80d3a: No bootstrap required, opened a new log
I20260709 12:23:23.438330 21033 ts_tablet_manager.cc:1403] T 587fbd691c684548a81b44b66533d08d P acf5f73a2c324515bd830db655e80d3a: Time spent bootstrapping tablet: real 0.059s	user 0.015s	sys 0.006s
I20260709 12:23:23.439473 21035 tablet_bootstrap.cc:654] T 65894f18921246f3a490cadc0fd5f50a P e9a80ed54e66423c885f96dd4063e13d: Neither blocks nor log segments found. Creating new log.
I20260709 12:23:23.439962 20742 catalog_manager.cc:5697] T 80b779b3461145b89388b31ce624ad79 P acf5f73a2c324515bd830db655e80d3a reported cstate change: term changed from 0 to 1, leader changed from <none> to acf5f73a2c324515bd830db655e80d3a (127.19.53.130). New cstate: current_term: 1 leader_uuid: "acf5f73a2c324515bd830db655e80d3a" committed_config { opid_index: -1 OBSOLETE_local: false peers { permanent_uuid: "e9a80ed54e66423c885f96dd4063e13d" member_type: VOTER last_known_addr { host: "127.19.53.129" port: 44563 } health_report { overall_health: UNKNOWN } } peers { permanent_uuid: "acf5f73a2c324515bd830db655e80d3a" member_type: VOTER last_known_addr { host: "127.19.53.130" port: 34057 } health_report { overall_health: HEALTHY } } peers { permanent_uuid: "a5dab597bfe64df8b9ac64289773f6df" member_type: VOTER last_known_addr { host: "127.19.53.131" port: 40531 } health_report { overall_health: UNKNOWN } } }
I20260709 12:23:23.442652 21033 raft_consensus.cc:359] T 587fbd691c684548a81b44b66533d08d P acf5f73a2c324515bd830db655e80d3a [term 0 FOLLOWER]: Replica starting. Triggering 0 pending ops. Active config: opid_index: -1 OBSOLETE_local: false peers { permanent_uuid: "e9a80ed54e66423c885f96dd4063e13d" member_type: VOTER last_known_addr { host: "127.19.53.129" port: 44563 } } peers { permanent_uuid: "acf5f73a2c324515bd830db655e80d3a" member_type: VOTER last_known_addr { host: "127.19.53.130" port: 34057 } } peers { permanent_uuid: "a5dab597bfe64df8b9ac64289773f6df" member_type: VOTER last_known_addr { host: "127.19.53.131" port: 40531 } }
I20260709 12:23:23.443298 21033 raft_consensus.cc:385] T 587fbd691c684548a81b44b66533d08d P acf5f73a2c324515bd830db655e80d3a [term 0 FOLLOWER]: Consensus starting up: Expiring failure detector timer to make a prompt election more likely
I20260709 12:23:23.443579 21033 raft_consensus.cc:740] T 587fbd691c684548a81b44b66533d08d P acf5f73a2c324515bd830db655e80d3a [term 0 FOLLOWER]: Becoming Follower/Learner. State: Replica: acf5f73a2c324515bd830db655e80d3a, State: Initialized, Role: FOLLOWER
I20260709 12:23:23.444260 21033 consensus_queue.cc:260] T 587fbd691c684548a81b44b66533d08d P acf5f73a2c324515bd830db655e80d3a [NON_LEADER]: Queue going to NON_LEADER mode. State: All replicated index: 0, Majority replicated index: 0, Committed index: 0, Last appended: 0.0, Last appended by leader: 0, Current term: 0, Majority size: -1, State: 0, Mode: NON_LEADER, active raft config: opid_index: -1 OBSOLETE_local: false peers { permanent_uuid: "e9a80ed54e66423c885f96dd4063e13d" member_type: VOTER last_known_addr { host: "127.19.53.129" port: 44563 } } peers { permanent_uuid: "acf5f73a2c324515bd830db655e80d3a" member_type: VOTER last_known_addr { host: "127.19.53.130" port: 34057 } } peers { permanent_uuid: "a5dab597bfe64df8b9ac64289773f6df" member_type: VOTER last_known_addr { host: "127.19.53.131" port: 40531 } }
I20260709 12:23:23.446763 21033 ts_tablet_manager.cc:1434] T 587fbd691c684548a81b44b66533d08d P acf5f73a2c324515bd830db655e80d3a: Time spent starting tablet: real 0.008s	user 0.007s	sys 0.000s
I20260709 12:23:23.447685 21033 tablet_bootstrap.cc:492] T d80297389c134b72adf867638e91f347 P acf5f73a2c324515bd830db655e80d3a: Bootstrap starting.
I20260709 12:23:23.447979 21089 raft_consensus.cc:493] T fd991e05202d4a9593cdd0135ca7b2b7 P acf5f73a2c324515bd830db655e80d3a [term 0 FOLLOWER]: Starting pre-election (no leader contacted us within the election timeout)
I20260709 12:23:23.448485 21089 raft_consensus.cc:515] T fd991e05202d4a9593cdd0135ca7b2b7 P acf5f73a2c324515bd830db655e80d3a [term 0 FOLLOWER]: Starting pre-election with config: opid_index: -1 OBSOLETE_local: false peers { permanent_uuid: "e9a80ed54e66423c885f96dd4063e13d" member_type: VOTER last_known_addr { host: "127.19.53.129" port: 44563 } } peers { permanent_uuid: "acf5f73a2c324515bd830db655e80d3a" member_type: VOTER last_known_addr { host: "127.19.53.130" port: 34057 } } peers { permanent_uuid: "a5dab597bfe64df8b9ac64289773f6df" member_type: VOTER last_known_addr { host: "127.19.53.131" port: 40531 } }
I20260709 12:23:23.450582 21089 leader_election.cc:290] T fd991e05202d4a9593cdd0135ca7b2b7 P acf5f73a2c324515bd830db655e80d3a [CANDIDATE]: Term 1 pre-election: Requested pre-vote from peers e9a80ed54e66423c885f96dd4063e13d (127.19.53.129:44563), a5dab597bfe64df8b9ac64289773f6df (127.19.53.131:40531)
I20260709 12:23:23.453032 20844 tablet_service.cc:1917] Received RequestConsensusVote() RPC: tablet_id: "fd991e05202d4a9593cdd0135ca7b2b7" candidate_uuid: "acf5f73a2c324515bd830db655e80d3a" candidate_term: 1 candidate_status { last_received { term: 0 index: 0 } } ignore_live_leader: false dest_uuid: "e9a80ed54e66423c885f96dd4063e13d" is_pre_election: true
I20260709 12:23:23.453712 20844 raft_consensus.cc:2468] T fd991e05202d4a9593cdd0135ca7b2b7 P e9a80ed54e66423c885f96dd4063e13d [term 0 FOLLOWER]: Leader pre-election vote request: Granting yes vote for candidate acf5f73a2c324515bd830db655e80d3a in term 0.
I20260709 12:23:23.454995 20883 leader_election.cc:304] T fd991e05202d4a9593cdd0135ca7b2b7 P acf5f73a2c324515bd830db655e80d3a [CANDIDATE]: Term 1 pre-election: Election decided. Result: candidate won. Election summary: received 2 responses out of 3 voters: 2 yes votes; 0 no votes. yes voters: acf5f73a2c324515bd830db655e80d3a, e9a80ed54e66423c885f96dd4063e13d; no voters: 
I20260709 12:23:23.455838 21089 raft_consensus.cc:2804] T fd991e05202d4a9593cdd0135ca7b2b7 P acf5f73a2c324515bd830db655e80d3a [term 0 FOLLOWER]: Leader pre-election won for term 1
I20260709 12:23:23.455813 20992 tablet_service.cc:1917] Received RequestConsensusVote() RPC: tablet_id: "fd991e05202d4a9593cdd0135ca7b2b7" candidate_uuid: "acf5f73a2c324515bd830db655e80d3a" candidate_term: 1 candidate_status { last_received { term: 0 index: 0 } } ignore_live_leader: false dest_uuid: "a5dab597bfe64df8b9ac64289773f6df" is_pre_election: true
I20260709 12:23:23.456326 21089 raft_consensus.cc:493] T fd991e05202d4a9593cdd0135ca7b2b7 P acf5f73a2c324515bd830db655e80d3a [term 0 FOLLOWER]: Starting leader election (no leader contacted us within the election timeout)
I20260709 12:23:23.456570 20992 raft_consensus.cc:2468] T fd991e05202d4a9593cdd0135ca7b2b7 P a5dab597bfe64df8b9ac64289773f6df [term 0 FOLLOWER]: Leader pre-election vote request: Granting yes vote for candidate acf5f73a2c324515bd830db655e80d3a in term 0.
I20260709 12:23:23.456700 21089 raft_consensus.cc:3060] T fd991e05202d4a9593cdd0135ca7b2b7 P acf5f73a2c324515bd830db655e80d3a [term 0 FOLLOWER]: Advancing to term 1
I20260709 12:23:23.470490 21089 raft_consensus.cc:515] T fd991e05202d4a9593cdd0135ca7b2b7 P acf5f73a2c324515bd830db655e80d3a [term 1 FOLLOWER]: Starting leader election with config: opid_index: -1 OBSOLETE_local: false peers { permanent_uuid: "e9a80ed54e66423c885f96dd4063e13d" member_type: VOTER last_known_addr { host: "127.19.53.129" port: 44563 } } peers { permanent_uuid: "acf5f73a2c324515bd830db655e80d3a" member_type: VOTER last_known_addr { host: "127.19.53.130" port: 34057 } } peers { permanent_uuid: "a5dab597bfe64df8b9ac64289773f6df" member_type: VOTER last_known_addr { host: "127.19.53.131" port: 40531 } }
I20260709 12:23:23.471316 21034 tablet_bootstrap.cc:492] T 9a5f4693ec36413e82a703765973c68d P a5dab597bfe64df8b9ac64289773f6df: No bootstrap required, opened a new log
I20260709 12:23:23.471850 21034 ts_tablet_manager.cc:1403] T 9a5f4693ec36413e82a703765973c68d P a5dab597bfe64df8b9ac64289773f6df: Time spent bootstrapping tablet: real 0.054s	user 0.015s	sys 0.019s
I20260709 12:23:23.472430 21035 tablet_bootstrap.cc:492] T 65894f18921246f3a490cadc0fd5f50a P e9a80ed54e66423c885f96dd4063e13d: No bootstrap required, opened a new log
I20260709 12:23:23.472663 21089 leader_election.cc:290] T fd991e05202d4a9593cdd0135ca7b2b7 P acf5f73a2c324515bd830db655e80d3a [CANDIDATE]: Term 1 election: Requested vote from peers e9a80ed54e66423c885f96dd4063e13d (127.19.53.129:44563), a5dab597bfe64df8b9ac64289773f6df (127.19.53.131:40531)
I20260709 12:23:23.472877 21035 ts_tablet_manager.cc:1403] T 65894f18921246f3a490cadc0fd5f50a P e9a80ed54e66423c885f96dd4063e13d: Time spent bootstrapping tablet: real 0.044s	user 0.018s	sys 0.020s
I20260709 12:23:23.473389 20844 tablet_service.cc:1917] Received RequestConsensusVote() RPC: tablet_id: "fd991e05202d4a9593cdd0135ca7b2b7" candidate_uuid: "acf5f73a2c324515bd830db655e80d3a" candidate_term: 1 candidate_status { last_received { term: 0 index: 0 } } ignore_live_leader: false dest_uuid: "e9a80ed54e66423c885f96dd4063e13d"
I20260709 12:23:23.473994 20844 raft_consensus.cc:3060] T fd991e05202d4a9593cdd0135ca7b2b7 P e9a80ed54e66423c885f96dd4063e13d [term 0 FOLLOWER]: Advancing to term 1
I20260709 12:23:23.475194 21033 tablet_bootstrap.cc:654] T d80297389c134b72adf867638e91f347 P acf5f73a2c324515bd830db655e80d3a: Neither blocks nor log segments found. Creating new log.
I20260709 12:23:23.475052 21034 raft_consensus.cc:359] T 9a5f4693ec36413e82a703765973c68d P a5dab597bfe64df8b9ac64289773f6df [term 0 FOLLOWER]: Replica starting. Triggering 0 pending ops. Active config: opid_index: -1 OBSOLETE_local: false peers { permanent_uuid: "e9a80ed54e66423c885f96dd4063e13d" member_type: VOTER last_known_addr { host: "127.19.53.129" port: 44563 } } peers { permanent_uuid: "acf5f73a2c324515bd830db655e80d3a" member_type: VOTER last_known_addr { host: "127.19.53.130" port: 34057 } } peers { permanent_uuid: "a5dab597bfe64df8b9ac64289773f6df" member_type: VOTER last_known_addr { host: "127.19.53.131" port: 40531 } }
I20260709 12:23:23.475855 21034 raft_consensus.cc:385] T 9a5f4693ec36413e82a703765973c68d P a5dab597bfe64df8b9ac64289773f6df [term 0 FOLLOWER]: Consensus starting up: Expiring failure detector timer to make a prompt election more likely
I20260709 12:23:23.475649 21035 raft_consensus.cc:359] T 65894f18921246f3a490cadc0fd5f50a P e9a80ed54e66423c885f96dd4063e13d [term 0 FOLLOWER]: Replica starting. Triggering 0 pending ops. Active config: opid_index: -1 OBSOLETE_local: false peers { permanent_uuid: "e9a80ed54e66423c885f96dd4063e13d" member_type: VOTER last_known_addr { host: "127.19.53.129" port: 44563 } } peers { permanent_uuid: "acf5f73a2c324515bd830db655e80d3a" member_type: VOTER last_known_addr { host: "127.19.53.130" port: 34057 } } peers { permanent_uuid: "a5dab597bfe64df8b9ac64289773f6df" member_type: VOTER last_known_addr { host: "127.19.53.131" port: 40531 } }
I20260709 12:23:23.476234 21034 raft_consensus.cc:740] T 9a5f4693ec36413e82a703765973c68d P a5dab597bfe64df8b9ac64289773f6df [term 0 FOLLOWER]: Becoming Follower/Learner. State: Replica: a5dab597bfe64df8b9ac64289773f6df, State: Initialized, Role: FOLLOWER
I20260709 12:23:23.476367 21035 raft_consensus.cc:385] T 65894f18921246f3a490cadc0fd5f50a P e9a80ed54e66423c885f96dd4063e13d [term 0 FOLLOWER]: Consensus starting up: Expiring failure detector timer to make a prompt election more likely
I20260709 12:23:23.476795 21035 raft_consensus.cc:740] T 65894f18921246f3a490cadc0fd5f50a P e9a80ed54e66423c885f96dd4063e13d [term 0 FOLLOWER]: Becoming Follower/Learner. State: Replica: e9a80ed54e66423c885f96dd4063e13d, State: Initialized, Role: FOLLOWER
I20260709 12:23:23.477475 21035 consensus_queue.cc:260] T 65894f18921246f3a490cadc0fd5f50a P e9a80ed54e66423c885f96dd4063e13d [NON_LEADER]: Queue going to NON_LEADER mode. State: All replicated index: 0, Majority replicated index: 0, Committed index: 0, Last appended: 0.0, Last appended by leader: 0, Current term: 0, Majority size: -1, State: 0, Mode: NON_LEADER, active raft config: opid_index: -1 OBSOLETE_local: false peers { permanent_uuid: "e9a80ed54e66423c885f96dd4063e13d" member_type: VOTER last_known_addr { host: "127.19.53.129" port: 44563 } } peers { permanent_uuid: "acf5f73a2c324515bd830db655e80d3a" member_type: VOTER last_known_addr { host: "127.19.53.130" port: 34057 } } peers { permanent_uuid: "a5dab597bfe64df8b9ac64289773f6df" member_type: VOTER last_known_addr { host: "127.19.53.131" port: 40531 } }
I20260709 12:23:23.478106 20992 tablet_service.cc:1917] Received RequestConsensusVote() RPC: tablet_id: "fd991e05202d4a9593cdd0135ca7b2b7" candidate_uuid: "acf5f73a2c324515bd830db655e80d3a" candidate_term: 1 candidate_status { last_received { term: 0 index: 0 } } ignore_live_leader: false dest_uuid: "a5dab597bfe64df8b9ac64289773f6df"
I20260709 12:23:23.479877 21035 ts_tablet_manager.cc:1434] T 65894f18921246f3a490cadc0fd5f50a P e9a80ed54e66423c885f96dd4063e13d: Time spent starting tablet: real 0.007s	user 0.003s	sys 0.003s
I20260709 12:23:23.480273 20992 raft_consensus.cc:3060] T fd991e05202d4a9593cdd0135ca7b2b7 P a5dab597bfe64df8b9ac64289773f6df [term 0 FOLLOWER]: Advancing to term 1
I20260709 12:23:23.477679 21034 consensus_queue.cc:260] T 9a5f4693ec36413e82a703765973c68d P a5dab597bfe64df8b9ac64289773f6df [NON_LEADER]: Queue going to NON_LEADER mode. State: All replicated index: 0, Majority replicated index: 0, Committed index: 0, Last appended: 0.0, Last appended by leader: 0, Current term: 0, Majority size: -1, State: 0, Mode: NON_LEADER, active raft config: opid_index: -1 OBSOLETE_local: false peers { permanent_uuid: "e9a80ed54e66423c885f96dd4063e13d" member_type: VOTER last_known_addr { host: "127.19.53.129" port: 44563 } } peers { permanent_uuid: "acf5f73a2c324515bd830db655e80d3a" member_type: VOTER last_known_addr { host: "127.19.53.130" port: 34057 } } peers { permanent_uuid: "a5dab597bfe64df8b9ac64289773f6df" member_type: VOTER last_known_addr { host: "127.19.53.131" port: 40531 } }
I20260709 12:23:23.481431 21035 tablet_bootstrap.cc:492] T 65f63a56ed1344f0be0a39087c224ef5 P e9a80ed54e66423c885f96dd4063e13d: Bootstrap starting.
I20260709 12:23:23.483649 21034 ts_tablet_manager.cc:1434] T 9a5f4693ec36413e82a703765973c68d P a5dab597bfe64df8b9ac64289773f6df: Time spent starting tablet: real 0.011s	user 0.007s	sys 0.000s
I20260709 12:23:23.479665 21042 raft_consensus.cc:493] T 65894f18921246f3a490cadc0fd5f50a P e9a80ed54e66423c885f96dd4063e13d [term 0 FOLLOWER]: Starting pre-election (no leader contacted us within the election timeout)
I20260709 12:23:23.486707 21042 raft_consensus.cc:515] T 65894f18921246f3a490cadc0fd5f50a P e9a80ed54e66423c885f96dd4063e13d [term 0 FOLLOWER]: Starting pre-election with config: opid_index: -1 OBSOLETE_local: false peers { permanent_uuid: "e9a80ed54e66423c885f96dd4063e13d" member_type: VOTER last_known_addr { host: "127.19.53.129" port: 44563 } } peers { permanent_uuid: "acf5f73a2c324515bd830db655e80d3a" member_type: VOTER last_known_addr { host: "127.19.53.130" port: 34057 } } peers { permanent_uuid: "a5dab597bfe64df8b9ac64289773f6df" member_type: VOTER last_known_addr { host: "127.19.53.131" port: 40531 } }
I20260709 12:23:23.487993 21035 tablet_bootstrap.cc:654] T 65f63a56ed1344f0be0a39087c224ef5 P e9a80ed54e66423c885f96dd4063e13d: Neither blocks nor log segments found. Creating new log.
I20260709 12:23:23.489711 20915 tablet_service.cc:1917] Received RequestConsensusVote() RPC: tablet_id: "65894f18921246f3a490cadc0fd5f50a" candidate_uuid: "e9a80ed54e66423c885f96dd4063e13d" candidate_term: 1 candidate_status { last_received { term: 0 index: 0 } } ignore_live_leader: false dest_uuid: "acf5f73a2c324515bd830db655e80d3a" is_pre_election: true
I20260709 12:23:23.490399 20915 raft_consensus.cc:2468] T 65894f18921246f3a490cadc0fd5f50a P acf5f73a2c324515bd830db655e80d3a [term 0 FOLLOWER]: Leader pre-election vote request: Granting yes vote for candidate e9a80ed54e66423c885f96dd4063e13d in term 0.
I20260709 12:23:23.491964 20809 leader_election.cc:304] T 65894f18921246f3a490cadc0fd5f50a P e9a80ed54e66423c885f96dd4063e13d [CANDIDATE]: Term 1 pre-election: Election decided. Result: candidate won. Election summary: received 2 responses out of 3 voters: 2 yes votes; 0 no votes. yes voters: acf5f73a2c324515bd830db655e80d3a, e9a80ed54e66423c885f96dd4063e13d; no voters: 
I20260709 12:23:23.493167 21058 raft_consensus.cc:2804] T 65894f18921246f3a490cadc0fd5f50a P e9a80ed54e66423c885f96dd4063e13d [term 0 FOLLOWER]: Leader pre-election won for term 1
I20260709 12:23:23.493670 21058 raft_consensus.cc:493] T 65894f18921246f3a490cadc0fd5f50a P e9a80ed54e66423c885f96dd4063e13d [term 0 FOLLOWER]: Starting leader election (no leader contacted us within the election timeout)
I20260709 12:23:23.494125 21058 raft_consensus.cc:3060] T 65894f18921246f3a490cadc0fd5f50a P e9a80ed54e66423c885f96dd4063e13d [term 0 FOLLOWER]: Advancing to term 1
I20260709 12:23:23.495078 20991 tablet_service.cc:1917] Received RequestConsensusVote() RPC: tablet_id: "65894f18921246f3a490cadc0fd5f50a" candidate_uuid: "e9a80ed54e66423c885f96dd4063e13d" candidate_term: 1 candidate_status { last_received { term: 0 index: 0 } } ignore_live_leader: false dest_uuid: "a5dab597bfe64df8b9ac64289773f6df" is_pre_election: true
W20260709 12:23:23.497093 20810 leader_election.cc:343] T 65894f18921246f3a490cadc0fd5f50a P e9a80ed54e66423c885f96dd4063e13d [CANDIDATE]: Term 1 pre-election: Tablet error from VoteRequest() call to peer a5dab597bfe64df8b9ac64289773f6df (127.19.53.131:40531): Illegal state: must be running to vote when last-logged opid is not known
I20260709 12:23:23.498154 21042 leader_election.cc:290] T 65894f18921246f3a490cadc0fd5f50a P e9a80ed54e66423c885f96dd4063e13d [CANDIDATE]: Term 1 pre-election: Requested pre-vote from peers acf5f73a2c324515bd830db655e80d3a (127.19.53.130:34057), a5dab597bfe64df8b9ac64289773f6df (127.19.53.131:40531)
I20260709 12:23:23.506274 20740 catalog_manager.cc:5697] T 9a5f4693ec36413e82a703765973c68d P acf5f73a2c324515bd830db655e80d3a reported cstate change: term changed from 0 to 1, leader changed from <none> to acf5f73a2c324515bd830db655e80d3a (127.19.53.130). New cstate: current_term: 1 leader_uuid: "acf5f73a2c324515bd830db655e80d3a" committed_config { opid_index: -1 OBSOLETE_local: false peers { permanent_uuid: "e9a80ed54e66423c885f96dd4063e13d" member_type: VOTER last_known_addr { host: "127.19.53.129" port: 44563 } health_report { overall_health: UNKNOWN } } peers { permanent_uuid: "acf5f73a2c324515bd830db655e80d3a" member_type: VOTER last_known_addr { host: "127.19.53.130" port: 34057 } health_report { overall_health: HEALTHY } } peers { permanent_uuid: "a5dab597bfe64df8b9ac64289773f6df" member_type: VOTER last_known_addr { host: "127.19.53.131" port: 40531 } health_report { overall_health: UNKNOWN } } }
I20260709 12:23:23.507082 21034 tablet_bootstrap.cc:492] T 6ea704def04b40b3ba6a4a76458656a9 P a5dab597bfe64df8b9ac64289773f6df: Bootstrap starting.
I20260709 12:23:23.510380 21054 raft_consensus.cc:493] T d03e320b54fb4b8a868cc8dd38974ecf P e9a80ed54e66423c885f96dd4063e13d [term 0 FOLLOWER]: Starting pre-election (no leader contacted us within the election timeout)
I20260709 12:23:23.511296 21033 tablet_bootstrap.cc:492] T d80297389c134b72adf867638e91f347 P acf5f73a2c324515bd830db655e80d3a: No bootstrap required, opened a new log
I20260709 12:23:23.516909 21054 raft_consensus.cc:515] T d03e320b54fb4b8a868cc8dd38974ecf P e9a80ed54e66423c885f96dd4063e13d [term 0 FOLLOWER]: Starting pre-election with config: opid_index: -1 OBSOLETE_local: false peers { permanent_uuid: "e9a80ed54e66423c885f96dd4063e13d" member_type: VOTER last_known_addr { host: "127.19.53.129" port: 44563 } } peers { permanent_uuid: "acf5f73a2c324515bd830db655e80d3a" member_type: VOTER last_known_addr { host: "127.19.53.130" port: 34057 } } peers { permanent_uuid: "a5dab597bfe64df8b9ac64289773f6df" member_type: VOTER last_known_addr { host: "127.19.53.131" port: 40531 } }
I20260709 12:23:23.517223 21033 ts_tablet_manager.cc:1403] T d80297389c134b72adf867638e91f347 P acf5f73a2c324515bd830db655e80d3a: Time spent bootstrapping tablet: real 0.070s	user 0.015s	sys 0.020s
I20260709 12:23:23.519345 21054 leader_election.cc:290] T d03e320b54fb4b8a868cc8dd38974ecf P e9a80ed54e66423c885f96dd4063e13d [CANDIDATE]: Term 1 pre-election: Requested pre-vote from peers acf5f73a2c324515bd830db655e80d3a (127.19.53.130:34057), a5dab597bfe64df8b9ac64289773f6df (127.19.53.131:40531)
I20260709 12:23:23.520427 20915 tablet_service.cc:1917] Received RequestConsensusVote() RPC: tablet_id: "d03e320b54fb4b8a868cc8dd38974ecf" candidate_uuid: "e9a80ed54e66423c885f96dd4063e13d" candidate_term: 1 candidate_status { last_received { term: 0 index: 0 } } ignore_live_leader: false dest_uuid: "acf5f73a2c324515bd830db655e80d3a" is_pre_election: true
I20260709 12:23:23.521073 20991 tablet_service.cc:1917] Received RequestConsensusVote() RPC: tablet_id: "d03e320b54fb4b8a868cc8dd38974ecf" candidate_uuid: "e9a80ed54e66423c885f96dd4063e13d" candidate_term: 1 candidate_status { last_received { term: 0 index: 0 } } ignore_live_leader: false dest_uuid: "a5dab597bfe64df8b9ac64289773f6df" is_pre_election: true
I20260709 12:23:23.521272 20915 raft_consensus.cc:2468] T d03e320b54fb4b8a868cc8dd38974ecf P acf5f73a2c324515bd830db655e80d3a [term 0 FOLLOWER]: Leader pre-election vote request: Granting yes vote for candidate e9a80ed54e66423c885f96dd4063e13d in term 0.
I20260709 12:23:23.508471 21058 raft_consensus.cc:515] T 65894f18921246f3a490cadc0fd5f50a P e9a80ed54e66423c885f96dd4063e13d [term 1 FOLLOWER]: Starting leader election with config: opid_index: -1 OBSOLETE_local: false peers { permanent_uuid: "e9a80ed54e66423c885f96dd4063e13d" member_type: VOTER last_known_addr { host: "127.19.53.129" port: 44563 } } peers { permanent_uuid: "acf5f73a2c324515bd830db655e80d3a" member_type: VOTER last_known_addr { host: "127.19.53.130" port: 34057 } } peers { permanent_uuid: "a5dab597bfe64df8b9ac64289773f6df" member_type: VOTER last_known_addr { host: "127.19.53.131" port: 40531 } }
I20260709 12:23:23.523043 20809 leader_election.cc:304] T d03e320b54fb4b8a868cc8dd38974ecf P e9a80ed54e66423c885f96dd4063e13d [CANDIDATE]: Term 1 pre-election: Election decided. Result: candidate won. Election summary: received 2 responses out of 3 voters: 2 yes votes; 0 no votes. yes voters: acf5f73a2c324515bd830db655e80d3a, e9a80ed54e66423c885f96dd4063e13d; no voters: 
I20260709 12:23:23.523697 21058 leader_election.cc:290] T 65894f18921246f3a490cadc0fd5f50a P e9a80ed54e66423c885f96dd4063e13d [CANDIDATE]: Term 1 election: Requested vote from peers acf5f73a2c324515bd830db655e80d3a (127.19.53.130:34057), a5dab597bfe64df8b9ac64289773f6df (127.19.53.131:40531)
I20260709 12:23:23.524256 21058 raft_consensus.cc:2804] T d03e320b54fb4b8a868cc8dd38974ecf P e9a80ed54e66423c885f96dd4063e13d [term 0 FOLLOWER]: Leader pre-election won for term 1
I20260709 12:23:23.524588 21058 raft_consensus.cc:493] T d03e320b54fb4b8a868cc8dd38974ecf P e9a80ed54e66423c885f96dd4063e13d [term 0 FOLLOWER]: Starting leader election (no leader contacted us within the election timeout)
I20260709 12:23:23.524906 21058 raft_consensus.cc:3060] T d03e320b54fb4b8a868cc8dd38974ecf P e9a80ed54e66423c885f96dd4063e13d [term 0 FOLLOWER]: Advancing to term 1
W20260709 12:23:23.525113 20810 leader_election.cc:343] T d03e320b54fb4b8a868cc8dd38974ecf P e9a80ed54e66423c885f96dd4063e13d [CANDIDATE]: Term 1 pre-election: Tablet error from VoteRequest() call to peer a5dab597bfe64df8b9ac64289773f6df (127.19.53.131:40531): Illegal state: must be running to vote when last-logged opid is not known
I20260709 12:23:23.528535 20992 raft_consensus.cc:2468] T fd991e05202d4a9593cdd0135ca7b2b7 P a5dab597bfe64df8b9ac64289773f6df [term 1 FOLLOWER]: Leader election vote request: Granting yes vote for candidate acf5f73a2c324515bd830db655e80d3a in term 1.
I20260709 12:23:23.529950 20991 tablet_service.cc:1917] Received RequestConsensusVote() RPC: tablet_id: "65894f18921246f3a490cadc0fd5f50a" candidate_uuid: "e9a80ed54e66423c885f96dd4063e13d" candidate_term: 1 candidate_status { last_received { term: 0 index: 0 } } ignore_live_leader: false dest_uuid: "a5dab597bfe64df8b9ac64289773f6df"
I20260709 12:23:23.530715 20885 leader_election.cc:304] T fd991e05202d4a9593cdd0135ca7b2b7 P acf5f73a2c324515bd830db655e80d3a [CANDIDATE]: Term 1 election: Election decided. Result: candidate won. Election summary: received 2 responses out of 3 voters: 2 yes votes; 0 no votes. yes voters: a5dab597bfe64df8b9ac64289773f6df, acf5f73a2c324515bd830db655e80d3a; no voters: 
I20260709 12:23:23.529194 21034 tablet_bootstrap.cc:654] T 6ea704def04b40b3ba6a4a76458656a9 P a5dab597bfe64df8b9ac64289773f6df: Neither blocks nor log segments found. Creating new log.
I20260709 12:23:23.531888 20915 tablet_service.cc:1917] Received RequestConsensusVote() RPC: tablet_id: "65894f18921246f3a490cadc0fd5f50a" candidate_uuid: "e9a80ed54e66423c885f96dd4063e13d" candidate_term: 1 candidate_status { last_received { term: 0 index: 0 } } ignore_live_leader: false dest_uuid: "acf5f73a2c324515bd830db655e80d3a"
I20260709 12:23:23.516548 20844 raft_consensus.cc:2468] T fd991e05202d4a9593cdd0135ca7b2b7 P e9a80ed54e66423c885f96dd4063e13d [term 1 FOLLOWER]: Leader election vote request: Granting yes vote for candidate acf5f73a2c324515bd830db655e80d3a in term 1.
I20260709 12:23:23.532694 20915 raft_consensus.cc:3060] T 65894f18921246f3a490cadc0fd5f50a P acf5f73a2c324515bd830db655e80d3a [term 0 FOLLOWER]: Advancing to term 1
I20260709 12:23:23.532097 21089 raft_consensus.cc:2804] T fd991e05202d4a9593cdd0135ca7b2b7 P acf5f73a2c324515bd830db655e80d3a [term 1 FOLLOWER]: Leader election won for term 1
I20260709 12:23:23.534718 21089 raft_consensus.cc:697] T fd991e05202d4a9593cdd0135ca7b2b7 P acf5f73a2c324515bd830db655e80d3a [term 1 LEADER]: Becoming Leader. State: Replica: acf5f73a2c324515bd830db655e80d3a, State: Running, Role: LEADER
I20260709 12:23:23.535861 21089 consensus_queue.cc:237] T fd991e05202d4a9593cdd0135ca7b2b7 P acf5f73a2c324515bd830db655e80d3a [LEADER]: Queue going to LEADER mode. State: All replicated index: 0, Majority replicated index: 0, Committed index: 0, Last appended: 0.0, Last appended by leader: 0, Current term: 1, Majority size: 2, State: 0, Mode: LEADER, active raft config: opid_index: -1 OBSOLETE_local: false peers { permanent_uuid: "e9a80ed54e66423c885f96dd4063e13d" member_type: VOTER last_known_addr { host: "127.19.53.129" port: 44563 } } peers { permanent_uuid: "acf5f73a2c324515bd830db655e80d3a" member_type: VOTER last_known_addr { host: "127.19.53.130" port: 34057 } } peers { permanent_uuid: "a5dab597bfe64df8b9ac64289773f6df" member_type: VOTER last_known_addr { host: "127.19.53.131" port: 40531 } }
I20260709 12:23:23.542429 21035 tablet_bootstrap.cc:492] T 65f63a56ed1344f0be0a39087c224ef5 P e9a80ed54e66423c885f96dd4063e13d: No bootstrap required, opened a new log
I20260709 12:23:23.542892 21035 ts_tablet_manager.cc:1403] T 65f63a56ed1344f0be0a39087c224ef5 P e9a80ed54e66423c885f96dd4063e13d: Time spent bootstrapping tablet: real 0.062s	user 0.032s	sys 0.026s
W20260709 12:23:23.543685 20810 leader_election.cc:343] T 65894f18921246f3a490cadc0fd5f50a P e9a80ed54e66423c885f96dd4063e13d [CANDIDATE]: Term 1 election: Tablet error from VoteRequest() call to peer a5dab597bfe64df8b9ac64289773f6df (127.19.53.131:40531): Illegal state: must be running to vote when last-logged opid is not known
I20260709 12:23:23.545641 21035 raft_consensus.cc:359] T 65f63a56ed1344f0be0a39087c224ef5 P e9a80ed54e66423c885f96dd4063e13d [term 0 FOLLOWER]: Replica starting. Triggering 0 pending ops. Active config: opid_index: -1 OBSOLETE_local: false peers { permanent_uuid: "e9a80ed54e66423c885f96dd4063e13d" member_type: VOTER last_known_addr { host: "127.19.53.129" port: 44563 } } peers { permanent_uuid: "acf5f73a2c324515bd830db655e80d3a" member_type: VOTER last_known_addr { host: "127.19.53.130" port: 34057 } } peers { permanent_uuid: "a5dab597bfe64df8b9ac64289773f6df" member_type: VOTER last_known_addr { host: "127.19.53.131" port: 40531 } }
I20260709 12:23:23.546326 21035 raft_consensus.cc:385] T 65f63a56ed1344f0be0a39087c224ef5 P e9a80ed54e66423c885f96dd4063e13d [term 0 FOLLOWER]: Consensus starting up: Expiring failure detector timer to make a prompt election more likely
I20260709 12:23:23.546592 21035 raft_consensus.cc:740] T 65f63a56ed1344f0be0a39087c224ef5 P e9a80ed54e66423c885f96dd4063e13d [term 0 FOLLOWER]: Becoming Follower/Learner. State: Replica: e9a80ed54e66423c885f96dd4063e13d, State: Initialized, Role: FOLLOWER
