W20260709 12:23:26.500836 20809 consensus_peers.cc:597] T c478e38872bf4de8aa5d4353174abc64 P e9a80ed54e66423c885f96dd4063e13d -> Peer acf5f73a2c324515bd830db655e80d3a (127.19.53.130:34057): Couldn't send request to peer acf5f73a2c324515bd830db655e80d3a. Error code: TABLET_NOT_RUNNING (12). Status: Illegal state: Tablet not RUNNING: INITIALIZED. This is attempt 1: this message will repeat every 5th retry.
I20260709 12:23:26.502820 20992 tablet_service.cc:1917] Received RequestConsensusVote() RPC: tablet_id: "af336b3a28984805904b4e88409d70f2" candidate_uuid: "e9a80ed54e66423c885f96dd4063e13d" candidate_term: 1 candidate_status { last_received { term: 0 index: 0 } } ignore_live_leader: false dest_uuid: "a5dab597bfe64df8b9ac64289773f6df" is_pre_election: true
I20260709 12:23:26.503906 20885 leader_election.cc:304] T 876d8c5ea13c4f83a105b17a8d55ebfa P acf5f73a2c324515bd830db655e80d3a [CANDIDATE]: Term 1 election: Election decided. Result: candidate won. Election summary: received 2 responses out of 3 voters: 2 yes votes; 0 no votes. yes voters: a5dab597bfe64df8b9ac64289773f6df, acf5f73a2c324515bd830db655e80d3a; no voters: 
I20260709 12:23:26.504045 20810 leader_election.cc:304] T 379d4473c71c4653a1cc0edb9f320614 P e9a80ed54e66423c885f96dd4063e13d [CANDIDATE]: Term 2 election: Election decided. Result: candidate lost. Election summary: received 3 responses out of 3 voters: 1 yes votes; 2 no votes. yes voters: e9a80ed54e66423c885f96dd4063e13d; no voters: a5dab597bfe64df8b9ac64289773f6df, acf5f73a2c324515bd830db655e80d3a
I20260709 12:23:26.490983 21145 leader_election.cc:290] T 5435fc1d23604715b15d7c8a0d7add38 P acf5f73a2c324515bd830db655e80d3a [CANDIDATE]: Term 1 pre-election: Requested pre-vote from peers e9a80ed54e66423c885f96dd4063e13d (127.19.53.129:44563), a5dab597bfe64df8b9ac64289773f6df (127.19.53.131:40531)
W20260709 12:23:26.505867 20810 leader_election.cc:343] T af336b3a28984805904b4e88409d70f2 P e9a80ed54e66423c885f96dd4063e13d [CANDIDATE]: Term 1 pre-election: Tablet error from VoteRequest() call to peer a5dab597bfe64df8b9ac64289773f6df (127.19.53.131:40531): Illegal state: must be running to vote when last-logged opid is not known
I20260709 12:23:26.494839 21156 raft_consensus.cc:2804] T b4a874a13e4f4f8c8cff14cb0ce126a1 P e9a80ed54e66423c885f96dd4063e13d [term 1 FOLLOWER]: Leader election won for term 1
I20260709 12:23:26.508502 21259 raft_consensus.cc:2804] T 876d8c5ea13c4f83a105b17a8d55ebfa P acf5f73a2c324515bd830db655e80d3a [term 1 FOLLOWER]: Leader election won for term 1
I20260709 12:23:26.508566 21156 raft_consensus.cc:697] T b4a874a13e4f4f8c8cff14cb0ce126a1 P e9a80ed54e66423c885f96dd4063e13d [term 1 LEADER]: Becoming Leader. State: Replica: e9a80ed54e66423c885f96dd4063e13d, State: Running, Role: LEADER
I20260709 12:23:26.473973 20957 leader_election.cc:304] T 2bafa1b204044ebcab60755ba705c6a8 P a5dab597bfe64df8b9ac64289773f6df [CANDIDATE]: Term 1 pre-election: Election decided. Result: candidate won. Election summary: received 2 responses out of 3 voters: 2 yes votes; 0 no votes. yes voters: a5dab597bfe64df8b9ac64289773f6df, e9a80ed54e66423c885f96dd4063e13d; no voters: 
I20260709 12:23:26.515640 21152 raft_consensus.cc:2804] T 2bafa1b204044ebcab60755ba705c6a8 P a5dab597bfe64df8b9ac64289773f6df [term 0 FOLLOWER]: Leader pre-election won for term 1
I20260709 12:23:26.516125 21152 raft_consensus.cc:493] T 2bafa1b204044ebcab60755ba705c6a8 P a5dab597bfe64df8b9ac64289773f6df [term 0 FOLLOWER]: Starting leader election (no leader contacted us within the election timeout)
I20260709 12:23:26.516534 21152 raft_consensus.cc:3060] T 2bafa1b204044ebcab60755ba705c6a8 P a5dab597bfe64df8b9ac64289773f6df [term 0 FOLLOWER]: Advancing to term 1
W20260709 12:23:26.518318 20957 outbound_call.cc:321] RPC callback for RPC call kudu.consensus.ConsensusService.RequestConsensusVote -> {remote=127.19.53.129:44563, user_credentials={real_user=slave}} blocked reactor thread for 50724.7us
I20260709 12:23:26.509312 21235 raft_consensus.cc:2749] T 379d4473c71c4653a1cc0edb9f320614 P e9a80ed54e66423c885f96dd4063e13d [term 2 FOLLOWER]: Leader election lost for term 2. Reason: could not achieve majority
I20260709 12:23:26.509110 21259 raft_consensus.cc:697] T 876d8c5ea13c4f83a105b17a8d55ebfa P acf5f73a2c324515bd830db655e80d3a [term 1 LEADER]: Becoming Leader. State: Replica: acf5f73a2c324515bd830db655e80d3a, State: Running, Role: LEADER
I20260709 12:23:26.521155 21259 consensus_queue.cc:237] T 876d8c5ea13c4f83a105b17a8d55ebfa P acf5f73a2c324515bd830db655e80d3a [LEADER]: Queue going to LEADER mode. State: All replicated index: 0, Majority replicated index: 0, Committed index: 0, Last appended: 0.0, Last appended by leader: 0, Current term: 1, Majority size: 2, State: 0, Mode: LEADER, active raft config: opid_index: -1 OBSOLETE_local: false peers { permanent_uuid: "e9a80ed54e66423c885f96dd4063e13d" member_type: VOTER last_known_addr { host: "127.19.53.129" port: 44563 } } peers { permanent_uuid: "acf5f73a2c324515bd830db655e80d3a" member_type: VOTER last_known_addr { host: "127.19.53.130" port: 34057 } } peers { permanent_uuid: "a5dab597bfe64df8b9ac64289773f6df" member_type: VOTER last_known_addr { host: "127.19.53.131" port: 40531 } }
I20260709 12:23:26.510962 20993 tablet_service.cc:1917] Received RequestConsensusVote() RPC: tablet_id: "5435fc1d23604715b15d7c8a0d7add38" candidate_uuid: "acf5f73a2c324515bd830db655e80d3a" candidate_term: 1 candidate_status { last_received { term: 0 index: 0 } } ignore_live_leader: false dest_uuid: "a5dab597bfe64df8b9ac64289773f6df" is_pre_election: true
I20260709 12:23:26.537245 21156 consensus_queue.cc:237] T b4a874a13e4f4f8c8cff14cb0ce126a1 P e9a80ed54e66423c885f96dd4063e13d [LEADER]: Queue going to LEADER mode. State: All replicated index: 0, Majority replicated index: 0, Committed index: 0, Last appended: 0.0, Last appended by leader: 0, Current term: 1, Majority size: 2, State: 0, Mode: LEADER, active raft config: opid_index: -1 OBSOLETE_local: false peers { permanent_uuid: "e9a80ed54e66423c885f96dd4063e13d" member_type: VOTER last_known_addr { host: "127.19.53.129" port: 44563 } } peers { permanent_uuid: "acf5f73a2c324515bd830db655e80d3a" member_type: VOTER last_known_addr { host: "127.19.53.130" port: 34057 } } peers { permanent_uuid: "a5dab597bfe64df8b9ac64289773f6df" member_type: VOTER last_known_addr { host: "127.19.53.131" port: 40531 } }
I20260709 12:23:26.514039 20990 raft_consensus.cc:2468] T 65f63a56ed1344f0be0a39087c224ef5 P a5dab597bfe64df8b9ac64289773f6df [term 2 FOLLOWER]: Leader election vote request: Granting yes vote for candidate e9a80ed54e66423c885f96dd4063e13d in term 2.
I20260709 12:23:26.551496 20810 leader_election.cc:304] T 65f63a56ed1344f0be0a39087c224ef5 P e9a80ed54e66423c885f96dd4063e13d [CANDIDATE]: Term 2 election: Election decided. Result: candidate won. Election summary: received 2 responses out of 3 voters: 2 yes votes; 0 no votes. yes voters: a5dab597bfe64df8b9ac64289773f6df, e9a80ed54e66423c885f96dd4063e13d; no voters: 
I20260709 12:23:26.506615 20918 tablet_service.cc:1917] Received RequestConsensusVote() RPC: tablet_id: "af336b3a28984805904b4e88409d70f2" candidate_uuid: "e9a80ed54e66423c885f96dd4063e13d" candidate_term: 1 candidate_status { last_received { term: 0 index: 0 } } ignore_live_leader: false dest_uuid: "acf5f73a2c324515bd830db655e80d3a" is_pre_election: true
I20260709 12:23:26.559031 21253 raft_consensus.cc:2804] T 65f63a56ed1344f0be0a39087c224ef5 P e9a80ed54e66423c885f96dd4063e13d [term 2 FOLLOWER]: Leader election won for term 2
I20260709 12:23:26.559509 21253 raft_consensus.cc:697] T 65f63a56ed1344f0be0a39087c224ef5 P e9a80ed54e66423c885f96dd4063e13d [term 2 LEADER]: Becoming Leader. State: Replica: e9a80ed54e66423c885f96dd4063e13d, State: Running, Role: LEADER
I20260709 12:23:26.559705 21033 tablet_bootstrap.cc:492] T 0f45cddae663429fa2a1f89681778dc7 P acf5f73a2c324515bd830db655e80d3a: No bootstrap required, opened a new log
I20260709 12:23:26.560153 21033 ts_tablet_manager.cc:1403] T 0f45cddae663429fa2a1f89681778dc7 P acf5f73a2c324515bd830db655e80d3a: Time spent bootstrapping tablet: real 0.226s	user 0.022s	sys 0.037s
I20260709 12:23:26.560322 21253 consensus_queue.cc:237] T 65f63a56ed1344f0be0a39087c224ef5 P e9a80ed54e66423c885f96dd4063e13d [LEADER]: Queue going to LEADER mode. State: All replicated index: 0, Majority replicated index: 0, Committed index: 0, Last appended: 0.0, Last appended by leader: 0, Current term: 2, Majority size: 2, State: 0, Mode: LEADER, active raft config: opid_index: -1 OBSOLETE_local: false peers { permanent_uuid: "e9a80ed54e66423c885f96dd4063e13d" member_type: VOTER last_known_addr { host: "127.19.53.129" port: 44563 } } peers { permanent_uuid: "acf5f73a2c324515bd830db655e80d3a" member_type: VOTER last_known_addr { host: "127.19.53.130" port: 34057 } } peers { permanent_uuid: "a5dab597bfe64df8b9ac64289773f6df" member_type: VOTER last_known_addr { host: "127.19.53.131" port: 40531 } }
I20260709 12:23:26.565423 20740 catalog_manager.cc:5697] T 876d8c5ea13c4f83a105b17a8d55ebfa P acf5f73a2c324515bd830db655e80d3a reported cstate change: term changed from 0 to 1, leader changed from <none> to acf5f73a2c324515bd830db655e80d3a (127.19.53.130). New cstate: current_term: 1 leader_uuid: "acf5f73a2c324515bd830db655e80d3a" committed_config { opid_index: -1 OBSOLETE_local: false peers { permanent_uuid: "e9a80ed54e66423c885f96dd4063e13d" member_type: VOTER last_known_addr { host: "127.19.53.129" port: 44563 } health_report { overall_health: UNKNOWN } } peers { permanent_uuid: "acf5f73a2c324515bd830db655e80d3a" member_type: VOTER last_known_addr { host: "127.19.53.130" port: 34057 } health_report { overall_health: HEALTHY } } peers { permanent_uuid: "a5dab597bfe64df8b9ac64289773f6df" member_type: VOTER last_known_addr { host: "127.19.53.131" port: 40531 } health_report { overall_health: UNKNOWN } } }
I20260709 12:23:26.569319 20883 leader_election.cc:304] T 5435fc1d23604715b15d7c8a0d7add38 P acf5f73a2c324515bd830db655e80d3a [CANDIDATE]: Term 1 pre-election: Election decided. Result: candidate lost. Election summary: received 3 responses out of 3 voters: 1 yes votes; 2 no votes. yes voters: acf5f73a2c324515bd830db655e80d3a; no voters: a5dab597bfe64df8b9ac64289773f6df, e9a80ed54e66423c885f96dd4063e13d
I20260709 12:23:26.570508 21089 raft_consensus.cc:3060] T 5435fc1d23604715b15d7c8a0d7add38 P acf5f73a2c324515bd830db655e80d3a [term 0 FOLLOWER]: Advancing to term 1
I20260709 12:23:26.576457 21033 raft_consensus.cc:359] T 0f45cddae663429fa2a1f89681778dc7 P acf5f73a2c324515bd830db655e80d3a [term 0 FOLLOWER]: Replica starting. Triggering 0 pending ops. Active config: opid_index: -1 OBSOLETE_local: false peers { permanent_uuid: "e9a80ed54e66423c885f96dd4063e13d" member_type: VOTER last_known_addr { host: "127.19.53.129" port: 44563 } } peers { permanent_uuid: "acf5f73a2c324515bd830db655e80d3a" member_type: VOTER last_known_addr { host: "127.19.53.130" port: 34057 } } peers { permanent_uuid: "a5dab597bfe64df8b9ac64289773f6df" member_type: VOTER last_known_addr { host: "127.19.53.131" port: 40531 } }
I20260709 12:23:26.577005 21033 raft_consensus.cc:385] T 0f45cddae663429fa2a1f89681778dc7 P acf5f73a2c324515bd830db655e80d3a [term 0 FOLLOWER]: Consensus starting up: Expiring failure detector timer to make a prompt election more likely
I20260709 12:23:26.577235 21033 raft_consensus.cc:740] T 0f45cddae663429fa2a1f89681778dc7 P acf5f73a2c324515bd830db655e80d3a [term 0 FOLLOWER]: Becoming Follower/Learner. State: Replica: acf5f73a2c324515bd830db655e80d3a, State: Initialized, Role: FOLLOWER
I20260709 12:23:26.577819 21033 consensus_queue.cc:260] T 0f45cddae663429fa2a1f89681778dc7 P acf5f73a2c324515bd830db655e80d3a [NON_LEADER]: Queue going to NON_LEADER mode. State: All replicated index: 0, Majority replicated index: 0, Committed index: 0, Last appended: 0.0, Last appended by leader: 0, Current term: 0, Majority size: -1, State: 0, Mode: NON_LEADER, active raft config: opid_index: -1 OBSOLETE_local: false peers { permanent_uuid: "e9a80ed54e66423c885f96dd4063e13d" member_type: VOTER last_known_addr { host: "127.19.53.129" port: 44563 } } peers { permanent_uuid: "acf5f73a2c324515bd830db655e80d3a" member_type: VOTER last_known_addr { host: "127.19.53.130" port: 34057 } } peers { permanent_uuid: "a5dab597bfe64df8b9ac64289773f6df" member_type: VOTER last_known_addr { host: "127.19.53.131" port: 40531 } }
I20260709 12:23:26.579954 21033 ts_tablet_manager.cc:1434] T 0f45cddae663429fa2a1f89681778dc7 P acf5f73a2c324515bd830db655e80d3a: Time spent starting tablet: real 0.020s	user 0.006s	sys 0.001s
I20260709 12:23:26.580760 21033 tablet_bootstrap.cc:492] T 31ec7219cd8d4af8b9a75873197e69ab P acf5f73a2c324515bd830db655e80d3a: Bootstrap starting.
I20260709 12:23:26.582327 21058 raft_consensus.cc:493] T 2871100c48df49d99899d42220f96828 P e9a80ed54e66423c885f96dd4063e13d [term 0 FOLLOWER]: Starting pre-election (no leader contacted us within the election timeout)
I20260709 12:23:26.581998 21234 consensus_queue.cc:1048] T c813732e72014a46bf00b4d24fde4823 P a5dab597bfe64df8b9ac64289773f6df [LEADER]: Connected to new peer: Peer: permanent_uuid: "e9a80ed54e66423c885f96dd4063e13d" member_type: VOTER last_known_addr { host: "127.19.53.129" port: 44563 }, Status: LMP_MISMATCH, Last received: 0.0, Next index: 1, Last known committed idx: 0, Time since last communication: 0.001s
I20260709 12:23:26.582914 21058 raft_consensus.cc:515] T 2871100c48df49d99899d42220f96828 P e9a80ed54e66423c885f96dd4063e13d [term 0 FOLLOWER]: Starting pre-election with config: opid_index: -1 OBSOLETE_local: false peers { permanent_uuid: "e9a80ed54e66423c885f96dd4063e13d" member_type: VOTER last_known_addr { host: "127.19.53.129" port: 44563 } } peers { permanent_uuid: "acf5f73a2c324515bd830db655e80d3a" member_type: VOTER last_known_addr { host: "127.19.53.130" port: 34057 } } peers { permanent_uuid: "a5dab597bfe64df8b9ac64289773f6df" member_type: VOTER last_known_addr { host: "127.19.53.131" port: 40531 } }
I20260709 12:23:26.586920 21035 tablet_bootstrap.cc:492] T f868c482042f4e8c9f3f2b30ba45b46d P e9a80ed54e66423c885f96dd4063e13d: No bootstrap required, opened a new log
I20260709 12:23:26.591342 21035 ts_tablet_manager.cc:1403] T f868c482042f4e8c9f3f2b30ba45b46d P e9a80ed54e66423c885f96dd4063e13d: Time spent bootstrapping tablet: real 0.191s	user 0.015s	sys 0.003s
I20260709 12:23:26.591449 21034 tablet_bootstrap.cc:492] T 31ec7219cd8d4af8b9a75873197e69ab P a5dab597bfe64df8b9ac64289773f6df: No bootstrap required, opened a new log
I20260709 12:23:26.591921 21034 ts_tablet_manager.cc:1403] T 31ec7219cd8d4af8b9a75873197e69ab P a5dab597bfe64df8b9ac64289773f6df: Time spent bootstrapping tablet: real 0.265s	user 0.025s	sys 0.020s
I20260709 12:23:26.593037 20742 catalog_manager.cc:5697] T b4a874a13e4f4f8c8cff14cb0ce126a1 P e9a80ed54e66423c885f96dd4063e13d reported cstate change: term changed from 0 to 1, leader changed from <none> to e9a80ed54e66423c885f96dd4063e13d (127.19.53.129). New cstate: current_term: 1 leader_uuid: "e9a80ed54e66423c885f96dd4063e13d" committed_config { opid_index: -1 OBSOLETE_local: false peers { permanent_uuid: "e9a80ed54e66423c885f96dd4063e13d" member_type: VOTER last_known_addr { host: "127.19.53.129" port: 44563 } health_report { overall_health: HEALTHY } } peers { permanent_uuid: "acf5f73a2c324515bd830db655e80d3a" member_type: VOTER last_known_addr { host: "127.19.53.130" port: 34057 } health_report { overall_health: UNKNOWN } } peers { permanent_uuid: "a5dab597bfe64df8b9ac64289773f6df" member_type: VOTER last_known_addr { host: "127.19.53.131" port: 40531 } health_report { overall_health: UNKNOWN } } }
I20260709 12:23:26.605409 21135 consensus_queue.cc:1048] T 5435fc1d23604715b15d7c8a0d7add38 P a5dab597bfe64df8b9ac64289773f6df [LEADER]: Connected to new peer: Peer: permanent_uuid: "e9a80ed54e66423c885f96dd4063e13d" member_type: VOTER last_known_addr { host: "127.19.53.129" port: 44563 }, Status: LMP_MISMATCH, Last received: 0.0, Next index: 1, Last known committed idx: 0, Time since last communication: 0.000s
I20260709 12:23:26.607429 20914 raft_consensus.cc:2468] T 65f63a56ed1344f0be0a39087c224ef5 P acf5f73a2c324515bd830db655e80d3a [term 2 FOLLOWER]: Leader election vote request: Granting yes vote for candidate e9a80ed54e66423c885f96dd4063e13d in term 2.
I20260709 12:23:26.608516 21152 raft_consensus.cc:515] T 2bafa1b204044ebcab60755ba705c6a8 P a5dab597bfe64df8b9ac64289773f6df [term 1 FOLLOWER]: Starting leader election with config: opid_index: -1 OBSOLETE_local: false peers { permanent_uuid: "e9a80ed54e66423c885f96dd4063e13d" member_type: VOTER last_known_addr { host: "127.19.53.129" port: 44563 } } peers { permanent_uuid: "acf5f73a2c324515bd830db655e80d3a" member_type: VOTER last_known_addr { host: "127.19.53.130" port: 34057 } } peers { permanent_uuid: "a5dab597bfe64df8b9ac64289773f6df" member_type: VOTER last_known_addr { host: "127.19.53.131" port: 40531 } }
I20260709 12:23:26.611989 20918 tablet_service.cc:1917] Received RequestConsensusVote() RPC: tablet_id: "2bafa1b204044ebcab60755ba705c6a8" candidate_uuid: "a5dab597bfe64df8b9ac64289773f6df" candidate_term: 1 candidate_status { last_received { term: 0 index: 0 } } ignore_live_leader: false dest_uuid: "acf5f73a2c324515bd830db655e80d3a" is_pre_election: true
I20260709 12:23:26.615043 21033 tablet_bootstrap.cc:654] T 31ec7219cd8d4af8b9a75873197e69ab P acf5f73a2c324515bd830db655e80d3a: Neither blocks nor log segments found. Creating new log.
I20260709 12:23:26.618808 21035 raft_consensus.cc:359] T f868c482042f4e8c9f3f2b30ba45b46d P e9a80ed54e66423c885f96dd4063e13d [term 0 FOLLOWER]: Replica starting. Triggering 0 pending ops. Active config: opid_index: -1 OBSOLETE_local: false peers { permanent_uuid: "e9a80ed54e66423c885f96dd4063e13d" member_type: VOTER last_known_addr { host: "127.19.53.129" port: 44563 } } peers { permanent_uuid: "acf5f73a2c324515bd830db655e80d3a" member_type: VOTER last_known_addr { host: "127.19.53.130" port: 34057 } } peers { permanent_uuid: "a5dab597bfe64df8b9ac64289773f6df" member_type: VOTER last_known_addr { host: "127.19.53.131" port: 40531 } }
I20260709 12:23:26.619741 21035 raft_consensus.cc:385] T f868c482042f4e8c9f3f2b30ba45b46d P e9a80ed54e66423c885f96dd4063e13d [term 0 FOLLOWER]: Consensus starting up: Expiring failure detector timer to make a prompt election more likely
I20260709 12:23:26.620078 21035 raft_consensus.cc:740] T f868c482042f4e8c9f3f2b30ba45b46d P e9a80ed54e66423c885f96dd4063e13d [term 0 FOLLOWER]: Becoming Follower/Learner. State: Replica: e9a80ed54e66423c885f96dd4063e13d, State: Initialized, Role: FOLLOWER
I20260709 12:23:26.621171 21035 consensus_queue.cc:260] T f868c482042f4e8c9f3f2b30ba45b46d P e9a80ed54e66423c885f96dd4063e13d [NON_LEADER]: Queue going to NON_LEADER mode. State: All replicated index: 0, Majority replicated index: 0, Committed index: 0, Last appended: 0.0, Last appended by leader: 0, Current term: 0, Majority size: -1, State: 0, Mode: NON_LEADER, active raft config: opid_index: -1 OBSOLETE_local: false peers { permanent_uuid: "e9a80ed54e66423c885f96dd4063e13d" member_type: VOTER last_known_addr { host: "127.19.53.129" port: 44563 } } peers { permanent_uuid: "acf5f73a2c324515bd830db655e80d3a" member_type: VOTER last_known_addr { host: "127.19.53.130" port: 34057 } } peers { permanent_uuid: "a5dab597bfe64df8b9ac64289773f6df" member_type: VOTER last_known_addr { host: "127.19.53.131" port: 40531 } }
I20260709 12:23:26.624532 21152 leader_election.cc:290] T 2bafa1b204044ebcab60755ba705c6a8 P a5dab597bfe64df8b9ac64289773f6df [CANDIDATE]: Term 1 election: Requested vote from peers e9a80ed54e66423c885f96dd4063e13d (127.19.53.129:44563), acf5f73a2c324515bd830db655e80d3a (127.19.53.130:34057)
I20260709 12:23:26.626323 20990 tablet_service.cc:1917] Received RequestConsensusVote() RPC: tablet_id: "2871100c48df49d99899d42220f96828" candidate_uuid: "e9a80ed54e66423c885f96dd4063e13d" candidate_term: 1 candidate_status { last_received { term: 0 index: 0 } } ignore_live_leader: false dest_uuid: "a5dab597bfe64df8b9ac64289773f6df" is_pre_election: true
I20260709 12:23:26.626710 21234 consensus_queue.cc:1048] T 64c5bd258d754145b82e428d7fd0dd6f P a5dab597bfe64df8b9ac64289773f6df [LEADER]: Connected to new peer: Peer: permanent_uuid: "acf5f73a2c324515bd830db655e80d3a" member_type: VOTER last_known_addr { host: "127.19.53.130" port: 34057 }, Status: LMP_MISMATCH, Last received: 0.0, Next index: 1, Last known committed idx: 0, Time since last communication: 0.000s
W20260709 12:23:26.627797 20810 leader_election.cc:343] T 2871100c48df49d99899d42220f96828 P e9a80ed54e66423c885f96dd4063e13d [CANDIDATE]: Term 1 pre-election: Tablet error from VoteRequest() call to peer a5dab597bfe64df8b9ac64289773f6df (127.19.53.131:40531): Illegal state: must be running to vote when last-logged opid is not known
I20260709 12:23:26.629384 21058 leader_election.cc:290] T 2871100c48df49d99899d42220f96828 P e9a80ed54e66423c885f96dd4063e13d [CANDIDATE]: Term 1 pre-election: Requested pre-vote from peers acf5f73a2c324515bd830db655e80d3a (127.19.53.130:34057), a5dab597bfe64df8b9ac64289773f6df (127.19.53.131:40531)
W20260709 12:23:26.630626 20809 leader_election.cc:343] T af336b3a28984805904b4e88409d70f2 P e9a80ed54e66423c885f96dd4063e13d [CANDIDATE]: Term 1 pre-election: Tablet error from VoteRequest() call to peer acf5f73a2c324515bd830db655e80d3a (127.19.53.130:34057): Illegal state: must be running to vote when last-logged opid is not known
I20260709 12:23:26.632340 20809 leader_election.cc:304] T af336b3a28984805904b4e88409d70f2 P e9a80ed54e66423c885f96dd4063e13d [CANDIDATE]: Term 1 pre-election: Election decided. Result: candidate lost. Election summary: received 3 responses out of 3 voters: 1 yes votes; 2 no votes. yes voters: e9a80ed54e66423c885f96dd4063e13d; no voters: a5dab597bfe64df8b9ac64289773f6df, acf5f73a2c324515bd830db655e80d3a
I20260709 12:23:26.633066 21039 raft_consensus.cc:2749] T af336b3a28984805904b4e88409d70f2 P e9a80ed54e66423c885f96dd4063e13d [term 0 FOLLOWER]: Leader pre-election lost for term 1. Reason: could not achieve majority
I20260709 12:23:26.641449 21034 raft_consensus.cc:359] T 31ec7219cd8d4af8b9a75873197e69ab P a5dab597bfe64df8b9ac64289773f6df [term 0 FOLLOWER]: Replica starting. Triggering 0 pending ops. Active config: opid_index: -1 OBSOLETE_local: false peers { permanent_uuid: "e9a80ed54e66423c885f96dd4063e13d" member_type: VOTER last_known_addr { host: "127.19.53.129" port: 44563 } } peers { permanent_uuid: "acf5f73a2c324515bd830db655e80d3a" member_type: VOTER last_known_addr { host: "127.19.53.130" port: 34057 } } peers { permanent_uuid: "a5dab597bfe64df8b9ac64289773f6df" member_type: VOTER last_known_addr { host: "127.19.53.131" port: 40531 } }
I20260709 12:23:26.643489 21034 raft_consensus.cc:385] T 31ec7219cd8d4af8b9a75873197e69ab P a5dab597bfe64df8b9ac64289773f6df [term 0 FOLLOWER]: Consensus starting up: Expiring failure detector timer to make a prompt election more likely
I20260709 12:23:26.643841 21034 raft_consensus.cc:740] T 31ec7219cd8d4af8b9a75873197e69ab P a5dab597bfe64df8b9ac64289773f6df [term 0 FOLLOWER]: Becoming Follower/Learner. State: Replica: a5dab597bfe64df8b9ac64289773f6df, State: Initialized, Role: FOLLOWER
I20260709 12:23:26.644562 21035 ts_tablet_manager.cc:1434] T f868c482042f4e8c9f3f2b30ba45b46d P e9a80ed54e66423c885f96dd4063e13d: Time spent starting tablet: real 0.053s	user 0.007s	sys 0.000s
I20260709 12:23:26.645660 21035 tablet_bootstrap.cc:492] T 31ec7219cd8d4af8b9a75873197e69ab P e9a80ed54e66423c885f96dd4063e13d: Bootstrap starting.
I20260709 12:23:26.645493 21034 consensus_queue.cc:260] T 31ec7219cd8d4af8b9a75873197e69ab P a5dab597bfe64df8b9ac64289773f6df [NON_LEADER]: Queue going to NON_LEADER mode. State: All replicated index: 0, Majority replicated index: 0, Committed index: 0, Last appended: 0.0, Last appended by leader: 0, Current term: 0, Majority size: -1, State: 0, Mode: NON_LEADER, active raft config: opid_index: -1 OBSOLETE_local: false peers { permanent_uuid: "e9a80ed54e66423c885f96dd4063e13d" member_type: VOTER last_known_addr { host: "127.19.53.129" port: 44563 } } peers { permanent_uuid: "acf5f73a2c324515bd830db655e80d3a" member_type: VOTER last_known_addr { host: "127.19.53.130" port: 34057 } } peers { permanent_uuid: "a5dab597bfe64df8b9ac64289773f6df" member_type: VOTER last_known_addr { host: "127.19.53.131" port: 40531 } }
I20260709 12:23:26.652597 20914 tablet_service.cc:1917] Received RequestConsensusVote() RPC: tablet_id: "2871100c48df49d99899d42220f96828" candidate_uuid: "e9a80ed54e66423c885f96dd4063e13d" candidate_term: 1 candidate_status { last_received { term: 0 index: 0 } } ignore_live_leader: false dest_uuid: "acf5f73a2c324515bd830db655e80d3a" is_pre_election: true
I20260709 12:23:26.655866 20917 tablet_service.cc:1917] Received RequestConsensusVote() RPC: tablet_id: "2bafa1b204044ebcab60755ba705c6a8" candidate_uuid: "a5dab597bfe64df8b9ac64289773f6df" candidate_term: 1 candidate_status { last_received { term: 0 index: 0 } } ignore_live_leader: false dest_uuid: "acf5f73a2c324515bd830db655e80d3a"
W20260709 12:23:26.656306 20958 leader_election.cc:343] T 2bafa1b204044ebcab60755ba705c6a8 P a5dab597bfe64df8b9ac64289773f6df [CANDIDATE]: Term 1 pre-election: Tablet error from VoteRequest() call to peer acf5f73a2c324515bd830db655e80d3a (127.19.53.130:34057): Illegal state: must be running to vote when last-logged opid is not known
I20260709 12:23:26.657439 21089 raft_consensus.cc:2749] T 5435fc1d23604715b15d7c8a0d7add38 P acf5f73a2c324515bd830db655e80d3a [term 1 FOLLOWER]: Leader pre-election lost for term 1. Reason: could not achieve majority
I20260709 12:23:26.657516 20742 catalog_manager.cc:5697] T 65f63a56ed1344f0be0a39087c224ef5 P e9a80ed54e66423c885f96dd4063e13d reported cstate change: term changed from 0 to 2, leader changed from <none> to e9a80ed54e66423c885f96dd4063e13d (127.19.53.129). New cstate: current_term: 2 leader_uuid: "e9a80ed54e66423c885f96dd4063e13d" committed_config { opid_index: -1 OBSOLETE_local: false peers { permanent_uuid: "e9a80ed54e66423c885f96dd4063e13d" member_type: VOTER last_known_addr { host: "127.19.53.129" port: 44563 } health_report { overall_health: HEALTHY } } peers { permanent_uuid: "acf5f73a2c324515bd830db655e80d3a" member_type: VOTER last_known_addr { host: "127.19.53.130" port: 34057 } health_report { overall_health: UNKNOWN } } peers { permanent_uuid: "a5dab597bfe64df8b9ac64289773f6df" member_type: VOTER last_known_addr { host: "127.19.53.131" port: 40531 } health_report { overall_health: UNKNOWN } } }
I20260709 12:23:26.659767 21034 ts_tablet_manager.cc:1434] T 31ec7219cd8d4af8b9a75873197e69ab P a5dab597bfe64df8b9ac64289773f6df: Time spent starting tablet: real 0.068s	user 0.006s	sys 0.002s
I20260709 12:23:26.660590 21034 tablet_bootstrap.cc:492] T af336b3a28984805904b4e88409d70f2 P a5dab597bfe64df8b9ac64289773f6df: Bootstrap starting.
W20260709 12:23:26.663174 20958 leader_election.cc:343] T 2bafa1b204044ebcab60755ba705c6a8 P a5dab597bfe64df8b9ac64289773f6df [CANDIDATE]: Term 1 election: Tablet error from VoteRequest() call to peer acf5f73a2c324515bd830db655e80d3a (127.19.53.130:34057): Illegal state: must be running to vote when last-logged opid is not known
W20260709 12:23:26.671234 20809 leader_election.cc:343] T 2871100c48df49d99899d42220f96828 P e9a80ed54e66423c885f96dd4063e13d [CANDIDATE]: Term 1 pre-election: Tablet error from VoteRequest() call to peer acf5f73a2c324515bd830db655e80d3a (127.19.53.130:34057): Illegal state: must be running to vote when last-logged opid is not known
I20260709 12:23:26.671698 20809 leader_election.cc:304] T 2871100c48df49d99899d42220f96828 P e9a80ed54e66423c885f96dd4063e13d [CANDIDATE]: Term 1 pre-election: Election decided. Result: candidate lost. Election summary: received 3 responses out of 3 voters: 1 yes votes; 2 no votes. yes voters: e9a80ed54e66423c885f96dd4063e13d; no voters: a5dab597bfe64df8b9ac64289773f6df, acf5f73a2c324515bd830db655e80d3a
I20260709 12:23:26.672863 21058 raft_consensus.cc:2749] T 2871100c48df49d99899d42220f96828 P e9a80ed54e66423c885f96dd4063e13d [term 0 FOLLOWER]: Leader pre-election lost for term 1. Reason: could not achieve majority
I20260709 12:23:26.683610 21234 consensus_queue.cc:1048] T 5435fc1d23604715b15d7c8a0d7add38 P a5dab597bfe64df8b9ac64289773f6df [LEADER]: Connected to new peer: Peer: permanent_uuid: "acf5f73a2c324515bd830db655e80d3a" member_type: VOTER last_known_addr { host: "127.19.53.130" port: 34057 }, Status: LMP_MISMATCH, Last received: 0.0, Next index: 1, Last known committed idx: 0, Time since last communication: 0.000s
I20260709 12:23:26.688858 20843 tablet_service.cc:1917] Received RequestConsensusVote() RPC: tablet_id: "2bafa1b204044ebcab60755ba705c6a8" candidate_uuid: "a5dab597bfe64df8b9ac64289773f6df" candidate_term: 1 candidate_status { last_received { term: 0 index: 0 } } ignore_live_leader: false dest_uuid: "e9a80ed54e66423c885f96dd4063e13d"
I20260709 12:23:26.695742 20843 raft_consensus.cc:3060] T 2bafa1b204044ebcab60755ba705c6a8 P e9a80ed54e66423c885f96dd4063e13d [term 0 FOLLOWER]: Advancing to term 1
I20260709 12:23:26.699877 21033 tablet_bootstrap.cc:492] T 31ec7219cd8d4af8b9a75873197e69ab P acf5f73a2c324515bd830db655e80d3a: No bootstrap required, opened a new log
I20260709 12:23:26.700359 21033 ts_tablet_manager.cc:1403] T 31ec7219cd8d4af8b9a75873197e69ab P acf5f73a2c324515bd830db655e80d3a: Time spent bootstrapping tablet: real 0.120s	user 0.022s	sys 0.004s
I20260709 12:23:26.706760 21035 tablet_bootstrap.cc:654] T 31ec7219cd8d4af8b9a75873197e69ab P e9a80ed54e66423c885f96dd4063e13d: Neither blocks nor log segments found. Creating new log.
I20260709 12:23:26.709885 21034 tablet_bootstrap.cc:654] T af336b3a28984805904b4e88409d70f2 P a5dab597bfe64df8b9ac64289773f6df: Neither blocks nor log segments found. Creating new log.
I20260709 12:23:26.703897 21033 raft_consensus.cc:359] T 31ec7219cd8d4af8b9a75873197e69ab P acf5f73a2c324515bd830db655e80d3a [term 0 FOLLOWER]: Replica starting. Triggering 0 pending ops. Active config: opid_index: -1 OBSOLETE_local: false peers { permanent_uuid: "e9a80ed54e66423c885f96dd4063e13d" member_type: VOTER last_known_addr { host: "127.19.53.129" port: 44563 } } peers { permanent_uuid: "acf5f73a2c324515bd830db655e80d3a" member_type: VOTER last_known_addr { host: "127.19.53.130" port: 34057 } } peers { permanent_uuid: "a5dab597bfe64df8b9ac64289773f6df" member_type: VOTER last_known_addr { host: "127.19.53.131" port: 40531 } }
I20260709 12:23:26.710472 21033 raft_consensus.cc:385] T 31ec7219cd8d4af8b9a75873197e69ab P acf5f73a2c324515bd830db655e80d3a [term 0 FOLLOWER]: Consensus starting up: Expiring failure detector timer to make a prompt election more likely
I20260709 12:23:26.710927 21033 raft_consensus.cc:740] T 31ec7219cd8d4af8b9a75873197e69ab P acf5f73a2c324515bd830db655e80d3a [term 0 FOLLOWER]: Becoming Follower/Learner. State: Replica: acf5f73a2c324515bd830db655e80d3a, State: Initialized, Role: FOLLOWER
I20260709 12:23:26.711557 21033 consensus_queue.cc:260] T 31ec7219cd8d4af8b9a75873197e69ab P acf5f73a2c324515bd830db655e80d3a [NON_LEADER]: Queue going to NON_LEADER mode. State: All replicated index: 0, Majority replicated index: 0, Committed index: 0, Last appended: 0.0, Last appended by leader: 0, Current term: 0, Majority size: -1, State: 0, Mode: NON_LEADER, active raft config: opid_index: -1 OBSOLETE_local: false peers { permanent_uuid: "e9a80ed54e66423c885f96dd4063e13d" member_type: VOTER last_known_addr { host: "127.19.53.129" port: 44563 } } peers { permanent_uuid: "acf5f73a2c324515bd830db655e80d3a" member_type: VOTER last_known_addr { host: "127.19.53.130" port: 34057 } } peers { permanent_uuid: "a5dab597bfe64df8b9ac64289773f6df" member_type: VOTER last_known_addr { host: "127.19.53.131" port: 40531 } }
I20260709 12:23:26.712262 21253 raft_consensus.cc:493] T f868c482042f4e8c9f3f2b30ba45b46d P e9a80ed54e66423c885f96dd4063e13d [term 0 FOLLOWER]: Starting pre-election (no leader contacted us within the election timeout)
I20260709 12:23:26.712937 21253 raft_consensus.cc:515] T f868c482042f4e8c9f3f2b30ba45b46d P e9a80ed54e66423c885f96dd4063e13d [term 0 FOLLOWER]: Starting pre-election with config: opid_index: -1 OBSOLETE_local: false peers { permanent_uuid: "e9a80ed54e66423c885f96dd4063e13d" member_type: VOTER last_known_addr { host: "127.19.53.129" port: 44563 } } peers { permanent_uuid: "acf5f73a2c324515bd830db655e80d3a" member_type: VOTER last_known_addr { host: "127.19.53.130" port: 34057 } } peers { permanent_uuid: "a5dab597bfe64df8b9ac64289773f6df" member_type: VOTER last_known_addr { host: "127.19.53.131" port: 40531 } }
I20260709 12:23:26.713615 21033 ts_tablet_manager.cc:1434] T 31ec7219cd8d4af8b9a75873197e69ab P acf5f73a2c324515bd830db655e80d3a: Time spent starting tablet: real 0.013s	user 0.005s	sys 0.001s
I20260709 12:23:26.716777 21033 tablet_bootstrap.cc:492] T 2871100c48df49d99899d42220f96828 P acf5f73a2c324515bd830db655e80d3a: Bootstrap starting.
I20260709 12:23:26.717800 20843 raft_consensus.cc:2468] T 2bafa1b204044ebcab60755ba705c6a8 P e9a80ed54e66423c885f96dd4063e13d [term 1 FOLLOWER]: Leader election vote request: Granting yes vote for candidate a5dab597bfe64df8b9ac64289773f6df in term 1.
I20260709 12:23:26.723516 21033 tablet_bootstrap.cc:654] T 2871100c48df49d99899d42220f96828 P acf5f73a2c324515bd830db655e80d3a: Neither blocks nor log segments found. Creating new log.
I20260709 12:23:26.724741 21035 tablet_bootstrap.cc:492] T 31ec7219cd8d4af8b9a75873197e69ab P e9a80ed54e66423c885f96dd4063e13d: No bootstrap required, opened a new log
I20260709 12:23:26.724198 21034 tablet_bootstrap.cc:492] T af336b3a28984805904b4e88409d70f2 P a5dab597bfe64df8b9ac64289773f6df: No bootstrap required, opened a new log
I20260709 12:23:26.726601 21034 ts_tablet_manager.cc:1403] T af336b3a28984805904b4e88409d70f2 P a5dab597bfe64df8b9ac64289773f6df: Time spent bootstrapping tablet: real 0.066s	user 0.013s	sys 0.000s
I20260709 12:23:26.729460 21034 raft_consensus.cc:359] T af336b3a28984805904b4e88409d70f2 P a5dab597bfe64df8b9ac64289773f6df [term 0 FOLLOWER]: Replica starting. Triggering 0 pending ops. Active config: opid_index: -1 OBSOLETE_local: false peers { permanent_uuid: "e9a80ed54e66423c885f96dd4063e13d" member_type: VOTER last_known_addr { host: "127.19.53.129" port: 44563 } } peers { permanent_uuid: "acf5f73a2c324515bd830db655e80d3a" member_type: VOTER last_known_addr { host: "127.19.53.130" port: 34057 } } peers { permanent_uuid: "a5dab597bfe64df8b9ac64289773f6df" member_type: VOTER last_known_addr { host: "127.19.53.131" port: 40531 } }
I20260709 12:23:26.730345 21034 raft_consensus.cc:385] T af336b3a28984805904b4e88409d70f2 P a5dab597bfe64df8b9ac64289773f6df [term 0 FOLLOWER]: Consensus starting up: Expiring failure detector timer to make a prompt election more likely
I20260709 12:23:26.730679 21034 raft_consensus.cc:740] T af336b3a28984805904b4e88409d70f2 P a5dab597bfe64df8b9ac64289773f6df [term 0 FOLLOWER]: Becoming Follower/Learner. State: Replica: a5dab597bfe64df8b9ac64289773f6df, State: Initialized, Role: FOLLOWER
I20260709 12:23:26.731707 21035 ts_tablet_manager.cc:1403] T 31ec7219cd8d4af8b9a75873197e69ab P e9a80ed54e66423c885f96dd4063e13d: Time spent bootstrapping tablet: real 0.086s	user 0.010s	sys 0.001s
I20260709 12:23:26.734068 20957 leader_election.cc:304] T 2bafa1b204044ebcab60755ba705c6a8 P a5dab597bfe64df8b9ac64289773f6df [CANDIDATE]: Term 1 election: Election decided. Result: candidate won. Election summary: received 3 responses out of 3 voters: 2 yes votes; 1 no votes. yes voters: a5dab597bfe64df8b9ac64289773f6df, e9a80ed54e66423c885f96dd4063e13d; no voters: acf5f73a2c324515bd830db655e80d3a
I20260709 12:23:26.735976 21152 raft_consensus.cc:2804] T 2bafa1b204044ebcab60755ba705c6a8 P a5dab597bfe64df8b9ac64289773f6df [term 1 FOLLOWER]: Leader election won for term 1
I20260709 12:23:26.735917 20914 tablet_service.cc:1917] Received RequestConsensusVote() RPC: tablet_id: "f868c482042f4e8c9f3f2b30ba45b46d" candidate_uuid: "e9a80ed54e66423c885f96dd4063e13d" candidate_term: 1 candidate_status { last_received { term: 0 index: 0 } } ignore_live_leader: false dest_uuid: "acf5f73a2c324515bd830db655e80d3a" is_pre_election: true
I20260709 12:23:26.736485 20990 tablet_service.cc:1917] Received RequestConsensusVote() RPC: tablet_id: "f868c482042f4e8c9f3f2b30ba45b46d" candidate_uuid: "e9a80ed54e66423c885f96dd4063e13d" candidate_term: 1 candidate_status { last_received { term: 0 index: 0 } } ignore_live_leader: false dest_uuid: "a5dab597bfe64df8b9ac64289773f6df" is_pre_election: true
W20260709 12:23:26.737367 20809 leader_election.cc:343] T f868c482042f4e8c9f3f2b30ba45b46d P e9a80ed54e66423c885f96dd4063e13d [CANDIDATE]: Term 1 pre-election: Tablet error from VoteRequest() call to peer acf5f73a2c324515bd830db655e80d3a (127.19.53.130:34057): Illegal state: must be running to vote when last-logged opid is not known
I20260709 12:23:26.737792 21253 leader_election.cc:290] T f868c482042f4e8c9f3f2b30ba45b46d P e9a80ed54e66423c885f96dd4063e13d [CANDIDATE]: Term 1 pre-election: Requested pre-vote from peers acf5f73a2c324515bd830db655e80d3a (127.19.53.130:34057), a5dab597bfe64df8b9ac64289773f6df (127.19.53.131:40531)
W20260709 12:23:26.738384 20810 leader_election.cc:343] T f868c482042f4e8c9f3f2b30ba45b46d P e9a80ed54e66423c885f96dd4063e13d [CANDIDATE]: Term 1 pre-election: Tablet error from VoteRequest() call to peer a5dab597bfe64df8b9ac64289773f6df (127.19.53.131:40531): Illegal state: must be running to vote when last-logged opid is not known
I20260709 12:23:26.738938 20810 leader_election.cc:304] T f868c482042f4e8c9f3f2b30ba45b46d P e9a80ed54e66423c885f96dd4063e13d [CANDIDATE]: Term 1 pre-election: Election decided. Result: candidate lost. Election summary: received 3 responses out of 3 voters: 1 yes votes; 2 no votes. yes voters: e9a80ed54e66423c885f96dd4063e13d; no voters: a5dab597bfe64df8b9ac64289773f6df, acf5f73a2c324515bd830db655e80d3a
I20260709 12:23:26.740192 21253 raft_consensus.cc:2749] T f868c482042f4e8c9f3f2b30ba45b46d P e9a80ed54e66423c885f96dd4063e13d [term 0 FOLLOWER]: Leader pre-election lost for term 1. Reason: could not achieve majority
I20260709 12:23:26.736531 21152 raft_consensus.cc:697] T 2bafa1b204044ebcab60755ba705c6a8 P a5dab597bfe64df8b9ac64289773f6df [term 1 LEADER]: Becoming Leader. State: Replica: a5dab597bfe64df8b9ac64289773f6df, State: Running, Role: LEADER
I20260709 12:23:26.742230 21152 consensus_queue.cc:237] T 2bafa1b204044ebcab60755ba705c6a8 P a5dab597bfe64df8b9ac64289773f6df [LEADER]: Queue going to LEADER mode. State: All replicated index: 0, Majority replicated index: 0, Committed index: 0, Last appended: 0.0, Last appended by leader: 0, Current term: 1, Majority size: 2, State: 0, Mode: LEADER, active raft config: opid_index: -1 OBSOLETE_local: false peers { permanent_uuid: "e9a80ed54e66423c885f96dd4063e13d" member_type: VOTER last_known_addr { host: "127.19.53.129" port: 44563 } } peers { permanent_uuid: "acf5f73a2c324515bd830db655e80d3a" member_type: VOTER last_known_addr { host: "127.19.53.130" port: 34057 } } peers { permanent_uuid: "a5dab597bfe64df8b9ac64289773f6df" member_type: VOTER last_known_addr { host: "127.19.53.131" port: 40531 } }
I20260709 12:23:26.735143 21035 raft_consensus.cc:359] T 31ec7219cd8d4af8b9a75873197e69ab P e9a80ed54e66423c885f96dd4063e13d [term 0 FOLLOWER]: Replica starting. Triggering 0 pending ops. Active config: opid_index: -1 OBSOLETE_local: false peers { permanent_uuid: "e9a80ed54e66423c885f96dd4063e13d" member_type: VOTER last_known_addr { host: "127.19.53.129" port: 44563 } } peers { permanent_uuid: "acf5f73a2c324515bd830db655e80d3a" member_type: VOTER last_known_addr { host: "127.19.53.130" port: 34057 } } peers { permanent_uuid: "a5dab597bfe64df8b9ac64289773f6df" member_type: VOTER last_known_addr { host: "127.19.53.131" port: 40531 } }
I20260709 12:23:26.748040 21035 raft_consensus.cc:385] T 31ec7219cd8d4af8b9a75873197e69ab P e9a80ed54e66423c885f96dd4063e13d [term 0 FOLLOWER]: Consensus starting up: Expiring failure detector timer to make a prompt election more likely
I20260709 12:23:26.748404 21035 raft_consensus.cc:740] T 31ec7219cd8d4af8b9a75873197e69ab P e9a80ed54e66423c885f96dd4063e13d [term 0 FOLLOWER]: Becoming Follower/Learner. State: Replica: e9a80ed54e66423c885f96dd4063e13d, State: Initialized, Role: FOLLOWER
I20260709 12:23:26.749257 21034 consensus_queue.cc:260] T af336b3a28984805904b4e88409d70f2 P a5dab597bfe64df8b9ac64289773f6df [NON_LEADER]: Queue going to NON_LEADER mode. State: All replicated index: 0, Majority replicated index: 0, Committed index: 0, Last appended: 0.0, Last appended by leader: 0, Current term: 0, Majority size: -1, State: 0, Mode: NON_LEADER, active raft config: opid_index: -1 OBSOLETE_local: false peers { permanent_uuid: "e9a80ed54e66423c885f96dd4063e13d" member_type: VOTER last_known_addr { host: "127.19.53.129" port: 44563 } } peers { permanent_uuid: "acf5f73a2c324515bd830db655e80d3a" member_type: VOTER last_known_addr { host: "127.19.53.130" port: 34057 } } peers { permanent_uuid: "a5dab597bfe64df8b9ac64289773f6df" member_type: VOTER last_known_addr { host: "127.19.53.131" port: 40531 } }
I20260709 12:23:26.750432 21035 consensus_queue.cc:260] T 31ec7219cd8d4af8b9a75873197e69ab P e9a80ed54e66423c885f96dd4063e13d [NON_LEADER]: Queue going to NON_LEADER mode. State: All replicated index: 0, Majority replicated index: 0, Committed index: 0, Last appended: 0.0, Last appended by leader: 0, Current term: 0, Majority size: -1, State: 0, Mode: NON_LEADER, active raft config: opid_index: -1 OBSOLETE_local: false peers { permanent_uuid: "e9a80ed54e66423c885f96dd4063e13d" member_type: VOTER last_known_addr { host: "127.19.53.129" port: 44563 } } peers { permanent_uuid: "acf5f73a2c324515bd830db655e80d3a" member_type: VOTER last_known_addr { host: "127.19.53.130" port: 34057 } } peers { permanent_uuid: "a5dab597bfe64df8b9ac64289773f6df" member_type: VOTER last_known_addr { host: "127.19.53.131" port: 40531 } }
I20260709 12:23:26.753746 21034 ts_tablet_manager.cc:1434] T af336b3a28984805904b4e88409d70f2 P a5dab597bfe64df8b9ac64289773f6df: Time spent starting tablet: real 0.027s	user 0.005s	sys 0.001s
I20260709 12:23:26.758388 20742 catalog_manager.cc:5697] T 2bafa1b204044ebcab60755ba705c6a8 P a5dab597bfe64df8b9ac64289773f6df reported cstate change: term changed from 0 to 1, leader changed from <none> to a5dab597bfe64df8b9ac64289773f6df (127.19.53.131). New cstate: current_term: 1 leader_uuid: "a5dab597bfe64df8b9ac64289773f6df" committed_config { opid_index: -1 OBSOLETE_local: false peers { permanent_uuid: "e9a80ed54e66423c885f96dd4063e13d" member_type: VOTER last_known_addr { host: "127.19.53.129" port: 44563 } health_report { overall_health: UNKNOWN } } peers { permanent_uuid: "acf5f73a2c324515bd830db655e80d3a" member_type: VOTER last_known_addr { host: "127.19.53.130" port: 34057 } health_report { overall_health: UNKNOWN } } peers { permanent_uuid: "a5dab597bfe64df8b9ac64289773f6df" member_type: VOTER last_known_addr { host: "127.19.53.131" port: 40531 } health_report { overall_health: HEALTHY } } }
I20260709 12:23:26.761430 21035 ts_tablet_manager.cc:1434] T 31ec7219cd8d4af8b9a75873197e69ab P e9a80ed54e66423c885f96dd4063e13d: Time spent starting tablet: real 0.029s	user 0.007s	sys 0.000s
I20260709 12:23:26.762732 21035 tablet_bootstrap.cc:492] T 9d6b2441d75240cbbb551d1581556c77 P e9a80ed54e66423c885f96dd4063e13d: Bootstrap starting.
I20260709 12:23:26.765017 21152 raft_consensus.cc:493] T 31ec7219cd8d4af8b9a75873197e69ab P a5dab597bfe64df8b9ac64289773f6df [term 0 FOLLOWER]: Starting pre-election (no leader contacted us within the election timeout)
I20260709 12:23:26.765537 21034 tablet_bootstrap.cc:492] T b4a874a13e4f4f8c8cff14cb0ce126a1 P a5dab597bfe64df8b9ac64289773f6df: Bootstrap starting.
I20260709 12:23:26.765470 21152 raft_consensus.cc:515] T 31ec7219cd8d4af8b9a75873197e69ab P a5dab597bfe64df8b9ac64289773f6df [term 0 FOLLOWER]: Starting pre-election with config: opid_index: -1 OBSOLETE_local: false peers { permanent_uuid: "e9a80ed54e66423c885f96dd4063e13d" member_type: VOTER last_known_addr { host: "127.19.53.129" port: 44563 } } peers { permanent_uuid: "acf5f73a2c324515bd830db655e80d3a" member_type: VOTER last_known_addr { host: "127.19.53.130" port: 34057 } } peers { permanent_uuid: "a5dab597bfe64df8b9ac64289773f6df" member_type: VOTER last_known_addr { host: "127.19.53.131" port: 40531 } }
I20260709 12:23:26.774293 21152 leader_election.cc:290] T 31ec7219cd8d4af8b9a75873197e69ab P a5dab597bfe64df8b9ac64289773f6df [CANDIDATE]: Term 1 pre-election: Requested pre-vote from peers e9a80ed54e66423c885f96dd4063e13d (127.19.53.129:44563), acf5f73a2c324515bd830db655e80d3a (127.19.53.130:34057)
I20260709 12:23:26.776417 21034 tablet_bootstrap.cc:654] T b4a874a13e4f4f8c8cff14cb0ce126a1 P a5dab597bfe64df8b9ac64289773f6df: Neither blocks nor log segments found. Creating new log.
I20260709 12:23:26.776723 20843 tablet_service.cc:1917] Received RequestConsensusVote() RPC: tablet_id: "31ec7219cd8d4af8b9a75873197e69ab" candidate_uuid: "a5dab597bfe64df8b9ac64289773f6df" candidate_term: 1 candidate_status { last_received { term: 0 index: 0 } } ignore_live_leader: false dest_uuid: "e9a80ed54e66423c885f96dd4063e13d" is_pre_election: true
I20260709 12:23:26.777107 21033 tablet_bootstrap.cc:492] T 2871100c48df49d99899d42220f96828 P acf5f73a2c324515bd830db655e80d3a: No bootstrap required, opened a new log
I20260709 12:23:26.777345 20843 raft_consensus.cc:2468] T 31ec7219cd8d4af8b9a75873197e69ab P e9a80ed54e66423c885f96dd4063e13d [term 0 FOLLOWER]: Leader pre-election vote request: Granting yes vote for candidate a5dab597bfe64df8b9ac64289773f6df in term 0.
I20260709 12:23:26.777581 21033 ts_tablet_manager.cc:1403] T 2871100c48df49d99899d42220f96828 P acf5f73a2c324515bd830db655e80d3a: Time spent bootstrapping tablet: real 0.061s	user 0.018s	sys 0.023s
I20260709 12:23:26.778640 21035 tablet_bootstrap.cc:654] T 9d6b2441d75240cbbb551d1581556c77 P e9a80ed54e66423c885f96dd4063e13d: Neither blocks nor log segments found. Creating new log.
I20260709 12:23:26.778755 20957 leader_election.cc:304] T 31ec7219cd8d4af8b9a75873197e69ab P a5dab597bfe64df8b9ac64289773f6df [CANDIDATE]: Term 1 pre-election: Election decided. Result: candidate won. Election summary: received 2 responses out of 3 voters: 2 yes votes; 0 no votes. yes voters: a5dab597bfe64df8b9ac64289773f6df, e9a80ed54e66423c885f96dd4063e13d; no voters: 
I20260709 12:23:26.780254 21033 raft_consensus.cc:359] T 2871100c48df49d99899d42220f96828 P acf5f73a2c324515bd830db655e80d3a [term 0 FOLLOWER]: Replica starting. Triggering 0 pending ops. Active config: opid_index: -1 OBSOLETE_local: false peers { permanent_uuid: "e9a80ed54e66423c885f96dd4063e13d" member_type: VOTER last_known_addr { host: "127.19.53.129" port: 44563 } } peers { permanent_uuid: "acf5f73a2c324515bd830db655e80d3a" member_type: VOTER last_known_addr { host: "127.19.53.130" port: 34057 } } peers { permanent_uuid: "a5dab597bfe64df8b9ac64289773f6df" member_type: VOTER last_known_addr { host: "127.19.53.131" port: 40531 } }
I20260709 12:23:26.780673 21152 raft_consensus.cc:2804] T 31ec7219cd8d4af8b9a75873197e69ab P a5dab597bfe64df8b9ac64289773f6df [term 0 FOLLOWER]: Leader pre-election won for term 1
I20260709 12:23:26.780934 21033 raft_consensus.cc:385] T 2871100c48df49d99899d42220f96828 P acf5f73a2c324515bd830db655e80d3a [term 0 FOLLOWER]: Consensus starting up: Expiring failure detector timer to make a prompt election more likely
I20260709 12:23:26.781256 21152 raft_consensus.cc:493] T 31ec7219cd8d4af8b9a75873197e69ab P a5dab597bfe64df8b9ac64289773f6df [term 0 FOLLOWER]: Starting leader election (no leader contacted us within the election timeout)
I20260709 12:23:26.781277 21033 raft_consensus.cc:740] T 2871100c48df49d99899d42220f96828 P acf5f73a2c324515bd830db655e80d3a [term 0 FOLLOWER]: Becoming Follower/Learner. State: Replica: acf5f73a2c324515bd830db655e80d3a, State: Initialized, Role: FOLLOWER
I20260709 12:23:26.781872 21152 raft_consensus.cc:3060] T 31ec7219cd8d4af8b9a75873197e69ab P a5dab597bfe64df8b9ac64289773f6df [term 0 FOLLOWER]: Advancing to term 1
I20260709 12:23:26.782270 21089 raft_consensus.cc:493] T 0f45cddae663429fa2a1f89681778dc7 P acf5f73a2c324515bd830db655e80d3a [term 0 FOLLOWER]: Starting pre-election (no leader contacted us within the election timeout)
I20260709 12:23:26.782791 21089 raft_consensus.cc:515] T 0f45cddae663429fa2a1f89681778dc7 P acf5f73a2c324515bd830db655e80d3a [term 0 FOLLOWER]: Starting pre-election with config: opid_index: -1 OBSOLETE_local: false peers { permanent_uuid: "e9a80ed54e66423c885f96dd4063e13d" member_type: VOTER last_known_addr { host: "127.19.53.129" port: 44563 } } peers { permanent_uuid: "acf5f73a2c324515bd830db655e80d3a" member_type: VOTER last_known_addr { host: "127.19.53.130" port: 34057 } } peers { permanent_uuid: "a5dab597bfe64df8b9ac64289773f6df" member_type: VOTER last_known_addr { host: "127.19.53.131" port: 40531 } }
I20260709 12:23:26.782326 21033 consensus_queue.cc:260] T 2871100c48df49d99899d42220f96828 P acf5f73a2c324515bd830db655e80d3a [NON_LEADER]: Queue going to NON_LEADER mode. State: All replicated index: 0, Majority replicated index: 0, Committed index: 0, Last appended: 0.0, Last appended by leader: 0, Current term: 0, Majority size: -1, State: 0, Mode: NON_LEADER, active raft config: opid_index: -1 OBSOLETE_local: false peers { permanent_uuid: "e9a80ed54e66423c885f96dd4063e13d" member_type: VOTER last_known_addr { host: "127.19.53.129" port: 44563 } } peers { permanent_uuid: "acf5f73a2c324515bd830db655e80d3a" member_type: VOTER last_known_addr { host: "127.19.53.130" port: 34057 } } peers { permanent_uuid: "a5dab597bfe64df8b9ac64289773f6df" member_type: VOTER last_known_addr { host: "127.19.53.131" port: 40531 } }
