I20260709 12:23:20.309406 31186 raft_consensus.cc:740] T 4d522233ee4c4536b4fc944d7866c4d9 P 2c4511d66b474ee0aa41c9b1f03b66ab [term 0 FOLLOWER]: Becoming Follower/Learner. State: Replica: 2c4511d66b474ee0aa41c9b1f03b66ab, State: Initialized, Role: FOLLOWER
I20260709 12:23:20.309660 31471 raft_consensus.cc:493] T f311574d640f4ff69dd8e9525a8fe8c1 P e9cccf7eb2a545ef8c2169b67ff261bf [term 0 FOLLOWER]: Starting pre-election (no leader contacted us within the election timeout)
I20260709 12:23:20.310165 31471 raft_consensus.cc:515] T f311574d640f4ff69dd8e9525a8fe8c1 P e9cccf7eb2a545ef8c2169b67ff261bf [term 0 FOLLOWER]: Starting pre-election with config: opid_index: -1 OBSOLETE_local: false peers { permanent_uuid: "e9cccf7eb2a545ef8c2169b67ff261bf" member_type: VOTER last_known_addr { host: "127.29.37.65" port: 34803 } } peers { permanent_uuid: "2c4511d66b474ee0aa41c9b1f03b66ab" member_type: VOTER last_known_addr { host: "127.29.37.66" port: 45157 } } peers { permanent_uuid: "ce27a72886964e4287059a1d66bd5b6b" member_type: VOTER last_known_addr { host: "127.29.37.67" port: 36565 } }
I20260709 12:23:20.310302 31186 consensus_queue.cc:260] T 4d522233ee4c4536b4fc944d7866c4d9 P 2c4511d66b474ee0aa41c9b1f03b66ab [NON_LEADER]: Queue going to NON_LEADER mode. State: All replicated index: 0, Majority replicated index: 0, Committed index: 0, Last appended: 0.0, Last appended by leader: 0, Current term: 0, Majority size: -1, State: 0, Mode: NON_LEADER, active raft config: opid_index: -1 OBSOLETE_local: false peers { permanent_uuid: "e9cccf7eb2a545ef8c2169b67ff261bf" member_type: VOTER last_known_addr { host: "127.29.37.65" port: 34803 } } peers { permanent_uuid: "2c4511d66b474ee0aa41c9b1f03b66ab" member_type: VOTER last_known_addr { host: "127.29.37.66" port: 45157 } } peers { permanent_uuid: "ce27a72886964e4287059a1d66bd5b6b" member_type: VOTER last_known_addr { host: "127.29.37.67" port: 36565 } }
I20260709 12:23:20.312700 31471 leader_election.cc:290] T f311574d640f4ff69dd8e9525a8fe8c1 P e9cccf7eb2a545ef8c2169b67ff261bf [CANDIDATE]: Term 1 pre-election: Requested pre-vote from peers 2c4511d66b474ee0aa41c9b1f03b66ab (127.29.37.66:45157), ce27a72886964e4287059a1d66bd5b6b (127.29.37.67:36565)
I20260709 12:23:20.308159 31439 raft_consensus.cc:740] T e3de96a6f20142c0a00ff9ee12bcc86c P 2c4511d66b474ee0aa41c9b1f03b66ab [term 1 LEADER]: Becoming Follower/Learner. State: Replica: 2c4511d66b474ee0aa41c9b1f03b66ab, State: Running, Role: LEADER
I20260709 12:23:20.313802 31186 ts_tablet_manager.cc:1434] T 4d522233ee4c4536b4fc944d7866c4d9 P 2c4511d66b474ee0aa41c9b1f03b66ab: Time spent starting tablet: real 0.098s	user 0.009s	sys 0.001s
I20260709 12:23:20.319223 31136 tablet_service.cc:1917] Received RequestConsensusVote() RPC: tablet_id: "e3de96a6f20142c0a00ff9ee12bcc86c" candidate_uuid: "e9cccf7eb2a545ef8c2169b67ff261bf" candidate_term: 2 candidate_status { last_received { term: 1 index: 1 } } ignore_live_leader: false dest_uuid: "ce27a72886964e4287059a1d66bd5b6b"
I20260709 12:23:20.304572 31321 raft_consensus.cc:697] T 9dab2cd673924dc2a2f8622e76701947 P ce27a72886964e4287059a1d66bd5b6b [term 1 LEADER]: Becoming Leader. State: Replica: ce27a72886964e4287059a1d66bd5b6b, State: Running, Role: LEADER
I20260709 12:23:20.330474 31185 tablet_bootstrap.cc:654] T c6dbea78f5c04486a0fc3f17e2260e2c P e9cccf7eb2a545ef8c2169b67ff261bf: Neither blocks nor log segments found. Creating new log.
I20260709 12:23:20.331055 31184 tablet_bootstrap.cc:654] T b8ba55d3e2574f7a890f7a956ba4e74f P ce27a72886964e4287059a1d66bd5b6b: Neither blocks nor log segments found. Creating new log.
I20260709 12:23:20.318305 31058 tablet_service.cc:1917] Received RequestConsensusVote() RPC: tablet_id: "f311574d640f4ff69dd8e9525a8fe8c1" candidate_uuid: "e9cccf7eb2a545ef8c2169b67ff261bf" candidate_term: 1 candidate_status { last_received { term: 0 index: 0 } } ignore_live_leader: false dest_uuid: "2c4511d66b474ee0aa41c9b1f03b66ab" is_pre_election: true
W20260709 12:23:20.336344 31109 leader_election.cc:343] T 205fb3f3a3844073a49da13542da2989 P ce27a72886964e4287059a1d66bd5b6b [CANDIDATE]: Term 1 pre-election: Tablet error from VoteRequest() call to peer e9cccf7eb2a545ef8c2169b67ff261bf (127.29.37.65:34803): Illegal state: must be running to vote when last-logged opid is not known
I20260709 12:23:20.336799 31109 leader_election.cc:304] T 205fb3f3a3844073a49da13542da2989 P ce27a72886964e4287059a1d66bd5b6b [CANDIDATE]: Term 1 pre-election: Election decided. Result: candidate lost. Election summary: received 3 responses out of 3 voters: 1 yes votes; 2 no votes. yes voters: ce27a72886964e4287059a1d66bd5b6b; no voters: 2c4511d66b474ee0aa41c9b1f03b66ab, e9cccf7eb2a545ef8c2169b67ff261bf
I20260709 12:23:20.339493 30958 leader_election.cc:304] T e3de96a6f20142c0a00ff9ee12bcc86c P e9cccf7eb2a545ef8c2169b67ff261bf [CANDIDATE]: Term 2 election: Election decided. Result: candidate lost. Election summary: received 3 responses out of 3 voters: 1 yes votes; 2 no votes. yes voters: e9cccf7eb2a545ef8c2169b67ff261bf; no voters: 2c4511d66b474ee0aa41c9b1f03b66ab, ce27a72886964e4287059a1d66bd5b6b
I20260709 12:23:20.321866 31439 consensus_queue.cc:260] T e3de96a6f20142c0a00ff9ee12bcc86c P 2c4511d66b474ee0aa41c9b1f03b66ab [NON_LEADER]: Queue going to NON_LEADER mode. State: All replicated index: 0, Majority replicated index: 1, Committed index: 1, Last appended: 1.1, Last appended by leader: 1, Current term: 1, Majority size: -1, State: 0, Mode: NON_LEADER, active raft config: opid_index: -1 OBSOLETE_local: false peers { permanent_uuid: "e9cccf7eb2a545ef8c2169b67ff261bf" member_type: VOTER last_known_addr { host: "127.29.37.65" port: 34803 } } peers { permanent_uuid: "2c4511d66b474ee0aa41c9b1f03b66ab" member_type: VOTER last_known_addr { host: "127.29.37.66" port: 45157 } } peers { permanent_uuid: "ce27a72886964e4287059a1d66bd5b6b" member_type: VOTER last_known_addr { host: "127.29.37.67" port: 36565 } }
I20260709 12:23:20.331847 31067 tablet_service.cc:1917] Received RequestConsensusVote() RPC: tablet_id: "044e61a321dd4521be7f9ee796ca44dc" candidate_uuid: "ce27a72886964e4287059a1d66bd5b6b" candidate_term: 1 candidate_status { last_received { term: 0 index: 0 } } ignore_live_leader: false dest_uuid: "2c4511d66b474ee0aa41c9b1f03b66ab"
I20260709 12:23:20.324311 31471 consensus_queue.cc:1048] T 7ea7681ba29145eba9db5bc137cf18b4 P e9cccf7eb2a545ef8c2169b67ff261bf [LEADER]: Connected to new peer: Peer: permanent_uuid: "2c4511d66b474ee0aa41c9b1f03b66ab" member_type: VOTER last_known_addr { host: "127.29.37.66" port: 45157 }, Status: LMP_MISMATCH, Last received: 0.0, Next index: 1, Last known committed idx: 0, Time since last communication: 0.024s
I20260709 12:23:20.357919 31321 consensus_queue.cc:237] T 9dab2cd673924dc2a2f8622e76701947 P ce27a72886964e4287059a1d66bd5b6b [LEADER]: Queue going to LEADER mode. State: All replicated index: 0, Majority replicated index: 0, Committed index: 0, Last appended: 0.0, Last appended by leader: 0, Current term: 1, Majority size: 2, State: 0, Mode: LEADER, active raft config: opid_index: -1 OBSOLETE_local: false peers { permanent_uuid: "e9cccf7eb2a545ef8c2169b67ff261bf" member_type: VOTER last_known_addr { host: "127.29.37.65" port: 34803 } } peers { permanent_uuid: "2c4511d66b474ee0aa41c9b1f03b66ab" member_type: VOTER last_known_addr { host: "127.29.37.66" port: 45157 } } peers { permanent_uuid: "ce27a72886964e4287059a1d66bd5b6b" member_type: VOTER last_known_addr { host: "127.29.37.67" port: 36565 } }
I20260709 12:23:20.358894 31139 tablet_service.cc:1917] Received RequestConsensusVote() RPC: tablet_id: "f311574d640f4ff69dd8e9525a8fe8c1" candidate_uuid: "e9cccf7eb2a545ef8c2169b67ff261bf" candidate_term: 1 candidate_status { last_received { term: 0 index: 0 } } ignore_live_leader: false dest_uuid: "ce27a72886964e4287059a1d66bd5b6b" is_pre_election: true
I20260709 12:23:20.359589 31139 raft_consensus.cc:2468] T f311574d640f4ff69dd8e9525a8fe8c1 P ce27a72886964e4287059a1d66bd5b6b [term 0 FOLLOWER]: Leader pre-election vote request: Granting yes vote for candidate e9cccf7eb2a545ef8c2169b67ff261bf in term 0.
I20260709 12:23:20.360316 31449 raft_consensus.cc:493] T 0afdb545bb8f485993259007a00c1841 P ce27a72886964e4287059a1d66bd5b6b [term 0 FOLLOWER]: Starting pre-election (no leader contacted us within the election timeout)
I20260709 12:23:20.360807 31449 raft_consensus.cc:515] T 0afdb545bb8f485993259007a00c1841 P ce27a72886964e4287059a1d66bd5b6b [term 0 FOLLOWER]: Starting pre-election with config: opid_index: -1 OBSOLETE_local: false peers { permanent_uuid: "e9cccf7eb2a545ef8c2169b67ff261bf" member_type: VOTER last_known_addr { host: "127.29.37.65" port: 34803 } } peers { permanent_uuid: "2c4511d66b474ee0aa41c9b1f03b66ab" member_type: VOTER last_known_addr { host: "127.29.37.66" port: 45157 } } peers { permanent_uuid: "ce27a72886964e4287059a1d66bd5b6b" member_type: VOTER last_known_addr { host: "127.29.37.67" port: 36565 } }
I20260709 12:23:20.355291 31265 raft_consensus.cc:2749] T 205fb3f3a3844073a49da13542da2989 P ce27a72886964e4287059a1d66bd5b6b [term 0 FOLLOWER]: Leader pre-election lost for term 1. Reason: could not achieve majority
I20260709 12:23:20.342859 31226 raft_consensus.cc:2749] T e3de96a6f20142c0a00ff9ee12bcc86c P e9cccf7eb2a545ef8c2169b67ff261bf [term 2 FOLLOWER]: Leader election lost for term 2. Reason: could not achieve majority
I20260709 12:23:20.362640 31067 raft_consensus.cc:3060] T 044e61a321dd4521be7f9ee796ca44dc P 2c4511d66b474ee0aa41c9b1f03b66ab [term 0 FOLLOWER]: Advancing to term 1
I20260709 12:23:20.373318 30992 tablet_service.cc:1917] Received RequestConsensusVote() RPC: tablet_id: "c6dbea78f5c04486a0fc3f17e2260e2c" candidate_uuid: "ce27a72886964e4287059a1d66bd5b6b" candidate_term: 1 candidate_status { last_received { term: 0 index: 0 } } ignore_live_leader: false dest_uuid: "e9cccf7eb2a545ef8c2169b67ff261bf" is_pre_election: true
I20260709 12:23:20.374701 30992 tablet_service.cc:1917] Received RequestConsensusVote() RPC: tablet_id: "044e61a321dd4521be7f9ee796ca44dc" candidate_uuid: "ce27a72886964e4287059a1d66bd5b6b" candidate_term: 1 candidate_status { last_received { term: 0 index: 0 } } ignore_live_leader: false dest_uuid: "e9cccf7eb2a545ef8c2169b67ff261bf"
I20260709 12:23:20.375182 30992 raft_consensus.cc:3060] T 044e61a321dd4521be7f9ee796ca44dc P e9cccf7eb2a545ef8c2169b67ff261bf [term 0 FOLLOWER]: Advancing to term 1
W20260709 12:23:20.375435 30955 leader_election.cc:343] T f311574d640f4ff69dd8e9525a8fe8c1 P e9cccf7eb2a545ef8c2169b67ff261bf [CANDIDATE]: Term 1 pre-election: Tablet error from VoteRequest() call to peer 2c4511d66b474ee0aa41c9b1f03b66ab (127.29.37.66:45157): Illegal state: must be running to vote when last-logged opid is not known
I20260709 12:23:20.375355 30988 tablet_service.cc:1917] Received RequestConsensusVote() RPC: tablet_id: "9dab2cd673924dc2a2f8622e76701947" candidate_uuid: "ce27a72886964e4287059a1d66bd5b6b" candidate_term: 1 candidate_status { last_received { term: 0 index: 0 } } ignore_live_leader: false dest_uuid: "e9cccf7eb2a545ef8c2169b67ff261bf"
I20260709 12:23:20.377054 30988 raft_consensus.cc:3060] T 9dab2cd673924dc2a2f8622e76701947 P e9cccf7eb2a545ef8c2169b67ff261bf [term 0 FOLLOWER]: Advancing to term 1
I20260709 12:23:20.379253 31449 leader_election.cc:290] T 0afdb545bb8f485993259007a00c1841 P ce27a72886964e4287059a1d66bd5b6b [CANDIDATE]: Term 1 pre-election: Requested pre-vote from peers e9cccf7eb2a545ef8c2169b67ff261bf (127.29.37.65:34803), 2c4511d66b474ee0aa41c9b1f03b66ab (127.29.37.66:45157)
I20260709 12:23:20.373356 31439 raft_consensus.cc:3060] T e3de96a6f20142c0a00ff9ee12bcc86c P 2c4511d66b474ee0aa41c9b1f03b66ab [term 1 FOLLOWER]: Advancing to term 2
I20260709 12:23:20.387090 30992 raft_consensus.cc:2468] T 044e61a321dd4521be7f9ee796ca44dc P e9cccf7eb2a545ef8c2169b67ff261bf [term 1 FOLLOWER]: Leader election vote request: Granting yes vote for candidate ce27a72886964e4287059a1d66bd5b6b in term 1.
I20260709 12:23:20.390087 31186 tablet_bootstrap.cc:492] T f311574d640f4ff69dd8e9525a8fe8c1 P 2c4511d66b474ee0aa41c9b1f03b66ab: Bootstrap starting.
I20260709 12:23:20.392395 30885 catalog_manager.cc:5697] T 7ea7681ba29145eba9db5bc137cf18b4 P e9cccf7eb2a545ef8c2169b67ff261bf reported cstate change: term changed from 0 to 1, leader changed from <none> to e9cccf7eb2a545ef8c2169b67ff261bf (127.29.37.65). New cstate: current_term: 1 leader_uuid: "e9cccf7eb2a545ef8c2169b67ff261bf" committed_config { opid_index: -1 OBSOLETE_local: false peers { permanent_uuid: "e9cccf7eb2a545ef8c2169b67ff261bf" member_type: VOTER last_known_addr { host: "127.29.37.65" port: 34803 } health_report { overall_health: HEALTHY } } peers { permanent_uuid: "2c4511d66b474ee0aa41c9b1f03b66ab" member_type: VOTER last_known_addr { host: "127.29.37.66" port: 45157 } health_report { overall_health: UNKNOWN } } peers { permanent_uuid: "ce27a72886964e4287059a1d66bd5b6b" member_type: VOTER last_known_addr { host: "127.29.37.67" port: 36565 } health_report { overall_health: UNKNOWN } } }
W20260709 12:23:20.414898 31033 outbound_call.cc:321] RPC callback for RPC call kudu.consensus.ConsensusService.UpdateConsensus -> {remote=127.29.37.67:36565, user_credentials={real_user=slave}} blocked reactor thread for 50588.6us
I20260709 12:23:20.432863 31475 raft_consensus.cc:493] T 4d522233ee4c4536b4fc944d7866c4d9 P 2c4511d66b474ee0aa41c9b1f03b66ab [term 0 FOLLOWER]: Starting pre-election (no leader contacted us within the election timeout)
I20260709 12:23:20.421904 31361 raft_consensus.cc:493] T 4d522233ee4c4536b4fc944d7866c4d9 P ce27a72886964e4287059a1d66bd5b6b [term 0 FOLLOWER]: Starting pre-election (no leader contacted us within the election timeout)
I20260709 12:23:20.433369 31475 raft_consensus.cc:515] T 4d522233ee4c4536b4fc944d7866c4d9 P 2c4511d66b474ee0aa41c9b1f03b66ab [term 0 FOLLOWER]: Starting pre-election with config: opid_index: -1 OBSOLETE_local: false peers { permanent_uuid: "e9cccf7eb2a545ef8c2169b67ff261bf" member_type: VOTER last_known_addr { host: "127.29.37.65" port: 34803 } } peers { permanent_uuid: "2c4511d66b474ee0aa41c9b1f03b66ab" member_type: VOTER last_known_addr { host: "127.29.37.66" port: 45157 } } peers { permanent_uuid: "ce27a72886964e4287059a1d66bd5b6b" member_type: VOTER last_known_addr { host: "127.29.37.67" port: 36565 } }
I20260709 12:23:20.468580 31475 leader_election.cc:290] T 4d522233ee4c4536b4fc944d7866c4d9 P 2c4511d66b474ee0aa41c9b1f03b66ab [CANDIDATE]: Term 1 pre-election: Requested pre-vote from peers e9cccf7eb2a545ef8c2169b67ff261bf (127.29.37.65:34803), ce27a72886964e4287059a1d66bd5b6b (127.29.37.67:36565)
I20260709 12:23:20.447710 31361 raft_consensus.cc:515] T 4d522233ee4c4536b4fc944d7866c4d9 P ce27a72886964e4287059a1d66bd5b6b [term 0 FOLLOWER]: Starting pre-election with config: opid_index: -1 OBSOLETE_local: false peers { permanent_uuid: "e9cccf7eb2a545ef8c2169b67ff261bf" member_type: VOTER last_known_addr { host: "127.29.37.65" port: 34803 } } peers { permanent_uuid: "2c4511d66b474ee0aa41c9b1f03b66ab" member_type: VOTER last_known_addr { host: "127.29.37.66" port: 45157 } } peers { permanent_uuid: "ce27a72886964e4287059a1d66bd5b6b" member_type: VOTER last_known_addr { host: "127.29.37.67" port: 36565 } }
I20260709 12:23:20.471581 30988 raft_consensus.cc:2468] T 9dab2cd673924dc2a2f8622e76701947 P e9cccf7eb2a545ef8c2169b67ff261bf [term 1 FOLLOWER]: Leader election vote request: Granting yes vote for candidate ce27a72886964e4287059a1d66bd5b6b in term 1.
I20260709 12:23:20.473894 31067 raft_consensus.cc:2468] T 044e61a321dd4521be7f9ee796ca44dc P 2c4511d66b474ee0aa41c9b1f03b66ab [term 1 FOLLOWER]: Leader election vote request: Granting yes vote for candidate ce27a72886964e4287059a1d66bd5b6b in term 1.
I20260709 12:23:20.646910 31185 tablet_bootstrap.cc:492] T c6dbea78f5c04486a0fc3f17e2260e2c P e9cccf7eb2a545ef8c2169b67ff261bf: No bootstrap required, opened a new log
I20260709 12:23:20.647424 31185 ts_tablet_manager.cc:1403] T c6dbea78f5c04486a0fc3f17e2260e2c P e9cccf7eb2a545ef8c2169b67ff261bf: Time spent bootstrapping tablet: real 0.543s	user 0.010s	sys 0.013s
I20260709 12:23:20.648412 30958 leader_election.cc:304] T f311574d640f4ff69dd8e9525a8fe8c1 P e9cccf7eb2a545ef8c2169b67ff261bf [CANDIDATE]: Term 1 pre-election: Election decided. Result: candidate won. Election summary: received 3 responses out of 3 voters: 2 yes votes; 1 no votes. yes voters: ce27a72886964e4287059a1d66bd5b6b, e9cccf7eb2a545ef8c2169b67ff261bf; no voters: 2c4511d66b474ee0aa41c9b1f03b66ab
W20260709 12:23:20.652349 31033 outbound_call.cc:321] RPC callback for RPC call kudu.consensus.ConsensusService.UpdateConsensus -> {remote=127.29.37.67:36565, user_credentials={real_user=slave}} blocked reactor thread for 205923us
I20260709 12:23:20.659360 31265 raft_consensus.cc:493] T 544dffe603ca4dce9d6697ea6b15c925 P ce27a72886964e4287059a1d66bd5b6b [term 0 FOLLOWER]: Starting pre-election (no leader contacted us within the election timeout)
I20260709 12:23:20.663173 30985 tablet_service.cc:1917] Received RequestConsensusVote() RPC: tablet_id: "4d522233ee4c4536b4fc944d7866c4d9" candidate_uuid: "2c4511d66b474ee0aa41c9b1f03b66ab" candidate_term: 1 candidate_status { last_received { term: 0 index: 0 } } ignore_live_leader: false dest_uuid: "e9cccf7eb2a545ef8c2169b67ff261bf" is_pre_election: true
I20260709 12:23:20.663203 31265 raft_consensus.cc:515] T 544dffe603ca4dce9d6697ea6b15c925 P ce27a72886964e4287059a1d66bd5b6b [term 0 FOLLOWER]: Starting pre-election with config: opid_index: -1 OBSOLETE_local: false peers { permanent_uuid: "e9cccf7eb2a545ef8c2169b67ff261bf" member_type: VOTER last_known_addr { host: "127.29.37.65" port: 34803 } } peers { permanent_uuid: "2c4511d66b474ee0aa41c9b1f03b66ab" member_type: VOTER last_known_addr { host: "127.29.37.66" port: 45157 } } peers { permanent_uuid: "ce27a72886964e4287059a1d66bd5b6b" member_type: VOTER last_known_addr { host: "127.29.37.67" port: 36565 } }
W20260709 12:23:20.663362 31476 log.cc:927] Time spent T e3de96a6f20142c0a00ff9ee12bcc86c P ce27a72886964e4287059a1d66bd5b6b: Append to log took a long time: real 0.160s	user 0.006s	sys 0.005s
I20260709 12:23:20.666793 31186 tablet_bootstrap.cc:654] T f311574d640f4ff69dd8e9525a8fe8c1 P 2c4511d66b474ee0aa41c9b1f03b66ab: Neither blocks nor log segments found. Creating new log.
I20260709 12:23:20.657878 31285 raft_consensus.cc:2804] T f311574d640f4ff69dd8e9525a8fe8c1 P e9cccf7eb2a545ef8c2169b67ff261bf [term 0 FOLLOWER]: Leader pre-election won for term 1
I20260709 12:23:20.667228 31285 raft_consensus.cc:493] T f311574d640f4ff69dd8e9525a8fe8c1 P e9cccf7eb2a545ef8c2169b67ff261bf [term 0 FOLLOWER]: Starting leader election (no leader contacted us within the election timeout)
I20260709 12:23:20.668704 31285 raft_consensus.cc:3060] T f311574d640f4ff69dd8e9525a8fe8c1 P e9cccf7eb2a545ef8c2169b67ff261bf [term 0 FOLLOWER]: Advancing to term 1
I20260709 12:23:20.665059 31361 leader_election.cc:290] T 4d522233ee4c4536b4fc944d7866c4d9 P ce27a72886964e4287059a1d66bd5b6b [CANDIDATE]: Term 1 pre-election: Requested pre-vote from peers e9cccf7eb2a545ef8c2169b67ff261bf (127.29.37.65:34803), 2c4511d66b474ee0aa41c9b1f03b66ab (127.29.37.66:45157)
I20260709 12:23:20.671998 30984 tablet_service.cc:1917] Received RequestConsensusVote() RPC: tablet_id: "4d522233ee4c4536b4fc944d7866c4d9" candidate_uuid: "ce27a72886964e4287059a1d66bd5b6b" candidate_term: 1 candidate_status { last_received { term: 0 index: 0 } } ignore_live_leader: false dest_uuid: "e9cccf7eb2a545ef8c2169b67ff261bf" is_pre_election: true
W20260709 12:23:20.672353 31109 leader_election.cc:343] T c6dbea78f5c04486a0fc3f17e2260e2c P ce27a72886964e4287059a1d66bd5b6b [CANDIDATE]: Term 1 pre-election: Tablet error from VoteRequest() call to peer e9cccf7eb2a545ef8c2169b67ff261bf (127.29.37.65:34803): Illegal state: must be running to vote when last-logged opid is not known
I20260709 12:23:20.653254 31226 consensus_queue.cc:1048] T 7ea7681ba29145eba9db5bc137cf18b4 P e9cccf7eb2a545ef8c2169b67ff261bf [LEADER]: Connected to new peer: Peer: permanent_uuid: "ce27a72886964e4287059a1d66bd5b6b" member_type: VOTER last_known_addr { host: "127.29.37.67" port: 36565 }, Status: LMP_MISMATCH, Last received: 0.0, Next index: 1, Last known committed idx: 0, Time since last communication: 0.021s
I20260709 12:23:20.686277 31265 leader_election.cc:290] T 544dffe603ca4dce9d6697ea6b15c925 P ce27a72886964e4287059a1d66bd5b6b [CANDIDATE]: Term 1 pre-election: Requested pre-vote from peers e9cccf7eb2a545ef8c2169b67ff261bf (127.29.37.65:34803), 2c4511d66b474ee0aa41c9b1f03b66ab (127.29.37.66:45157)
I20260709 12:23:20.688300 31106 leader_election.cc:304] T 044e61a321dd4521be7f9ee796ca44dc P ce27a72886964e4287059a1d66bd5b6b [CANDIDATE]: Term 1 election: Election decided. Result: candidate won. Election summary: received 2 responses out of 3 voters: 2 yes votes; 0 no votes. yes voters: 2c4511d66b474ee0aa41c9b1f03b66ab, ce27a72886964e4287059a1d66bd5b6b; no voters: 
I20260709 12:23:20.691632 31185 raft_consensus.cc:359] T c6dbea78f5c04486a0fc3f17e2260e2c P e9cccf7eb2a545ef8c2169b67ff261bf [term 0 FOLLOWER]: Replica starting. Triggering 0 pending ops. Active config: opid_index: -1 OBSOLETE_local: false peers { permanent_uuid: "e9cccf7eb2a545ef8c2169b67ff261bf" member_type: VOTER last_known_addr { host: "127.29.37.65" port: 34803 } } peers { permanent_uuid: "2c4511d66b474ee0aa41c9b1f03b66ab" member_type: VOTER last_known_addr { host: "127.29.37.66" port: 45157 } } peers { permanent_uuid: "ce27a72886964e4287059a1d66bd5b6b" member_type: VOTER last_known_addr { host: "127.29.37.67" port: 36565 } }
I20260709 12:23:20.692353 31185 raft_consensus.cc:385] T c6dbea78f5c04486a0fc3f17e2260e2c P e9cccf7eb2a545ef8c2169b67ff261bf [term 0 FOLLOWER]: Consensus starting up: Expiring failure detector timer to make a prompt election more likely
I20260709 12:23:20.692628 31185 raft_consensus.cc:740] T c6dbea78f5c04486a0fc3f17e2260e2c P e9cccf7eb2a545ef8c2169b67ff261bf [term 0 FOLLOWER]: Becoming Follower/Learner. State: Replica: e9cccf7eb2a545ef8c2169b67ff261bf, State: Initialized, Role: FOLLOWER
I20260709 12:23:20.687680 30985 tablet_service.cc:1917] Received RequestConsensusVote() RPC: tablet_id: "0afdb545bb8f485993259007a00c1841" candidate_uuid: "ce27a72886964e4287059a1d66bd5b6b" candidate_term: 1 candidate_status { last_received { term: 0 index: 0 } } ignore_live_leader: false dest_uuid: "e9cccf7eb2a545ef8c2169b67ff261bf" is_pre_election: true
I20260709 12:23:20.695318 31285 raft_consensus.cc:515] T f311574d640f4ff69dd8e9525a8fe8c1 P e9cccf7eb2a545ef8c2169b67ff261bf [term 1 FOLLOWER]: Starting leader election with config: opid_index: -1 OBSOLETE_local: false peers { permanent_uuid: "e9cccf7eb2a545ef8c2169b67ff261bf" member_type: VOTER last_known_addr { host: "127.29.37.65" port: 34803 } } peers { permanent_uuid: "2c4511d66b474ee0aa41c9b1f03b66ab" member_type: VOTER last_known_addr { host: "127.29.37.66" port: 45157 } } peers { permanent_uuid: "ce27a72886964e4287059a1d66bd5b6b" member_type: VOTER last_known_addr { host: "127.29.37.67" port: 36565 } }
I20260709 12:23:20.698611 31466 raft_consensus.cc:2804] T 044e61a321dd4521be7f9ee796ca44dc P ce27a72886964e4287059a1d66bd5b6b [term 1 FOLLOWER]: Leader election won for term 1
I20260709 12:23:20.709827 31135 tablet_service.cc:1917] Received RequestConsensusVote() RPC: tablet_id: "4d522233ee4c4536b4fc944d7866c4d9" candidate_uuid: "2c4511d66b474ee0aa41c9b1f03b66ab" candidate_term: 1 candidate_status { last_received { term: 0 index: 0 } } ignore_live_leader: false dest_uuid: "ce27a72886964e4287059a1d66bd5b6b" is_pre_election: true
I20260709 12:23:20.709983 31466 raft_consensus.cc:697] T 044e61a321dd4521be7f9ee796ca44dc P ce27a72886964e4287059a1d66bd5b6b [term 1 LEADER]: Becoming Leader. State: Replica: ce27a72886964e4287059a1d66bd5b6b, State: Running, Role: LEADER
I20260709 12:23:20.710593 31135 raft_consensus.cc:2468] T 4d522233ee4c4536b4fc944d7866c4d9 P ce27a72886964e4287059a1d66bd5b6b [term 0 FOLLOWER]: Leader pre-election vote request: Granting yes vote for candidate 2c4511d66b474ee0aa41c9b1f03b66ab in term 0.
I20260709 12:23:20.714018 31185 consensus_queue.cc:260] T c6dbea78f5c04486a0fc3f17e2260e2c P e9cccf7eb2a545ef8c2169b67ff261bf [NON_LEADER]: Queue going to NON_LEADER mode. State: All replicated index: 0, Majority replicated index: 0, Committed index: 0, Last appended: 0.0, Last appended by leader: 0, Current term: 0, Majority size: -1, State: 0, Mode: NON_LEADER, active raft config: opid_index: -1 OBSOLETE_local: false peers { permanent_uuid: "e9cccf7eb2a545ef8c2169b67ff261bf" member_type: VOTER last_known_addr { host: "127.29.37.65" port: 34803 } } peers { permanent_uuid: "2c4511d66b474ee0aa41c9b1f03b66ab" member_type: VOTER last_known_addr { host: "127.29.37.66" port: 45157 } } peers { permanent_uuid: "ce27a72886964e4287059a1d66bd5b6b" member_type: VOTER last_known_addr { host: "127.29.37.67" port: 36565 } }
I20260709 12:23:20.711160 31466 consensus_queue.cc:237] T 044e61a321dd4521be7f9ee796ca44dc P ce27a72886964e4287059a1d66bd5b6b [LEADER]: Queue going to LEADER mode. State: All replicated index: 0, Majority replicated index: 0, Committed index: 0, Last appended: 0.0, Last appended by leader: 0, Current term: 1, Majority size: 2, State: 0, Mode: LEADER, active raft config: opid_index: -1 OBSOLETE_local: false peers { permanent_uuid: "e9cccf7eb2a545ef8c2169b67ff261bf" member_type: VOTER last_known_addr { host: "127.29.37.65" port: 34803 } } peers { permanent_uuid: "2c4511d66b474ee0aa41c9b1f03b66ab" member_type: VOTER last_known_addr { host: "127.29.37.66" port: 45157 } } peers { permanent_uuid: "ce27a72886964e4287059a1d66bd5b6b" member_type: VOTER last_known_addr { host: "127.29.37.67" port: 36565 } }
I20260709 12:23:20.724360 31185 ts_tablet_manager.cc:1434] T c6dbea78f5c04486a0fc3f17e2260e2c P e9cccf7eb2a545ef8c2169b67ff261bf: Time spent starting tablet: real 0.077s	user 0.007s	sys 0.002s
I20260709 12:23:20.725067 31185 tablet_bootstrap.cc:492] T 0afdb545bb8f485993259007a00c1841 P e9cccf7eb2a545ef8c2169b67ff261bf: Bootstrap starting.
I20260709 12:23:20.729490 31064 tablet_service.cc:1917] Received RequestConsensusVote() RPC: tablet_id: "c6dbea78f5c04486a0fc3f17e2260e2c" candidate_uuid: "ce27a72886964e4287059a1d66bd5b6b" candidate_term: 1 candidate_status { last_received { term: 0 index: 0 } } ignore_live_leader: false dest_uuid: "2c4511d66b474ee0aa41c9b1f03b66ab" is_pre_election: true
I20260709 12:23:20.734925 31033 leader_election.cc:304] T 4d522233ee4c4536b4fc944d7866c4d9 P 2c4511d66b474ee0aa41c9b1f03b66ab [CANDIDATE]: Term 1 pre-election: Election decided. Result: candidate won. Election summary: received 2 responses out of 3 voters: 2 yes votes; 0 no votes. yes voters: 2c4511d66b474ee0aa41c9b1f03b66ab, ce27a72886964e4287059a1d66bd5b6b; no voters: 
I20260709 12:23:20.735666 31276 raft_consensus.cc:2804] T 4d522233ee4c4536b4fc944d7866c4d9 P 2c4511d66b474ee0aa41c9b1f03b66ab [term 0 FOLLOWER]: Leader pre-election won for term 1
I20260709 12:23:20.736012 31276 raft_consensus.cc:493] T 4d522233ee4c4536b4fc944d7866c4d9 P 2c4511d66b474ee0aa41c9b1f03b66ab [term 0 FOLLOWER]: Starting leader election (no leader contacted us within the election timeout)
I20260709 12:23:20.736323 31276 raft_consensus.cc:3060] T 4d522233ee4c4536b4fc944d7866c4d9 P 2c4511d66b474ee0aa41c9b1f03b66ab [term 0 FOLLOWER]: Advancing to term 1
W20260709 12:23:20.723501 31109 outbound_call.cc:321] RPC callback for RPC call kudu.consensus.ConsensusService.UpdateConsensus -> {remote=127.29.37.65:34803, user_credentials={real_user=slave}} blocked reactor thread for 50456.7us
I20260709 12:23:20.744009 31285 leader_election.cc:290] T f311574d640f4ff69dd8e9525a8fe8c1 P e9cccf7eb2a545ef8c2169b67ff261bf [CANDIDATE]: Term 1 election: Requested vote from peers 2c4511d66b474ee0aa41c9b1f03b66ab (127.29.37.66:45157), ce27a72886964e4287059a1d66bd5b6b (127.29.37.67:36565)
I20260709 12:23:20.744493 31184 tablet_bootstrap.cc:492] T b8ba55d3e2574f7a890f7a956ba4e74f P ce27a72886964e4287059a1d66bd5b6b: No bootstrap required, opened a new log
I20260709 12:23:20.744936 31184 ts_tablet_manager.cc:1403] T b8ba55d3e2574f7a890f7a956ba4e74f P ce27a72886964e4287059a1d66bd5b6b: Time spent bootstrapping tablet: real 0.458s	user 0.006s	sys 0.026s
I20260709 12:23:20.737977 31275 consensus_queue.cc:1048] T 4a3e0211fca8429086a4403f1ec42a59 P 2c4511d66b474ee0aa41c9b1f03b66ab [LEADER]: Connected to new peer: Peer: permanent_uuid: "ce27a72886964e4287059a1d66bd5b6b" member_type: VOTER last_known_addr { host: "127.29.37.67" port: 36565 }, Status: LMP_MISMATCH, Last received: 0.0, Next index: 1, Last known committed idx: 0, Time since last communication: 0.008s
W20260709 12:23:20.748801 31033 leader_election.cc:343] T 4d522233ee4c4536b4fc944d7866c4d9 P 2c4511d66b474ee0aa41c9b1f03b66ab [CANDIDATE]: Term 1 pre-election: Tablet error from VoteRequest() call to peer e9cccf7eb2a545ef8c2169b67ff261bf (127.29.37.65:34803): Illegal state: must be running to vote when last-logged opid is not known
I20260709 12:23:20.753155 31186 tablet_bootstrap.cc:492] T f311574d640f4ff69dd8e9525a8fe8c1 P 2c4511d66b474ee0aa41c9b1f03b66ab: No bootstrap required, opened a new log
I20260709 12:23:20.753700 31186 ts_tablet_manager.cc:1403] T f311574d640f4ff69dd8e9525a8fe8c1 P 2c4511d66b474ee0aa41c9b1f03b66ab: Time spent bootstrapping tablet: real 0.364s	user 0.005s	sys 0.009s
I20260709 12:23:20.750485 31361 consensus_queue.cc:1048] T 676d422dffb24e3cb16409a80bb28758 P ce27a72886964e4287059a1d66bd5b6b [LEADER]: Connected to new peer: Peer: permanent_uuid: "e9cccf7eb2a545ef8c2169b67ff261bf" member_type: VOTER last_known_addr { host: "127.29.37.65" port: 34803 }, Status: LMP_MISMATCH, Last received: 0.0, Next index: 1, Last known committed idx: 0, Time since last communication: 0.009s
I20260709 12:23:20.769572 31184 raft_consensus.cc:359] T b8ba55d3e2574f7a890f7a956ba4e74f P ce27a72886964e4287059a1d66bd5b6b [term 0 FOLLOWER]: Replica starting. Triggering 0 pending ops. Active config: opid_index: -1 OBSOLETE_local: false peers { permanent_uuid: "e9cccf7eb2a545ef8c2169b67ff261bf" member_type: VOTER last_known_addr { host: "127.29.37.65" port: 34803 } } peers { permanent_uuid: "2c4511d66b474ee0aa41c9b1f03b66ab" member_type: VOTER last_known_addr { host: "127.29.37.66" port: 45157 } } peers { permanent_uuid: "ce27a72886964e4287059a1d66bd5b6b" member_type: VOTER last_known_addr { host: "127.29.37.67" port: 36565 } }
I20260709 12:23:20.769763 31186 raft_consensus.cc:359] T f311574d640f4ff69dd8e9525a8fe8c1 P 2c4511d66b474ee0aa41c9b1f03b66ab [term 0 FOLLOWER]: Replica starting. Triggering 0 pending ops. Active config: opid_index: -1 OBSOLETE_local: false peers { permanent_uuid: "e9cccf7eb2a545ef8c2169b67ff261bf" member_type: VOTER last_known_addr { host: "127.29.37.65" port: 34803 } } peers { permanent_uuid: "2c4511d66b474ee0aa41c9b1f03b66ab" member_type: VOTER last_known_addr { host: "127.29.37.66" port: 45157 } } peers { permanent_uuid: "ce27a72886964e4287059a1d66bd5b6b" member_type: VOTER last_known_addr { host: "127.29.37.67" port: 36565 } }
I20260709 12:23:20.770272 31184 raft_consensus.cc:385] T b8ba55d3e2574f7a890f7a956ba4e74f P ce27a72886964e4287059a1d66bd5b6b [term 0 FOLLOWER]: Consensus starting up: Expiring failure detector timer to make a prompt election more likely
I20260709 12:23:20.770622 31184 raft_consensus.cc:740] T b8ba55d3e2574f7a890f7a956ba4e74f P ce27a72886964e4287059a1d66bd5b6b [term 0 FOLLOWER]: Becoming Follower/Learner. State: Replica: ce27a72886964e4287059a1d66bd5b6b, State: Initialized, Role: FOLLOWER
I20260709 12:23:20.770500 31186 raft_consensus.cc:385] T f311574d640f4ff69dd8e9525a8fe8c1 P 2c4511d66b474ee0aa41c9b1f03b66ab [term 0 FOLLOWER]: Consensus starting up: Expiring failure detector timer to make a prompt election more likely
I20260709 12:23:20.771014 31186 raft_consensus.cc:740] T f311574d640f4ff69dd8e9525a8fe8c1 P 2c4511d66b474ee0aa41c9b1f03b66ab [term 0 FOLLOWER]: Becoming Follower/Learner. State: Replica: 2c4511d66b474ee0aa41c9b1f03b66ab, State: Initialized, Role: FOLLOWER
I20260709 12:23:20.771168 31184 consensus_queue.cc:260] T b8ba55d3e2574f7a890f7a956ba4e74f P ce27a72886964e4287059a1d66bd5b6b [NON_LEADER]: Queue going to NON_LEADER mode. State: All replicated index: 0, Majority replicated index: 0, Committed index: 0, Last appended: 0.0, Last appended by leader: 0, Current term: 0, Majority size: -1, State: 0, Mode: NON_LEADER, active raft config: opid_index: -1 OBSOLETE_local: false peers { permanent_uuid: "e9cccf7eb2a545ef8c2169b67ff261bf" member_type: VOTER last_known_addr { host: "127.29.37.65" port: 34803 } } peers { permanent_uuid: "2c4511d66b474ee0aa41c9b1f03b66ab" member_type: VOTER last_known_addr { host: "127.29.37.66" port: 45157 } } peers { permanent_uuid: "ce27a72886964e4287059a1d66bd5b6b" member_type: VOTER last_known_addr { host: "127.29.37.67" port: 36565 } }
I20260709 12:23:20.773168 31186 consensus_queue.cc:260] T f311574d640f4ff69dd8e9525a8fe8c1 P 2c4511d66b474ee0aa41c9b1f03b66ab [NON_LEADER]: Queue going to NON_LEADER mode. State: All replicated index: 0, Majority replicated index: 0, Committed index: 0, Last appended: 0.0, Last appended by leader: 0, Current term: 0, Majority size: -1, State: 0, Mode: NON_LEADER, active raft config: opid_index: -1 OBSOLETE_local: false peers { permanent_uuid: "e9cccf7eb2a545ef8c2169b67ff261bf" member_type: VOTER last_known_addr { host: "127.29.37.65" port: 34803 } } peers { permanent_uuid: "2c4511d66b474ee0aa41c9b1f03b66ab" member_type: VOTER last_known_addr { host: "127.29.37.66" port: 45157 } } peers { permanent_uuid: "ce27a72886964e4287059a1d66bd5b6b" member_type: VOTER last_known_addr { host: "127.29.37.67" port: 36565 } }
I20260709 12:23:20.777236 31184 ts_tablet_manager.cc:1434] T b8ba55d3e2574f7a890f7a956ba4e74f P ce27a72886964e4287059a1d66bd5b6b: Time spent starting tablet: real 0.032s	user 0.007s	sys 0.001s
I20260709 12:23:20.778187 31186 ts_tablet_manager.cc:1434] T f311574d640f4ff69dd8e9525a8fe8c1 P 2c4511d66b474ee0aa41c9b1f03b66ab: Time spent starting tablet: real 0.024s	user 0.006s	sys 0.001s
I20260709 12:23:20.779110 31186 tablet_bootstrap.cc:492] T 205fb3f3a3844073a49da13542da2989 P 2c4511d66b474ee0aa41c9b1f03b66ab: Bootstrap starting.
I20260709 12:23:20.777841 31276 raft_consensus.cc:515] T 4d522233ee4c4536b4fc944d7866c4d9 P 2c4511d66b474ee0aa41c9b1f03b66ab [term 1 FOLLOWER]: Starting leader election with config: opid_index: -1 OBSOLETE_local: false peers { permanent_uuid: "e9cccf7eb2a545ef8c2169b67ff261bf" member_type: VOTER last_known_addr { host: "127.29.37.65" port: 34803 } } peers { permanent_uuid: "2c4511d66b474ee0aa41c9b1f03b66ab" member_type: VOTER last_known_addr { host: "127.29.37.66" port: 45157 } } peers { permanent_uuid: "ce27a72886964e4287059a1d66bd5b6b" member_type: VOTER last_known_addr { host: "127.29.37.67" port: 36565 } }
W20260709 12:23:20.757529 31109 leader_election.cc:343] T 4d522233ee4c4536b4fc944d7866c4d9 P ce27a72886964e4287059a1d66bd5b6b [CANDIDATE]: Term 1 pre-election: Tablet error from VoteRequest() call to peer e9cccf7eb2a545ef8c2169b67ff261bf (127.29.37.65:34803): Illegal state: must be running to vote when last-logged opid is not known
I20260709 12:23:20.797441 31276 leader_election.cc:290] T 4d522233ee4c4536b4fc944d7866c4d9 P 2c4511d66b474ee0aa41c9b1f03b66ab [CANDIDATE]: Term 1 election: Requested vote from peers e9cccf7eb2a545ef8c2169b67ff261bf (127.29.37.65:34803), ce27a72886964e4287059a1d66bd5b6b (127.29.37.67:36565)
I20260709 12:23:20.799860 31060 tablet_service.cc:1917] Received RequestConsensusVote() RPC: tablet_id: "f311574d640f4ff69dd8e9525a8fe8c1" candidate_uuid: "e9cccf7eb2a545ef8c2169b67ff261bf" candidate_term: 1 candidate_status { last_received { term: 0 index: 0 } } ignore_live_leader: false dest_uuid: "2c4511d66b474ee0aa41c9b1f03b66ab"
I20260709 12:23:20.800516 31060 raft_consensus.cc:3060] T f311574d640f4ff69dd8e9525a8fe8c1 P 2c4511d66b474ee0aa41c9b1f03b66ab [term 0 FOLLOWER]: Advancing to term 1
I20260709 12:23:20.802131 31067 tablet_service.cc:1917] Received RequestConsensusVote() RPC: tablet_id: "0afdb545bb8f485993259007a00c1841" candidate_uuid: "ce27a72886964e4287059a1d66bd5b6b" candidate_term: 1 candidate_status { last_received { term: 0 index: 0 } } ignore_live_leader: false dest_uuid: "2c4511d66b474ee0aa41c9b1f03b66ab" is_pre_election: true
I20260709 12:23:20.802472 30988 tablet_service.cc:1917] Received RequestConsensusVote() RPC: tablet_id: "4d522233ee4c4536b4fc944d7866c4d9" candidate_uuid: "2c4511d66b474ee0aa41c9b1f03b66ab" candidate_term: 1 candidate_status { last_received { term: 0 index: 0 } } ignore_live_leader: false dest_uuid: "e9cccf7eb2a545ef8c2169b67ff261bf"
I20260709 12:23:20.802667 31144 tablet_service.cc:1917] Received RequestConsensusVote() RPC: tablet_id: "4d522233ee4c4536b4fc944d7866c4d9" candidate_uuid: "2c4511d66b474ee0aa41c9b1f03b66ab" candidate_term: 1 candidate_status { last_received { term: 0 index: 0 } } ignore_live_leader: false dest_uuid: "ce27a72886964e4287059a1d66bd5b6b"
I20260709 12:23:20.803251 31144 raft_consensus.cc:3060] T 4d522233ee4c4536b4fc944d7866c4d9 P ce27a72886964e4287059a1d66bd5b6b [term 0 FOLLOWER]: Advancing to term 1
I20260709 12:23:20.803596 31067 tablet_service.cc:1917] Received RequestConsensusVote() RPC: tablet_id: "4d522233ee4c4536b4fc944d7866c4d9" candidate_uuid: "ce27a72886964e4287059a1d66bd5b6b" candidate_term: 1 candidate_status { last_received { term: 0 index: 0 } } ignore_live_leader: false dest_uuid: "2c4511d66b474ee0aa41c9b1f03b66ab" is_pre_election: true
I20260709 12:23:20.804324 31067 raft_consensus.cc:2393] T 4d522233ee4c4536b4fc944d7866c4d9 P 2c4511d66b474ee0aa41c9b1f03b66ab [term 1 FOLLOWER]: Leader pre-election vote request: Denying vote to candidate ce27a72886964e4287059a1d66bd5b6b in current term 1: Already voted for candidate 2c4511d66b474ee0aa41c9b1f03b66ab in this term.
W20260709 12:23:20.805979 31033 leader_election.cc:343] T 4d522233ee4c4536b4fc944d7866c4d9 P 2c4511d66b474ee0aa41c9b1f03b66ab [CANDIDATE]: Term 1 election: Tablet error from VoteRequest() call to peer e9cccf7eb2a545ef8c2169b67ff261bf (127.29.37.65:34803): Illegal state: must be running to vote when last-logged opid is not known
W20260709 12:23:20.810606 31109 leader_election.cc:343] T 0afdb545bb8f485993259007a00c1841 P ce27a72886964e4287059a1d66bd5b6b [CANDIDATE]: Term 1 pre-election: Tablet error from VoteRequest() call to peer e9cccf7eb2a545ef8c2169b67ff261bf (127.29.37.65:34803): Illegal state: must be running to vote when last-logged opid is not known
I20260709 12:23:20.812016 31184 tablet_bootstrap.cc:492] T 1aff3791e3404a7e92be14f04f9674ec P ce27a72886964e4287059a1d66bd5b6b: Bootstrap starting.
I20260709 12:23:20.817870 31186 tablet_bootstrap.cc:654] T 205fb3f3a3844073a49da13542da2989 P 2c4511d66b474ee0aa41c9b1f03b66ab: Neither blocks nor log segments found. Creating new log.
I20260709 12:23:20.818424 31144 raft_consensus.cc:2468] T 4d522233ee4c4536b4fc944d7866c4d9 P ce27a72886964e4287059a1d66bd5b6b [term 1 FOLLOWER]: Leader election vote request: Granting yes vote for candidate 2c4511d66b474ee0aa41c9b1f03b66ab in term 1.
I20260709 12:23:20.823011 31033 leader_election.cc:304] T 4d522233ee4c4536b4fc944d7866c4d9 P 2c4511d66b474ee0aa41c9b1f03b66ab [CANDIDATE]: Term 1 election: Election decided. Result: candidate won. Election summary: received 3 responses out of 3 voters: 2 yes votes; 1 no votes. yes voters: 2c4511d66b474ee0aa41c9b1f03b66ab, ce27a72886964e4287059a1d66bd5b6b; no voters: e9cccf7eb2a545ef8c2169b67ff261bf
I20260709 12:23:20.824901 31275 raft_consensus.cc:2804] T 4d522233ee4c4536b4fc944d7866c4d9 P 2c4511d66b474ee0aa41c9b1f03b66ab [term 1 FOLLOWER]: Leader election won for term 1
I20260709 12:23:20.827028 31063 tablet_service.cc:1917] Received RequestConsensusVote() RPC: tablet_id: "544dffe603ca4dce9d6697ea6b15c925" candidate_uuid: "ce27a72886964e4287059a1d66bd5b6b" candidate_term: 1 candidate_status { last_received { term: 0 index: 0 } } ignore_live_leader: false dest_uuid: "2c4511d66b474ee0aa41c9b1f03b66ab" is_pre_election: true
I20260709 12:23:20.826045 31275 raft_consensus.cc:697] T 4d522233ee4c4536b4fc944d7866c4d9 P 2c4511d66b474ee0aa41c9b1f03b66ab [term 1 LEADER]: Becoming Leader. State: Replica: 2c4511d66b474ee0aa41c9b1f03b66ab, State: Running, Role: LEADER
I20260709 12:23:20.828326 31275 consensus_queue.cc:237] T 4d522233ee4c4536b4fc944d7866c4d9 P 2c4511d66b474ee0aa41c9b1f03b66ab [LEADER]: Queue going to LEADER mode. State: All replicated index: 0, Majority replicated index: 0, Committed index: 0, Last appended: 0.0, Last appended by leader: 0, Current term: 1, Majority size: 2, State: 0, Mode: LEADER, active raft config: opid_index: -1 OBSOLETE_local: false peers { permanent_uuid: "e9cccf7eb2a545ef8c2169b67ff261bf" member_type: VOTER last_known_addr { host: "127.29.37.65" port: 34803 } } peers { permanent_uuid: "2c4511d66b474ee0aa41c9b1f03b66ab" member_type: VOTER last_known_addr { host: "127.29.37.66" port: 45157 } } peers { permanent_uuid: "ce27a72886964e4287059a1d66bd5b6b" member_type: VOTER last_known_addr { host: "127.29.37.67" port: 36565 } }
I20260709 12:23:20.843792 31137 tablet_service.cc:1917] Received RequestConsensusVote() RPC: tablet_id: "f311574d640f4ff69dd8e9525a8fe8c1" candidate_uuid: "e9cccf7eb2a545ef8c2169b67ff261bf" candidate_term: 1 candidate_status { last_received { term: 0 index: 0 } } ignore_live_leader: false dest_uuid: "ce27a72886964e4287059a1d66bd5b6b"
I20260709 12:23:20.844609 31137 raft_consensus.cc:3060] T f311574d640f4ff69dd8e9525a8fe8c1 P ce27a72886964e4287059a1d66bd5b6b [term 0 FOLLOWER]: Advancing to term 1
I20260709 12:23:20.845403 30988 tablet_service.cc:1917] Received RequestConsensusVote() RPC: tablet_id: "544dffe603ca4dce9d6697ea6b15c925" candidate_uuid: "ce27a72886964e4287059a1d66bd5b6b" candidate_term: 1 candidate_status { last_received { term: 0 index: 0 } } ignore_live_leader: false dest_uuid: "e9cccf7eb2a545ef8c2169b67ff261bf" is_pre_election: true
I20260709 12:23:20.860036 31185 tablet_bootstrap.cc:654] T 0afdb545bb8f485993259007a00c1841 P e9cccf7eb2a545ef8c2169b67ff261bf: Neither blocks nor log segments found. Creating new log.
I20260709 12:23:20.868006 31466 raft_consensus.cc:493] T b8ba55d3e2574f7a890f7a956ba4e74f P ce27a72886964e4287059a1d66bd5b6b [term 0 FOLLOWER]: Starting pre-election (no leader contacted us within the election timeout)
I20260709 12:23:20.868507 31466 raft_consensus.cc:515] T b8ba55d3e2574f7a890f7a956ba4e74f P ce27a72886964e4287059a1d66bd5b6b [term 0 FOLLOWER]: Starting pre-election with config: opid_index: -1 OBSOLETE_local: false peers { permanent_uuid: "e9cccf7eb2a545ef8c2169b67ff261bf" member_type: VOTER last_known_addr { host: "127.29.37.65" port: 34803 } } peers { permanent_uuid: "2c4511d66b474ee0aa41c9b1f03b66ab" member_type: VOTER last_known_addr { host: "127.29.37.66" port: 45157 } } peers { permanent_uuid: "ce27a72886964e4287059a1d66bd5b6b" member_type: VOTER last_known_addr { host: "127.29.37.67" port: 36565 } }
I20260709 12:23:20.871650 31466 leader_election.cc:290] T b8ba55d3e2574f7a890f7a956ba4e74f P ce27a72886964e4287059a1d66bd5b6b [CANDIDATE]: Term 1 pre-election: Requested pre-vote from peers e9cccf7eb2a545ef8c2169b67ff261bf (127.29.37.65:34803), 2c4511d66b474ee0aa41c9b1f03b66ab (127.29.37.66:45157)
W20260709 12:23:20.872502 31106 leader_election.cc:343] T c6dbea78f5c04486a0fc3f17e2260e2c P ce27a72886964e4287059a1d66bd5b6b [CANDIDATE]: Term 1 pre-election: Tablet error from VoteRequest() call to peer 2c4511d66b474ee0aa41c9b1f03b66ab (127.29.37.66:45157): Illegal state: must be running to vote when last-logged opid is not known
I20260709 12:23:20.872929 31106 leader_election.cc:304] T c6dbea78f5c04486a0fc3f17e2260e2c P ce27a72886964e4287059a1d66bd5b6b [CANDIDATE]: Term 1 pre-election: Election decided. Result: candidate lost. Election summary: received 3 responses out of 3 voters: 1 yes votes; 2 no votes. yes voters: ce27a72886964e4287059a1d66bd5b6b; no voters: 2c4511d66b474ee0aa41c9b1f03b66ab, e9cccf7eb2a545ef8c2169b67ff261bf
I20260709 12:23:20.874253 31466 raft_consensus.cc:2749] T c6dbea78f5c04486a0fc3f17e2260e2c P ce27a72886964e4287059a1d66bd5b6b [term 0 FOLLOWER]: Leader pre-election lost for term 1. Reason: could not achieve majority
I20260709 12:23:20.878818 31321 consensus_queue.cc:1048] T 676d422dffb24e3cb16409a80bb28758 P ce27a72886964e4287059a1d66bd5b6b [LEADER]: Connected to new peer: Peer: permanent_uuid: "2c4511d66b474ee0aa41c9b1f03b66ab" member_type: VOTER last_known_addr { host: "127.29.37.66" port: 45157 }, Status: LMP_MISMATCH, Last received: 0.0, Next index: 1, Last known committed idx: 0, Time since last communication: 0.000s
W20260709 12:23:20.880731 31106 leader_election.cc:343] T 0afdb545bb8f485993259007a00c1841 P ce27a72886964e4287059a1d66bd5b6b [CANDIDATE]: Term 1 pre-election: Tablet error from VoteRequest() call to peer 2c4511d66b474ee0aa41c9b1f03b66ab (127.29.37.66:45157): Illegal state: must be running to vote when last-logged opid is not known
I20260709 12:23:20.881150 31106 leader_election.cc:304] T 0afdb545bb8f485993259007a00c1841 P ce27a72886964e4287059a1d66bd5b6b [CANDIDATE]: Term 1 pre-election: Election decided. Result: candidate lost. Election summary: received 3 responses out of 3 voters: 1 yes votes; 2 no votes. yes voters: ce27a72886964e4287059a1d66bd5b6b; no voters: 2c4511d66b474ee0aa41c9b1f03b66ab, e9cccf7eb2a545ef8c2169b67ff261bf
I20260709 12:23:20.884042 31466 raft_consensus.cc:2749] T 0afdb545bb8f485993259007a00c1841 P ce27a72886964e4287059a1d66bd5b6b [term 0 FOLLOWER]: Leader pre-election lost for term 1. Reason: could not achieve majority
I20260709 12:23:20.890558 31106 leader_election.cc:304] T 4d522233ee4c4536b4fc944d7866c4d9 P ce27a72886964e4287059a1d66bd5b6b [CANDIDATE]: Term 1 pre-election: Election decided. Result: candidate lost. Election summary: received 3 responses out of 3 voters: 1 yes votes; 2 no votes. yes voters: ce27a72886964e4287059a1d66bd5b6b; no voters: 2c4511d66b474ee0aa41c9b1f03b66ab, e9cccf7eb2a545ef8c2169b67ff261bf
W20260709 12:23:20.892048 31489 log.cc:927] Time spent T 4ff17d7bb34443adb04e437ed0079e51 P ce27a72886964e4287059a1d66bd5b6b: Append to log took a long time: real 0.091s	user 0.001s	sys 0.000s
I20260709 12:23:20.895277 31060 raft_consensus.cc:2468] T f311574d640f4ff69dd8e9525a8fe8c1 P 2c4511d66b474ee0aa41c9b1f03b66ab [term 1 FOLLOWER]: Leader election vote request: Granting yes vote for candidate e9cccf7eb2a545ef8c2169b67ff261bf in term 1.
I20260709 12:23:20.895373 30988 tablet_service.cc:1917] Received RequestConsensusVote() RPC: tablet_id: "b8ba55d3e2574f7a890f7a956ba4e74f" candidate_uuid: "ce27a72886964e4287059a1d66bd5b6b" candidate_term: 1 candidate_status { last_received { term: 0 index: 0 } } ignore_live_leader: false dest_uuid: "e9cccf7eb2a545ef8c2169b67ff261bf" is_pre_election: true
W20260709 12:23:20.899994 31165 debug-util.cc:398] Leaking SignalData structure 0x7b08001d1c00 after lost signal to thread 29848
I20260709 12:23:20.902383 30955 leader_election.cc:304] T f311574d640f4ff69dd8e9525a8fe8c1 P e9cccf7eb2a545ef8c2169b67ff261bf [CANDIDATE]: Term 1 election: Election decided. Result: candidate won. Election summary: received 2 responses out of 3 voters: 2 yes votes; 0 no votes. yes voters: 2c4511d66b474ee0aa41c9b1f03b66ab, e9cccf7eb2a545ef8c2169b67ff261bf; no voters: 
W20260709 12:23:20.905058 31165 debug-util.cc:398] Leaking SignalData structure 0x7b08001d9e40 after lost signal to thread 30924
W20260709 12:23:20.906142 31165 debug-util.cc:398] Leaking SignalData structure 0x7b080025da40 after lost signal to thread 31016
W20260709 12:23:20.907090 31165 debug-util.cc:398] Leaking SignalData structure 0x7b08002801c0 after lost signal to thread 31093
W20260709 12:23:20.908095 31165 debug-util.cc:398] Leaking SignalData structure 0x7b0800261c40 after lost signal to thread 31168
W20260709 12:23:20.907011 31109 leader_election.cc:343] T 544dffe603ca4dce9d6697ea6b15c925 P ce27a72886964e4287059a1d66bd5b6b [CANDIDATE]: Term 1 pre-election: Tablet error from VoteRequest() call to peer e9cccf7eb2a545ef8c2169b67ff261bf (127.29.37.65:34803): Illegal state: must be running to vote when last-logged opid is not known
W20260709 12:23:20.914327 31106 leader_election.cc:343] T 544dffe603ca4dce9d6697ea6b15c925 P ce27a72886964e4287059a1d66bd5b6b [CANDIDATE]: Term 1 pre-election: Tablet error from VoteRequest() call to peer 2c4511d66b474ee0aa41c9b1f03b66ab (127.29.37.66:45157): Illegal state: must be running to vote when last-logged opid is not known
I20260709 12:23:20.893181 31466 raft_consensus.cc:2749] T 4d522233ee4c4536b4fc944d7866c4d9 P ce27a72886964e4287059a1d66bd5b6b [term 1 FOLLOWER]: Leader pre-election lost for term 1. Reason: could not achieve majority
I20260709 12:23:20.916397 31137 raft_consensus.cc:2468] T f311574d640f4ff69dd8e9525a8fe8c1 P ce27a72886964e4287059a1d66bd5b6b [term 1 FOLLOWER]: Leader election vote request: Granting yes vote for candidate e9cccf7eb2a545ef8c2169b67ff261bf in term 1.
I20260709 12:23:20.914496 31226 raft_consensus.cc:2804] T f311574d640f4ff69dd8e9525a8fe8c1 P e9cccf7eb2a545ef8c2169b67ff261bf [term 1 FOLLOWER]: Leader election won for term 1
I20260709 12:23:20.926566 31226 raft_consensus.cc:697] T f311574d640f4ff69dd8e9525a8fe8c1 P e9cccf7eb2a545ef8c2169b67ff261bf [term 1 LEADER]: Becoming Leader. State: Replica: e9cccf7eb2a545ef8c2169b67ff261bf, State: Running, Role: LEADER
I20260709 12:23:20.915011 31106 leader_election.cc:304] T 544dffe603ca4dce9d6697ea6b15c925 P ce27a72886964e4287059a1d66bd5b6b [CANDIDATE]: Term 1 pre-election: Election decided. Result: candidate lost. Election summary: received 3 responses out of 3 voters: 1 yes votes; 2 no votes. yes voters: ce27a72886964e4287059a1d66bd5b6b; no voters: 2c4511d66b474ee0aa41c9b1f03b66ab, e9cccf7eb2a545ef8c2169b67ff261bf
