I20260709 12:22:46.082176 25729 tablet_bootstrap.cc:492] T 5cc9a86bc0cd4342ab1c311897d8c350 P 017067fdf9694126b910ddb698f09512: Bootstrap starting.
I20260709 12:22:46.083135 25577 leader_election.cc:304] T 3726e81c7a4948d3a48d9c51df49e932 P 017067fdf9694126b910ddb698f09512 [CANDIDATE]: Term 1 pre-election: Election decided. Result: candidate won. Election summary: received 2 responses out of 3 voters: 2 yes votes; 0 no votes. yes voters: 017067fdf9694126b910ddb698f09512, 5e4193cbdd464c2f96e2a7012d691e60; no voters: 
I20260709 12:22:46.091168 25729 tablet_bootstrap.cc:654] T 5cc9a86bc0cd4342ab1c311897d8c350 P 017067fdf9694126b910ddb698f09512: Neither blocks nor log segments found. Creating new log.
I20260709 12:22:46.097576 25759 raft_consensus.cc:2804] T 3726e81c7a4948d3a48d9c51df49e932 P 017067fdf9694126b910ddb698f09512 [term 0 FOLLOWER]: Leader pre-election won for term 1
I20260709 12:22:46.098209 25759 raft_consensus.cc:493] T 3726e81c7a4948d3a48d9c51df49e932 P 017067fdf9694126b910ddb698f09512 [term 0 FOLLOWER]: Starting leader election (no leader contacted us within the election timeout)
I20260709 12:22:46.095259 25538 tablet_service.cc:1917] Received RequestConsensusVote() RPC: tablet_id: "06b5b4b43edf4449bc4c3fd0c478ebc4" candidate_uuid: "5e4193cbdd464c2f96e2a7012d691e60" candidate_term: 1 candidate_status { last_received { term: 0 index: 0 } } ignore_live_leader: false dest_uuid: "a2324ad57b524759aa58ebd154b785ae" is_pre_election: true
I20260709 12:22:46.098886 25538 raft_consensus.cc:2468] T 06b5b4b43edf4449bc4c3fd0c478ebc4 P a2324ad57b524759aa58ebd154b785ae [term 0 FOLLOWER]: Leader pre-election vote request: Granting yes vote for candidate 5e4193cbdd464c2f96e2a7012d691e60 in term 0.
I20260709 12:22:46.095764 25537 tablet_service.cc:1917] Received RequestConsensusVote() RPC: tablet_id: "254b81c1822048b1a238ec3ce9e88aeb" candidate_uuid: "5e4193cbdd464c2f96e2a7012d691e60" candidate_term: 1 candidate_status { last_received { term: 0 index: 0 } } ignore_live_leader: false dest_uuid: "a2324ad57b524759aa58ebd154b785ae" is_pre_election: true
W20260709 12:22:46.099309 25576 leader_election.cc:343] T 3726e81c7a4948d3a48d9c51df49e932 P 017067fdf9694126b910ddb698f09512 [CANDIDATE]: Term 1 pre-election: Tablet error from VoteRequest() call to peer a2324ad57b524759aa58ebd154b785ae (127.24.71.129:39055): Illegal state: must be running to vote when last-logged opid is not known
I20260709 12:22:46.101259 25687 tablet_service.cc:1917] Received RequestConsensusVote() RPC: tablet_id: "482670924d0f4c5cb9626cc251a59e0a" candidate_uuid: "017067fdf9694126b910ddb698f09512" candidate_term: 1 candidate_status { last_received { term: 0 index: 0 } } ignore_live_leader: false dest_uuid: "5e4193cbdd464c2f96e2a7012d691e60"
I20260709 12:22:46.102052 25687 raft_consensus.cc:3060] T 482670924d0f4c5cb9626cc251a59e0a P 5e4193cbdd464c2f96e2a7012d691e60 [term 0 FOLLOWER]: Advancing to term 1
I20260709 12:22:46.102241 25537 tablet_service.cc:1917] Received RequestConsensusVote() RPC: tablet_id: "482670924d0f4c5cb9626cc251a59e0a" candidate_uuid: "017067fdf9694126b910ddb698f09512" candidate_term: 1 candidate_status { last_received { term: 0 index: 0 } } ignore_live_leader: false dest_uuid: "a2324ad57b524759aa58ebd154b785ae"
I20260709 12:22:46.103113 25537 raft_consensus.cc:3060] T 482670924d0f4c5cb9626cc251a59e0a P a2324ad57b524759aa58ebd154b785ae [term 0 FOLLOWER]: Advancing to term 1
I20260709 12:22:46.105247 25650 leader_election.cc:304] T 06b5b4b43edf4449bc4c3fd0c478ebc4 P 5e4193cbdd464c2f96e2a7012d691e60 [CANDIDATE]: Term 1 pre-election: Election decided. Result: candidate won. Election summary: received 2 responses out of 3 voters: 2 yes votes; 0 no votes. yes voters: 5e4193cbdd464c2f96e2a7012d691e60, a2324ad57b524759aa58ebd154b785ae; no voters: 
W20260709 12:22:46.106487 25650 leader_election.cc:343] T 254b81c1822048b1a238ec3ce9e88aeb P 5e4193cbdd464c2f96e2a7012d691e60 [CANDIDATE]: Term 1 pre-election: Tablet error from VoteRequest() call to peer a2324ad57b524759aa58ebd154b785ae (127.24.71.129:39055): Illegal state: must be running to vote when last-logged opid is not known
I20260709 12:22:46.107272 25733 raft_consensus.cc:2804] T 06b5b4b43edf4449bc4c3fd0c478ebc4 P 5e4193cbdd464c2f96e2a7012d691e60 [term 0 FOLLOWER]: Leader pre-election won for term 1
I20260709 12:22:46.107806 25733 raft_consensus.cc:493] T 06b5b4b43edf4449bc4c3fd0c478ebc4 P 5e4193cbdd464c2f96e2a7012d691e60 [term 0 FOLLOWER]: Starting leader election (no leader contacted us within the election timeout)
I20260709 12:22:46.108327 25733 raft_consensus.cc:3060] T 06b5b4b43edf4449bc4c3fd0c478ebc4 P 5e4193cbdd464c2f96e2a7012d691e60 [term 0 FOLLOWER]: Advancing to term 1
I20260709 12:22:46.108775 25729 tablet_bootstrap.cc:492] T 5cc9a86bc0cd4342ab1c311897d8c350 P 017067fdf9694126b910ddb698f09512: No bootstrap required, opened a new log
I20260709 12:22:46.109328 25729 ts_tablet_manager.cc:1403] T 5cc9a86bc0cd4342ab1c311897d8c350 P 017067fdf9694126b910ddb698f09512: Time spent bootstrapping tablet: real 0.027s	user 0.011s	sys 0.007s
I20260709 12:22:46.111369 25687 raft_consensus.cc:2468] T 482670924d0f4c5cb9626cc251a59e0a P 5e4193cbdd464c2f96e2a7012d691e60 [term 1 FOLLOWER]: Leader election vote request: Granting yes vote for candidate 017067fdf9694126b910ddb698f09512 in term 1.
I20260709 12:22:46.112526 25759 raft_consensus.cc:3060] T 3726e81c7a4948d3a48d9c51df49e932 P 017067fdf9694126b910ddb698f09512 [term 0 FOLLOWER]: Advancing to term 1
I20260709 12:22:46.112195 25729 raft_consensus.cc:359] T 5cc9a86bc0cd4342ab1c311897d8c350 P 017067fdf9694126b910ddb698f09512 [term 0 FOLLOWER]: Replica starting. Triggering 0 pending ops. Active config: opid_index: -1 OBSOLETE_local: false peers { permanent_uuid: "a2324ad57b524759aa58ebd154b785ae" member_type: VOTER last_known_addr { host: "127.24.71.129" port: 39055 } } peers { permanent_uuid: "017067fdf9694126b910ddb698f09512" member_type: VOTER last_known_addr { host: "127.24.71.130" port: 35637 } } peers { permanent_uuid: "5e4193cbdd464c2f96e2a7012d691e60" member_type: VOTER last_known_addr { host: "127.24.71.131" port: 41445 } }
I20260709 12:22:46.113037 25729 raft_consensus.cc:385] T 5cc9a86bc0cd4342ab1c311897d8c350 P 017067fdf9694126b910ddb698f09512 [term 0 FOLLOWER]: Consensus starting up: Expiring failure detector timer to make a prompt election more likely
I20260709 12:22:46.113389 25729 raft_consensus.cc:740] T 5cc9a86bc0cd4342ab1c311897d8c350 P 017067fdf9694126b910ddb698f09512 [term 0 FOLLOWER]: Becoming Follower/Learner. State: Replica: 017067fdf9694126b910ddb698f09512, State: Initialized, Role: FOLLOWER
I20260709 12:22:46.114173 25729 consensus_queue.cc:260] T 5cc9a86bc0cd4342ab1c311897d8c350 P 017067fdf9694126b910ddb698f09512 [NON_LEADER]: Queue going to NON_LEADER mode. State: All replicated index: 0, Majority replicated index: 0, Committed index: 0, Last appended: 0.0, Last appended by leader: 0, Current term: 0, Majority size: -1, State: 0, Mode: NON_LEADER, active raft config: opid_index: -1 OBSOLETE_local: false peers { permanent_uuid: "a2324ad57b524759aa58ebd154b785ae" member_type: VOTER last_known_addr { host: "127.24.71.129" port: 39055 } } peers { permanent_uuid: "017067fdf9694126b910ddb698f09512" member_type: VOTER last_known_addr { host: "127.24.71.130" port: 35637 } } peers { permanent_uuid: "5e4193cbdd464c2f96e2a7012d691e60" member_type: VOTER last_known_addr { host: "127.24.71.131" port: 41445 } }
I20260709 12:22:46.116638 25729 ts_tablet_manager.cc:1434] T 5cc9a86bc0cd4342ab1c311897d8c350 P 017067fdf9694126b910ddb698f09512: Time spent starting tablet: real 0.007s	user 0.001s	sys 0.005s
I20260709 12:22:46.094548 25727 tablet_bootstrap.cc:492] T af334351da5349c1870b007d2ab06bab P 5e4193cbdd464c2f96e2a7012d691e60: No bootstrap required, opened a new log
I20260709 12:22:46.117731 25729 tablet_bootstrap.cc:492] T 6ec865ad451c482d80468abf199358be P 017067fdf9694126b910ddb698f09512: Bootstrap starting.
I20260709 12:22:46.120354 25759 raft_consensus.cc:515] T 3726e81c7a4948d3a48d9c51df49e932 P 017067fdf9694126b910ddb698f09512 [term 1 FOLLOWER]: Starting leader election with config: opid_index: -1 OBSOLETE_local: false peers { permanent_uuid: "a2324ad57b524759aa58ebd154b785ae" member_type: VOTER last_known_addr { host: "127.24.71.129" port: 39055 } } peers { permanent_uuid: "017067fdf9694126b910ddb698f09512" member_type: VOTER last_known_addr { host: "127.24.71.130" port: 35637 } } peers { permanent_uuid: "5e4193cbdd464c2f96e2a7012d691e60" member_type: VOTER last_known_addr { host: "127.24.71.131" port: 41445 } }
I20260709 12:22:46.117764 25727 ts_tablet_manager.cc:1403] T af334351da5349c1870b007d2ab06bab P 5e4193cbdd464c2f96e2a7012d691e60: Time spent bootstrapping tablet: real 0.064s	user 0.022s	sys 0.005s
I20260709 12:22:46.122632 25759 leader_election.cc:290] T 3726e81c7a4948d3a48d9c51df49e932 P 017067fdf9694126b910ddb698f09512 [CANDIDATE]: Term 1 election: Requested vote from peers a2324ad57b524759aa58ebd154b785ae (127.24.71.129:39055), 5e4193cbdd464c2f96e2a7012d691e60 (127.24.71.131:41445)
I20260709 12:22:46.124027 25727 raft_consensus.cc:359] T af334351da5349c1870b007d2ab06bab P 5e4193cbdd464c2f96e2a7012d691e60 [term 0 FOLLOWER]: Replica starting. Triggering 0 pending ops. Active config: opid_index: -1 OBSOLETE_local: false peers { permanent_uuid: "a2324ad57b524759aa58ebd154b785ae" member_type: VOTER last_known_addr { host: "127.24.71.129" port: 39055 } } peers { permanent_uuid: "017067fdf9694126b910ddb698f09512" member_type: VOTER last_known_addr { host: "127.24.71.130" port: 35637 } } peers { permanent_uuid: "5e4193cbdd464c2f96e2a7012d691e60" member_type: VOTER last_known_addr { host: "127.24.71.131" port: 41445 } }
I20260709 12:22:46.124910 25613 tablet_service.cc:1917] Received RequestConsensusVote() RPC: tablet_id: "af334351da5349c1870b007d2ab06bab" candidate_uuid: "a2324ad57b524759aa58ebd154b785ae" candidate_term: 1 candidate_status { last_received { term: 0 index: 0 } } ignore_live_leader: false dest_uuid: "017067fdf9694126b910ddb698f09512"
I20260709 12:22:46.125553 25613 raft_consensus.cc:3060] T af334351da5349c1870b007d2ab06bab P 017067fdf9694126b910ddb698f09512 [term 0 FOLLOWER]: Advancing to term 1
I20260709 12:22:46.125820 25687 tablet_service.cc:1917] Received RequestConsensusVote() RPC: tablet_id: "3726e81c7a4948d3a48d9c51df49e932" candidate_uuid: "017067fdf9694126b910ddb698f09512" candidate_term: 1 candidate_status { last_received { term: 0 index: 0 } } ignore_live_leader: false dest_uuid: "5e4193cbdd464c2f96e2a7012d691e60"
I20260709 12:22:46.126459 25687 raft_consensus.cc:3060] T 3726e81c7a4948d3a48d9c51df49e932 P 5e4193cbdd464c2f96e2a7012d691e60 [term 0 FOLLOWER]: Advancing to term 1
I20260709 12:22:46.127489 25537 raft_consensus.cc:2468] T 482670924d0f4c5cb9626cc251a59e0a P a2324ad57b524759aa58ebd154b785ae [term 1 FOLLOWER]: Leader election vote request: Granting yes vote for candidate 017067fdf9694126b910ddb698f09512 in term 1.
I20260709 12:22:46.124118 25733 raft_consensus.cc:515] T 06b5b4b43edf4449bc4c3fd0c478ebc4 P 5e4193cbdd464c2f96e2a7012d691e60 [term 1 FOLLOWER]: Starting leader election with config: opid_index: -1 OBSOLETE_local: false peers { permanent_uuid: "017067fdf9694126b910ddb698f09512" member_type: VOTER last_known_addr { host: "127.24.71.130" port: 35637 } } peers { permanent_uuid: "5e4193cbdd464c2f96e2a7012d691e60" member_type: VOTER last_known_addr { host: "127.24.71.131" port: 41445 } } peers { permanent_uuid: "a2324ad57b524759aa58ebd154b785ae" member_type: VOTER last_known_addr { host: "127.24.71.129" port: 39055 } }
I20260709 12:22:46.128579 25612 tablet_service.cc:1917] Received RequestConsensusVote() RPC: tablet_id: "06b5b4b43edf4449bc4c3fd0c478ebc4" candidate_uuid: "5e4193cbdd464c2f96e2a7012d691e60" candidate_term: 1 candidate_status { last_received { term: 0 index: 0 } } ignore_live_leader: false dest_uuid: "017067fdf9694126b910ddb698f09512" is_pre_election: true
I20260709 12:22:46.129248 25612 raft_consensus.cc:2468] T 06b5b4b43edf4449bc4c3fd0c478ebc4 P 017067fdf9694126b910ddb698f09512 [term 0 FOLLOWER]: Leader pre-election vote request: Granting yes vote for candidate 5e4193cbdd464c2f96e2a7012d691e60 in term 0.
I20260709 12:22:46.131387 25612 tablet_service.cc:1917] Received RequestConsensusVote() RPC: tablet_id: "254b81c1822048b1a238ec3ce9e88aeb" candidate_uuid: "5e4193cbdd464c2f96e2a7012d691e60" candidate_term: 1 candidate_status { last_received { term: 0 index: 0 } } ignore_live_leader: false dest_uuid: "017067fdf9694126b910ddb698f09512" is_pre_election: true
I20260709 12:22:46.132177 25612 raft_consensus.cc:2468] T 254b81c1822048b1a238ec3ce9e88aeb P 017067fdf9694126b910ddb698f09512 [term 0 FOLLOWER]: Leader pre-election vote request: Granting yes vote for candidate 5e4193cbdd464c2f96e2a7012d691e60 in term 0.
I20260709 12:22:46.133083 25729 tablet_bootstrap.cc:654] T 6ec865ad451c482d80468abf199358be P 017067fdf9694126b910ddb698f09512: Neither blocks nor log segments found. Creating new log.
I20260709 12:22:46.133908 25538 tablet_service.cc:1917] Received RequestConsensusVote() RPC: tablet_id: "3726e81c7a4948d3a48d9c51df49e932" candidate_uuid: "017067fdf9694126b910ddb698f09512" candidate_term: 1 candidate_status { last_received { term: 0 index: 0 } } ignore_live_leader: false dest_uuid: "a2324ad57b524759aa58ebd154b785ae"
I20260709 12:22:46.131359 25577 leader_election.cc:304] T 482670924d0f4c5cb9626cc251a59e0a P 017067fdf9694126b910ddb698f09512 [CANDIDATE]: Term 1 election: Election decided. Result: candidate won. Election summary: received 2 responses out of 3 voters: 2 yes votes; 0 no votes. yes voters: 017067fdf9694126b910ddb698f09512, 5e4193cbdd464c2f96e2a7012d691e60; no voters: 
I20260709 12:22:46.134294 25613 raft_consensus.cc:2468] T af334351da5349c1870b007d2ab06bab P 017067fdf9694126b910ddb698f09512 [term 1 FOLLOWER]: Leader election vote request: Granting yes vote for candidate a2324ad57b524759aa58ebd154b785ae in term 1.
I20260709 12:22:46.135818 25503 leader_election.cc:304] T af334351da5349c1870b007d2ab06bab P a2324ad57b524759aa58ebd154b785ae [CANDIDATE]: Term 1 election: Election decided. Result: candidate won. Election summary: received 3 responses out of 3 voters: 2 yes votes; 1 no votes. yes voters: 017067fdf9694126b910ddb698f09512, a2324ad57b524759aa58ebd154b785ae; no voters: 5e4193cbdd464c2f96e2a7012d691e60
I20260709 12:22:46.136320 25652 leader_election.cc:304] T 254b81c1822048b1a238ec3ce9e88aeb P 5e4193cbdd464c2f96e2a7012d691e60 [CANDIDATE]: Term 1 pre-election: Election decided. Result: candidate won. Election summary: received 3 responses out of 3 voters: 2 yes votes; 1 no votes. yes voters: 017067fdf9694126b910ddb698f09512, 5e4193cbdd464c2f96e2a7012d691e60; no voters: a2324ad57b524759aa58ebd154b785ae
I20260709 12:22:46.137216 25736 raft_consensus.cc:2804] T af334351da5349c1870b007d2ab06bab P a2324ad57b524759aa58ebd154b785ae [term 1 FOLLOWER]: Leader election won for term 1
I20260709 12:22:46.137801 25736 raft_consensus.cc:697] T af334351da5349c1870b007d2ab06bab P a2324ad57b524759aa58ebd154b785ae [term 1 LEADER]: Becoming Leader. State: Replica: a2324ad57b524759aa58ebd154b785ae, State: Running, Role: LEADER
I20260709 12:22:46.138777 25736 consensus_queue.cc:237] T af334351da5349c1870b007d2ab06bab P a2324ad57b524759aa58ebd154b785ae [LEADER]: Queue going to LEADER mode. State: All replicated index: 0, Majority replicated index: 0, Committed index: 0, Last appended: 0.0, Last appended by leader: 0, Current term: 1, Majority size: 2, State: 0, Mode: LEADER, active raft config: opid_index: -1 OBSOLETE_local: false peers { permanent_uuid: "a2324ad57b524759aa58ebd154b785ae" member_type: VOTER last_known_addr { host: "127.24.71.129" port: 39055 } } peers { permanent_uuid: "017067fdf9694126b910ddb698f09512" member_type: VOTER last_known_addr { host: "127.24.71.130" port: 35637 } } peers { permanent_uuid: "5e4193cbdd464c2f96e2a7012d691e60" member_type: VOTER last_known_addr { host: "127.24.71.131" port: 41445 } }
I20260709 12:22:46.139360 25687 raft_consensus.cc:2468] T 3726e81c7a4948d3a48d9c51df49e932 P 5e4193cbdd464c2f96e2a7012d691e60 [term 1 FOLLOWER]: Leader election vote request: Granting yes vote for candidate 017067fdf9694126b910ddb698f09512 in term 1.
I20260709 12:22:46.125025 25727 raft_consensus.cc:385] T af334351da5349c1870b007d2ab06bab P 5e4193cbdd464c2f96e2a7012d691e60 [term 0 FOLLOWER]: Consensus starting up: Expiring failure detector timer to make a prompt election more likely
I20260709 12:22:46.140434 25727 raft_consensus.cc:740] T af334351da5349c1870b007d2ab06bab P 5e4193cbdd464c2f96e2a7012d691e60 [term 0 FOLLOWER]: Becoming Follower/Learner. State: Replica: 5e4193cbdd464c2f96e2a7012d691e60, State: Initialized, Role: FOLLOWER
I20260709 12:22:46.140976 25537 tablet_service.cc:1917] Received RequestConsensusVote() RPC: tablet_id: "06b5b4b43edf4449bc4c3fd0c478ebc4" candidate_uuid: "5e4193cbdd464c2f96e2a7012d691e60" candidate_term: 1 candidate_status { last_received { term: 0 index: 0 } } ignore_live_leader: false dest_uuid: "a2324ad57b524759aa58ebd154b785ae"
I20260709 12:22:46.142426 25733 leader_election.cc:290] T 06b5b4b43edf4449bc4c3fd0c478ebc4 P 5e4193cbdd464c2f96e2a7012d691e60 [CANDIDATE]: Term 1 election: Requested vote from peers 017067fdf9694126b910ddb698f09512 (127.24.71.130:35637), a2324ad57b524759aa58ebd154b785ae (127.24.71.129:39055)
I20260709 12:22:46.142616 25728 ts_tablet_manager.cc:1434] T 482670924d0f4c5cb9626cc251a59e0a P a2324ad57b524759aa58ebd154b785ae: Time spent starting tablet: real 0.111s	user 0.021s	sys 0.044s
I20260709 12:22:46.143078 25733 raft_consensus.cc:2804] T 254b81c1822048b1a238ec3ce9e88aeb P 5e4193cbdd464c2f96e2a7012d691e60 [term 0 FOLLOWER]: Leader pre-election won for term 1
I20260709 12:22:46.143477 25733 raft_consensus.cc:493] T 254b81c1822048b1a238ec3ce9e88aeb P 5e4193cbdd464c2f96e2a7012d691e60 [term 0 FOLLOWER]: Starting leader election (no leader contacted us within the election timeout)
I20260709 12:22:46.143788 25728 tablet_bootstrap.cc:492] T 5cc9a86bc0cd4342ab1c311897d8c350 P a2324ad57b524759aa58ebd154b785ae: Bootstrap starting.
I20260709 12:22:46.143864 25733 raft_consensus.cc:3060] T 254b81c1822048b1a238ec3ce9e88aeb P 5e4193cbdd464c2f96e2a7012d691e60 [term 0 FOLLOWER]: Advancing to term 1
I20260709 12:22:46.147303 25613 tablet_service.cc:1917] Received RequestConsensusVote() RPC: tablet_id: "06b5b4b43edf4449bc4c3fd0c478ebc4" candidate_uuid: "5e4193cbdd464c2f96e2a7012d691e60" candidate_term: 1 candidate_status { last_received { term: 0 index: 0 } } ignore_live_leader: false dest_uuid: "017067fdf9694126b910ddb698f09512"
I20260709 12:22:46.148068 25613 raft_consensus.cc:3060] T 06b5b4b43edf4449bc4c3fd0c478ebc4 P 017067fdf9694126b910ddb698f09512 [term 0 FOLLOWER]: Advancing to term 1
I20260709 12:22:46.141625 25537 raft_consensus.cc:3060] T 06b5b4b43edf4449bc4c3fd0c478ebc4 P a2324ad57b524759aa58ebd154b785ae [term 0 FOLLOWER]: Advancing to term 1
I20260709 12:22:46.149986 25727 consensus_queue.cc:260] T af334351da5349c1870b007d2ab06bab P 5e4193cbdd464c2f96e2a7012d691e60 [NON_LEADER]: Queue going to NON_LEADER mode. State: All replicated index: 0, Majority replicated index: 0, Committed index: 0, Last appended: 0.0, Last appended by leader: 0, Current term: 0, Majority size: -1, State: 0, Mode: NON_LEADER, active raft config: opid_index: -1 OBSOLETE_local: false peers { permanent_uuid: "a2324ad57b524759aa58ebd154b785ae" member_type: VOTER last_known_addr { host: "127.24.71.129" port: 39055 } } peers { permanent_uuid: "017067fdf9694126b910ddb698f09512" member_type: VOTER last_known_addr { host: "127.24.71.130" port: 35637 } } peers { permanent_uuid: "5e4193cbdd464c2f96e2a7012d691e60" member_type: VOTER last_known_addr { host: "127.24.71.131" port: 41445 } }
W20260709 12:22:46.145450 25576 leader_election.cc:343] T 3726e81c7a4948d3a48d9c51df49e932 P 017067fdf9694126b910ddb698f09512 [CANDIDATE]: Term 1 election: Tablet error from VoteRequest() call to peer a2324ad57b524759aa58ebd154b785ae (127.24.71.129:39055): Illegal state: must be running to vote when last-logged opid is not known
I20260709 12:22:46.152490 25728 tablet_bootstrap.cc:654] T 5cc9a86bc0cd4342ab1c311897d8c350 P a2324ad57b524759aa58ebd154b785ae: Neither blocks nor log segments found. Creating new log.
I20260709 12:22:46.152856 25759 raft_consensus.cc:2804] T 482670924d0f4c5cb9626cc251a59e0a P 017067fdf9694126b910ddb698f09512 [term 1 FOLLOWER]: Leader election won for term 1
I20260709 12:22:46.158598 25759 raft_consensus.cc:697] T 482670924d0f4c5cb9626cc251a59e0a P 017067fdf9694126b910ddb698f09512 [term 1 LEADER]: Becoming Leader. State: Replica: 017067fdf9694126b910ddb698f09512, State: Running, Role: LEADER
I20260709 12:22:46.159698 25759 consensus_queue.cc:237] T 482670924d0f4c5cb9626cc251a59e0a P 017067fdf9694126b910ddb698f09512 [LEADER]: Queue going to LEADER mode. State: All replicated index: 0, Majority replicated index: 0, Committed index: 0, Last appended: 0.0, Last appended by leader: 0, Current term: 1, Majority size: 2, State: 0, Mode: LEADER, active raft config: opid_index: -1 OBSOLETE_local: false peers { permanent_uuid: "a2324ad57b524759aa58ebd154b785ae" member_type: VOTER last_known_addr { host: "127.24.71.129" port: 39055 } } peers { permanent_uuid: "017067fdf9694126b910ddb698f09512" member_type: VOTER last_known_addr { host: "127.24.71.130" port: 35637 } } peers { permanent_uuid: "5e4193cbdd464c2f96e2a7012d691e60" member_type: VOTER last_known_addr { host: "127.24.71.131" port: 41445 } }
I20260709 12:22:46.160537 25734 raft_consensus.cc:493] T eb48973785a94c09a20462dc03b8c5fa P 017067fdf9694126b910ddb698f09512 [term 0 FOLLOWER]: Starting pre-election (no leader contacted us within the election timeout)
I20260709 12:22:46.161190 25734 raft_consensus.cc:515] T eb48973785a94c09a20462dc03b8c5fa P 017067fdf9694126b910ddb698f09512 [term 0 FOLLOWER]: Starting pre-election with config: opid_index: -1 OBSOLETE_local: false peers { permanent_uuid: "a2324ad57b524759aa58ebd154b785ae" member_type: VOTER last_known_addr { host: "127.24.71.129" port: 39055 } } peers { permanent_uuid: "017067fdf9694126b910ddb698f09512" member_type: VOTER last_known_addr { host: "127.24.71.130" port: 35637 } } peers { permanent_uuid: "5e4193cbdd464c2f96e2a7012d691e60" member_type: VOTER last_known_addr { host: "127.24.71.131" port: 41445 } }
I20260709 12:22:46.163290 25577 leader_election.cc:304] T 3726e81c7a4948d3a48d9c51df49e932 P 017067fdf9694126b910ddb698f09512 [CANDIDATE]: Term 1 election: Election decided. Result: candidate won. Election summary: received 3 responses out of 3 voters: 2 yes votes; 1 no votes. yes voters: 017067fdf9694126b910ddb698f09512, 5e4193cbdd464c2f96e2a7012d691e60; no voters: a2324ad57b524759aa58ebd154b785ae
I20260709 12:22:46.163582 25734 leader_election.cc:290] T eb48973785a94c09a20462dc03b8c5fa P 017067fdf9694126b910ddb698f09512 [CANDIDATE]: Term 1 pre-election: Requested pre-vote from peers a2324ad57b524759aa58ebd154b785ae (127.24.71.129:39055), 5e4193cbdd464c2f96e2a7012d691e60 (127.24.71.131:41445)
I20260709 12:22:46.162911 25432 catalog_manager.cc:5697] T af334351da5349c1870b007d2ab06bab P a2324ad57b524759aa58ebd154b785ae reported cstate change: term changed from 0 to 1, leader changed from <none> to a2324ad57b524759aa58ebd154b785ae (127.24.71.129). New cstate: current_term: 1 leader_uuid: "a2324ad57b524759aa58ebd154b785ae" committed_config { opid_index: -1 OBSOLETE_local: false peers { permanent_uuid: "a2324ad57b524759aa58ebd154b785ae" member_type: VOTER last_known_addr { host: "127.24.71.129" port: 39055 } health_report { overall_health: HEALTHY } } peers { permanent_uuid: "017067fdf9694126b910ddb698f09512" member_type: VOTER last_known_addr { host: "127.24.71.130" port: 35637 } health_report { overall_health: UNKNOWN } } peers { permanent_uuid: "5e4193cbdd464c2f96e2a7012d691e60" member_type: VOTER last_known_addr { host: "127.24.71.131" port: 41445 } health_report { overall_health: UNKNOWN } } }
I20260709 12:22:46.164288 25734 raft_consensus.cc:2804] T 3726e81c7a4948d3a48d9c51df49e932 P 017067fdf9694126b910ddb698f09512 [term 1 FOLLOWER]: Leader election won for term 1
I20260709 12:22:46.164822 25734 raft_consensus.cc:697] T 3726e81c7a4948d3a48d9c51df49e932 P 017067fdf9694126b910ddb698f09512 [term 1 LEADER]: Becoming Leader. State: Replica: 017067fdf9694126b910ddb698f09512, State: Running, Role: LEADER
I20260709 12:22:46.165930 25734 consensus_queue.cc:237] T 3726e81c7a4948d3a48d9c51df49e932 P 017067fdf9694126b910ddb698f09512 [LEADER]: Queue going to LEADER mode. State: All replicated index: 0, Majority replicated index: 0, Committed index: 0, Last appended: 0.0, Last appended by leader: 0, Current term: 1, Majority size: 2, State: 0, Mode: LEADER, active raft config: opid_index: -1 OBSOLETE_local: false peers { permanent_uuid: "a2324ad57b524759aa58ebd154b785ae" member_type: VOTER last_known_addr { host: "127.24.71.129" port: 39055 } } peers { permanent_uuid: "017067fdf9694126b910ddb698f09512" member_type: VOTER last_known_addr { host: "127.24.71.130" port: 35637 } } peers { permanent_uuid: "5e4193cbdd464c2f96e2a7012d691e60" member_type: VOTER last_known_addr { host: "127.24.71.131" port: 41445 } }
I20260709 12:22:46.167250 25729 tablet_bootstrap.cc:492] T 6ec865ad451c482d80468abf199358be P 017067fdf9694126b910ddb698f09512: No bootstrap required, opened a new log
I20260709 12:22:46.167963 25729 ts_tablet_manager.cc:1403] T 6ec865ad451c482d80468abf199358be P 017067fdf9694126b910ddb698f09512: Time spent bootstrapping tablet: real 0.050s	user 0.010s	sys 0.003s
I20260709 12:22:46.161660 25727 ts_tablet_manager.cc:1434] T af334351da5349c1870b007d2ab06bab P 5e4193cbdd464c2f96e2a7012d691e60: Time spent starting tablet: real 0.040s	user 0.006s	sys 0.005s
I20260709 12:22:46.171631 25613 raft_consensus.cc:2468] T 06b5b4b43edf4449bc4c3fd0c478ebc4 P 017067fdf9694126b910ddb698f09512 [term 1 FOLLOWER]: Leader election vote request: Granting yes vote for candidate 5e4193cbdd464c2f96e2a7012d691e60 in term 1.
I20260709 12:22:46.174651 25729 raft_consensus.cc:359] T 6ec865ad451c482d80468abf199358be P 017067fdf9694126b910ddb698f09512 [term 0 FOLLOWER]: Replica starting. Triggering 0 pending ops. Active config: opid_index: -1 OBSOLETE_local: false peers { permanent_uuid: "a2324ad57b524759aa58ebd154b785ae" member_type: VOTER last_known_addr { host: "127.24.71.129" port: 39055 } } peers { permanent_uuid: "017067fdf9694126b910ddb698f09512" member_type: VOTER last_known_addr { host: "127.24.71.130" port: 35637 } } peers { permanent_uuid: "5e4193cbdd464c2f96e2a7012d691e60" member_type: VOTER last_known_addr { host: "127.24.71.131" port: 41445 } }
I20260709 12:22:46.176138 25729 raft_consensus.cc:385] T 6ec865ad451c482d80468abf199358be P 017067fdf9694126b910ddb698f09512 [term 0 FOLLOWER]: Consensus starting up: Expiring failure detector timer to make a prompt election more likely
I20260709 12:22:46.184691 25729 raft_consensus.cc:740] T 6ec865ad451c482d80468abf199358be P 017067fdf9694126b910ddb698f09512 [term 0 FOLLOWER]: Becoming Follower/Learner. State: Replica: 017067fdf9694126b910ddb698f09512, State: Initialized, Role: FOLLOWER
I20260709 12:22:46.176865 25538 tablet_service.cc:1917] Received RequestConsensusVote() RPC: tablet_id: "eb48973785a94c09a20462dc03b8c5fa" candidate_uuid: "017067fdf9694126b910ddb698f09512" candidate_term: 1 candidate_status { last_received { term: 0 index: 0 } } ignore_live_leader: false dest_uuid: "a2324ad57b524759aa58ebd154b785ae" is_pre_election: true
I20260709 12:22:46.185839 25538 raft_consensus.cc:2468] T eb48973785a94c09a20462dc03b8c5fa P a2324ad57b524759aa58ebd154b785ae [term 0 FOLLOWER]: Leader pre-election vote request: Granting yes vote for candidate 017067fdf9694126b910ddb698f09512 in term 0.
I20260709 12:22:46.186172 25729 consensus_queue.cc:260] T 6ec865ad451c482d80468abf199358be P 017067fdf9694126b910ddb698f09512 [NON_LEADER]: Queue going to NON_LEADER mode. State: All replicated index: 0, Majority replicated index: 0, Committed index: 0, Last appended: 0.0, Last appended by leader: 0, Current term: 0, Majority size: -1, State: 0, Mode: NON_LEADER, active raft config: opid_index: -1 OBSOLETE_local: false peers { permanent_uuid: "a2324ad57b524759aa58ebd154b785ae" member_type: VOTER last_known_addr { host: "127.24.71.129" port: 39055 } } peers { permanent_uuid: "017067fdf9694126b910ddb698f09512" member_type: VOTER last_known_addr { host: "127.24.71.130" port: 35637 } } peers { permanent_uuid: "5e4193cbdd464c2f96e2a7012d691e60" member_type: VOTER last_known_addr { host: "127.24.71.131" port: 41445 } }
I20260709 12:22:46.174696 25727 tablet_bootstrap.cc:492] T c0fc2a6dbdd64698a222003a32680557 P 5e4193cbdd464c2f96e2a7012d691e60: Bootstrap starting.
W20260709 12:22:46.180171 25652 outbound_call.cc:321] RPC callback for RPC call kudu.consensus.ConsensusService.RequestConsensusVote -> {remote=127.24.71.130:35637, user_credentials={real_user=slave}} blocked reactor thread for 44080.4us
I20260709 12:22:46.195648 25652 leader_election.cc:304] T 06b5b4b43edf4449bc4c3fd0c478ebc4 P 5e4193cbdd464c2f96e2a7012d691e60 [CANDIDATE]: Term 1 election: Election decided. Result: candidate won. Election summary: received 2 responses out of 3 voters: 2 yes votes; 0 no votes. yes voters: 017067fdf9694126b910ddb698f09512, 5e4193cbdd464c2f96e2a7012d691e60; no voters: 
I20260709 12:22:46.188094 25576 leader_election.cc:304] T eb48973785a94c09a20462dc03b8c5fa P 017067fdf9694126b910ddb698f09512 [CANDIDATE]: Term 1 pre-election: Election decided. Result: candidate won. Election summary: received 2 responses out of 3 voters: 2 yes votes; 0 no votes. yes voters: 017067fdf9694126b910ddb698f09512, a2324ad57b524759aa58ebd154b785ae; no voters: 
I20260709 12:22:46.194409 25687 tablet_service.cc:1917] Received RequestConsensusVote() RPC: tablet_id: "eb48973785a94c09a20462dc03b8c5fa" candidate_uuid: "017067fdf9694126b910ddb698f09512" candidate_term: 1 candidate_status { last_received { term: 0 index: 0 } } ignore_live_leader: false dest_uuid: "5e4193cbdd464c2f96e2a7012d691e60" is_pre_election: true
I20260709 12:22:46.198855 25761 raft_consensus.cc:2804] T 06b5b4b43edf4449bc4c3fd0c478ebc4 P 5e4193cbdd464c2f96e2a7012d691e60 [term 1 FOLLOWER]: Leader election won for term 1
I20260709 12:22:46.199853 25759 raft_consensus.cc:2804] T eb48973785a94c09a20462dc03b8c5fa P 017067fdf9694126b910ddb698f09512 [term 0 FOLLOWER]: Leader pre-election won for term 1
I20260709 12:22:46.200372 25759 raft_consensus.cc:493] T eb48973785a94c09a20462dc03b8c5fa P 017067fdf9694126b910ddb698f09512 [term 0 FOLLOWER]: Starting leader election (no leader contacted us within the election timeout)
I20260709 12:22:46.200897 25759 raft_consensus.cc:3060] T eb48973785a94c09a20462dc03b8c5fa P 017067fdf9694126b910ddb698f09512 [term 0 FOLLOWER]: Advancing to term 1
I20260709 12:22:46.201239 25734 raft_consensus.cc:493] T c0fc2a6dbdd64698a222003a32680557 P 017067fdf9694126b910ddb698f09512 [term 0 FOLLOWER]: Starting pre-election (no leader contacted us within the election timeout)
I20260709 12:22:46.200654 25435 catalog_manager.cc:5697] T 482670924d0f4c5cb9626cc251a59e0a P 017067fdf9694126b910ddb698f09512 reported cstate change: term changed from 0 to 1, leader changed from <none> to 017067fdf9694126b910ddb698f09512 (127.24.71.130). New cstate: current_term: 1 leader_uuid: "017067fdf9694126b910ddb698f09512" committed_config { opid_index: -1 OBSOLETE_local: false peers { permanent_uuid: "a2324ad57b524759aa58ebd154b785ae" member_type: VOTER last_known_addr { host: "127.24.71.129" port: 39055 } health_report { overall_health: UNKNOWN } } peers { permanent_uuid: "017067fdf9694126b910ddb698f09512" member_type: VOTER last_known_addr { host: "127.24.71.130" port: 35637 } health_report { overall_health: HEALTHY } } peers { permanent_uuid: "5e4193cbdd464c2f96e2a7012d691e60" member_type: VOTER last_known_addr { host: "127.24.71.131" port: 41445 } health_report { overall_health: UNKNOWN } } }
I20260709 12:22:46.202049 25734 raft_consensus.cc:515] T c0fc2a6dbdd64698a222003a32680557 P 017067fdf9694126b910ddb698f09512 [term 0 FOLLOWER]: Starting pre-election with config: opid_index: -1 OBSOLETE_local: false peers { permanent_uuid: "a2324ad57b524759aa58ebd154b785ae" member_type: VOTER last_known_addr { host: "127.24.71.129" port: 39055 } } peers { permanent_uuid: "017067fdf9694126b910ddb698f09512" member_type: VOTER last_known_addr { host: "127.24.71.130" port: 35637 } } peers { permanent_uuid: "5e4193cbdd464c2f96e2a7012d691e60" member_type: VOTER last_known_addr { host: "127.24.71.131" port: 41445 } }
I20260709 12:22:46.203069 25435 catalog_manager.cc:5697] T 3726e81c7a4948d3a48d9c51df49e932 P 017067fdf9694126b910ddb698f09512 reported cstate change: term changed from 0 to 1, leader changed from <none> to 017067fdf9694126b910ddb698f09512 (127.24.71.130). New cstate: current_term: 1 leader_uuid: "017067fdf9694126b910ddb698f09512" committed_config { opid_index: -1 OBSOLETE_local: false peers { permanent_uuid: "a2324ad57b524759aa58ebd154b785ae" member_type: VOTER last_known_addr { host: "127.24.71.129" port: 39055 } health_report { overall_health: UNKNOWN } } peers { permanent_uuid: "017067fdf9694126b910ddb698f09512" member_type: VOTER last_known_addr { host: "127.24.71.130" port: 35637 } health_report { overall_health: HEALTHY } } peers { permanent_uuid: "5e4193cbdd464c2f96e2a7012d691e60" member_type: VOTER last_known_addr { host: "127.24.71.131" port: 41445 } health_report { overall_health: UNKNOWN } } }
I20260709 12:22:46.205659 25734 leader_election.cc:290] T c0fc2a6dbdd64698a222003a32680557 P 017067fdf9694126b910ddb698f09512 [CANDIDATE]: Term 1 pre-election: Requested pre-vote from peers a2324ad57b524759aa58ebd154b785ae (127.24.71.129:39055), 5e4193cbdd464c2f96e2a7012d691e60 (127.24.71.131:41445)
I20260709 12:22:46.207619 25729 ts_tablet_manager.cc:1434] T 6ec865ad451c482d80468abf199358be P 017067fdf9694126b910ddb698f09512: Time spent starting tablet: real 0.039s	user 0.008s	sys 0.000s
I20260709 12:22:46.208017 25538 tablet_service.cc:1917] Received RequestConsensusVote() RPC: tablet_id: "c0fc2a6dbdd64698a222003a32680557" candidate_uuid: "017067fdf9694126b910ddb698f09512" candidate_term: 1 candidate_status { last_received { term: 0 index: 0 } } ignore_live_leader: false dest_uuid: "a2324ad57b524759aa58ebd154b785ae" is_pre_election: true
I20260709 12:22:46.212337 25538 raft_consensus.cc:2468] T c0fc2a6dbdd64698a222003a32680557 P a2324ad57b524759aa58ebd154b785ae [term 0 FOLLOWER]: Leader pre-election vote request: Granting yes vote for candidate 017067fdf9694126b910ddb698f09512 in term 0.
I20260709 12:22:46.208644 25687 tablet_service.cc:1917] Received RequestConsensusVote() RPC: tablet_id: "c0fc2a6dbdd64698a222003a32680557" candidate_uuid: "017067fdf9694126b910ddb698f09512" candidate_term: 1 candidate_status { last_received { term: 0 index: 0 } } ignore_live_leader: false dest_uuid: "5e4193cbdd464c2f96e2a7012d691e60" is_pre_election: true
W20260709 12:22:46.209450 25577 leader_election.cc:343] T eb48973785a94c09a20462dc03b8c5fa P 017067fdf9694126b910ddb698f09512 [CANDIDATE]: Term 1 pre-election: Tablet error from VoteRequest() call to peer 5e4193cbdd464c2f96e2a7012d691e60 (127.24.71.131:41445): Illegal state: must be running to vote when last-logged opid is not known
I20260709 12:22:46.210316 25761 raft_consensus.cc:697] T 06b5b4b43edf4449bc4c3fd0c478ebc4 P 5e4193cbdd464c2f96e2a7012d691e60 [term 1 LEADER]: Becoming Leader. State: Replica: 5e4193cbdd464c2f96e2a7012d691e60, State: Running, Role: LEADER
I20260709 12:22:46.212745 25729 tablet_bootstrap.cc:492] T 32bd0706d39e4b8bbfbde2fe3664e0a6 P 017067fdf9694126b910ddb698f09512: Bootstrap starting.
I20260709 12:22:46.214778 25761 consensus_queue.cc:237] T 06b5b4b43edf4449bc4c3fd0c478ebc4 P 5e4193cbdd464c2f96e2a7012d691e60 [LEADER]: Queue going to LEADER mode. State: All replicated index: 0, Majority replicated index: 0, Committed index: 0, Last appended: 0.0, Last appended by leader: 0, Current term: 1, Majority size: 2, State: 0, Mode: LEADER, active raft config: opid_index: -1 OBSOLETE_local: false peers { permanent_uuid: "017067fdf9694126b910ddb698f09512" member_type: VOTER last_known_addr { host: "127.24.71.130" port: 35637 } } peers { permanent_uuid: "5e4193cbdd464c2f96e2a7012d691e60" member_type: VOTER last_known_addr { host: "127.24.71.131" port: 41445 } } peers { permanent_uuid: "a2324ad57b524759aa58ebd154b785ae" member_type: VOTER last_known_addr { host: "127.24.71.129" port: 39055 } }
W20260709 12:22:46.215355 25577 leader_election.cc:343] T c0fc2a6dbdd64698a222003a32680557 P 017067fdf9694126b910ddb698f09512 [CANDIDATE]: Term 1 pre-election: Tablet error from VoteRequest() call to peer 5e4193cbdd464c2f96e2a7012d691e60 (127.24.71.131:41445): Illegal state: must be running to vote when last-logged opid is not known
I20260709 12:22:46.216053 25727 tablet_bootstrap.cc:654] T c0fc2a6dbdd64698a222003a32680557 P 5e4193cbdd464c2f96e2a7012d691e60: Neither blocks nor log segments found. Creating new log.
I20260709 12:22:46.216615 25576 leader_election.cc:304] T c0fc2a6dbdd64698a222003a32680557 P 017067fdf9694126b910ddb698f09512 [CANDIDATE]: Term 1 pre-election: Election decided. Result: candidate won. Election summary: received 3 responses out of 3 voters: 2 yes votes; 1 no votes. yes voters: 017067fdf9694126b910ddb698f09512, a2324ad57b524759aa58ebd154b785ae; no voters: 5e4193cbdd464c2f96e2a7012d691e60
I20260709 12:22:46.211143 25759 raft_consensus.cc:515] T eb48973785a94c09a20462dc03b8c5fa P 017067fdf9694126b910ddb698f09512 [term 1 FOLLOWER]: Starting leader election with config: opid_index: -1 OBSOLETE_local: false peers { permanent_uuid: "a2324ad57b524759aa58ebd154b785ae" member_type: VOTER last_known_addr { host: "127.24.71.129" port: 39055 } } peers { permanent_uuid: "017067fdf9694126b910ddb698f09512" member_type: VOTER last_known_addr { host: "127.24.71.130" port: 35637 } } peers { permanent_uuid: "5e4193cbdd464c2f96e2a7012d691e60" member_type: VOTER last_known_addr { host: "127.24.71.131" port: 41445 } }
I20260709 12:22:46.218466 25734 raft_consensus.cc:2804] T c0fc2a6dbdd64698a222003a32680557 P 017067fdf9694126b910ddb698f09512 [term 0 FOLLOWER]: Leader pre-election won for term 1
I20260709 12:22:46.219033 25734 raft_consensus.cc:493] T c0fc2a6dbdd64698a222003a32680557 P 017067fdf9694126b910ddb698f09512 [term 0 FOLLOWER]: Starting leader election (no leader contacted us within the election timeout)
I20260709 12:22:46.219494 25734 raft_consensus.cc:3060] T c0fc2a6dbdd64698a222003a32680557 P 017067fdf9694126b910ddb698f09512 [term 0 FOLLOWER]: Advancing to term 1
I20260709 12:22:46.220851 25759 leader_election.cc:290] T eb48973785a94c09a20462dc03b8c5fa P 017067fdf9694126b910ddb698f09512 [CANDIDATE]: Term 1 election: Requested vote from peers a2324ad57b524759aa58ebd154b785ae (127.24.71.129:39055), 5e4193cbdd464c2f96e2a7012d691e60 (127.24.71.131:41445)
I20260709 12:22:46.221177 25687 tablet_service.cc:1917] Received RequestConsensusVote() RPC: tablet_id: "eb48973785a94c09a20462dc03b8c5fa" candidate_uuid: "017067fdf9694126b910ddb698f09512" candidate_term: 1 candidate_status { last_received { term: 0 index: 0 } } ignore_live_leader: false dest_uuid: "5e4193cbdd464c2f96e2a7012d691e60"
I20260709 12:22:46.224298 25538 tablet_service.cc:1917] Received RequestConsensusVote() RPC: tablet_id: "eb48973785a94c09a20462dc03b8c5fa" candidate_uuid: "017067fdf9694126b910ddb698f09512" candidate_term: 1 candidate_status { last_received { term: 0 index: 0 } } ignore_live_leader: false dest_uuid: "a2324ad57b524759aa58ebd154b785ae"
I20260709 12:22:46.224927 25729 tablet_bootstrap.cc:654] T 32bd0706d39e4b8bbfbde2fe3664e0a6 P 017067fdf9694126b910ddb698f09512: Neither blocks nor log segments found. Creating new log.
I20260709 12:22:46.224849 25733 raft_consensus.cc:515] T 254b81c1822048b1a238ec3ce9e88aeb P 5e4193cbdd464c2f96e2a7012d691e60 [term 1 FOLLOWER]: Starting leader election with config: opid_index: -1 OBSOLETE_local: false peers { permanent_uuid: "a2324ad57b524759aa58ebd154b785ae" member_type: VOTER last_known_addr { host: "127.24.71.129" port: 39055 } } peers { permanent_uuid: "017067fdf9694126b910ddb698f09512" member_type: VOTER last_known_addr { host: "127.24.71.130" port: 35637 } } peers { permanent_uuid: "5e4193cbdd464c2f96e2a7012d691e60" member_type: VOTER last_known_addr { host: "127.24.71.131" port: 41445 } }
W20260709 12:22:46.226109 25577 leader_election.cc:343] T eb48973785a94c09a20462dc03b8c5fa P 017067fdf9694126b910ddb698f09512 [CANDIDATE]: Term 1 election: Tablet error from VoteRequest() call to peer 5e4193cbdd464c2f96e2a7012d691e60 (127.24.71.131:41445): Illegal state: must be running to vote when last-logged opid is not known
I20260709 12:22:46.225266 25538 raft_consensus.cc:3060] T eb48973785a94c09a20462dc03b8c5fa P a2324ad57b524759aa58ebd154b785ae [term 0 FOLLOWER]: Advancing to term 1
I20260709 12:22:46.229311 25536 tablet_service.cc:1917] Received RequestConsensusVote() RPC: tablet_id: "254b81c1822048b1a238ec3ce9e88aeb" candidate_uuid: "5e4193cbdd464c2f96e2a7012d691e60" candidate_term: 1 candidate_status { last_received { term: 0 index: 0 } } ignore_live_leader: false dest_uuid: "a2324ad57b524759aa58ebd154b785ae"
I20260709 12:22:46.229562 25537 raft_consensus.cc:2468] T 06b5b4b43edf4449bc4c3fd0c478ebc4 P a2324ad57b524759aa58ebd154b785ae [term 1 FOLLOWER]: Leader election vote request: Granting yes vote for candidate 5e4193cbdd464c2f96e2a7012d691e60 in term 1.
I20260709 12:22:46.233384 25613 tablet_service.cc:1917] Received RequestConsensusVote() RPC: tablet_id: "254b81c1822048b1a238ec3ce9e88aeb" candidate_uuid: "5e4193cbdd464c2f96e2a7012d691e60" candidate_term: 1 candidate_status { last_received { term: 0 index: 0 } } ignore_live_leader: false dest_uuid: "017067fdf9694126b910ddb698f09512"
I20260709 12:22:46.245796 25770 raft_consensus.cc:493] T 6ec865ad451c482d80468abf199358be P 5e4193cbdd464c2f96e2a7012d691e60 [term 0 FOLLOWER]: Starting pre-election (no leader contacted us within the election timeout)
I20260709 12:22:46.246450 25770 raft_consensus.cc:515] T 6ec865ad451c482d80468abf199358be P 5e4193cbdd464c2f96e2a7012d691e60 [term 0 FOLLOWER]: Starting pre-election with config: opid_index: -1 OBSOLETE_local: false peers { permanent_uuid: "a2324ad57b524759aa58ebd154b785ae" member_type: VOTER last_known_addr { host: "127.24.71.129" port: 39055 } } peers { permanent_uuid: "017067fdf9694126b910ddb698f09512" member_type: VOTER last_known_addr { host: "127.24.71.130" port: 35637 } } peers { permanent_uuid: "5e4193cbdd464c2f96e2a7012d691e60" member_type: VOTER last_known_addr { host: "127.24.71.131" port: 41445 } }
I20260709 12:22:46.248101 25728 tablet_bootstrap.cc:492] T 5cc9a86bc0cd4342ab1c311897d8c350 P a2324ad57b524759aa58ebd154b785ae: No bootstrap required, opened a new log
I20260709 12:22:46.232424 25733 leader_election.cc:290] T 254b81c1822048b1a238ec3ce9e88aeb P 5e4193cbdd464c2f96e2a7012d691e60 [CANDIDATE]: Term 1 election: Requested vote from peers a2324ad57b524759aa58ebd154b785ae (127.24.71.129:39055), 017067fdf9694126b910ddb698f09512 (127.24.71.130:35637)
I20260709 12:22:46.251063 25759 raft_consensus.cc:493] T 5cc9a86bc0cd4342ab1c311897d8c350 P 017067fdf9694126b910ddb698f09512 [term 0 FOLLOWER]: Starting pre-election (no leader contacted us within the election timeout)
I20260709 12:22:46.256713 25759 raft_consensus.cc:515] T 5cc9a86bc0cd4342ab1c311897d8c350 P 017067fdf9694126b910ddb698f09512 [term 0 FOLLOWER]: Starting pre-election with config: opid_index: -1 OBSOLETE_local: false peers { permanent_uuid: "a2324ad57b524759aa58ebd154b785ae" member_type: VOTER last_known_addr { host: "127.24.71.129" port: 39055 } } peers { permanent_uuid: "017067fdf9694126b910ddb698f09512" member_type: VOTER last_known_addr { host: "127.24.71.130" port: 35637 } } peers { permanent_uuid: "5e4193cbdd464c2f96e2a7012d691e60" member_type: VOTER last_known_addr { host: "127.24.71.131" port: 41445 } }
I20260709 12:22:46.257473 25770 leader_election.cc:290] T 6ec865ad451c482d80468abf199358be P 5e4193cbdd464c2f96e2a7012d691e60 [CANDIDATE]: Term 1 pre-election: Requested pre-vote from peers a2324ad57b524759aa58ebd154b785ae (127.24.71.129:39055), 017067fdf9694126b910ddb698f09512 (127.24.71.130:35637)
I20260709 12:22:46.260769 25612 tablet_service.cc:1917] Received RequestConsensusVote() RPC: tablet_id: "6ec865ad451c482d80468abf199358be" candidate_uuid: "5e4193cbdd464c2f96e2a7012d691e60" candidate_term: 1 candidate_status { last_received { term: 0 index: 0 } } ignore_live_leader: false dest_uuid: "017067fdf9694126b910ddb698f09512" is_pre_election: true
I20260709 12:22:46.261765 25612 raft_consensus.cc:2468] T 6ec865ad451c482d80468abf199358be P 017067fdf9694126b910ddb698f09512 [term 0 FOLLOWER]: Leader pre-election vote request: Granting yes vote for candidate 5e4193cbdd464c2f96e2a7012d691e60 in term 0.
I20260709 12:22:46.264290 25537 tablet_service.cc:1917] Received RequestConsensusVote() RPC: tablet_id: "5cc9a86bc0cd4342ab1c311897d8c350" candidate_uuid: "017067fdf9694126b910ddb698f09512" candidate_term: 1 candidate_status { last_received { term: 0 index: 0 } } ignore_live_leader: false dest_uuid: "a2324ad57b524759aa58ebd154b785ae" is_pre_election: true
I20260709 12:22:46.266024 25687 tablet_service.cc:1917] Received RequestConsensusVote() RPC: tablet_id: "5cc9a86bc0cd4342ab1c311897d8c350" candidate_uuid: "017067fdf9694126b910ddb698f09512" candidate_term: 1 candidate_status { last_received { term: 0 index: 0 } } ignore_live_leader: false dest_uuid: "5e4193cbdd464c2f96e2a7012d691e60" is_pre_election: true
I20260709 12:22:46.265910 25652 leader_election.cc:304] T 6ec865ad451c482d80468abf199358be P 5e4193cbdd464c2f96e2a7012d691e60 [CANDIDATE]: Term 1 pre-election: Election decided. Result: candidate won. Election summary: received 2 responses out of 3 voters: 2 yes votes; 0 no votes. yes voters: 017067fdf9694126b910ddb698f09512, 5e4193cbdd464c2f96e2a7012d691e60; no voters: 
I20260709 12:22:46.266841 25687 raft_consensus.cc:2468] T 5cc9a86bc0cd4342ab1c311897d8c350 P 5e4193cbdd464c2f96e2a7012d691e60 [term 0 FOLLOWER]: Leader pre-election vote request: Granting yes vote for candidate 017067fdf9694126b910ddb698f09512 in term 0.
I20260709 12:22:46.267540 25770 raft_consensus.cc:2804] T 6ec865ad451c482d80468abf199358be P 5e4193cbdd464c2f96e2a7012d691e60 [term 0 FOLLOWER]: Leader pre-election won for term 1
I20260709 12:22:46.267789 25538 raft_consensus.cc:2468] T eb48973785a94c09a20462dc03b8c5fa P a2324ad57b524759aa58ebd154b785ae [term 1 FOLLOWER]: Leader election vote request: Granting yes vote for candidate 017067fdf9694126b910ddb698f09512 in term 1.
I20260709 12:22:46.264348 25759 leader_election.cc:290] T 5cc9a86bc0cd4342ab1c311897d8c350 P 017067fdf9694126b910ddb698f09512 [CANDIDATE]: Term 1 pre-election: Requested pre-vote from peers a2324ad57b524759aa58ebd154b785ae (127.24.71.129:39055), 5e4193cbdd464c2f96e2a7012d691e60 (127.24.71.131:41445)
W20260709 12:22:46.233880 25650 leader_election.cc:343] T 254b81c1822048b1a238ec3ce9e88aeb P 5e4193cbdd464c2f96e2a7012d691e60 [CANDIDATE]: Term 1 election: Tablet error from VoteRequest() call to peer a2324ad57b524759aa58ebd154b785ae (127.24.71.129:39055): Illegal state: must be running to vote when last-logged opid is not known
I20260709 12:22:46.269057 25728 ts_tablet_manager.cc:1403] T 5cc9a86bc0cd4342ab1c311897d8c350 P a2324ad57b524759aa58ebd154b785ae: Time spent bootstrapping tablet: real 0.125s	user 0.033s	sys 0.034s
I20260709 12:22:46.268160 25770 raft_consensus.cc:493] T 6ec865ad451c482d80468abf199358be P 5e4193cbdd464c2f96e2a7012d691e60 [term 0 FOLLOWER]: Starting leader election (no leader contacted us within the election timeout)
W20260709 12:22:46.269901 25576 leader_election.cc:343] T 5cc9a86bc0cd4342ab1c311897d8c350 P 017067fdf9694126b910ddb698f09512 [CANDIDATE]: Term 1 pre-election: Tablet error from VoteRequest() call to peer a2324ad57b524759aa58ebd154b785ae (127.24.71.129:39055): Illegal state: must be running to vote when last-logged opid is not known
I20260709 12:22:46.275254 25576 leader_election.cc:304] T eb48973785a94c09a20462dc03b8c5fa P 017067fdf9694126b910ddb698f09512 [CANDIDATE]: Term 1 election: Election decided. Result: candidate won. Election summary: received 3 responses out of 3 voters: 2 yes votes; 1 no votes. yes voters: 017067fdf9694126b910ddb698f09512, a2324ad57b524759aa58ebd154b785ae; no voters: 5e4193cbdd464c2f96e2a7012d691e60
I20260709 12:22:46.275604 25577 leader_election.cc:304] T 5cc9a86bc0cd4342ab1c311897d8c350 P 017067fdf9694126b910ddb698f09512 [CANDIDATE]: Term 1 pre-election: Election decided. Result: candidate won. Election summary: received 3 responses out of 3 voters: 2 yes votes; 1 no votes. yes voters: 017067fdf9694126b910ddb698f09512, 5e4193cbdd464c2f96e2a7012d691e60; no voters: a2324ad57b524759aa58ebd154b785ae
I20260709 12:22:46.276736 25765 raft_consensus.cc:2804] T eb48973785a94c09a20462dc03b8c5fa P 017067fdf9694126b910ddb698f09512 [term 1 FOLLOWER]: Leader election won for term 1
I20260709 12:22:46.273685 25770 raft_consensus.cc:3060] T 6ec865ad451c482d80468abf199358be P 5e4193cbdd464c2f96e2a7012d691e60 [term 0 FOLLOWER]: Advancing to term 1
I20260709 12:22:46.277887 25759 raft_consensus.cc:2804] T 5cc9a86bc0cd4342ab1c311897d8c350 P 017067fdf9694126b910ddb698f09512 [term 0 FOLLOWER]: Leader pre-election won for term 1
I20260709 12:22:46.278661 25759 raft_consensus.cc:493] T 5cc9a86bc0cd4342ab1c311897d8c350 P 017067fdf9694126b910ddb698f09512 [term 0 FOLLOWER]: Starting leader election (no leader contacted us within the election timeout)
I20260709 12:22:46.279867 25759 raft_consensus.cc:3060] T 5cc9a86bc0cd4342ab1c311897d8c350 P 017067fdf9694126b910ddb698f09512 [term 0 FOLLOWER]: Advancing to term 1
I20260709 12:22:46.287501 25727 tablet_bootstrap.cc:492] T c0fc2a6dbdd64698a222003a32680557 P 5e4193cbdd464c2f96e2a7012d691e60: No bootstrap required, opened a new log
