W20260709 12:22:45.057961 24862 system_unsync_time.cc:38] NTP support is disabled. Clock error bounds will not be accurate. This configuration is not suitable for distributed clusters.
I20260709 12:22:45.058192 24862 hybrid_clock.cc:648] HybridClock initialized: now 1783599765058173 us; error 0 us; skew 500 ppm
I20260709 12:22:45.058743 24862 server_base.cc:861] Flag tcmalloc_max_total_thread_cache_bytes is not working since tcmalloc is not enabled.
I20260709 12:22:45.061578 24862 webserver.cc:533] Webserver started at http://127.24.71.129:39369/ using document root <none> and password file <none>
I20260709 12:22:45.062073 24862 fs_manager.cc:362] Metadata directory not provided
I20260709 12:22:45.062247 24862 fs_manager.cc:368] Using write-ahead log directory (fs_wal_dir) as metadata directory
I20260709 12:22:45.062491 24862 server_base.cc:909] This appears to be a new deployment of Kudu; creating new FS layout
I20260709 12:22:45.063705 24862 fs_manager.cc:1068] Generated new instance metadata in path /tmp/dist-test-taskLD0lFw/test-tmp/auto_leader_rebalancer-test.0.LeaderRebalancerTest.FunctionalTestForNotDivided.1783599732358058-24862-0/minicluster-data/ts-0-root/instance:
uuid: "a2324ad57b524759aa58ebd154b785ae"
format_stamp: "Formatted at 2026-07-09 12:22:45 on dist-test-slave-3zgk"
I20260709 12:22:45.068938 24862 fs_manager.cc:696] Time spent creating directory manager: real 0.005s	user 0.004s	sys 0.000s
I20260709 12:22:45.072677 25500 log_block_manager.cc:4127] Time spent loading block containers with low live blocks: real 0.000s	user 0.000s	sys 0.000s
I20260709 12:22:45.073645 24862 fs_manager.cc:730] Time spent opening block manager: real 0.003s	user 0.003s	sys 0.001s
I20260709 12:22:45.073902 24862 fs_manager.cc:647] Opened local filesystem: /tmp/dist-test-taskLD0lFw/test-tmp/auto_leader_rebalancer-test.0.LeaderRebalancerTest.FunctionalTestForNotDivided.1783599732358058-24862-0/minicluster-data/ts-0-root
uuid: "a2324ad57b524759aa58ebd154b785ae"
format_stamp: "Formatted at 2026-07-09 12:22:45 on dist-test-slave-3zgk"
I20260709 12:22:45.074314 24862 fs_report.cc:389] FS layout report
--------------------
wal directory: /tmp/dist-test-taskLD0lFw/test-tmp/auto_leader_rebalancer-test.0.LeaderRebalancerTest.FunctionalTestForNotDivided.1783599732358058-24862-0/minicluster-data/ts-0-root
metadata directory: /tmp/dist-test-taskLD0lFw/test-tmp/auto_leader_rebalancer-test.0.LeaderRebalancerTest.FunctionalTestForNotDivided.1783599732358058-24862-0/minicluster-data/ts-0-root
1 data directories: /tmp/dist-test-taskLD0lFw/test-tmp/auto_leader_rebalancer-test.0.LeaderRebalancerTest.FunctionalTestForNotDivided.1783599732358058-24862-0/minicluster-data/ts-0-root/data
Total live blocks: 0
Total live bytes: 0
Total live bytes (after alignment): 0
Total number of LBM containers: 0 (0 full)
Did not check for missing blocks
Did not check for orphaned blocks
Total full LBM containers with extra space: 0 (0 repaired)
Total full LBM container extra space in bytes: 0 (0 repaired)
Total incomplete LBM containers: 0 (0 repaired)
Total LBM partial records: 0 (0 repaired)
Total corrupted LBM metadata records in RocksDB: 0 (0 repaired)
I20260709 12:22:45.085151 24862 rpc_server.cc:225] running with OpenSSL 1.1.1  11 Sep 2018
I20260709 12:22:45.086485 24862 kserver.cc:163] Server-wide thread pool size limit: 3276
I20260709 12:22:45.087934 24862 txn_system_client.cc:432] TxnSystemClient initialization is disabled...
I20260709 12:22:45.090494 24862 ts_tablet_manager.cc:585] Loaded tablet metadata (0 total tablets, 0 live tablets)
I20260709 12:22:45.090740 24862 ts_tablet_manager.cc:531] Time spent load tablet metadata: real 0.000s	user 0.000s	sys 0.000s
I20260709 12:22:45.091027 24862 ts_tablet_manager.cc:616] Registered 0 tablets
I20260709 12:22:45.091241 24862 ts_tablet_manager.cc:595] Time spent register tablets: real 0.000s	user 0.000s	sys 0.000s
I20260709 12:22:45.136101 24862 rpc_server.cc:307] RPC server started. Bound to: 127.24.71.129:39055
I20260709 12:22:45.136169 25562 acceptor_pool.cc:272] collecting diagnostics on the listening RPC socket 127.24.71.129:39055 every 8 connection(s)
I20260709 12:22:45.141239 24862 file_cache.cc:504] Constructed file cache file cache with capacity 419430
W20260709 12:22:45.148207 25567 instance_detector.cc:116] could not retrieve AWS instance metadata: Network error: curl error: HTTP response code said error: The requested URL returned error: 404
W20260709 12:22:45.149415 25568 instance_detector.cc:116] could not retrieve Azure instance metadata: Network error: curl error: HTTP response code said error: The requested URL returned error: 404
W20260709 12:22:45.153496 25571 instance_detector.cc:116] could not retrieve OpenStack instance metadata: Network error: curl error: HTTP response code said error: The requested URL returned error: 404
I20260709 12:22:45.153751 24862 server_base.cc:1061] running on GCE node
I20260709 12:22:45.155395 24862 hybrid_clock.cc:584] initializing the hybrid clock with 'system_unsync' time source
W20260709 12:22:45.155670 24862 system_unsync_time.cc:38] NTP support is disabled. Clock error bounds will not be accurate. This configuration is not suitable for distributed clusters.
I20260709 12:22:45.155826 24862 hybrid_clock.cc:648] HybridClock initialized: now 1783599765155813 us; error 0 us; skew 500 ppm
I20260709 12:22:45.156424 24862 server_base.cc:861] Flag tcmalloc_max_total_thread_cache_bytes is not working since tcmalloc is not enabled.
I20260709 12:22:45.159710 24862 webserver.cc:533] Webserver started at http://127.24.71.130:39815/ using document root <none> and password file <none>
I20260709 12:22:45.160320 24862 fs_manager.cc:362] Metadata directory not provided
I20260709 12:22:45.160501 24862 fs_manager.cc:368] Using write-ahead log directory (fs_wal_dir) as metadata directory
I20260709 12:22:45.160835 24862 server_base.cc:909] This appears to be a new deployment of Kudu; creating new FS layout
I20260709 12:22:45.161348 25563 heartbeater.cc:344] Connected to a master server at 127.24.71.190:42771
I20260709 12:22:45.161808 25563 heartbeater.cc:461] Registering TS with master...
I20260709 12:22:45.162212 24862 fs_manager.cc:1068] Generated new instance metadata in path /tmp/dist-test-taskLD0lFw/test-tmp/auto_leader_rebalancer-test.0.LeaderRebalancerTest.FunctionalTestForNotDivided.1783599732358058-24862-0/minicluster-data/ts-1-root/instance:
uuid: "017067fdf9694126b910ddb698f09512"
format_stamp: "Formatted at 2026-07-09 12:22:45 on dist-test-slave-3zgk"
I20260709 12:22:45.162752 25563 heartbeater.cc:507] Master 127.24.71.190:42771 requested a full tablet report, sending...
I20260709 12:22:45.165285 25436 ts_manager.cc:194] Registered new tserver with Master: a2324ad57b524759aa58ebd154b785ae (127.24.71.129:39055)
I20260709 12:22:45.167436 24862 fs_manager.cc:696] Time spent creating directory manager: real 0.005s	user 0.002s	sys 0.004s
I20260709 12:22:45.167529 25436 master_service.cc:502] Signed X509 certificate for tserver {username='slave'} at 127.0.0.1:45576
I20260709 12:22:45.171661 25575 log_block_manager.cc:4127] Time spent loading block containers with low live blocks: real 0.000s	user 0.000s	sys 0.000s
I20260709 12:22:45.172643 24862 fs_manager.cc:730] Time spent opening block manager: real 0.003s	user 0.003s	sys 0.000s
I20260709 12:22:45.172982 24862 fs_manager.cc:647] Opened local filesystem: /tmp/dist-test-taskLD0lFw/test-tmp/auto_leader_rebalancer-test.0.LeaderRebalancerTest.FunctionalTestForNotDivided.1783599732358058-24862-0/minicluster-data/ts-1-root
uuid: "017067fdf9694126b910ddb698f09512"
format_stamp: "Formatted at 2026-07-09 12:22:45 on dist-test-slave-3zgk"
I20260709 12:22:45.173444 24862 fs_report.cc:389] FS layout report
--------------------
wal directory: /tmp/dist-test-taskLD0lFw/test-tmp/auto_leader_rebalancer-test.0.LeaderRebalancerTest.FunctionalTestForNotDivided.1783599732358058-24862-0/minicluster-data/ts-1-root
metadata directory: /tmp/dist-test-taskLD0lFw/test-tmp/auto_leader_rebalancer-test.0.LeaderRebalancerTest.FunctionalTestForNotDivided.1783599732358058-24862-0/minicluster-data/ts-1-root
1 data directories: /tmp/dist-test-taskLD0lFw/test-tmp/auto_leader_rebalancer-test.0.LeaderRebalancerTest.FunctionalTestForNotDivided.1783599732358058-24862-0/minicluster-data/ts-1-root/data
Total live blocks: 0
Total live bytes: 0
Total live bytes (after alignment): 0
Total number of LBM containers: 0 (0 full)
Did not check for missing blocks
Did not check for orphaned blocks
Total full LBM containers with extra space: 0 (0 repaired)
Total full LBM container extra space in bytes: 0 (0 repaired)
Total incomplete LBM containers: 0 (0 repaired)
Total LBM partial records: 0 (0 repaired)
Total corrupted LBM metadata records in RocksDB: 0 (0 repaired)
I20260709 12:22:45.185487 24862 rpc_server.cc:225] running with OpenSSL 1.1.1  11 Sep 2018
I20260709 12:22:45.186858 24862 kserver.cc:163] Server-wide thread pool size limit: 3276
I20260709 12:22:45.188942 24862 txn_system_client.cc:432] TxnSystemClient initialization is disabled...
I20260709 12:22:45.191442 24862 ts_tablet_manager.cc:585] Loaded tablet metadata (0 total tablets, 0 live tablets)
I20260709 12:22:45.191720 24862 ts_tablet_manager.cc:531] Time spent load tablet metadata: real 0.000s	user 0.000s	sys 0.000s
I20260709 12:22:45.192005 24862 ts_tablet_manager.cc:616] Registered 0 tablets
I20260709 12:22:45.192216 24862 ts_tablet_manager.cc:595] Time spent register tablets: real 0.000s	user 0.000s	sys 0.000s
I20260709 12:22:45.237169 24862 rpc_server.cc:307] RPC server started. Bound to: 127.24.71.130:35637
I20260709 12:22:45.237323 25637 acceptor_pool.cc:272] collecting diagnostics on the listening RPC socket 127.24.71.130:35637 every 8 connection(s)
I20260709 12:22:45.242533 24862 file_cache.cc:504] Constructed file cache file cache with capacity 419430
W20260709 12:22:45.252818 25641 instance_detector.cc:116] could not retrieve AWS instance metadata: Network error: curl error: HTTP response code said error: The requested URL returned error: 404
W20260709 12:22:45.255450 25642 instance_detector.cc:116] could not retrieve Azure instance metadata: Network error: curl error: HTTP response code said error: The requested URL returned error: 404
I20260709 12:22:45.256094 24862 server_base.cc:1061] running on GCE node
W20260709 12:22:45.256392 25645 instance_detector.cc:116] could not retrieve OpenStack instance metadata: Network error: curl error: HTTP response code said error: The requested URL returned error: 404
I20260709 12:22:45.256646 25638 heartbeater.cc:344] Connected to a master server at 127.24.71.190:42771
I20260709 12:22:45.257097 25638 heartbeater.cc:461] Registering TS with master...
I20260709 12:22:45.257730 24862 hybrid_clock.cc:584] initializing the hybrid clock with 'system_unsync' time source
W20260709 12:22:45.257916 24862 system_unsync_time.cc:38] NTP support is disabled. Clock error bounds will not be accurate. This configuration is not suitable for distributed clusters.
I20260709 12:22:45.257913 25638 heartbeater.cc:507] Master 127.24.71.190:42771 requested a full tablet report, sending...
I20260709 12:22:45.258304 24862 hybrid_clock.cc:648] HybridClock initialized: now 1783599765258263 us; error 0 us; skew 500 ppm
I20260709 12:22:45.259006 24862 server_base.cc:861] Flag tcmalloc_max_total_thread_cache_bytes is not working since tcmalloc is not enabled.
I20260709 12:22:45.260687 25436 ts_manager.cc:194] Registered new tserver with Master: 017067fdf9694126b910ddb698f09512 (127.24.71.130:35637)
I20260709 12:22:45.261902 24862 webserver.cc:533] Webserver started at http://127.24.71.131:33199/ using document root <none> and password file <none>
I20260709 12:22:45.262425 24862 fs_manager.cc:362] Metadata directory not provided
I20260709 12:22:45.262624 24862 fs_manager.cc:368] Using write-ahead log directory (fs_wal_dir) as metadata directory
I20260709 12:22:45.262591 25436 master_service.cc:502] Signed X509 certificate for tserver {username='slave'} at 127.0.0.1:45584
I20260709 12:22:45.263116 24862 server_base.cc:909] This appears to be a new deployment of Kudu; creating new FS layout
I20260709 12:22:45.264540 24862 fs_manager.cc:1068] Generated new instance metadata in path /tmp/dist-test-taskLD0lFw/test-tmp/auto_leader_rebalancer-test.0.LeaderRebalancerTest.FunctionalTestForNotDivided.1783599732358058-24862-0/minicluster-data/ts-2-root/instance:
uuid: "5e4193cbdd464c2f96e2a7012d691e60"
format_stamp: "Formatted at 2026-07-09 12:22:45 on dist-test-slave-3zgk"
I20260709 12:22:45.269435 24862 fs_manager.cc:696] Time spent creating directory manager: real 0.004s	user 0.000s	sys 0.004s
I20260709 12:22:45.273178 25649 log_block_manager.cc:4127] Time spent loading block containers with low live blocks: real 0.000s	user 0.000s	sys 0.000s
I20260709 12:22:45.274171 24862 fs_manager.cc:730] Time spent opening block manager: real 0.003s	user 0.004s	sys 0.000s
I20260709 12:22:45.274513 24862 fs_manager.cc:647] Opened local filesystem: /tmp/dist-test-taskLD0lFw/test-tmp/auto_leader_rebalancer-test.0.LeaderRebalancerTest.FunctionalTestForNotDivided.1783599732358058-24862-0/minicluster-data/ts-2-root
uuid: "5e4193cbdd464c2f96e2a7012d691e60"
format_stamp: "Formatted at 2026-07-09 12:22:45 on dist-test-slave-3zgk"
I20260709 12:22:45.274852 24862 fs_report.cc:389] FS layout report
--------------------
wal directory: /tmp/dist-test-taskLD0lFw/test-tmp/auto_leader_rebalancer-test.0.LeaderRebalancerTest.FunctionalTestForNotDivided.1783599732358058-24862-0/minicluster-data/ts-2-root
metadata directory: /tmp/dist-test-taskLD0lFw/test-tmp/auto_leader_rebalancer-test.0.LeaderRebalancerTest.FunctionalTestForNotDivided.1783599732358058-24862-0/minicluster-data/ts-2-root
1 data directories: /tmp/dist-test-taskLD0lFw/test-tmp/auto_leader_rebalancer-test.0.LeaderRebalancerTest.FunctionalTestForNotDivided.1783599732358058-24862-0/minicluster-data/ts-2-root/data
Total live blocks: 0
Total live bytes: 0
Total live bytes (after alignment): 0
Total number of LBM containers: 0 (0 full)
Did not check for missing blocks
Did not check for orphaned blocks
Total full LBM containers with extra space: 0 (0 repaired)
Total full LBM container extra space in bytes: 0 (0 repaired)
Total incomplete LBM containers: 0 (0 repaired)
Total LBM partial records: 0 (0 repaired)
Total corrupted LBM metadata records in RocksDB: 0 (0 repaired)
I20260709 12:22:45.318190 24862 rpc_server.cc:225] running with OpenSSL 1.1.1  11 Sep 2018
I20260709 12:22:45.319640 24862 kserver.cc:163] Server-wide thread pool size limit: 3276
I20260709 12:22:45.321460 24862 txn_system_client.cc:432] TxnSystemClient initialization is disabled...
I20260709 12:22:45.323916 24862 ts_tablet_manager.cc:585] Loaded tablet metadata (0 total tablets, 0 live tablets)
I20260709 12:22:45.324218 24862 ts_tablet_manager.cc:531] Time spent load tablet metadata: real 0.000s	user 0.000s	sys 0.000s
I20260709 12:22:45.324527 24862 ts_tablet_manager.cc:616] Registered 0 tablets
I20260709 12:22:45.324728 24862 ts_tablet_manager.cc:595] Time spent register tablets: real 0.000s	user 0.000s	sys 0.000s
I20260709 12:22:45.371445 24862 rpc_server.cc:307] RPC server started. Bound to: 127.24.71.131:41445
I20260709 12:22:45.371575 25711 acceptor_pool.cc:272] collecting diagnostics on the listening RPC socket 127.24.71.131:41445 every 8 connection(s)
I20260709 12:22:45.389056 25712 heartbeater.cc:344] Connected to a master server at 127.24.71.190:42771
I20260709 12:22:45.389532 25712 heartbeater.cc:461] Registering TS with master...
I20260709 12:22:45.390501 25712 heartbeater.cc:507] Master 127.24.71.190:42771 requested a full tablet report, sending...
I20260709 12:22:45.393105 25436 ts_manager.cc:194] Registered new tserver with Master: 5e4193cbdd464c2f96e2a7012d691e60 (127.24.71.131:41445)
I20260709 12:22:45.394024 24862 internal_mini_cluster.cc:371] 3 TS(s) registered with all masters after 0.018899618s
I20260709 12:22:45.394810 25436 master_service.cc:502] Signed X509 certificate for tserver {username='slave'} at 127.0.0.1:45600
I20260709 12:22:45.423883 25436 catalog_manager.cc:2283] Servicing CreateTable request from {username='slave'} at 127.0.0.1:45612:
name: "test-workload"
schema {
  columns {
    name: "key"
    type: INT32
    is_key: true
    is_nullable: false
    encoding: AUTO_ENCODING
    compression: DEFAULT_COMPRESSION
    cfile_block_size: 0
    immutable: false
  }
  columns {
    name: "int_val"
    type: INT32
    is_key: false
    is_nullable: false
    encoding: AUTO_ENCODING
    compression: DEFAULT_COMPRESSION
    cfile_block_size: 0
    immutable: false
  }
  columns {
    name: "string_val"
    type: STRING
    is_key: false
    is_nullable: true
    encoding: AUTO_ENCODING
    compression: DEFAULT_COMPRESSION
    cfile_block_size: 0
    immutable: false
  }
}
num_replicas: 3
split_rows_range_bounds {
  rows: "\004\001\000\314\314\314\014\004\001\000\230\231\231\031\004\001\000dff&\004\001\0000333\004\001\000\374\377\377?\004\001\000\310\314\314L\004\001\000\224\231\231Y\004\001\000`fff\004\001\000,33s""\004\001\000\314\314\314\014\004\001\000\230\231\231\031\004\001\000dff&\004\001\0000333\004\001\000\374\377\377?\004\001\000\310\314\314L\004\001\000\224\231\231Y\004\001\000`fff\004\001\000,33s"
  indirect_data: """"
}
partition_schema {
  range_schema {
    columns {
      name: "key"
    }
  }
}
W20260709 12:22:45.427178 25436 catalog_manager.cc:7077] The number of live tablet servers is not enough to re-replicate a tablet replica of the newly created table test-workload in case of a server failure: 4 tablet servers would be needed, 3 are available. Consider bringing up more tablet servers.
I20260709 12:22:45.502415 25603 tablet_service.cc:1511] Processing CreateTablet for tablet 06b5b4b43edf4449bc4c3fd0c478ebc4 (DEFAULT_TABLE table=test-workload [id=906aa527e4e547a887fae105747ca94d]), partition=RANGE (key) PARTITION VALUES < 214748364
I20260709 12:22:45.503988 25603 data_dirs.cc:400] Could only allocate 1 dirs of requested 3 for tablet 06b5b4b43edf4449bc4c3fd0c478ebc4. 1 dirs total, 0 dirs full, 0 dirs failed
I20260709 12:22:45.505527 25676 tablet_service.cc:1511] Processing CreateTablet for tablet 482670924d0f4c5cb9626cc251a59e0a (DEFAULT_TABLE table=test-workload [id=906aa527e4e547a887fae105747ca94d]), partition=RANGE (key) PARTITION 214748364 <= VALUES < 429496728
I20260709 12:22:45.507030 25676 data_dirs.cc:400] Could only allocate 1 dirs of requested 3 for tablet 482670924d0f4c5cb9626cc251a59e0a. 1 dirs total, 0 dirs full, 0 dirs failed
I20260709 12:22:45.508689 25674 tablet_service.cc:1511] Processing CreateTablet for tablet 3726e81c7a4948d3a48d9c51df49e932 (DEFAULT_TABLE table=test-workload [id=906aa527e4e547a887fae105747ca94d]), partition=RANGE (key) PARTITION 644245092 <= VALUES < 858993456
I20260709 12:22:45.509500 25677 tablet_service.cc:1511] Processing CreateTablet for tablet 06b5b4b43edf4449bc4c3fd0c478ebc4 (DEFAULT_TABLE table=test-workload [id=906aa527e4e547a887fae105747ca94d]), partition=RANGE (key) PARTITION VALUES < 214748364
I20260709 12:22:45.510093 25674 data_dirs.cc:400] Could only allocate 1 dirs of requested 3 for tablet 3726e81c7a4948d3a48d9c51df49e932. 1 dirs total, 0 dirs full, 0 dirs failed
I20260709 12:22:45.510540 25528 tablet_service.cc:1511] Processing CreateTablet for tablet 06b5b4b43edf4449bc4c3fd0c478ebc4 (DEFAULT_TABLE table=test-workload [id=906aa527e4e547a887fae105747ca94d]), partition=RANGE (key) PARTITION VALUES < 214748364
I20260709 12:22:45.510808 25677 data_dirs.cc:400] Could only allocate 1 dirs of requested 3 for tablet 06b5b4b43edf4449bc4c3fd0c478ebc4. 1 dirs total, 0 dirs full, 0 dirs failed
I20260709 12:22:45.511686 25528 data_dirs.cc:400] Could only allocate 1 dirs of requested 3 for tablet 06b5b4b43edf4449bc4c3fd0c478ebc4. 1 dirs total, 0 dirs full, 0 dirs failed
I20260709 12:22:45.513454 25675 tablet_service.cc:1511] Processing CreateTablet for tablet eb48973785a94c09a20462dc03b8c5fa (DEFAULT_TABLE table=test-workload [id=906aa527e4e547a887fae105747ca94d]), partition=RANGE (key) PARTITION 429496728 <= VALUES < 644245092
I20260709 12:22:45.514863 25675 data_dirs.cc:400] Could only allocate 1 dirs of requested 3 for tablet eb48973785a94c09a20462dc03b8c5fa. 1 dirs total, 0 dirs full, 0 dirs failed
I20260709 12:22:45.514734 25526 tablet_service.cc:1511] Processing CreateTablet for tablet eb48973785a94c09a20462dc03b8c5fa (DEFAULT_TABLE table=test-workload [id=906aa527e4e547a887fae105747ca94d]), partition=RANGE (key) PARTITION 429496728 <= VALUES < 644245092
I20260709 12:22:45.517599 25525 tablet_service.cc:1511] Processing CreateTablet for tablet 3726e81c7a4948d3a48d9c51df49e932 (DEFAULT_TABLE table=test-workload [id=906aa527e4e547a887fae105747ca94d]), partition=RANGE (key) PARTITION 644245092 <= VALUES < 858993456
I20260709 12:22:45.517771 25673 tablet_service.cc:1511] Processing CreateTablet for tablet c0fc2a6dbdd64698a222003a32680557 (DEFAULT_TABLE table=test-workload [id=906aa527e4e547a887fae105747ca94d]), partition=RANGE (key) PARTITION 858993456 <= VALUES < 1073741820
I20260709 12:22:45.519132 25673 data_dirs.cc:400] Could only allocate 1 dirs of requested 3 for tablet c0fc2a6dbdd64698a222003a32680557. 1 dirs total, 0 dirs full, 0 dirs failed
I20260709 12:22:45.513465 25527 tablet_service.cc:1511] Processing CreateTablet for tablet 482670924d0f4c5cb9626cc251a59e0a (DEFAULT_TABLE table=test-workload [id=906aa527e4e547a887fae105747ca94d]), partition=RANGE (key) PARTITION 214748364 <= VALUES < 429496728
I20260709 12:22:45.520115 25524 tablet_service.cc:1511] Processing CreateTablet for tablet c0fc2a6dbdd64698a222003a32680557 (DEFAULT_TABLE table=test-workload [id=906aa527e4e547a887fae105747ca94d]), partition=RANGE (key) PARTITION 858993456 <= VALUES < 1073741820
I20260709 12:22:45.520576 25526 data_dirs.cc:400] Could only allocate 1 dirs of requested 3 for tablet eb48973785a94c09a20462dc03b8c5fa. 1 dirs total, 0 dirs full, 0 dirs failed
I20260709 12:22:45.521884 25524 data_dirs.cc:400] Could only allocate 1 dirs of requested 3 for tablet c0fc2a6dbdd64698a222003a32680557. 1 dirs total, 0 dirs full, 0 dirs failed
I20260709 12:22:45.522590 25527 data_dirs.cc:400] Could only allocate 1 dirs of requested 3 for tablet 482670924d0f4c5cb9626cc251a59e0a. 1 dirs total, 0 dirs full, 0 dirs failed
I20260709 12:22:45.522861 25672 tablet_service.cc:1511] Processing CreateTablet for tablet 6ec865ad451c482d80468abf199358be (DEFAULT_TABLE table=test-workload [id=906aa527e4e547a887fae105747ca94d]), partition=RANGE (key) PARTITION 1073741820 <= VALUES < 1288490184
I20260709 12:22:45.524525 25672 data_dirs.cc:400] Could only allocate 1 dirs of requested 3 for tablet 6ec865ad451c482d80468abf199358be. 1 dirs total, 0 dirs full, 0 dirs failed
I20260709 12:22:45.528769 25525 data_dirs.cc:400] Could only allocate 1 dirs of requested 3 for tablet 3726e81c7a4948d3a48d9c51df49e932. 1 dirs total, 0 dirs full, 0 dirs failed
I20260709 12:22:45.533756 25523 tablet_service.cc:1511] Processing CreateTablet for tablet 6ec865ad451c482d80468abf199358be (DEFAULT_TABLE table=test-workload [id=906aa527e4e547a887fae105747ca94d]), partition=RANGE (key) PARTITION 1073741820 <= VALUES < 1288490184
I20260709 12:22:45.535290 25523 data_dirs.cc:400] Could only allocate 1 dirs of requested 3 for tablet 6ec865ad451c482d80468abf199358be. 1 dirs total, 0 dirs full, 0 dirs failed
I20260709 12:22:45.534883 25601 tablet_service.cc:1511] Processing CreateTablet for tablet eb48973785a94c09a20462dc03b8c5fa (DEFAULT_TABLE table=test-workload [id=906aa527e4e547a887fae105747ca94d]), partition=RANGE (key) PARTITION 429496728 <= VALUES < 644245092
I20260709 12:22:45.537555 25602 tablet_service.cc:1511] Processing CreateTablet for tablet 482670924d0f4c5cb9626cc251a59e0a (DEFAULT_TABLE table=test-workload [id=906aa527e4e547a887fae105747ca94d]), partition=RANGE (key) PARTITION 214748364 <= VALUES < 429496728
I20260709 12:22:45.538874 25600 tablet_service.cc:1511] Processing CreateTablet for tablet 3726e81c7a4948d3a48d9c51df49e932 (DEFAULT_TABLE table=test-workload [id=906aa527e4e547a887fae105747ca94d]), partition=RANGE (key) PARTITION 644245092 <= VALUES < 858993456
I20260709 12:22:45.537555 25522 tablet_service.cc:1511] Processing CreateTablet for tablet af334351da5349c1870b007d2ab06bab (DEFAULT_TABLE table=test-workload [id=906aa527e4e547a887fae105747ca94d]), partition=RANGE (key) PARTITION 1288490184 <= VALUES < 1503238548
I20260709 12:22:45.540426 25522 data_dirs.cc:400] Could only allocate 1 dirs of requested 3 for tablet af334351da5349c1870b007d2ab06bab. 1 dirs total, 0 dirs full, 0 dirs failed
I20260709 12:22:45.541711 25597 tablet_service.cc:1511] Processing CreateTablet for tablet af334351da5349c1870b007d2ab06bab (DEFAULT_TABLE table=test-workload [id=906aa527e4e547a887fae105747ca94d]), partition=RANGE (key) PARTITION 1288490184 <= VALUES < 1503238548
I20260709 12:22:45.541980 25598 tablet_service.cc:1511] Processing CreateTablet for tablet 6ec865ad451c482d80468abf199358be (DEFAULT_TABLE table=test-workload [id=906aa527e4e547a887fae105747ca94d]), partition=RANGE (key) PARTITION 1073741820 <= VALUES < 1288490184
I20260709 12:22:45.544528 25599 tablet_service.cc:1511] Processing CreateTablet for tablet c0fc2a6dbdd64698a222003a32680557 (DEFAULT_TABLE table=test-workload [id=906aa527e4e547a887fae105747ca94d]), partition=RANGE (key) PARTITION 858993456 <= VALUES < 1073741820
I20260709 12:22:45.546105 25601 data_dirs.cc:400] Could only allocate 1 dirs of requested 3 for tablet eb48973785a94c09a20462dc03b8c5fa. 1 dirs total, 0 dirs full, 0 dirs failed
I20260709 12:22:45.546777 25597 data_dirs.cc:400] Could only allocate 1 dirs of requested 3 for tablet af334351da5349c1870b007d2ab06bab. 1 dirs total, 0 dirs full, 0 dirs failed
I20260709 12:22:45.547485 25602 data_dirs.cc:400] Could only allocate 1 dirs of requested 3 for tablet 482670924d0f4c5cb9626cc251a59e0a. 1 dirs total, 0 dirs full, 0 dirs failed
I20260709 12:22:45.548564 25600 data_dirs.cc:400] Could only allocate 1 dirs of requested 3 for tablet 3726e81c7a4948d3a48d9c51df49e932. 1 dirs total, 0 dirs full, 0 dirs failed
I20260709 12:22:45.553941 25671 tablet_service.cc:1511] Processing CreateTablet for tablet af334351da5349c1870b007d2ab06bab (DEFAULT_TABLE table=test-workload [id=906aa527e4e547a887fae105747ca94d]), partition=RANGE (key) PARTITION 1288490184 <= VALUES < 1503238548
I20260709 12:22:45.555387 25671 data_dirs.cc:400] Could only allocate 1 dirs of requested 3 for tablet af334351da5349c1870b007d2ab06bab. 1 dirs total, 0 dirs full, 0 dirs failed
I20260709 12:22:45.556505 25521 tablet_service.cc:1511] Processing CreateTablet for tablet 254b81c1822048b1a238ec3ce9e88aeb (DEFAULT_TABLE table=test-workload [id=906aa527e4e547a887fae105747ca94d]), partition=RANGE (key) PARTITION 1503238548 <= VALUES < 1717986912
I20260709 12:22:45.557991 25521 data_dirs.cc:400] Could only allocate 1 dirs of requested 3 for tablet 254b81c1822048b1a238ec3ce9e88aeb. 1 dirs total, 0 dirs full, 0 dirs failed
I20260709 12:22:45.559278 25596 tablet_service.cc:1511] Processing CreateTablet for tablet 254b81c1822048b1a238ec3ce9e88aeb (DEFAULT_TABLE table=test-workload [id=906aa527e4e547a887fae105747ca94d]), partition=RANGE (key) PARTITION 1503238548 <= VALUES < 1717986912
I20260709 12:22:45.561698 25670 tablet_service.cc:1511] Processing CreateTablet for tablet 254b81c1822048b1a238ec3ce9e88aeb (DEFAULT_TABLE table=test-workload [id=906aa527e4e547a887fae105747ca94d]), partition=RANGE (key) PARTITION 1503238548 <= VALUES < 1717986912
I20260709 12:22:45.563694 25520 tablet_service.cc:1511] Processing CreateTablet for tablet 5cc9a86bc0cd4342ab1c311897d8c350 (DEFAULT_TABLE table=test-workload [id=906aa527e4e547a887fae105747ca94d]), partition=RANGE (key) PARTITION 1717986912 <= VALUES < 1932735276
I20260709 12:22:45.565095 25520 data_dirs.cc:400] Could only allocate 1 dirs of requested 3 for tablet 5cc9a86bc0cd4342ab1c311897d8c350. 1 dirs total, 0 dirs full, 0 dirs failed
I20260709 12:22:45.568609 25670 data_dirs.cc:400] Could only allocate 1 dirs of requested 3 for tablet 254b81c1822048b1a238ec3ce9e88aeb. 1 dirs total, 0 dirs full, 0 dirs failed
I20260709 12:22:45.570312 25669 tablet_service.cc:1511] Processing CreateTablet for tablet 5cc9a86bc0cd4342ab1c311897d8c350 (DEFAULT_TABLE table=test-workload [id=906aa527e4e547a887fae105747ca94d]), partition=RANGE (key) PARTITION 1717986912 <= VALUES < 1932735276
I20260709 12:22:45.584924 25669 data_dirs.cc:400] Could only allocate 1 dirs of requested 3 for tablet 5cc9a86bc0cd4342ab1c311897d8c350. 1 dirs total, 0 dirs full, 0 dirs failed
I20260709 12:22:45.592588 25599 data_dirs.cc:400] Could only allocate 1 dirs of requested 3 for tablet c0fc2a6dbdd64698a222003a32680557. 1 dirs total, 0 dirs full, 0 dirs failed
I20260709 12:22:45.596633 25598 data_dirs.cc:400] Could only allocate 1 dirs of requested 3 for tablet 6ec865ad451c482d80468abf199358be. 1 dirs total, 0 dirs full, 0 dirs failed
I20260709 12:22:45.599718 25595 tablet_service.cc:1511] Processing CreateTablet for tablet 5cc9a86bc0cd4342ab1c311897d8c350 (DEFAULT_TABLE table=test-workload [id=906aa527e4e547a887fae105747ca94d]), partition=RANGE (key) PARTITION 1717986912 <= VALUES < 1932735276
I20260709 12:22:45.601392 25595 data_dirs.cc:400] Could only allocate 1 dirs of requested 3 for tablet 5cc9a86bc0cd4342ab1c311897d8c350. 1 dirs total, 0 dirs full, 0 dirs failed
I20260709 12:22:45.604274 25596 data_dirs.cc:400] Could only allocate 1 dirs of requested 3 for tablet 254b81c1822048b1a238ec3ce9e88aeb. 1 dirs total, 0 dirs full, 0 dirs failed
I20260709 12:22:45.672802 25727 tablet_bootstrap.cc:492] T 6ec865ad451c482d80468abf199358be P 5e4193cbdd464c2f96e2a7012d691e60: Bootstrap starting.
I20260709 12:22:45.660183 25524 tablet_service.cc:1511] Processing CreateTablet for tablet 32bd0706d39e4b8bbfbde2fe3664e0a6 (DEFAULT_TABLE table=test-workload [id=906aa527e4e547a887fae105747ca94d]), partition=RANGE (key) PARTITION 1932735276 <= VALUES
I20260709 12:22:45.701280 25524 data_dirs.cc:400] Could only allocate 1 dirs of requested 3 for tablet 32bd0706d39e4b8bbfbde2fe3664e0a6. 1 dirs total, 0 dirs full, 0 dirs failed
I20260709 12:22:45.704548 25728 tablet_bootstrap.cc:492] T af334351da5349c1870b007d2ab06bab P a2324ad57b524759aa58ebd154b785ae: Bootstrap starting.
I20260709 12:22:45.708201 25727 tablet_bootstrap.cc:654] T 6ec865ad451c482d80468abf199358be P 5e4193cbdd464c2f96e2a7012d691e60: Neither blocks nor log segments found. Creating new log.
I20260709 12:22:45.714985 25601 tablet_service.cc:1511] Processing CreateTablet for tablet 32bd0706d39e4b8bbfbde2fe3664e0a6 (DEFAULT_TABLE table=test-workload [id=906aa527e4e547a887fae105747ca94d]), partition=RANGE (key) PARTITION 1932735276 <= VALUES
I20260709 12:22:45.703502 25729 tablet_bootstrap.cc:492] T eb48973785a94c09a20462dc03b8c5fa P 017067fdf9694126b910ddb698f09512: Bootstrap starting.
I20260709 12:22:45.716382 25601 data_dirs.cc:400] Could only allocate 1 dirs of requested 3 for tablet 32bd0706d39e4b8bbfbde2fe3664e0a6. 1 dirs total, 0 dirs full, 0 dirs failed
I20260709 12:22:45.716518 25670 tablet_service.cc:1511] Processing CreateTablet for tablet 32bd0706d39e4b8bbfbde2fe3664e0a6 (DEFAULT_TABLE table=test-workload [id=906aa527e4e547a887fae105747ca94d]), partition=RANGE (key) PARTITION 1932735276 <= VALUES
I20260709 12:22:45.718875 25670 data_dirs.cc:400] Could only allocate 1 dirs of requested 3 for tablet 32bd0706d39e4b8bbfbde2fe3664e0a6. 1 dirs total, 0 dirs full, 0 dirs failed
I20260709 12:22:45.729296 25729 tablet_bootstrap.cc:654] T eb48973785a94c09a20462dc03b8c5fa P 017067fdf9694126b910ddb698f09512: Neither blocks nor log segments found. Creating new log.
I20260709 12:22:45.734992 25728 tablet_bootstrap.cc:654] T af334351da5349c1870b007d2ab06bab P a2324ad57b524759aa58ebd154b785ae: Neither blocks nor log segments found. Creating new log.
I20260709 12:22:45.738775 25727 tablet_bootstrap.cc:492] T 6ec865ad451c482d80468abf199358be P 5e4193cbdd464c2f96e2a7012d691e60: No bootstrap required, opened a new log
I20260709 12:22:45.739508 25727 ts_tablet_manager.cc:1403] T 6ec865ad451c482d80468abf199358be P 5e4193cbdd464c2f96e2a7012d691e60: Time spent bootstrapping tablet: real 0.067s	user 0.016s	sys 0.000s
I20260709 12:22:45.742353 25727 raft_consensus.cc:359] T 6ec865ad451c482d80468abf199358be P 5e4193cbdd464c2f96e2a7012d691e60 [term 0 FOLLOWER]: Replica starting. Triggering 0 pending ops. Active config: opid_index: -1 OBSOLETE_local: false peers { permanent_uuid: "a2324ad57b524759aa58ebd154b785ae" member_type: VOTER last_known_addr { host: "127.24.71.129" port: 39055 } } peers { permanent_uuid: "017067fdf9694126b910ddb698f09512" member_type: VOTER last_known_addr { host: "127.24.71.130" port: 35637 } } peers { permanent_uuid: "5e4193cbdd464c2f96e2a7012d691e60" member_type: VOTER last_known_addr { host: "127.24.71.131" port: 41445 } }
I20260709 12:22:45.743063 25727 raft_consensus.cc:385] T 6ec865ad451c482d80468abf199358be P 5e4193cbdd464c2f96e2a7012d691e60 [term 0 FOLLOWER]: Consensus starting up: Expiring failure detector timer to make a prompt election more likely
I20260709 12:22:45.743361 25727 raft_consensus.cc:740] T 6ec865ad451c482d80468abf199358be P 5e4193cbdd464c2f96e2a7012d691e60 [term 0 FOLLOWER]: Becoming Follower/Learner. State: Replica: 5e4193cbdd464c2f96e2a7012d691e60, State: Initialized, Role: FOLLOWER
I20260709 12:22:45.743991 25729 tablet_bootstrap.cc:492] T eb48973785a94c09a20462dc03b8c5fa P 017067fdf9694126b910ddb698f09512: No bootstrap required, opened a new log
I20260709 12:22:45.744763 25729 ts_tablet_manager.cc:1403] T eb48973785a94c09a20462dc03b8c5fa P 017067fdf9694126b910ddb698f09512: Time spent bootstrapping tablet: real 0.042s	user 0.007s	sys 0.014s
I20260709 12:22:45.745332 25727 consensus_queue.cc:260] T 6ec865ad451c482d80468abf199358be P 5e4193cbdd464c2f96e2a7012d691e60 [NON_LEADER]: Queue going to NON_LEADER mode. State: All replicated index: 0, Majority replicated index: 0, Committed index: 0, Last appended: 0.0, Last appended by leader: 0, Current term: 0, Majority size: -1, State: 0, Mode: NON_LEADER, active raft config: opid_index: -1 OBSOLETE_local: false peers { permanent_uuid: "a2324ad57b524759aa58ebd154b785ae" member_type: VOTER last_known_addr { host: "127.24.71.129" port: 39055 } } peers { permanent_uuid: "017067fdf9694126b910ddb698f09512" member_type: VOTER last_known_addr { host: "127.24.71.130" port: 35637 } } peers { permanent_uuid: "5e4193cbdd464c2f96e2a7012d691e60" member_type: VOTER last_known_addr { host: "127.24.71.131" port: 41445 } }
I20260709 12:22:45.749344 25729 raft_consensus.cc:359] T eb48973785a94c09a20462dc03b8c5fa P 017067fdf9694126b910ddb698f09512 [term 0 FOLLOWER]: Replica starting. Triggering 0 pending ops. Active config: opid_index: -1 OBSOLETE_local: false peers { permanent_uuid: "a2324ad57b524759aa58ebd154b785ae" member_type: VOTER last_known_addr { host: "127.24.71.129" port: 39055 } } peers { permanent_uuid: "017067fdf9694126b910ddb698f09512" member_type: VOTER last_known_addr { host: "127.24.71.130" port: 35637 } } peers { permanent_uuid: "5e4193cbdd464c2f96e2a7012d691e60" member_type: VOTER last_known_addr { host: "127.24.71.131" port: 41445 } }
I20260709 12:22:45.750608 25729 raft_consensus.cc:385] T eb48973785a94c09a20462dc03b8c5fa P 017067fdf9694126b910ddb698f09512 [term 0 FOLLOWER]: Consensus starting up: Expiring failure detector timer to make a prompt election more likely
I20260709 12:22:45.750815 25712 heartbeater.cc:499] Master 127.24.71.190:42771 was elected leader, sending a full tablet report...
I20260709 12:22:45.751374 25727 ts_tablet_manager.cc:1434] T 6ec865ad451c482d80468abf199358be P 5e4193cbdd464c2f96e2a7012d691e60: Time spent starting tablet: real 0.012s	user 0.012s	sys 0.000s
I20260709 12:22:45.751695 25729 raft_consensus.cc:740] T eb48973785a94c09a20462dc03b8c5fa P 017067fdf9694126b910ddb698f09512 [term 0 FOLLOWER]: Becoming Follower/Learner. State: Replica: 017067fdf9694126b910ddb698f09512, State: Initialized, Role: FOLLOWER
I20260709 12:22:45.752816 25727 tablet_bootstrap.cc:492] T 3726e81c7a4948d3a48d9c51df49e932 P 5e4193cbdd464c2f96e2a7012d691e60: Bootstrap starting.
I20260709 12:22:45.752660 25729 consensus_queue.cc:260] T eb48973785a94c09a20462dc03b8c5fa P 017067fdf9694126b910ddb698f09512 [NON_LEADER]: Queue going to NON_LEADER mode. State: All replicated index: 0, Majority replicated index: 0, Committed index: 0, Last appended: 0.0, Last appended by leader: 0, Current term: 0, Majority size: -1, State: 0, Mode: NON_LEADER, active raft config: opid_index: -1 OBSOLETE_local: false peers { permanent_uuid: "a2324ad57b524759aa58ebd154b785ae" member_type: VOTER last_known_addr { host: "127.24.71.129" port: 39055 } } peers { permanent_uuid: "017067fdf9694126b910ddb698f09512" member_type: VOTER last_known_addr { host: "127.24.71.130" port: 35637 } } peers { permanent_uuid: "5e4193cbdd464c2f96e2a7012d691e60" member_type: VOTER last_known_addr { host: "127.24.71.131" port: 41445 } }
I20260709 12:22:45.754501 25728 tablet_bootstrap.cc:492] T af334351da5349c1870b007d2ab06bab P a2324ad57b524759aa58ebd154b785ae: No bootstrap required, opened a new log
I20260709 12:22:45.755074 25728 ts_tablet_manager.cc:1403] T af334351da5349c1870b007d2ab06bab P a2324ad57b524759aa58ebd154b785ae: Time spent bootstrapping tablet: real 0.051s	user 0.019s	sys 0.008s
I20260709 12:22:45.761157 25727 tablet_bootstrap.cc:654] T 3726e81c7a4948d3a48d9c51df49e932 P 5e4193cbdd464c2f96e2a7012d691e60: Neither blocks nor log segments found. Creating new log.
I20260709 12:22:45.758457 25728 raft_consensus.cc:359] T af334351da5349c1870b007d2ab06bab P a2324ad57b524759aa58ebd154b785ae [term 0 FOLLOWER]: Replica starting. Triggering 0 pending ops. Active config: opid_index: -1 OBSOLETE_local: false peers { permanent_uuid: "a2324ad57b524759aa58ebd154b785ae" member_type: VOTER last_known_addr { host: "127.24.71.129" port: 39055 } } peers { permanent_uuid: "017067fdf9694126b910ddb698f09512" member_type: VOTER last_known_addr { host: "127.24.71.130" port: 35637 } } peers { permanent_uuid: "5e4193cbdd464c2f96e2a7012d691e60" member_type: VOTER last_known_addr { host: "127.24.71.131" port: 41445 } }
I20260709 12:22:45.763039 25728 raft_consensus.cc:385] T af334351da5349c1870b007d2ab06bab P a2324ad57b524759aa58ebd154b785ae [term 0 FOLLOWER]: Consensus starting up: Expiring failure detector timer to make a prompt election more likely
I20260709 12:22:45.763496 25728 raft_consensus.cc:740] T af334351da5349c1870b007d2ab06bab P a2324ad57b524759aa58ebd154b785ae [term 0 FOLLOWER]: Becoming Follower/Learner. State: Replica: a2324ad57b524759aa58ebd154b785ae, State: Initialized, Role: FOLLOWER
I20260709 12:22:45.764778 25728 consensus_queue.cc:260] T af334351da5349c1870b007d2ab06bab P a2324ad57b524759aa58ebd154b785ae [NON_LEADER]: Queue going to NON_LEADER mode. State: All replicated index: 0, Majority replicated index: 0, Committed index: 0, Last appended: 0.0, Last appended by leader: 0, Current term: 0, Majority size: -1, State: 0, Mode: NON_LEADER, active raft config: opid_index: -1 OBSOLETE_local: false peers { permanent_uuid: "a2324ad57b524759aa58ebd154b785ae" member_type: VOTER last_known_addr { host: "127.24.71.129" port: 39055 } } peers { permanent_uuid: "017067fdf9694126b910ddb698f09512" member_type: VOTER last_known_addr { host: "127.24.71.130" port: 35637 } } peers { permanent_uuid: "5e4193cbdd464c2f96e2a7012d691e60" member_type: VOTER last_known_addr { host: "127.24.71.131" port: 41445 } }
I20260709 12:22:45.768885 25638 heartbeater.cc:499] Master 127.24.71.190:42771 was elected leader, sending a full tablet report...
I20260709 12:22:45.772693 25728 ts_tablet_manager.cc:1434] T af334351da5349c1870b007d2ab06bab P a2324ad57b524759aa58ebd154b785ae: Time spent starting tablet: real 0.017s	user 0.009s	sys 0.001s
I20260709 12:22:45.773474 25563 heartbeater.cc:499] Master 127.24.71.190:42771 was elected leader, sending a full tablet report...
I20260709 12:22:45.768944 25729 ts_tablet_manager.cc:1434] T eb48973785a94c09a20462dc03b8c5fa P 017067fdf9694126b910ddb698f09512: Time spent starting tablet: real 0.024s	user 0.019s	sys 0.003s
I20260709 12:22:45.776983 25729 tablet_bootstrap.cc:492] T 482670924d0f4c5cb9626cc251a59e0a P 017067fdf9694126b910ddb698f09512: Bootstrap starting.
I20260709 12:22:45.782407 25728 tablet_bootstrap.cc:492] T c0fc2a6dbdd64698a222003a32680557 P a2324ad57b524759aa58ebd154b785ae: Bootstrap starting.
I20260709 12:22:45.787949 25729 tablet_bootstrap.cc:654] T 482670924d0f4c5cb9626cc251a59e0a P 017067fdf9694126b910ddb698f09512: Neither blocks nor log segments found. Creating new log.
I20260709 12:22:45.791128 25727 tablet_bootstrap.cc:492] T 3726e81c7a4948d3a48d9c51df49e932 P 5e4193cbdd464c2f96e2a7012d691e60: No bootstrap required, opened a new log
I20260709 12:22:45.791663 25727 ts_tablet_manager.cc:1403] T 3726e81c7a4948d3a48d9c51df49e932 P 5e4193cbdd464c2f96e2a7012d691e60: Time spent bootstrapping tablet: real 0.039s	user 0.013s	sys 0.022s
I20260709 12:22:45.794891 25729 tablet_bootstrap.cc:492] T 482670924d0f4c5cb9626cc251a59e0a P 017067fdf9694126b910ddb698f09512: No bootstrap required, opened a new log
I20260709 12:22:45.794762 25727 raft_consensus.cc:359] T 3726e81c7a4948d3a48d9c51df49e932 P 5e4193cbdd464c2f96e2a7012d691e60 [term 0 FOLLOWER]: Replica starting. Triggering 0 pending ops. Active config: opid_index: -1 OBSOLETE_local: false peers { permanent_uuid: "a2324ad57b524759aa58ebd154b785ae" member_type: VOTER last_known_addr { host: "127.24.71.129" port: 39055 } } peers { permanent_uuid: "017067fdf9694126b910ddb698f09512" member_type: VOTER last_known_addr { host: "127.24.71.130" port: 35637 } } peers { permanent_uuid: "5e4193cbdd464c2f96e2a7012d691e60" member_type: VOTER last_known_addr { host: "127.24.71.131" port: 41445 } }
I20260709 12:22:45.794998 25728 tablet_bootstrap.cc:654] T c0fc2a6dbdd64698a222003a32680557 P a2324ad57b524759aa58ebd154b785ae: Neither blocks nor log segments found. Creating new log.
I20260709 12:22:45.795615 25727 raft_consensus.cc:385] T 3726e81c7a4948d3a48d9c51df49e932 P 5e4193cbdd464c2f96e2a7012d691e60 [term 0 FOLLOWER]: Consensus starting up: Expiring failure detector timer to make a prompt election more likely
I20260709 12:22:45.795697 25729 ts_tablet_manager.cc:1403] T 482670924d0f4c5cb9626cc251a59e0a P 017067fdf9694126b910ddb698f09512: Time spent bootstrapping tablet: real 0.019s	user 0.015s	sys 0.003s
I20260709 12:22:45.796047 25727 raft_consensus.cc:740] T 3726e81c7a4948d3a48d9c51df49e932 P 5e4193cbdd464c2f96e2a7012d691e60 [term 0 FOLLOWER]: Becoming Follower/Learner. State: Replica: 5e4193cbdd464c2f96e2a7012d691e60, State: Initialized, Role: FOLLOWER
I20260709 12:22:45.796994 25727 consensus_queue.cc:260] T 3726e81c7a4948d3a48d9c51df49e932 P 5e4193cbdd464c2f96e2a7012d691e60 [NON_LEADER]: Queue going to NON_LEADER mode. State: All replicated index: 0, Majority replicated index: 0, Committed index: 0, Last appended: 0.0, Last appended by leader: 0, Current term: 0, Majority size: -1, State: 0, Mode: NON_LEADER, active raft config: opid_index: -1 OBSOLETE_local: false peers { permanent_uuid: "a2324ad57b524759aa58ebd154b785ae" member_type: VOTER last_known_addr { host: "127.24.71.129" port: 39055 } } peers { permanent_uuid: "017067fdf9694126b910ddb698f09512" member_type: VOTER last_known_addr { host: "127.24.71.130" port: 35637 } } peers { permanent_uuid: "5e4193cbdd464c2f96e2a7012d691e60" member_type: VOTER last_known_addr { host: "127.24.71.131" port: 41445 } }
I20260709 12:22:45.799180 25727 ts_tablet_manager.cc:1434] T 3726e81c7a4948d3a48d9c51df49e932 P 5e4193cbdd464c2f96e2a7012d691e60: Time spent starting tablet: real 0.007s	user 0.003s	sys 0.004s
I20260709 12:22:45.800182 25727 tablet_bootstrap.cc:492] T 06b5b4b43edf4449bc4c3fd0c478ebc4 P 5e4193cbdd464c2f96e2a7012d691e60: Bootstrap starting.
I20260709 12:22:45.799655 25729 raft_consensus.cc:359] T 482670924d0f4c5cb9626cc251a59e0a P 017067fdf9694126b910ddb698f09512 [term 0 FOLLOWER]: Replica starting. Triggering 0 pending ops. Active config: opid_index: -1 OBSOLETE_local: false peers { permanent_uuid: "a2324ad57b524759aa58ebd154b785ae" member_type: VOTER last_known_addr { host: "127.24.71.129" port: 39055 } } peers { permanent_uuid: "017067fdf9694126b910ddb698f09512" member_type: VOTER last_known_addr { host: "127.24.71.130" port: 35637 } } peers { permanent_uuid: "5e4193cbdd464c2f96e2a7012d691e60" member_type: VOTER last_known_addr { host: "127.24.71.131" port: 41445 } }
I20260709 12:22:45.800840 25729 raft_consensus.cc:385] T 482670924d0f4c5cb9626cc251a59e0a P 017067fdf9694126b910ddb698f09512 [term 0 FOLLOWER]: Consensus starting up: Expiring failure detector timer to make a prompt election more likely
I20260709 12:22:45.801348 25729 raft_consensus.cc:740] T 482670924d0f4c5cb9626cc251a59e0a P 017067fdf9694126b910ddb698f09512 [term 0 FOLLOWER]: Becoming Follower/Learner. State: Replica: 017067fdf9694126b910ddb698f09512, State: Initialized, Role: FOLLOWER
I20260709 12:22:45.802379 25729 consensus_queue.cc:260] T 482670924d0f4c5cb9626cc251a59e0a P 017067fdf9694126b910ddb698f09512 [NON_LEADER]: Queue going to NON_LEADER mode. State: All replicated index: 0, Majority replicated index: 0, Committed index: 0, Last appended: 0.0, Last appended by leader: 0, Current term: 0, Majority size: -1, State: 0, Mode: NON_LEADER, active raft config: opid_index: -1 OBSOLETE_local: false peers { permanent_uuid: "a2324ad57b524759aa58ebd154b785ae" member_type: VOTER last_known_addr { host: "127.24.71.129" port: 39055 } } peers { permanent_uuid: "017067fdf9694126b910ddb698f09512" member_type: VOTER last_known_addr { host: "127.24.71.130" port: 35637 } } peers { permanent_uuid: "5e4193cbdd464c2f96e2a7012d691e60" member_type: VOTER last_known_addr { host: "127.24.71.131" port: 41445 } }
I20260709 12:22:45.805567 25729 ts_tablet_manager.cc:1434] T 482670924d0f4c5cb9626cc251a59e0a P 017067fdf9694126b910ddb698f09512: Time spent starting tablet: real 0.009s	user 0.007s	sys 0.000s
I20260709 12:22:45.806900 25729 tablet_bootstrap.cc:492] T 3726e81c7a4948d3a48d9c51df49e932 P 017067fdf9694126b910ddb698f09512: Bootstrap starting.
I20260709 12:22:45.807098 25727 tablet_bootstrap.cc:654] T 06b5b4b43edf4449bc4c3fd0c478ebc4 P 5e4193cbdd464c2f96e2a7012d691e60: Neither blocks nor log segments found. Creating new log.
I20260709 12:22:45.816514 25729 tablet_bootstrap.cc:654] T 3726e81c7a4948d3a48d9c51df49e932 P 017067fdf9694126b910ddb698f09512: Neither blocks nor log segments found. Creating new log.
I20260709 12:22:45.833729 25729 tablet_bootstrap.cc:492] T 3726e81c7a4948d3a48d9c51df49e932 P 017067fdf9694126b910ddb698f09512: No bootstrap required, opened a new log
I20260709 12:22:45.834520 25729 ts_tablet_manager.cc:1403] T 3726e81c7a4948d3a48d9c51df49e932 P 017067fdf9694126b910ddb698f09512: Time spent bootstrapping tablet: real 0.028s	user 0.011s	sys 0.011s
I20260709 12:22:45.838447 25729 raft_consensus.cc:359] T 3726e81c7a4948d3a48d9c51df49e932 P 017067fdf9694126b910ddb698f09512 [term 0 FOLLOWER]: Replica starting. Triggering 0 pending ops. Active config: opid_index: -1 OBSOLETE_local: false peers { permanent_uuid: "a2324ad57b524759aa58ebd154b785ae" member_type: VOTER last_known_addr { host: "127.24.71.129" port: 39055 } } peers { permanent_uuid: "017067fdf9694126b910ddb698f09512" member_type: VOTER last_known_addr { host: "127.24.71.130" port: 35637 } } peers { permanent_uuid: "5e4193cbdd464c2f96e2a7012d691e60" member_type: VOTER last_known_addr { host: "127.24.71.131" port: 41445 } }
I20260709 12:22:45.839581 25729 raft_consensus.cc:385] T 3726e81c7a4948d3a48d9c51df49e932 P 017067fdf9694126b910ddb698f09512 [term 0 FOLLOWER]: Consensus starting up: Expiring failure detector timer to make a prompt election more likely
I20260709 12:22:45.840076 25729 raft_consensus.cc:740] T 3726e81c7a4948d3a48d9c51df49e932 P 017067fdf9694126b910ddb698f09512 [term 0 FOLLOWER]: Becoming Follower/Learner. State: Replica: 017067fdf9694126b910ddb698f09512, State: Initialized, Role: FOLLOWER
I20260709 12:22:45.841334 25729 consensus_queue.cc:260] T 3726e81c7a4948d3a48d9c51df49e932 P 017067fdf9694126b910ddb698f09512 [NON_LEADER]: Queue going to NON_LEADER mode. State: All replicated index: 0, Majority replicated index: 0, Committed index: 0, Last appended: 0.0, Last appended by leader: 0, Current term: 0, Majority size: -1, State: 0, Mode: NON_LEADER, active raft config: opid_index: -1 OBSOLETE_local: false peers { permanent_uuid: "a2324ad57b524759aa58ebd154b785ae" member_type: VOTER last_known_addr { host: "127.24.71.129" port: 39055 } } peers { permanent_uuid: "017067fdf9694126b910ddb698f09512" member_type: VOTER last_known_addr { host: "127.24.71.130" port: 35637 } } peers { permanent_uuid: "5e4193cbdd464c2f96e2a7012d691e60" member_type: VOTER last_known_addr { host: "127.24.71.131" port: 41445 } }
I20260709 12:22:45.843544 25728 tablet_bootstrap.cc:492] T c0fc2a6dbdd64698a222003a32680557 P a2324ad57b524759aa58ebd154b785ae: No bootstrap required, opened a new log
I20260709 12:22:45.844123 25728 ts_tablet_manager.cc:1403] T c0fc2a6dbdd64698a222003a32680557 P a2324ad57b524759aa58ebd154b785ae: Time spent bootstrapping tablet: real 0.062s	user 0.008s	sys 0.046s
I20260709 12:22:45.844179 25729 ts_tablet_manager.cc:1434] T 3726e81c7a4948d3a48d9c51df49e932 P 017067fdf9694126b910ddb698f09512: Time spent starting tablet: real 0.009s	user 0.007s	sys 0.000s
I20260709 12:22:45.845337 25729 tablet_bootstrap.cc:492] T c0fc2a6dbdd64698a222003a32680557 P 017067fdf9694126b910ddb698f09512: Bootstrap starting.
I20260709 12:22:45.846736 25727 tablet_bootstrap.cc:492] T 06b5b4b43edf4449bc4c3fd0c478ebc4 P 5e4193cbdd464c2f96e2a7012d691e60: No bootstrap required, opened a new log
I20260709 12:22:45.847232 25727 ts_tablet_manager.cc:1403] T 06b5b4b43edf4449bc4c3fd0c478ebc4 P 5e4193cbdd464c2f96e2a7012d691e60: Time spent bootstrapping tablet: real 0.047s	user 0.009s	sys 0.032s
