I20260709 12:22:42.155570  8089 raft_consensus.cc:2468] T 143af91e444f4a1396bba75d5d8d25ef P 4959e75ac2ca4dc38804cf57d9d59dd2 [term 0 FOLLOWER]: Leader pre-election vote request: Granting yes vote for candidate 0056c2e4121049d38649e610af7ad682 in term 0.
I20260709 12:22:42.156030  8133 raft_consensus.cc:2804] T 143af91e444f4a1396bba75d5d8d25ef P 4959e75ac2ca4dc38804cf57d9d59dd2 [term 0 FOLLOWER]: Leader pre-election won for term 1
I20260709 12:22:42.156158  7981 leader_election.cc:304] T cfb5fd03ea0b4802b74c581cd4a3981a P f067f6cb7e5c4ec3a10d19222353a7b5 [CANDIDATE]: Term 1 pre-election: Election decided. Result: candidate won. Election summary: received 3 responses out of 3 voters: 2 yes votes; 1 no votes. yes voters: 4959e75ac2ca4dc38804cf57d9d59dd2, f067f6cb7e5c4ec3a10d19222353a7b5; no voters: 0056c2e4121049d38649e610af7ad682
I20260709 12:22:42.156392  8133 raft_consensus.cc:493] T 143af91e444f4a1396bba75d5d8d25ef P 4959e75ac2ca4dc38804cf57d9d59dd2 [term 0 FOLLOWER]: Starting leader election (no leader contacted us within the election timeout)
I20260709 12:22:42.156635  7906 leader_election.cc:304] T 143af91e444f4a1396bba75d5d8d25ef P 0056c2e4121049d38649e610af7ad682 [CANDIDATE]: Term 1 pre-election: Election decided. Result: candidate won. Election summary: received 2 responses out of 3 voters: 2 yes votes; 0 no votes. yes voters: 0056c2e4121049d38649e610af7ad682, 4959e75ac2ca4dc38804cf57d9d59dd2; no voters: 
I20260709 12:22:42.156796  8133 raft_consensus.cc:3060] T 143af91e444f4a1396bba75d5d8d25ef P 4959e75ac2ca4dc38804cf57d9d59dd2 [term 0 FOLLOWER]: Advancing to term 1
I20260709 12:22:42.157431  8145 raft_consensus.cc:2804] T 143af91e444f4a1396bba75d5d8d25ef P 0056c2e4121049d38649e610af7ad682 [term 0 FOLLOWER]: Leader pre-election won for term 1
I20260709 12:22:42.157754  8145 raft_consensus.cc:493] T 143af91e444f4a1396bba75d5d8d25ef P 0056c2e4121049d38649e610af7ad682 [term 0 FOLLOWER]: Starting leader election (no leader contacted us within the election timeout)
I20260709 12:22:42.157917  8052 leader_election.cc:304] T ed42bbdfeeb24215bc8710bfc24665c6 P 4959e75ac2ca4dc38804cf57d9d59dd2 [CANDIDATE]: Term 1 election: Election decided. Result: candidate won. Election summary: received 3 responses out of 3 voters: 2 yes votes; 1 no votes. yes voters: 4959e75ac2ca4dc38804cf57d9d59dd2, f067f6cb7e5c4ec3a10d19222353a7b5; no voters: 0056c2e4121049d38649e610af7ad682
I20260709 12:22:42.158241  8145 raft_consensus.cc:3060] T 143af91e444f4a1396bba75d5d8d25ef P 0056c2e4121049d38649e610af7ad682 [term 0 FOLLOWER]: Advancing to term 1
I20260709 12:22:42.158972  8135 raft_consensus.cc:2804] T ed42bbdfeeb24215bc8710bfc24665c6 P 4959e75ac2ca4dc38804cf57d9d59dd2 [term 1 FOLLOWER]: Leader election won for term 1
I20260709 12:22:42.159746  8139 raft_consensus.cc:2804] T cfb5fd03ea0b4802b74c581cd4a3981a P f067f6cb7e5c4ec3a10d19222353a7b5 [term 0 FOLLOWER]: Leader pre-election won for term 1
I20260709 12:22:42.160142  8139 raft_consensus.cc:493] T cfb5fd03ea0b4802b74c581cd4a3981a P f067f6cb7e5c4ec3a10d19222353a7b5 [term 0 FOLLOWER]: Starting leader election (no leader contacted us within the election timeout)
I20260709 12:22:42.160493  8139 raft_consensus.cc:3060] T cfb5fd03ea0b4802b74c581cd4a3981a P f067f6cb7e5c4ec3a10d19222353a7b5 [term 0 FOLLOWER]: Advancing to term 1
I20260709 12:22:42.163249  8133 raft_consensus.cc:515] T 143af91e444f4a1396bba75d5d8d25ef P 4959e75ac2ca4dc38804cf57d9d59dd2 [term 1 FOLLOWER]: Starting leader election with config: opid_index: -1 OBSOLETE_local: false peers { permanent_uuid: "0056c2e4121049d38649e610af7ad682" member_type: VOTER last_known_addr { host: "127.7.31.1" port: 41609 } } peers { permanent_uuid: "f067f6cb7e5c4ec3a10d19222353a7b5" member_type: VOTER last_known_addr { host: "127.7.31.2" port: 45761 } } peers { permanent_uuid: "4959e75ac2ca4dc38804cf57d9d59dd2" member_type: VOTER last_known_addr { host: "127.7.31.3" port: 34925 } }
I20260709 12:22:42.164489  8145 raft_consensus.cc:515] T 143af91e444f4a1396bba75d5d8d25ef P 0056c2e4121049d38649e610af7ad682 [term 1 FOLLOWER]: Starting leader election with config: opid_index: -1 OBSOLETE_local: false peers { permanent_uuid: "0056c2e4121049d38649e610af7ad682" member_type: VOTER last_known_addr { host: "127.7.31.1" port: 41609 } } peers { permanent_uuid: "f067f6cb7e5c4ec3a10d19222353a7b5" member_type: VOTER last_known_addr { host: "127.7.31.2" port: 45761 } } peers { permanent_uuid: "4959e75ac2ca4dc38804cf57d9d59dd2" member_type: VOTER last_known_addr { host: "127.7.31.3" port: 34925 } }
I20260709 12:22:42.148481  8134 ts_tablet_manager.cc:1403] T cfb5fd03ea0b4802b74c581cd4a3981a P 0056c2e4121049d38649e610af7ad682: Time spent bootstrapping tablet: real 0.085s	user 0.036s	sys 0.044s
I20260709 12:22:42.165279  8133 leader_election.cc:290] T 143af91e444f4a1396bba75d5d8d25ef P 4959e75ac2ca4dc38804cf57d9d59dd2 [CANDIDATE]: Term 1 election: Requested vote from peers 0056c2e4121049d38649e610af7ad682 (127.7.31.1:41609), f067f6cb7e5c4ec3a10d19222353a7b5 (127.7.31.2:45761)
I20260709 12:22:42.165640  8165 raft_consensus.cc:493] T 64b2393988e643f6aede4bab8a13ae5d P 0056c2e4121049d38649e610af7ad682 [term 0 FOLLOWER]: Starting pre-election (no leader contacted us within the election timeout)
I20260709 12:22:42.166136  8165 raft_consensus.cc:515] T 64b2393988e643f6aede4bab8a13ae5d P 0056c2e4121049d38649e610af7ad682 [term 0 FOLLOWER]: Starting pre-election with config: opid_index: -1 OBSOLETE_local: false peers { permanent_uuid: "4959e75ac2ca4dc38804cf57d9d59dd2" member_type: VOTER last_known_addr { host: "127.7.31.3" port: 34925 } } peers { permanent_uuid: "f067f6cb7e5c4ec3a10d19222353a7b5" member_type: VOTER last_known_addr { host: "127.7.31.2" port: 45761 } } peers { permanent_uuid: "0056c2e4121049d38649e610af7ad682" member_type: VOTER last_known_addr { host: "127.7.31.1" port: 41609 } }
I20260709 12:22:42.167053  8014 raft_consensus.cc:2468] T 143af91e444f4a1396bba75d5d8d25ef P f067f6cb7e5c4ec3a10d19222353a7b5 [term 0 FOLLOWER]: Leader pre-election vote request: Granting yes vote for candidate 0056c2e4121049d38649e610af7ad682 in term 0.
I20260709 12:22:42.168448  7939 tablet_service.cc:1917] Received RequestConsensusVote() RPC: tablet_id: "143af91e444f4a1396bba75d5d8d25ef" candidate_uuid: "4959e75ac2ca4dc38804cf57d9d59dd2" candidate_term: 1 candidate_status { last_received { term: 0 index: 0 } } ignore_live_leader: false dest_uuid: "0056c2e4121049d38649e610af7ad682"
I20260709 12:22:42.169149  7939 raft_consensus.cc:2393] T 143af91e444f4a1396bba75d5d8d25ef P 0056c2e4121049d38649e610af7ad682 [term 1 FOLLOWER]: Leader election vote request: Denying vote to candidate 4959e75ac2ca4dc38804cf57d9d59dd2 in current term 1: Already voted for candidate 0056c2e4121049d38649e610af7ad682 in this term.
I20260709 12:22:42.169610  8015 tablet_service.cc:1917] Received RequestConsensusVote() RPC: tablet_id: "143af91e444f4a1396bba75d5d8d25ef" candidate_uuid: "4959e75ac2ca4dc38804cf57d9d59dd2" candidate_term: 1 candidate_status { last_received { term: 0 index: 0 } } ignore_live_leader: false dest_uuid: "f067f6cb7e5c4ec3a10d19222353a7b5"
I20260709 12:22:42.170171  8015 raft_consensus.cc:3060] T 143af91e444f4a1396bba75d5d8d25ef P f067f6cb7e5c4ec3a10d19222353a7b5 [term 0 FOLLOWER]: Advancing to term 1
I20260709 12:22:42.170262  8089 tablet_service.cc:1917] Received RequestConsensusVote() RPC: tablet_id: "64b2393988e643f6aede4bab8a13ae5d" candidate_uuid: "0056c2e4121049d38649e610af7ad682" candidate_term: 1 candidate_status { last_received { term: 0 index: 0 } } ignore_live_leader: false dest_uuid: "4959e75ac2ca4dc38804cf57d9d59dd2" is_pre_election: true
I20260709 12:22:42.172935  8139 raft_consensus.cc:515] T cfb5fd03ea0b4802b74c581cd4a3981a P f067f6cb7e5c4ec3a10d19222353a7b5 [term 1 FOLLOWER]: Starting leader election with config: opid_index: -1 OBSOLETE_local: false peers { permanent_uuid: "0056c2e4121049d38649e610af7ad682" member_type: VOTER last_known_addr { host: "127.7.31.1" port: 41609 } } peers { permanent_uuid: "f067f6cb7e5c4ec3a10d19222353a7b5" member_type: VOTER last_known_addr { host: "127.7.31.2" port: 45761 } } peers { permanent_uuid: "4959e75ac2ca4dc38804cf57d9d59dd2" member_type: VOTER last_known_addr { host: "127.7.31.3" port: 34925 } }
I20260709 12:22:42.168208  8165 leader_election.cc:290] T 64b2393988e643f6aede4bab8a13ae5d P 0056c2e4121049d38649e610af7ad682 [CANDIDATE]: Term 1 pre-election: Requested pre-vote from peers 4959e75ac2ca4dc38804cf57d9d59dd2 (127.7.31.3:34925), f067f6cb7e5c4ec3a10d19222353a7b5 (127.7.31.2:45761)
I20260709 12:22:42.173560  8145 leader_election.cc:290] T 143af91e444f4a1396bba75d5d8d25ef P 0056c2e4121049d38649e610af7ad682 [CANDIDATE]: Term 1 election: Requested vote from peers f067f6cb7e5c4ec3a10d19222353a7b5 (127.7.31.2:45761), 4959e75ac2ca4dc38804cf57d9d59dd2 (127.7.31.3:34925)
I20260709 12:22:42.167479  8134 raft_consensus.cc:359] T cfb5fd03ea0b4802b74c581cd4a3981a P 0056c2e4121049d38649e610af7ad682 [term 0 FOLLOWER]: Replica starting. Triggering 0 pending ops. Active config: opid_index: -1 OBSOLETE_local: false peers { permanent_uuid: "0056c2e4121049d38649e610af7ad682" member_type: VOTER last_known_addr { host: "127.7.31.1" port: 41609 } } peers { permanent_uuid: "f067f6cb7e5c4ec3a10d19222353a7b5" member_type: VOTER last_known_addr { host: "127.7.31.2" port: 45761 } } peers { permanent_uuid: "4959e75ac2ca4dc38804cf57d9d59dd2" member_type: VOTER last_known_addr { host: "127.7.31.3" port: 34925 } }
I20260709 12:22:42.173771  8013 tablet_service.cc:1917] Received RequestConsensusVote() RPC: tablet_id: "143af91e444f4a1396bba75d5d8d25ef" candidate_uuid: "0056c2e4121049d38649e610af7ad682" candidate_term: 1 candidate_status { last_received { term: 0 index: 0 } } ignore_live_leader: false dest_uuid: "f067f6cb7e5c4ec3a10d19222353a7b5"
I20260709 12:22:42.176059  8015 raft_consensus.cc:2468] T 143af91e444f4a1396bba75d5d8d25ef P f067f6cb7e5c4ec3a10d19222353a7b5 [term 1 FOLLOWER]: Leader election vote request: Granting yes vote for candidate 4959e75ac2ca4dc38804cf57d9d59dd2 in term 1.
I20260709 12:22:42.174875  8089 tablet_service.cc:1917] Received RequestConsensusVote() RPC: tablet_id: "143af91e444f4a1396bba75d5d8d25ef" candidate_uuid: "0056c2e4121049d38649e610af7ad682" candidate_term: 1 candidate_status { last_received { term: 0 index: 0 } } ignore_live_leader: false dest_uuid: "4959e75ac2ca4dc38804cf57d9d59dd2"
I20260709 12:22:42.176532  8135 raft_consensus.cc:697] T ed42bbdfeeb24215bc8710bfc24665c6 P 4959e75ac2ca4dc38804cf57d9d59dd2 [term 1 LEADER]: Becoming Leader. State: Replica: 4959e75ac2ca4dc38804cf57d9d59dd2, State: Running, Role: LEADER
I20260709 12:22:42.176986  8089 raft_consensus.cc:2393] T 143af91e444f4a1396bba75d5d8d25ef P 4959e75ac2ca4dc38804cf57d9d59dd2 [term 1 FOLLOWER]: Leader election vote request: Denying vote to candidate 0056c2e4121049d38649e610af7ad682 in current term 1: Already voted for candidate 4959e75ac2ca4dc38804cf57d9d59dd2 in this term.
I20260709 12:22:42.177060  8134 raft_consensus.cc:385] T cfb5fd03ea0b4802b74c581cd4a3981a P 0056c2e4121049d38649e610af7ad682 [term 0 FOLLOWER]: Consensus starting up: Expiring failure detector timer to make a prompt election more likely
I20260709 12:22:42.177476  8134 raft_consensus.cc:740] T cfb5fd03ea0b4802b74c581cd4a3981a P 0056c2e4121049d38649e610af7ad682 [term 0 FOLLOWER]: Becoming Follower/Learner. State: Replica: 0056c2e4121049d38649e610af7ad682, State: Initialized, Role: FOLLOWER
I20260709 12:22:42.177595  8135 consensus_queue.cc:237] T ed42bbdfeeb24215bc8710bfc24665c6 P 4959e75ac2ca4dc38804cf57d9d59dd2 [LEADER]: Queue going to LEADER mode. State: All replicated index: 0, Majority replicated index: 0, Committed index: 0, Last appended: 0.0, Last appended by leader: 0, Current term: 1, Majority size: 2, State: 0, Mode: LEADER, active raft config: opid_index: -1 OBSOLETE_local: false peers { permanent_uuid: "0056c2e4121049d38649e610af7ad682" member_type: VOTER last_known_addr { host: "127.7.31.1" port: 41609 } } peers { permanent_uuid: "f067f6cb7e5c4ec3a10d19222353a7b5" member_type: VOTER last_known_addr { host: "127.7.31.2" port: 45761 } } peers { permanent_uuid: "4959e75ac2ca4dc38804cf57d9d59dd2" member_type: VOTER last_known_addr { host: "127.7.31.3" port: 34925 } }
I20260709 12:22:42.178045  7906 leader_election.cc:304] T 143af91e444f4a1396bba75d5d8d25ef P 0056c2e4121049d38649e610af7ad682 [CANDIDATE]: Term 1 election: Election decided. Result: candidate lost. Election summary: received 3 responses out of 3 voters: 1 yes votes; 2 no votes. yes voters: 0056c2e4121049d38649e610af7ad682; no voters: 4959e75ac2ca4dc38804cf57d9d59dd2, f067f6cb7e5c4ec3a10d19222353a7b5
I20260709 12:22:42.178459  8174 raft_consensus.cc:493] T 45c41e3189e045b1b228ec9ea6e90b80 P 4959e75ac2ca4dc38804cf57d9d59dd2 [term 0 FOLLOWER]: Starting pre-election (no leader contacted us within the election timeout)
I20260709 12:22:42.178305  8134 consensus_queue.cc:260] T cfb5fd03ea0b4802b74c581cd4a3981a P 0056c2e4121049d38649e610af7ad682 [NON_LEADER]: Queue going to NON_LEADER mode. State: All replicated index: 0, Majority replicated index: 0, Committed index: 0, Last appended: 0.0, Last appended by leader: 0, Current term: 0, Majority size: -1, State: 0, Mode: NON_LEADER, active raft config: opid_index: -1 OBSOLETE_local: false peers { permanent_uuid: "0056c2e4121049d38649e610af7ad682" member_type: VOTER last_known_addr { host: "127.7.31.1" port: 41609 } } peers { permanent_uuid: "f067f6cb7e5c4ec3a10d19222353a7b5" member_type: VOTER last_known_addr { host: "127.7.31.2" port: 45761 } } peers { permanent_uuid: "4959e75ac2ca4dc38804cf57d9d59dd2" member_type: VOTER last_known_addr { host: "127.7.31.3" port: 34925 } }
I20260709 12:22:42.179201  8145 raft_consensus.cc:2749] T 143af91e444f4a1396bba75d5d8d25ef P 0056c2e4121049d38649e610af7ad682 [term 1 FOLLOWER]: Leader election lost for term 1. Reason: could not achieve majority
I20260709 12:22:42.178925  8174 raft_consensus.cc:515] T 45c41e3189e045b1b228ec9ea6e90b80 P 4959e75ac2ca4dc38804cf57d9d59dd2 [term 0 FOLLOWER]: Starting pre-election with config: opid_index: -1 OBSOLETE_local: false peers { permanent_uuid: "0056c2e4121049d38649e610af7ad682" member_type: VOTER last_known_addr { host: "127.7.31.1" port: 41609 } } peers { permanent_uuid: "f067f6cb7e5c4ec3a10d19222353a7b5" member_type: VOTER last_known_addr { host: "127.7.31.2" port: 45761 } } peers { permanent_uuid: "4959e75ac2ca4dc38804cf57d9d59dd2" member_type: VOTER last_known_addr { host: "127.7.31.3" port: 34925 } }
I20260709 12:22:42.181041  8139 leader_election.cc:290] T cfb5fd03ea0b4802b74c581cd4a3981a P f067f6cb7e5c4ec3a10d19222353a7b5 [CANDIDATE]: Term 1 election: Requested vote from peers 0056c2e4121049d38649e610af7ad682 (127.7.31.1:41609), 4959e75ac2ca4dc38804cf57d9d59dd2 (127.7.31.3:34925)
I20260709 12:22:42.177496  8052 leader_election.cc:304] T 143af91e444f4a1396bba75d5d8d25ef P 4959e75ac2ca4dc38804cf57d9d59dd2 [CANDIDATE]: Term 1 election: Election decided. Result: candidate won. Election summary: received 3 responses out of 3 voters: 2 yes votes; 1 no votes. yes voters: 4959e75ac2ca4dc38804cf57d9d59dd2, f067f6cb7e5c4ec3a10d19222353a7b5; no voters: 0056c2e4121049d38649e610af7ad682
I20260709 12:22:42.182227  8173 raft_consensus.cc:2804] T 143af91e444f4a1396bba75d5d8d25ef P 4959e75ac2ca4dc38804cf57d9d59dd2 [term 1 FOLLOWER]: Leader election won for term 1
I20260709 12:22:42.182813  8173 raft_consensus.cc:697] T 143af91e444f4a1396bba75d5d8d25ef P 4959e75ac2ca4dc38804cf57d9d59dd2 [term 1 LEADER]: Becoming Leader. State: Replica: 4959e75ac2ca4dc38804cf57d9d59dd2, State: Running, Role: LEADER
I20260709 12:22:42.182953  7940 tablet_service.cc:1917] Received RequestConsensusVote() RPC: tablet_id: "45c41e3189e045b1b228ec9ea6e90b80" candidate_uuid: "4959e75ac2ca4dc38804cf57d9d59dd2" candidate_term: 1 candidate_status { last_received { term: 0 index: 0 } } ignore_live_leader: false dest_uuid: "0056c2e4121049d38649e610af7ad682" is_pre_election: true
I20260709 12:22:42.176080  8014 tablet_service.cc:1917] Received RequestConsensusVote() RPC: tablet_id: "64b2393988e643f6aede4bab8a13ae5d" candidate_uuid: "0056c2e4121049d38649e610af7ad682" candidate_term: 1 candidate_status { last_received { term: 0 index: 0 } } ignore_live_leader: false dest_uuid: "f067f6cb7e5c4ec3a10d19222353a7b5" is_pre_election: true
I20260709 12:22:42.183934  8089 tablet_service.cc:1917] Received RequestConsensusVote() RPC: tablet_id: "cfb5fd03ea0b4802b74c581cd4a3981a" candidate_uuid: "f067f6cb7e5c4ec3a10d19222353a7b5" candidate_term: 1 candidate_status { last_received { term: 0 index: 0 } } ignore_live_leader: false dest_uuid: "4959e75ac2ca4dc38804cf57d9d59dd2"
I20260709 12:22:42.184026  7939 tablet_service.cc:1917] Received RequestConsensusVote() RPC: tablet_id: "cfb5fd03ea0b4802b74c581cd4a3981a" candidate_uuid: "f067f6cb7e5c4ec3a10d19222353a7b5" candidate_term: 1 candidate_status { last_received { term: 0 index: 0 } } ignore_live_leader: false dest_uuid: "0056c2e4121049d38649e610af7ad682"
I20260709 12:22:42.183782  8173 consensus_queue.cc:237] T 143af91e444f4a1396bba75d5d8d25ef P 4959e75ac2ca4dc38804cf57d9d59dd2 [LEADER]: Queue going to LEADER mode. State: All replicated index: 0, Majority replicated index: 0, Committed index: 0, Last appended: 0.0, Last appended by leader: 0, Current term: 1, Majority size: 2, State: 0, Mode: LEADER, active raft config: opid_index: -1 OBSOLETE_local: false peers { permanent_uuid: "0056c2e4121049d38649e610af7ad682" member_type: VOTER last_known_addr { host: "127.7.31.1" port: 41609 } } peers { permanent_uuid: "f067f6cb7e5c4ec3a10d19222353a7b5" member_type: VOTER last_known_addr { host: "127.7.31.2" port: 45761 } } peers { permanent_uuid: "4959e75ac2ca4dc38804cf57d9d59dd2" member_type: VOTER last_known_addr { host: "127.7.31.3" port: 34925 } }
I20260709 12:22:42.184618  7939 raft_consensus.cc:3060] T cfb5fd03ea0b4802b74c581cd4a3981a P 0056c2e4121049d38649e610af7ad682 [term 0 FOLLOWER]: Advancing to term 1
I20260709 12:22:42.184574  8089 raft_consensus.cc:3060] T cfb5fd03ea0b4802b74c581cd4a3981a P 4959e75ac2ca4dc38804cf57d9d59dd2 [term 0 FOLLOWER]: Advancing to term 1
I20260709 12:22:42.184580  8014 raft_consensus.cc:2393] T 64b2393988e643f6aede4bab8a13ae5d P f067f6cb7e5c4ec3a10d19222353a7b5 [term 1 FOLLOWER]: Leader pre-election vote request: Denying vote to candidate 0056c2e4121049d38649e610af7ad682 in current term 1: Already voted for candidate 4959e75ac2ca4dc38804cf57d9d59dd2 in this term.
I20260709 12:22:42.188180  7903 leader_election.cc:304] T 64b2393988e643f6aede4bab8a13ae5d P 0056c2e4121049d38649e610af7ad682 [CANDIDATE]: Term 1 pre-election: Election decided. Result: candidate lost. Election summary: received 3 responses out of 3 voters: 1 yes votes; 2 no votes. yes voters: 0056c2e4121049d38649e610af7ad682; no voters: 4959e75ac2ca4dc38804cf57d9d59dd2, f067f6cb7e5c4ec3a10d19222353a7b5
I20260709 12:22:42.189380  8145 raft_consensus.cc:3060] T 64b2393988e643f6aede4bab8a13ae5d P 0056c2e4121049d38649e610af7ad682 [term 0 FOLLOWER]: Advancing to term 1
I20260709 12:22:42.189996  8134 ts_tablet_manager.cc:1434] T cfb5fd03ea0b4802b74c581cd4a3981a P 0056c2e4121049d38649e610af7ad682: Time spent starting tablet: real 0.024s	user 0.003s	sys 0.002s
I20260709 12:22:42.191490  8134 tablet_bootstrap.cc:492] T 6c3e25991ac747f481a16b14dce55ee9 P 0056c2e4121049d38649e610af7ad682: Bootstrap starting.
I20260709 12:22:42.191543  8089 raft_consensus.cc:2468] T cfb5fd03ea0b4802b74c581cd4a3981a P 4959e75ac2ca4dc38804cf57d9d59dd2 [term 1 FOLLOWER]: Leader election vote request: Granting yes vote for candidate f067f6cb7e5c4ec3a10d19222353a7b5 in term 1.
I20260709 12:22:42.192603  7981 leader_election.cc:304] T cfb5fd03ea0b4802b74c581cd4a3981a P f067f6cb7e5c4ec3a10d19222353a7b5 [CANDIDATE]: Term 1 election: Election decided. Result: candidate won. Election summary: received 2 responses out of 3 voters: 2 yes votes; 0 no votes. yes voters: 4959e75ac2ca4dc38804cf57d9d59dd2, f067f6cb7e5c4ec3a10d19222353a7b5; no voters: 
I20260709 12:22:42.193337  8139 raft_consensus.cc:2804] T cfb5fd03ea0b4802b74c581cd4a3981a P f067f6cb7e5c4ec3a10d19222353a7b5 [term 1 FOLLOWER]: Leader election won for term 1
I20260709 12:22:42.193786  8139 raft_consensus.cc:697] T cfb5fd03ea0b4802b74c581cd4a3981a P f067f6cb7e5c4ec3a10d19222353a7b5 [term 1 LEADER]: Becoming Leader. State: Replica: f067f6cb7e5c4ec3a10d19222353a7b5, State: Running, Role: LEADER
I20260709 12:22:42.194566  8139 consensus_queue.cc:237] T cfb5fd03ea0b4802b74c581cd4a3981a P f067f6cb7e5c4ec3a10d19222353a7b5 [LEADER]: Queue going to LEADER mode. State: All replicated index: 0, Majority replicated index: 0, Committed index: 0, Last appended: 0.0, Last appended by leader: 0, Current term: 1, Majority size: 2, State: 0, Mode: LEADER, active raft config: opid_index: -1 OBSOLETE_local: false peers { permanent_uuid: "0056c2e4121049d38649e610af7ad682" member_type: VOTER last_known_addr { host: "127.7.31.1" port: 41609 } } peers { permanent_uuid: "f067f6cb7e5c4ec3a10d19222353a7b5" member_type: VOTER last_known_addr { host: "127.7.31.2" port: 45761 } } peers { permanent_uuid: "4959e75ac2ca4dc38804cf57d9d59dd2" member_type: VOTER last_known_addr { host: "127.7.31.3" port: 34925 } }
I20260709 12:22:42.196650  7939 raft_consensus.cc:2468] T cfb5fd03ea0b4802b74c581cd4a3981a P 0056c2e4121049d38649e610af7ad682 [term 1 FOLLOWER]: Leader election vote request: Granting yes vote for candidate f067f6cb7e5c4ec3a10d19222353a7b5 in term 1.
I20260709 12:22:42.198611  8134 tablet_bootstrap.cc:654] T 6c3e25991ac747f481a16b14dce55ee9 P 0056c2e4121049d38649e610af7ad682: Neither blocks nor log segments found. Creating new log.
I20260709 12:22:42.203130  8145 raft_consensus.cc:2749] T 64b2393988e643f6aede4bab8a13ae5d P 0056c2e4121049d38649e610af7ad682 [term 1 FOLLOWER]: Leader pre-election lost for term 1. Reason: could not achieve majority
I20260709 12:22:42.206441  8014 tablet_service.cc:1917] Received RequestConsensusVote() RPC: tablet_id: "45c41e3189e045b1b228ec9ea6e90b80" candidate_uuid: "4959e75ac2ca4dc38804cf57d9d59dd2" candidate_term: 1 candidate_status { last_received { term: 0 index: 0 } } ignore_live_leader: false dest_uuid: "f067f6cb7e5c4ec3a10d19222353a7b5" is_pre_election: true
I20260709 12:22:42.207306  8014 raft_consensus.cc:2393] T 45c41e3189e045b1b228ec9ea6e90b80 P f067f6cb7e5c4ec3a10d19222353a7b5 [term 1 FOLLOWER]: Leader pre-election vote request: Denying vote to candidate 4959e75ac2ca4dc38804cf57d9d59dd2 in current term 1: Already voted for candidate 0056c2e4121049d38649e610af7ad682 in this term.
I20260709 12:22:42.208289  8052 leader_election.cc:304] T 45c41e3189e045b1b228ec9ea6e90b80 P 4959e75ac2ca4dc38804cf57d9d59dd2 [CANDIDATE]: Term 1 pre-election: Election decided. Result: candidate lost. Election summary: received 3 responses out of 3 voters: 1 yes votes; 2 no votes. yes voters: 4959e75ac2ca4dc38804cf57d9d59dd2; no voters: 0056c2e4121049d38649e610af7ad682, f067f6cb7e5c4ec3a10d19222353a7b5
I20260709 12:22:42.208287  7838 catalog_manager.cc:5697] T ed42bbdfeeb24215bc8710bfc24665c6 P 4959e75ac2ca4dc38804cf57d9d59dd2 reported cstate change: term changed from 0 to 1, leader changed from <none> to 4959e75ac2ca4dc38804cf57d9d59dd2 (127.7.31.3). New cstate: current_term: 1 leader_uuid: "4959e75ac2ca4dc38804cf57d9d59dd2" committed_config { opid_index: -1 OBSOLETE_local: false peers { permanent_uuid: "0056c2e4121049d38649e610af7ad682" member_type: VOTER last_known_addr { host: "127.7.31.1" port: 41609 } health_report { overall_health: UNKNOWN } } peers { permanent_uuid: "f067f6cb7e5c4ec3a10d19222353a7b5" member_type: VOTER last_known_addr { host: "127.7.31.2" port: 45761 } health_report { overall_health: UNKNOWN } } peers { permanent_uuid: "4959e75ac2ca4dc38804cf57d9d59dd2" member_type: VOTER last_known_addr { host: "127.7.31.3" port: 34925 } health_report { overall_health: HEALTHY } } }
I20260709 12:22:42.209194  8133 raft_consensus.cc:3060] T 45c41e3189e045b1b228ec9ea6e90b80 P 4959e75ac2ca4dc38804cf57d9d59dd2 [term 0 FOLLOWER]: Advancing to term 1
I20260709 12:22:42.211174  8135 raft_consensus.cc:493] T ccb871fc27434b1aa40805bfb841aac0 P 4959e75ac2ca4dc38804cf57d9d59dd2 [term 0 FOLLOWER]: Starting pre-election (no leader contacted us within the election timeout)
I20260709 12:22:42.211732  8135 raft_consensus.cc:515] T ccb871fc27434b1aa40805bfb841aac0 P 4959e75ac2ca4dc38804cf57d9d59dd2 [term 0 FOLLOWER]: Starting pre-election with config: opid_index: -1 OBSOLETE_local: false peers { permanent_uuid: "0056c2e4121049d38649e610af7ad682" member_type: VOTER last_known_addr { host: "127.7.31.1" port: 41609 } } peers { permanent_uuid: "f067f6cb7e5c4ec3a10d19222353a7b5" member_type: VOTER last_known_addr { host: "127.7.31.2" port: 45761 } } peers { permanent_uuid: "4959e75ac2ca4dc38804cf57d9d59dd2" member_type: VOTER last_known_addr { host: "127.7.31.3" port: 34925 } }
I20260709 12:22:42.213361  8134 tablet_bootstrap.cc:492] T 6c3e25991ac747f481a16b14dce55ee9 P 0056c2e4121049d38649e610af7ad682: No bootstrap required, opened a new log
I20260709 12:22:42.213793  8134 ts_tablet_manager.cc:1403] T 6c3e25991ac747f481a16b14dce55ee9 P 0056c2e4121049d38649e610af7ad682: Time spent bootstrapping tablet: real 0.023s	user 0.007s	sys 0.007s
I20260709 12:22:42.216454  8134 raft_consensus.cc:359] T 6c3e25991ac747f481a16b14dce55ee9 P 0056c2e4121049d38649e610af7ad682 [term 0 FOLLOWER]: Replica starting. Triggering 0 pending ops. Active config: opid_index: -1 OBSOLETE_local: false peers { permanent_uuid: "0056c2e4121049d38649e610af7ad682" member_type: VOTER last_known_addr { host: "127.7.31.1" port: 41609 } } peers { permanent_uuid: "f067f6cb7e5c4ec3a10d19222353a7b5" member_type: VOTER last_known_addr { host: "127.7.31.2" port: 45761 } } peers { permanent_uuid: "4959e75ac2ca4dc38804cf57d9d59dd2" member_type: VOTER last_known_addr { host: "127.7.31.3" port: 34925 } }
I20260709 12:22:42.217068  8134 raft_consensus.cc:385] T 6c3e25991ac747f481a16b14dce55ee9 P 0056c2e4121049d38649e610af7ad682 [term 0 FOLLOWER]: Consensus starting up: Expiring failure detector timer to make a prompt election more likely
I20260709 12:22:42.217319  8134 raft_consensus.cc:740] T 6c3e25991ac747f481a16b14dce55ee9 P 0056c2e4121049d38649e610af7ad682 [term 0 FOLLOWER]: Becoming Follower/Learner. State: Replica: 0056c2e4121049d38649e610af7ad682, State: Initialized, Role: FOLLOWER
I20260709 12:22:42.213804  8135 leader_election.cc:290] T ccb871fc27434b1aa40805bfb841aac0 P 4959e75ac2ca4dc38804cf57d9d59dd2 [CANDIDATE]: Term 1 pre-election: Requested pre-vote from peers 0056c2e4121049d38649e610af7ad682 (127.7.31.1:41609), f067f6cb7e5c4ec3a10d19222353a7b5 (127.7.31.2:45761)
I20260709 12:22:42.219867  8015 tablet_service.cc:1917] Received RequestConsensusVote() RPC: tablet_id: "ccb871fc27434b1aa40805bfb841aac0" candidate_uuid: "4959e75ac2ca4dc38804cf57d9d59dd2" candidate_term: 1 candidate_status { last_received { term: 0 index: 0 } } ignore_live_leader: false dest_uuid: "f067f6cb7e5c4ec3a10d19222353a7b5" is_pre_election: true
I20260709 12:22:42.220196  8134 consensus_queue.cc:260] T 6c3e25991ac747f481a16b14dce55ee9 P 0056c2e4121049d38649e610af7ad682 [NON_LEADER]: Queue going to NON_LEADER mode. State: All replicated index: 0, Majority replicated index: 0, Committed index: 0, Last appended: 0.0, Last appended by leader: 0, Current term: 0, Majority size: -1, State: 0, Mode: NON_LEADER, active raft config: opid_index: -1 OBSOLETE_local: false peers { permanent_uuid: "0056c2e4121049d38649e610af7ad682" member_type: VOTER last_known_addr { host: "127.7.31.1" port: 41609 } } peers { permanent_uuid: "f067f6cb7e5c4ec3a10d19222353a7b5" member_type: VOTER last_known_addr { host: "127.7.31.2" port: 45761 } } peers { permanent_uuid: "4959e75ac2ca4dc38804cf57d9d59dd2" member_type: VOTER last_known_addr { host: "127.7.31.3" port: 34925 } }
I20260709 12:22:42.220494  8015 raft_consensus.cc:2468] T ccb871fc27434b1aa40805bfb841aac0 P f067f6cb7e5c4ec3a10d19222353a7b5 [term 0 FOLLOWER]: Leader pre-election vote request: Granting yes vote for candidate 4959e75ac2ca4dc38804cf57d9d59dd2 in term 0.
I20260709 12:22:42.220470  7939 tablet_service.cc:1917] Received RequestConsensusVote() RPC: tablet_id: "ccb871fc27434b1aa40805bfb841aac0" candidate_uuid: "4959e75ac2ca4dc38804cf57d9d59dd2" candidate_term: 1 candidate_status { last_received { term: 0 index: 0 } } ignore_live_leader: false dest_uuid: "0056c2e4121049d38649e610af7ad682" is_pre_election: true
I20260709 12:22:42.221287  7939 raft_consensus.cc:2468] T ccb871fc27434b1aa40805bfb841aac0 P 0056c2e4121049d38649e610af7ad682 [term 0 FOLLOWER]: Leader pre-election vote request: Granting yes vote for candidate 4959e75ac2ca4dc38804cf57d9d59dd2 in term 0.
I20260709 12:22:42.221843  8052 leader_election.cc:304] T ccb871fc27434b1aa40805bfb841aac0 P 4959e75ac2ca4dc38804cf57d9d59dd2 [CANDIDATE]: Term 1 pre-election: Election decided. Result: candidate won. Election summary: received 2 responses out of 3 voters: 2 yes votes; 0 no votes. yes voters: 4959e75ac2ca4dc38804cf57d9d59dd2, f067f6cb7e5c4ec3a10d19222353a7b5; no voters: 
I20260709 12:22:42.222167  8165 raft_consensus.cc:493] T e502e6ad44354bef91a2b006e99c1efc P 0056c2e4121049d38649e610af7ad682 [term 0 FOLLOWER]: Starting pre-election (no leader contacted us within the election timeout)
I20260709 12:22:42.222363  8133 raft_consensus.cc:2749] T 45c41e3189e045b1b228ec9ea6e90b80 P 4959e75ac2ca4dc38804cf57d9d59dd2 [term 1 FOLLOWER]: Leader pre-election lost for term 1. Reason: could not achieve majority
I20260709 12:22:42.222667  8165 raft_consensus.cc:515] T e502e6ad44354bef91a2b006e99c1efc P 0056c2e4121049d38649e610af7ad682 [term 0 FOLLOWER]: Starting pre-election with config: opid_index: -1 OBSOLETE_local: false peers { permanent_uuid: "0056c2e4121049d38649e610af7ad682" member_type: VOTER last_known_addr { host: "127.7.31.1" port: 41609 } } peers { permanent_uuid: "f067f6cb7e5c4ec3a10d19222353a7b5" member_type: VOTER last_known_addr { host: "127.7.31.2" port: 45761 } } peers { permanent_uuid: "4959e75ac2ca4dc38804cf57d9d59dd2" member_type: VOTER last_known_addr { host: "127.7.31.3" port: 34925 } }
I20260709 12:22:42.223537  8133 raft_consensus.cc:2804] T ccb871fc27434b1aa40805bfb841aac0 P 4959e75ac2ca4dc38804cf57d9d59dd2 [term 0 FOLLOWER]: Leader pre-election won for term 1
I20260709 12:22:42.223876  8133 raft_consensus.cc:493] T ccb871fc27434b1aa40805bfb841aac0 P 4959e75ac2ca4dc38804cf57d9d59dd2 [term 0 FOLLOWER]: Starting leader election (no leader contacted us within the election timeout)
I20260709 12:22:42.224205  8133 raft_consensus.cc:3060] T ccb871fc27434b1aa40805bfb841aac0 P 4959e75ac2ca4dc38804cf57d9d59dd2 [term 0 FOLLOWER]: Advancing to term 1
I20260709 12:22:42.225033  8134 ts_tablet_manager.cc:1434] T 6c3e25991ac747f481a16b14dce55ee9 P 0056c2e4121049d38649e610af7ad682: Time spent starting tablet: real 0.011s	user 0.005s	sys 0.000s
I20260709 12:22:42.225899  8134 tablet_bootstrap.cc:492] T ed42bbdfeeb24215bc8710bfc24665c6 P 0056c2e4121049d38649e610af7ad682: Bootstrap starting.
I20260709 12:22:42.225781  8015 tablet_service.cc:1917] Received RequestConsensusVote() RPC: tablet_id: "e502e6ad44354bef91a2b006e99c1efc" candidate_uuid: "0056c2e4121049d38649e610af7ad682" candidate_term: 1 candidate_status { last_received { term: 0 index: 0 } } ignore_live_leader: false dest_uuid: "f067f6cb7e5c4ec3a10d19222353a7b5" is_pre_election: true
I20260709 12:22:42.226374  8015 raft_consensus.cc:2468] T e502e6ad44354bef91a2b006e99c1efc P f067f6cb7e5c4ec3a10d19222353a7b5 [term 0 FOLLOWER]: Leader pre-election vote request: Granting yes vote for candidate 0056c2e4121049d38649e610af7ad682 in term 0.
I20260709 12:22:42.227597  7903 leader_election.cc:304] T e502e6ad44354bef91a2b006e99c1efc P 0056c2e4121049d38649e610af7ad682 [CANDIDATE]: Term 1 pre-election: Election decided. Result: candidate won. Election summary: received 2 responses out of 3 voters: 2 yes votes; 0 no votes. yes voters: 0056c2e4121049d38649e610af7ad682, f067f6cb7e5c4ec3a10d19222353a7b5; no voters: 
I20260709 12:22:42.231990  8089 tablet_service.cc:1917] Received RequestConsensusVote() RPC: tablet_id: "e502e6ad44354bef91a2b006e99c1efc" candidate_uuid: "0056c2e4121049d38649e610af7ad682" candidate_term: 1 candidate_status { last_received { term: 0 index: 0 } } ignore_live_leader: false dest_uuid: "4959e75ac2ca4dc38804cf57d9d59dd2" is_pre_election: true
I20260709 12:22:42.232678  8089 raft_consensus.cc:2468] T e502e6ad44354bef91a2b006e99c1efc P 4959e75ac2ca4dc38804cf57d9d59dd2 [term 0 FOLLOWER]: Leader pre-election vote request: Granting yes vote for candidate 0056c2e4121049d38649e610af7ad682 in term 0.
I20260709 12:22:42.233166  8165 leader_election.cc:290] T e502e6ad44354bef91a2b006e99c1efc P 0056c2e4121049d38649e610af7ad682 [CANDIDATE]: Term 1 pre-election: Requested pre-vote from peers f067f6cb7e5c4ec3a10d19222353a7b5 (127.7.31.2:45761), 4959e75ac2ca4dc38804cf57d9d59dd2 (127.7.31.3:34925)
I20260709 12:22:42.233726  8165 raft_consensus.cc:2804] T e502e6ad44354bef91a2b006e99c1efc P 0056c2e4121049d38649e610af7ad682 [term 0 FOLLOWER]: Leader pre-election won for term 1
I20260709 12:22:42.234051  8165 raft_consensus.cc:493] T e502e6ad44354bef91a2b006e99c1efc P 0056c2e4121049d38649e610af7ad682 [term 0 FOLLOWER]: Starting leader election (no leader contacted us within the election timeout)
I20260709 12:22:42.234372  8165 raft_consensus.cc:3060] T e502e6ad44354bef91a2b006e99c1efc P 0056c2e4121049d38649e610af7ad682 [term 0 FOLLOWER]: Advancing to term 1
I20260709 12:22:42.229796  8174 leader_election.cc:290] T 45c41e3189e045b1b228ec9ea6e90b80 P 4959e75ac2ca4dc38804cf57d9d59dd2 [CANDIDATE]: Term 1 pre-election: Requested pre-vote from peers 0056c2e4121049d38649e610af7ad682 (127.7.31.1:41609), f067f6cb7e5c4ec3a10d19222353a7b5 (127.7.31.2:45761)
I20260709 12:22:42.239792  8133 raft_consensus.cc:515] T ccb871fc27434b1aa40805bfb841aac0 P 4959e75ac2ca4dc38804cf57d9d59dd2 [term 1 FOLLOWER]: Starting leader election with config: opid_index: -1 OBSOLETE_local: false peers { permanent_uuid: "0056c2e4121049d38649e610af7ad682" member_type: VOTER last_known_addr { host: "127.7.31.1" port: 41609 } } peers { permanent_uuid: "f067f6cb7e5c4ec3a10d19222353a7b5" member_type: VOTER last_known_addr { host: "127.7.31.2" port: 45761 } } peers { permanent_uuid: "4959e75ac2ca4dc38804cf57d9d59dd2" member_type: VOTER last_known_addr { host: "127.7.31.3" port: 34925 } }
I20260709 12:22:42.228286  7834 catalog_manager.cc:5697] T cfb5fd03ea0b4802b74c581cd4a3981a P f067f6cb7e5c4ec3a10d19222353a7b5 reported cstate change: term changed from 0 to 1, leader changed from <none> to f067f6cb7e5c4ec3a10d19222353a7b5 (127.7.31.2). New cstate: current_term: 1 leader_uuid: "f067f6cb7e5c4ec3a10d19222353a7b5" committed_config { opid_index: -1 OBSOLETE_local: false peers { permanent_uuid: "0056c2e4121049d38649e610af7ad682" member_type: VOTER last_known_addr { host: "127.7.31.1" port: 41609 } health_report { overall_health: UNKNOWN } } peers { permanent_uuid: "f067f6cb7e5c4ec3a10d19222353a7b5" member_type: VOTER last_known_addr { host: "127.7.31.2" port: 45761 } health_report { overall_health: HEALTHY } } peers { permanent_uuid: "4959e75ac2ca4dc38804cf57d9d59dd2" member_type: VOTER last_known_addr { host: "127.7.31.3" port: 34925 } health_report { overall_health: UNKNOWN } } }
I20260709 12:22:42.242871  7939 tablet_service.cc:1917] Received RequestConsensusVote() RPC: tablet_id: "ccb871fc27434b1aa40805bfb841aac0" candidate_uuid: "4959e75ac2ca4dc38804cf57d9d59dd2" candidate_term: 1 candidate_status { last_received { term: 0 index: 0 } } ignore_live_leader: false dest_uuid: "0056c2e4121049d38649e610af7ad682"
I20260709 12:22:42.243491  7939 raft_consensus.cc:3060] T ccb871fc27434b1aa40805bfb841aac0 P 0056c2e4121049d38649e610af7ad682 [term 0 FOLLOWER]: Advancing to term 1
I20260709 12:22:42.255134  8133 leader_election.cc:290] T ccb871fc27434b1aa40805bfb841aac0 P 4959e75ac2ca4dc38804cf57d9d59dd2 [CANDIDATE]: Term 1 election: Requested vote from peers 0056c2e4121049d38649e610af7ad682 (127.7.31.1:41609), f067f6cb7e5c4ec3a10d19222353a7b5 (127.7.31.2:45761)
I20260709 12:22:42.257457  8015 tablet_service.cc:1917] Received RequestConsensusVote() RPC: tablet_id: "ccb871fc27434b1aa40805bfb841aac0" candidate_uuid: "4959e75ac2ca4dc38804cf57d9d59dd2" candidate_term: 1 candidate_status { last_received { term: 0 index: 0 } } ignore_live_leader: false dest_uuid: "f067f6cb7e5c4ec3a10d19222353a7b5"
I20260709 12:22:42.258122  8015 raft_consensus.cc:3060] T ccb871fc27434b1aa40805bfb841aac0 P f067f6cb7e5c4ec3a10d19222353a7b5 [term 0 FOLLOWER]: Advancing to term 1
I20260709 12:22:42.259729  8134 tablet_bootstrap.cc:654] T ed42bbdfeeb24215bc8710bfc24665c6 P 0056c2e4121049d38649e610af7ad682: Neither blocks nor log segments found. Creating new log.
I20260709 12:22:42.264833  7939 raft_consensus.cc:2468] T ccb871fc27434b1aa40805bfb841aac0 P 0056c2e4121049d38649e610af7ad682 [term 1 FOLLOWER]: Leader election vote request: Granting yes vote for candidate 4959e75ac2ca4dc38804cf57d9d59dd2 in term 1.
I20260709 12:22:42.266240  8052 leader_election.cc:304] T ccb871fc27434b1aa40805bfb841aac0 P 4959e75ac2ca4dc38804cf57d9d59dd2 [CANDIDATE]: Term 1 election: Election decided. Result: candidate won. Election summary: received 2 responses out of 3 voters: 2 yes votes; 0 no votes. yes voters: 0056c2e4121049d38649e610af7ad682, 4959e75ac2ca4dc38804cf57d9d59dd2; no voters: 
I20260709 12:22:42.268978  8133 raft_consensus.cc:2804] T ccb871fc27434b1aa40805bfb841aac0 P 4959e75ac2ca4dc38804cf57d9d59dd2 [term 1 FOLLOWER]: Leader election won for term 1
I20260709 12:22:42.270079  8133 raft_consensus.cc:697] T ccb871fc27434b1aa40805bfb841aac0 P 4959e75ac2ca4dc38804cf57d9d59dd2 [term 1 LEADER]: Becoming Leader. State: Replica: 4959e75ac2ca4dc38804cf57d9d59dd2, State: Running, Role: LEADER
I20260709 12:22:42.270915  8133 consensus_queue.cc:237] T ccb871fc27434b1aa40805bfb841aac0 P 4959e75ac2ca4dc38804cf57d9d59dd2 [LEADER]: Queue going to LEADER mode. State: All replicated index: 0, Majority replicated index: 0, Committed index: 0, Last appended: 0.0, Last appended by leader: 0, Current term: 1, Majority size: 2, State: 0, Mode: LEADER, active raft config: opid_index: -1 OBSOLETE_local: false peers { permanent_uuid: "0056c2e4121049d38649e610af7ad682" member_type: VOTER last_known_addr { host: "127.7.31.1" port: 41609 } } peers { permanent_uuid: "f067f6cb7e5c4ec3a10d19222353a7b5" member_type: VOTER last_known_addr { host: "127.7.31.2" port: 45761 } } peers { permanent_uuid: "4959e75ac2ca4dc38804cf57d9d59dd2" member_type: VOTER last_known_addr { host: "127.7.31.3" port: 34925 } }
I20260709 12:22:42.272157  7834 catalog_manager.cc:5697] T 143af91e444f4a1396bba75d5d8d25ef P 4959e75ac2ca4dc38804cf57d9d59dd2 reported cstate change: term changed from 0 to 1, leader changed from <none> to 4959e75ac2ca4dc38804cf57d9d59dd2 (127.7.31.3). New cstate: current_term: 1 leader_uuid: "4959e75ac2ca4dc38804cf57d9d59dd2" committed_config { opid_index: -1 OBSOLETE_local: false peers { permanent_uuid: "0056c2e4121049d38649e610af7ad682" member_type: VOTER last_known_addr { host: "127.7.31.1" port: 41609 } health_report { overall_health: UNKNOWN } } peers { permanent_uuid: "f067f6cb7e5c4ec3a10d19222353a7b5" member_type: VOTER last_known_addr { host: "127.7.31.2" port: 45761 } health_report { overall_health: UNKNOWN } } peers { permanent_uuid: "4959e75ac2ca4dc38804cf57d9d59dd2" member_type: VOTER last_known_addr { host: "127.7.31.3" port: 34925 } health_report { overall_health: HEALTHY } } }
I20260709 12:22:42.274127  8015 raft_consensus.cc:2468] T ccb871fc27434b1aa40805bfb841aac0 P f067f6cb7e5c4ec3a10d19222353a7b5 [term 1 FOLLOWER]: Leader election vote request: Granting yes vote for candidate 4959e75ac2ca4dc38804cf57d9d59dd2 in term 1.
W20260709 12:22:42.283416  7903 outbound_call.cc:321] RPC callback for RPC call kudu.consensus.ConsensusService.RequestConsensusVote -> {remote=127.7.31.2:45761, user_credentials={real_user=slave}} blocked reactor thread for 55894.4us
I20260709 12:22:42.281033  8165 raft_consensus.cc:515] T e502e6ad44354bef91a2b006e99c1efc P 0056c2e4121049d38649e610af7ad682 [term 1 FOLLOWER]: Starting leader election with config: opid_index: -1 OBSOLETE_local: false peers { permanent_uuid: "0056c2e4121049d38649e610af7ad682" member_type: VOTER last_known_addr { host: "127.7.31.1" port: 41609 } } peers { permanent_uuid: "f067f6cb7e5c4ec3a10d19222353a7b5" member_type: VOTER last_known_addr { host: "127.7.31.2" port: 45761 } } peers { permanent_uuid: "4959e75ac2ca4dc38804cf57d9d59dd2" member_type: VOTER last_known_addr { host: "127.7.31.3" port: 34925 } }
I20260709 12:22:42.285075  8133 consensus_queue.cc:1048] T 64b2393988e643f6aede4bab8a13ae5d P 4959e75ac2ca4dc38804cf57d9d59dd2 [LEADER]: Connected to new peer: Peer: permanent_uuid: "0056c2e4121049d38649e610af7ad682" member_type: VOTER last_known_addr { host: "127.7.31.1" port: 41609 }, Status: LMP_MISMATCH, Last received: 0.0, Next index: 1, Last known committed idx: 0, Time since last communication: 0.000s
I20260709 12:22:42.286809  8165 leader_election.cc:290] T e502e6ad44354bef91a2b006e99c1efc P 0056c2e4121049d38649e610af7ad682 [CANDIDATE]: Term 1 election: Requested vote from peers f067f6cb7e5c4ec3a10d19222353a7b5 (127.7.31.2:45761), 4959e75ac2ca4dc38804cf57d9d59dd2 (127.7.31.3:34925)
I20260709 12:22:42.287441  8015 tablet_service.cc:1917] Received RequestConsensusVote() RPC: tablet_id: "e502e6ad44354bef91a2b006e99c1efc" candidate_uuid: "0056c2e4121049d38649e610af7ad682" candidate_term: 1 candidate_status { last_received { term: 0 index: 0 } } ignore_live_leader: false dest_uuid: "f067f6cb7e5c4ec3a10d19222353a7b5"
I20260709 12:22:42.287986  8015 raft_consensus.cc:3060] T e502e6ad44354bef91a2b006e99c1efc P f067f6cb7e5c4ec3a10d19222353a7b5 [term 0 FOLLOWER]: Advancing to term 1
I20260709 12:22:42.288019  8089 tablet_service.cc:1917] Received RequestConsensusVote() RPC: tablet_id: "e502e6ad44354bef91a2b006e99c1efc" candidate_uuid: "0056c2e4121049d38649e610af7ad682" candidate_term: 1 candidate_status { last_received { term: 0 index: 0 } } ignore_live_leader: false dest_uuid: "4959e75ac2ca4dc38804cf57d9d59dd2"
I20260709 12:22:42.288652  8089 raft_consensus.cc:3060] T e502e6ad44354bef91a2b006e99c1efc P 4959e75ac2ca4dc38804cf57d9d59dd2 [term 0 FOLLOWER]: Advancing to term 1
I20260709 12:22:42.289635  7834 catalog_manager.cc:5697] T ccb871fc27434b1aa40805bfb841aac0 P 4959e75ac2ca4dc38804cf57d9d59dd2 reported cstate change: term changed from 0 to 1, leader changed from <none> to 4959e75ac2ca4dc38804cf57d9d59dd2 (127.7.31.3). New cstate: current_term: 1 leader_uuid: "4959e75ac2ca4dc38804cf57d9d59dd2" committed_config { opid_index: -1 OBSOLETE_local: false peers { permanent_uuid: "0056c2e4121049d38649e610af7ad682" member_type: VOTER last_known_addr { host: "127.7.31.1" port: 41609 } health_report { overall_health: UNKNOWN } } peers { permanent_uuid: "f067f6cb7e5c4ec3a10d19222353a7b5" member_type: VOTER last_known_addr { host: "127.7.31.2" port: 45761 } health_report { overall_health: UNKNOWN } } peers { permanent_uuid: "4959e75ac2ca4dc38804cf57d9d59dd2" member_type: VOTER last_known_addr { host: "127.7.31.3" port: 34925 } health_report { overall_health: HEALTHY } } }
I20260709 12:22:42.293968  8134 tablet_bootstrap.cc:492] T ed42bbdfeeb24215bc8710bfc24665c6 P 0056c2e4121049d38649e610af7ad682: No bootstrap required, opened a new log
I20260709 12:22:42.294409  8134 ts_tablet_manager.cc:1403] T ed42bbdfeeb24215bc8710bfc24665c6 P 0056c2e4121049d38649e610af7ad682: Time spent bootstrapping tablet: real 0.069s	user 0.006s	sys 0.006s
I20260709 12:22:42.294919  8089 raft_consensus.cc:2468] T e502e6ad44354bef91a2b006e99c1efc P 4959e75ac2ca4dc38804cf57d9d59dd2 [term 1 FOLLOWER]: Leader election vote request: Granting yes vote for candidate 0056c2e4121049d38649e610af7ad682 in term 1.
I20260709 12:22:42.296002  7906 leader_election.cc:304] T e502e6ad44354bef91a2b006e99c1efc P 0056c2e4121049d38649e610af7ad682 [CANDIDATE]: Term 1 election: Election decided. Result: candidate won. Election summary: received 2 responses out of 3 voters: 2 yes votes; 0 no votes. yes voters: 0056c2e4121049d38649e610af7ad682, 4959e75ac2ca4dc38804cf57d9d59dd2; no voters: 
I20260709 12:22:42.296975  8134 raft_consensus.cc:359] T ed42bbdfeeb24215bc8710bfc24665c6 P 0056c2e4121049d38649e610af7ad682 [term 0 FOLLOWER]: Replica starting. Triggering 0 pending ops. Active config: opid_index: -1 OBSOLETE_local: false peers { permanent_uuid: "0056c2e4121049d38649e610af7ad682" member_type: VOTER last_known_addr { host: "127.7.31.1" port: 41609 } } peers { permanent_uuid: "f067f6cb7e5c4ec3a10d19222353a7b5" member_type: VOTER last_known_addr { host: "127.7.31.2" port: 45761 } } peers { permanent_uuid: "4959e75ac2ca4dc38804cf57d9d59dd2" member_type: VOTER last_known_addr { host: "127.7.31.3" port: 34925 } }
I20260709 12:22:42.297632  8134 raft_consensus.cc:385] T ed42bbdfeeb24215bc8710bfc24665c6 P 0056c2e4121049d38649e610af7ad682 [term 0 FOLLOWER]: Consensus starting up: Expiring failure detector timer to make a prompt election more likely
I20260709 12:22:42.297880  8134 raft_consensus.cc:740] T ed42bbdfeeb24215bc8710bfc24665c6 P 0056c2e4121049d38649e610af7ad682 [term 0 FOLLOWER]: Becoming Follower/Learner. State: Replica: 0056c2e4121049d38649e610af7ad682, State: Initialized, Role: FOLLOWER
I20260709 12:22:42.298513  8134 consensus_queue.cc:260] T ed42bbdfeeb24215bc8710bfc24665c6 P 0056c2e4121049d38649e610af7ad682 [NON_LEADER]: Queue going to NON_LEADER mode. State: All replicated index: 0, Majority replicated index: 0, Committed index: 0, Last appended: 0.0, Last appended by leader: 0, Current term: 0, Majority size: -1, State: 0, Mode: NON_LEADER, active raft config: opid_index: -1 OBSOLETE_local: false peers { permanent_uuid: "0056c2e4121049d38649e610af7ad682" member_type: VOTER last_known_addr { host: "127.7.31.1" port: 41609 } } peers { permanent_uuid: "f067f6cb7e5c4ec3a10d19222353a7b5" member_type: VOTER last_known_addr { host: "127.7.31.2" port: 45761 } } peers { permanent_uuid: "4959e75ac2ca4dc38804cf57d9d59dd2" member_type: VOTER last_known_addr { host: "127.7.31.3" port: 34925 } }
I20260709 12:22:42.299415  8145 raft_consensus.cc:2804] T e502e6ad44354bef91a2b006e99c1efc P 0056c2e4121049d38649e610af7ad682 [term 1 FOLLOWER]: Leader election won for term 1
I20260709 12:22:42.299819  8145 raft_consensus.cc:697] T e502e6ad44354bef91a2b006e99c1efc P 0056c2e4121049d38649e610af7ad682 [term 1 LEADER]: Becoming Leader. State: Replica: 0056c2e4121049d38649e610af7ad682, State: Running, Role: LEADER
I20260709 12:22:42.300192  8134 ts_tablet_manager.cc:1434] T ed42bbdfeeb24215bc8710bfc24665c6 P 0056c2e4121049d38649e610af7ad682: Time spent starting tablet: real 0.006s	user 0.007s	sys 0.000s
I20260709 12:22:42.300623  8145 consensus_queue.cc:237] T e502e6ad44354bef91a2b006e99c1efc P 0056c2e4121049d38649e610af7ad682 [LEADER]: Queue going to LEADER mode. State: All replicated index: 0, Majority replicated index: 0, Committed index: 0, Last appended: 0.0, Last appended by leader: 0, Current term: 1, Majority size: 2, State: 0, Mode: LEADER, active raft config: opid_index: -1 OBSOLETE_local: false peers { permanent_uuid: "0056c2e4121049d38649e610af7ad682" member_type: VOTER last_known_addr { host: "127.7.31.1" port: 41609 } } peers { permanent_uuid: "f067f6cb7e5c4ec3a10d19222353a7b5" member_type: VOTER last_known_addr { host: "127.7.31.2" port: 45761 } } peers { permanent_uuid: "4959e75ac2ca4dc38804cf57d9d59dd2" member_type: VOTER last_known_addr { host: "127.7.31.3" port: 34925 } }
I20260709 12:22:42.302937  8015 raft_consensus.cc:2468] T e502e6ad44354bef91a2b006e99c1efc P f067f6cb7e5c4ec3a10d19222353a7b5 [term 1 FOLLOWER]: Leader election vote request: Granting yes vote for candidate 0056c2e4121049d38649e610af7ad682 in term 1.
I20260709 12:22:42.302999  8133 consensus_queue.cc:1048] T 64b2393988e643f6aede4bab8a13ae5d P 4959e75ac2ca4dc38804cf57d9d59dd2 [LEADER]: Connected to new peer: Peer: permanent_uuid: "f067f6cb7e5c4ec3a10d19222353a7b5" member_type: VOTER last_known_addr { host: "127.7.31.2" port: 45761 }, Status: LMP_MISMATCH, Last received: 0.0, Next index: 1, Last known committed idx: 0, Time since last communication: 0.000s
I20260709 12:22:42.304571  8134 tablet_bootstrap.cc:492] T 057ebc8684194d93b9e577718609cdc1 P 0056c2e4121049d38649e610af7ad682: Bootstrap starting.
I20260709 12:22:42.309350  8134 tablet_bootstrap.cc:654] T 057ebc8684194d93b9e577718609cdc1 P 0056c2e4121049d38649e610af7ad682: Neither blocks nor log segments found. Creating new log.
I20260709 12:22:42.315676  7838 catalog_manager.cc:5697] T e502e6ad44354bef91a2b006e99c1efc P 0056c2e4121049d38649e610af7ad682 reported cstate change: term changed from 0 to 1, leader changed from <none> to 0056c2e4121049d38649e610af7ad682 (127.7.31.1). New cstate: current_term: 1 leader_uuid: "0056c2e4121049d38649e610af7ad682" committed_config { opid_index: -1 OBSOLETE_local: false peers { permanent_uuid: "0056c2e4121049d38649e610af7ad682" member_type: VOTER last_known_addr { host: "127.7.31.1" port: 41609 } health_report { overall_health: HEALTHY } } peers { permanent_uuid: "f067f6cb7e5c4ec3a10d19222353a7b5" member_type: VOTER last_known_addr { host: "127.7.31.2" port: 45761 } health_report { overall_health: UNKNOWN } } peers { permanent_uuid: "4959e75ac2ca4dc38804cf57d9d59dd2" member_type: VOTER last_known_addr { host: "127.7.31.3" port: 34925 } health_report { overall_health: UNKNOWN } } }
I20260709 12:22:42.330295  8134 tablet_bootstrap.cc:492] T 057ebc8684194d93b9e577718609cdc1 P 0056c2e4121049d38649e610af7ad682: No bootstrap required, opened a new log
I20260709 12:22:42.330750  8134 ts_tablet_manager.cc:1403] T 057ebc8684194d93b9e577718609cdc1 P 0056c2e4121049d38649e610af7ad682: Time spent bootstrapping tablet: real 0.026s	user 0.013s	sys 0.009s
