I20260709 12:23:14.982658  3653 consensus_queue.cc:237] T 5ba9db97635f4d28bf0f3079edf45a77 P c93989d3dd634ef585d77b03354121a4 [LEADER]: Queue going to LEADER mode. State: All replicated index: 0, Majority replicated index: 0, Committed index: 0, Last appended: 0.0, Last appended by leader: 0, Current term: 1, Majority size: 2, State: 0, Mode: LEADER, active raft config: opid_index: -1 OBSOLETE_local: false peers { permanent_uuid: "7cdaa0234c64450eb4ce4500b51b8a81" member_type: VOTER last_known_addr { host: "127.2.4.193" port: 37779 } } peers { permanent_uuid: "8525f77f43714a58bf158d872c1db3e4" member_type: VOTER last_known_addr { host: "127.2.4.194" port: 33649 } } peers { permanent_uuid: "c93989d3dd634ef585d77b03354121a4" member_type: VOTER last_known_addr { host: "127.2.4.195" port: 41453 } }
I20260709 12:23:14.992091  3439 raft_consensus.cc:359] T e8d7a917f21741e9827c30e5433a38e3 P c93989d3dd634ef585d77b03354121a4 [term 0 FOLLOWER]: Replica starting. Triggering 0 pending ops. Active config: opid_index: -1 OBSOLETE_local: false peers { permanent_uuid: "7cdaa0234c64450eb4ce4500b51b8a81" member_type: VOTER last_known_addr { host: "127.2.4.193" port: 37779 } } peers { permanent_uuid: "8525f77f43714a58bf158d872c1db3e4" member_type: VOTER last_known_addr { host: "127.2.4.194" port: 33649 } } peers { permanent_uuid: "c93989d3dd634ef585d77b03354121a4" member_type: VOTER last_known_addr { host: "127.2.4.195" port: 41453 } }
I20260709 12:23:14.992871  3439 raft_consensus.cc:385] T e8d7a917f21741e9827c30e5433a38e3 P c93989d3dd634ef585d77b03354121a4 [term 0 FOLLOWER]: Consensus starting up: Expiring failure detector timer to make a prompt election more likely
I20260709 12:23:14.993194  3439 raft_consensus.cc:740] T e8d7a917f21741e9827c30e5433a38e3 P c93989d3dd634ef585d77b03354121a4 [term 0 FOLLOWER]: Becoming Follower/Learner. State: Replica: c93989d3dd634ef585d77b03354121a4, State: Initialized, Role: FOLLOWER
I20260709 12:23:14.993958  3439 consensus_queue.cc:260] T e8d7a917f21741e9827c30e5433a38e3 P c93989d3dd634ef585d77b03354121a4 [NON_LEADER]: Queue going to NON_LEADER mode. State: All replicated index: 0, Majority replicated index: 0, Committed index: 0, Last appended: 0.0, Last appended by leader: 0, Current term: 0, Majority size: -1, State: 0, Mode: NON_LEADER, active raft config: opid_index: -1 OBSOLETE_local: false peers { permanent_uuid: "7cdaa0234c64450eb4ce4500b51b8a81" member_type: VOTER last_known_addr { host: "127.2.4.193" port: 37779 } } peers { permanent_uuid: "8525f77f43714a58bf158d872c1db3e4" member_type: VOTER last_known_addr { host: "127.2.4.194" port: 33649 } } peers { permanent_uuid: "c93989d3dd634ef585d77b03354121a4" member_type: VOTER last_known_addr { host: "127.2.4.195" port: 41453 } }
I20260709 12:23:14.998605  3439 ts_tablet_manager.cc:1434] T e8d7a917f21741e9827c30e5433a38e3 P c93989d3dd634ef585d77b03354121a4: Time spent starting tablet: real 0.033s	user 0.007s	sys 0.000s
I20260709 12:23:15.000020  3439 tablet_bootstrap.cc:492] T c9145effc86e4e0db3de0ff579cd939d P c93989d3dd634ef585d77b03354121a4: Bootstrap starting.
I20260709 12:23:15.014156  3481 raft_consensus.cc:493] T 00dbb3c83d794b5db75532d598235d9a P 8525f77f43714a58bf158d872c1db3e4 [term 0 FOLLOWER]: Starting pre-election (no leader contacted us within the election timeout)
I20260709 12:23:15.023629  3542 leader_election.cc:290] T caed93336fbb415c82acd602adce7969 P c93989d3dd634ef585d77b03354121a4 [CANDIDATE]: Term 1 election: Requested vote from peers 7cdaa0234c64450eb4ce4500b51b8a81 (127.2.4.193:37779), 8525f77f43714a58bf158d872c1db3e4 (127.2.4.194:33649)
I20260709 12:23:15.017709  3588 raft_consensus.cc:493] T 412da949752f49049ec6148896078f29 P 8525f77f43714a58bf158d872c1db3e4 [term 0 FOLLOWER]: Starting pre-election (no leader contacted us within the election timeout)
I20260709 12:23:15.046847  3438 tablet_bootstrap.cc:492] T d02f86799bc54984b41ede0f7db226e6 P 8525f77f43714a58bf158d872c1db3e4: No bootstrap required, opened a new log
I20260709 12:23:15.047489  3438 ts_tablet_manager.cc:1403] T d02f86799bc54984b41ede0f7db226e6 P 8525f77f43714a58bf158d872c1db3e4: Time spent bootstrapping tablet: real 0.190s	user 0.023s	sys 0.004s
I20260709 12:23:15.047159  3440 raft_consensus.cc:359] T d373e8b022274a08b08f00c0057ae3d3 P 7cdaa0234c64450eb4ce4500b51b8a81 [term 0 FOLLOWER]: Replica starting. Triggering 0 pending ops. Active config: opid_index: -1 OBSOLETE_local: false peers { permanent_uuid: "7cdaa0234c64450eb4ce4500b51b8a81" member_type: VOTER last_known_addr { host: "127.2.4.193" port: 37779 } } peers { permanent_uuid: "8525f77f43714a58bf158d872c1db3e4" member_type: VOTER last_known_addr { host: "127.2.4.194" port: 33649 } } peers { permanent_uuid: "c93989d3dd634ef585d77b03354121a4" member_type: VOTER last_known_addr { host: "127.2.4.195" port: 41453 } }
I20260709 12:23:15.047966  3440 raft_consensus.cc:385] T d373e8b022274a08b08f00c0057ae3d3 P 7cdaa0234c64450eb4ce4500b51b8a81 [term 0 FOLLOWER]: Consensus starting up: Expiring failure detector timer to make a prompt election more likely
I20260709 12:23:15.048293  3440 raft_consensus.cc:740] T d373e8b022274a08b08f00c0057ae3d3 P 7cdaa0234c64450eb4ce4500b51b8a81 [term 0 FOLLOWER]: Becoming Follower/Learner. State: Replica: 7cdaa0234c64450eb4ce4500b51b8a81, State: Initialized, Role: FOLLOWER
I20260709 12:23:15.042150  3588 raft_consensus.cc:515] T 412da949752f49049ec6148896078f29 P 8525f77f43714a58bf158d872c1db3e4 [term 0 FOLLOWER]: Starting pre-election with config: opid_index: -1 OBSOLETE_local: false peers { permanent_uuid: "7cdaa0234c64450eb4ce4500b51b8a81" member_type: VOTER last_known_addr { host: "127.2.4.193" port: 37779 } } peers { permanent_uuid: "8525f77f43714a58bf158d872c1db3e4" member_type: VOTER last_known_addr { host: "127.2.4.194" port: 33649 } } peers { permanent_uuid: "c93989d3dd634ef585d77b03354121a4" member_type: VOTER last_known_addr { host: "127.2.4.195" port: 41453 } }
I20260709 12:23:15.049010  3440 consensus_queue.cc:260] T d373e8b022274a08b08f00c0057ae3d3 P 7cdaa0234c64450eb4ce4500b51b8a81 [NON_LEADER]: Queue going to NON_LEADER mode. State: All replicated index: 0, Majority replicated index: 0, Committed index: 0, Last appended: 0.0, Last appended by leader: 0, Current term: 0, Majority size: -1, State: 0, Mode: NON_LEADER, active raft config: opid_index: -1 OBSOLETE_local: false peers { permanent_uuid: "7cdaa0234c64450eb4ce4500b51b8a81" member_type: VOTER last_known_addr { host: "127.2.4.193" port: 37779 } } peers { permanent_uuid: "8525f77f43714a58bf158d872c1db3e4" member_type: VOTER last_known_addr { host: "127.2.4.194" port: 33649 } } peers { permanent_uuid: "c93989d3dd634ef585d77b03354121a4" member_type: VOTER last_known_addr { host: "127.2.4.195" port: 41453 } }
I20260709 12:23:15.052605  3323 tablet_service.cc:1917] Received RequestConsensusVote() RPC: tablet_id: "caed93336fbb415c82acd602adce7969" candidate_uuid: "c93989d3dd634ef585d77b03354121a4" candidate_term: 1 candidate_status { last_received { term: 0 index: 0 } } ignore_live_leader: false dest_uuid: "8525f77f43714a58bf158d872c1db3e4"
I20260709 12:23:15.067019  3323 raft_consensus.cc:3060] T caed93336fbb415c82acd602adce7969 P 8525f77f43714a58bf158d872c1db3e4 [term 0 FOLLOWER]: Advancing to term 1
I20260709 12:23:15.069033  3443 raft_consensus.cc:493] T caed93336fbb415c82acd602adce7969 P 7cdaa0234c64450eb4ce4500b51b8a81 [term 0 FOLLOWER]: Starting pre-election (no leader contacted us within the election timeout)
I20260709 12:23:15.069743  3443 raft_consensus.cc:515] T caed93336fbb415c82acd602adce7969 P 7cdaa0234c64450eb4ce4500b51b8a81 [term 0 FOLLOWER]: Starting pre-election with config: opid_index: -1 OBSOLETE_local: false peers { permanent_uuid: "7cdaa0234c64450eb4ce4500b51b8a81" member_type: VOTER last_known_addr { host: "127.2.4.193" port: 37779 } } peers { permanent_uuid: "8525f77f43714a58bf158d872c1db3e4" member_type: VOTER last_known_addr { host: "127.2.4.194" port: 33649 } } peers { permanent_uuid: "c93989d3dd634ef585d77b03354121a4" member_type: VOTER last_known_addr { host: "127.2.4.195" port: 41453 } }
I20260709 12:23:15.037046  3481 raft_consensus.cc:515] T 00dbb3c83d794b5db75532d598235d9a P 8525f77f43714a58bf158d872c1db3e4 [term 0 FOLLOWER]: Starting pre-election with config: opid_index: -1 OBSOLETE_local: false peers { permanent_uuid: "7cdaa0234c64450eb4ce4500b51b8a81" member_type: VOTER last_known_addr { host: "127.2.4.193" port: 37779 } } peers { permanent_uuid: "8525f77f43714a58bf158d872c1db3e4" member_type: VOTER last_known_addr { host: "127.2.4.194" port: 33649 } } peers { permanent_uuid: "c93989d3dd634ef585d77b03354121a4" member_type: VOTER last_known_addr { host: "127.2.4.195" port: 41453 } }
I20260709 12:23:15.071870  3443 leader_election.cc:290] T caed93336fbb415c82acd602adce7969 P 7cdaa0234c64450eb4ce4500b51b8a81 [CANDIDATE]: Term 1 pre-election: Requested pre-vote from peers 8525f77f43714a58bf158d872c1db3e4 (127.2.4.194:33649), c93989d3dd634ef585d77b03354121a4 (127.2.4.195:41453)
I20260709 12:23:15.074326  3481 leader_election.cc:290] T 00dbb3c83d794b5db75532d598235d9a P 8525f77f43714a58bf158d872c1db3e4 [CANDIDATE]: Term 1 pre-election: Requested pre-vote from peers 7cdaa0234c64450eb4ce4500b51b8a81 (127.2.4.193:37779), c93989d3dd634ef585d77b03354121a4 (127.2.4.195:41453)
I20260709 12:23:15.075611  3321 tablet_service.cc:1917] Received RequestConsensusVote() RPC: tablet_id: "caed93336fbb415c82acd602adce7969" candidate_uuid: "7cdaa0234c64450eb4ce4500b51b8a81" candidate_term: 1 candidate_status { last_received { term: 0 index: 0 } } ignore_live_leader: false dest_uuid: "8525f77f43714a58bf158d872c1db3e4" is_pre_election: true
I20260709 12:23:15.077836  3396 tablet_service.cc:1917] Received RequestConsensusVote() RPC: tablet_id: "00dbb3c83d794b5db75532d598235d9a" candidate_uuid: "8525f77f43714a58bf158d872c1db3e4" candidate_term: 1 candidate_status { last_received { term: 0 index: 0 } } ignore_live_leader: false dest_uuid: "c93989d3dd634ef585d77b03354121a4" is_pre_election: true
I20260709 12:23:15.089728  3248 tablet_service.cc:1917] Received RequestConsensusVote() RPC: tablet_id: "412da949752f49049ec6148896078f29" candidate_uuid: "8525f77f43714a58bf158d872c1db3e4" candidate_term: 1 candidate_status { last_received { term: 0 index: 0 } } ignore_live_leader: false dest_uuid: "7cdaa0234c64450eb4ce4500b51b8a81" is_pre_election: true
I20260709 12:23:15.090123  3246 tablet_service.cc:1917] Received RequestConsensusVote() RPC: tablet_id: "caed93336fbb415c82acd602adce7969" candidate_uuid: "c93989d3dd634ef585d77b03354121a4" candidate_term: 1 candidate_status { last_received { term: 0 index: 0 } } ignore_live_leader: false dest_uuid: "7cdaa0234c64450eb4ce4500b51b8a81"
I20260709 12:23:15.090891  3246 raft_consensus.cc:3060] T caed93336fbb415c82acd602adce7969 P 7cdaa0234c64450eb4ce4500b51b8a81 [term 0 FOLLOWER]: Advancing to term 1
W20260709 12:23:15.093288  3288 leader_election.cc:343] T 412da949752f49049ec6148896078f29 P 8525f77f43714a58bf158d872c1db3e4 [CANDIDATE]: Term 1 pre-election: Tablet error from VoteRequest() call to peer 7cdaa0234c64450eb4ce4500b51b8a81 (127.2.4.193:37779): Illegal state: must be running to vote when last-logged opid is not known
I20260709 12:23:15.094177  3323 raft_consensus.cc:2468] T caed93336fbb415c82acd602adce7969 P 8525f77f43714a58bf158d872c1db3e4 [term 1 FOLLOWER]: Leader election vote request: Granting yes vote for candidate c93989d3dd634ef585d77b03354121a4 in term 1.
I20260709 12:23:15.095610  3245 tablet_service.cc:1917] Received RequestConsensusVote() RPC: tablet_id: "00dbb3c83d794b5db75532d598235d9a" candidate_uuid: "8525f77f43714a58bf158d872c1db3e4" candidate_term: 1 candidate_status { last_received { term: 0 index: 0 } } ignore_live_leader: false dest_uuid: "7cdaa0234c64450eb4ce4500b51b8a81" is_pre_election: true
W20260709 12:23:15.096413  3289 leader_election.cc:343] T 00dbb3c83d794b5db75532d598235d9a P 8525f77f43714a58bf158d872c1db3e4 [CANDIDATE]: Term 1 pre-election: Tablet error from VoteRequest() call to peer c93989d3dd634ef585d77b03354121a4 (127.2.4.195:41453): Illegal state: must be running to vote when last-logged opid is not known
I20260709 12:23:15.096601  3396 tablet_service.cc:1917] Received RequestConsensusVote() RPC: tablet_id: "caed93336fbb415c82acd602adce7969" candidate_uuid: "7cdaa0234c64450eb4ce4500b51b8a81" candidate_term: 1 candidate_status { last_received { term: 0 index: 0 } } ignore_live_leader: false dest_uuid: "c93989d3dd634ef585d77b03354121a4" is_pre_election: true
I20260709 12:23:15.099990  3396 raft_consensus.cc:2393] T caed93336fbb415c82acd602adce7969 P c93989d3dd634ef585d77b03354121a4 [term 1 FOLLOWER]: Leader pre-election vote request: Denying vote to candidate 7cdaa0234c64450eb4ce4500b51b8a81 in current term 1: Already voted for candidate c93989d3dd634ef585d77b03354121a4 in this term.
I20260709 12:23:15.101384  3440 ts_tablet_manager.cc:1434] T d373e8b022274a08b08f00c0057ae3d3 P 7cdaa0234c64450eb4ce4500b51b8a81: Time spent starting tablet: real 0.123s	user 0.005s	sys 0.003s
I20260709 12:23:15.102656  3440 tablet_bootstrap.cc:492] T c9145effc86e4e0db3de0ff579cd939d P 7cdaa0234c64450eb4ce4500b51b8a81: Bootstrap starting.
I20260709 12:23:15.104357  3214 leader_election.cc:304] T caed93336fbb415c82acd602adce7969 P 7cdaa0234c64450eb4ce4500b51b8a81 [CANDIDATE]: Term 1 pre-election: Election decided. Result: candidate lost. Election summary: received 3 responses out of 3 voters: 1 yes votes; 2 no votes. yes voters: 7cdaa0234c64450eb4ce4500b51b8a81; no voters: 8525f77f43714a58bf158d872c1db3e4, c93989d3dd634ef585d77b03354121a4
I20260709 12:23:15.105389  3588 leader_election.cc:290] T 412da949752f49049ec6148896078f29 P 8525f77f43714a58bf158d872c1db3e4 [CANDIDATE]: Term 1 pre-election: Requested pre-vote from peers 7cdaa0234c64450eb4ce4500b51b8a81 (127.2.4.193:37779), c93989d3dd634ef585d77b03354121a4 (127.2.4.195:41453)
I20260709 12:23:15.106433  3462 raft_consensus.cc:515] T c4a1156be8e3418790f41cd380136b93 P c93989d3dd634ef585d77b03354121a4 [term 1 FOLLOWER]: Starting leader election with config: opid_index: -1 OBSOLETE_local: false peers { permanent_uuid: "7cdaa0234c64450eb4ce4500b51b8a81" member_type: VOTER last_known_addr { host: "127.2.4.193" port: 37779 } } peers { permanent_uuid: "8525f77f43714a58bf158d872c1db3e4" member_type: VOTER last_known_addr { host: "127.2.4.194" port: 33649 } } peers { permanent_uuid: "c93989d3dd634ef585d77b03354121a4" member_type: VOTER last_known_addr { host: "127.2.4.195" port: 41453 } }
I20260709 12:23:15.106998  3396 tablet_service.cc:1917] Received RequestConsensusVote() RPC: tablet_id: "412da949752f49049ec6148896078f29" candidate_uuid: "8525f77f43714a58bf158d872c1db3e4" candidate_term: 1 candidate_status { last_received { term: 0 index: 0 } } ignore_live_leader: false dest_uuid: "c93989d3dd634ef585d77b03354121a4" is_pre_election: true
I20260709 12:23:15.109504  3439 tablet_bootstrap.cc:654] T c9145effc86e4e0db3de0ff579cd939d P c93989d3dd634ef585d77b03354121a4: Neither blocks nor log segments found. Creating new log.
I20260709 12:23:15.110175  3364 leader_election.cc:304] T caed93336fbb415c82acd602adce7969 P c93989d3dd634ef585d77b03354121a4 [CANDIDATE]: Term 1 election: Election decided. Result: candidate won. Election summary: received 2 responses out of 3 voters: 2 yes votes; 0 no votes. yes voters: 8525f77f43714a58bf158d872c1db3e4, c93989d3dd634ef585d77b03354121a4; no voters: 
I20260709 12:23:15.110872  3245 tablet_service.cc:1917] Received RequestConsensusVote() RPC: tablet_id: "c4a1156be8e3418790f41cd380136b93" candidate_uuid: "c93989d3dd634ef585d77b03354121a4" candidate_term: 1 candidate_status { last_received { term: 0 index: 0 } } ignore_live_leader: false dest_uuid: "7cdaa0234c64450eb4ce4500b51b8a81"
I20260709 12:23:15.111317  3544 raft_consensus.cc:2804] T caed93336fbb415c82acd602adce7969 P c93989d3dd634ef585d77b03354121a4 [term 1 FOLLOWER]: Leader election won for term 1
I20260709 12:23:15.111877  3544 raft_consensus.cc:697] T caed93336fbb415c82acd602adce7969 P c93989d3dd634ef585d77b03354121a4 [term 1 LEADER]: Becoming Leader. State: Replica: c93989d3dd634ef585d77b03354121a4, State: Running, Role: LEADER
W20260709 12:23:15.112385  3362 leader_election.cc:343] T c4a1156be8e3418790f41cd380136b93 P c93989d3dd634ef585d77b03354121a4 [CANDIDATE]: Term 1 election: Tablet error from VoteRequest() call to peer 7cdaa0234c64450eb4ce4500b51b8a81 (127.2.4.193:37779): Illegal state: must be running to vote when last-logged opid is not known
I20260709 12:23:15.112838  3544 consensus_queue.cc:237] T caed93336fbb415c82acd602adce7969 P c93989d3dd634ef585d77b03354121a4 [LEADER]: Queue going to LEADER mode. State: All replicated index: 0, Majority replicated index: 0, Committed index: 0, Last appended: 0.0, Last appended by leader: 0, Current term: 1, Majority size: 2, State: 0, Mode: LEADER, active raft config: opid_index: -1 OBSOLETE_local: false peers { permanent_uuid: "7cdaa0234c64450eb4ce4500b51b8a81" member_type: VOTER last_known_addr { host: "127.2.4.193" port: 37779 } } peers { permanent_uuid: "8525f77f43714a58bf158d872c1db3e4" member_type: VOTER last_known_addr { host: "127.2.4.194" port: 33649 } } peers { permanent_uuid: "c93989d3dd634ef585d77b03354121a4" member_type: VOTER last_known_addr { host: "127.2.4.195" port: 41453 } }
W20260709 12:23:15.099193  3288 leader_election.cc:343] T 00dbb3c83d794b5db75532d598235d9a P 8525f77f43714a58bf158d872c1db3e4 [CANDIDATE]: Term 1 pre-election: Tablet error from VoteRequest() call to peer 7cdaa0234c64450eb4ce4500b51b8a81 (127.2.4.193:37779): Illegal state: must be running to vote when last-logged opid is not known
I20260709 12:23:15.114472  3246 raft_consensus.cc:2468] T caed93336fbb415c82acd602adce7969 P 7cdaa0234c64450eb4ce4500b51b8a81 [term 1 FOLLOWER]: Leader election vote request: Granting yes vote for candidate c93989d3dd634ef585d77b03354121a4 in term 1.
I20260709 12:23:15.115087  3664 raft_consensus.cc:2749] T caed93336fbb415c82acd602adce7969 P 7cdaa0234c64450eb4ce4500b51b8a81 [term 1 FOLLOWER]: Leader pre-election lost for term 1. Reason: could not achieve majority
I20260709 12:23:15.115113  3462 leader_election.cc:290] T c4a1156be8e3418790f41cd380136b93 P c93989d3dd634ef585d77b03354121a4 [CANDIDATE]: Term 1 election: Requested vote from peers 7cdaa0234c64450eb4ce4500b51b8a81 (127.2.4.193:37779), 8525f77f43714a58bf158d872c1db3e4 (127.2.4.194:33649)
I20260709 12:23:15.118978  3438 raft_consensus.cc:359] T d02f86799bc54984b41ede0f7db226e6 P 8525f77f43714a58bf158d872c1db3e4 [term 0 FOLLOWER]: Replica starting. Triggering 0 pending ops. Active config: opid_index: -1 OBSOLETE_local: false peers { permanent_uuid: "7cdaa0234c64450eb4ce4500b51b8a81" member_type: VOTER last_known_addr { host: "127.2.4.193" port: 37779 } } peers { permanent_uuid: "8525f77f43714a58bf158d872c1db3e4" member_type: VOTER last_known_addr { host: "127.2.4.194" port: 33649 } } peers { permanent_uuid: "c93989d3dd634ef585d77b03354121a4" member_type: VOTER last_known_addr { host: "127.2.4.195" port: 41453 } }
I20260709 12:23:15.121910  3438 raft_consensus.cc:385] T d02f86799bc54984b41ede0f7db226e6 P 8525f77f43714a58bf158d872c1db3e4 [term 0 FOLLOWER]: Consensus starting up: Expiring failure detector timer to make a prompt election more likely
I20260709 12:23:15.122231  3438 raft_consensus.cc:740] T d02f86799bc54984b41ede0f7db226e6 P 8525f77f43714a58bf158d872c1db3e4 [term 0 FOLLOWER]: Becoming Follower/Learner. State: Replica: 8525f77f43714a58bf158d872c1db3e4, State: Initialized, Role: FOLLOWER
I20260709 12:23:15.122918  3438 consensus_queue.cc:260] T d02f86799bc54984b41ede0f7db226e6 P 8525f77f43714a58bf158d872c1db3e4 [NON_LEADER]: Queue going to NON_LEADER mode. State: All replicated index: 0, Majority replicated index: 0, Committed index: 0, Last appended: 0.0, Last appended by leader: 0, Current term: 0, Majority size: -1, State: 0, Mode: NON_LEADER, active raft config: opid_index: -1 OBSOLETE_local: false peers { permanent_uuid: "7cdaa0234c64450eb4ce4500b51b8a81" member_type: VOTER last_known_addr { host: "127.2.4.193" port: 37779 } } peers { permanent_uuid: "8525f77f43714a58bf158d872c1db3e4" member_type: VOTER last_known_addr { host: "127.2.4.194" port: 33649 } } peers { permanent_uuid: "c93989d3dd634ef585d77b03354121a4" member_type: VOTER last_known_addr { host: "127.2.4.195" port: 41453 } }
I20260709 12:23:15.125267  3438 ts_tablet_manager.cc:1434] T d02f86799bc54984b41ede0f7db226e6 P 8525f77f43714a58bf158d872c1db3e4: Time spent starting tablet: real 0.077s	user 0.019s	sys 0.009s
I20260709 12:23:15.127581  3288 leader_election.cc:304] T 00dbb3c83d794b5db75532d598235d9a P 8525f77f43714a58bf158d872c1db3e4 [CANDIDATE]: Term 1 pre-election: Election decided. Result: candidate lost. Election summary: received 3 responses out of 3 voters: 1 yes votes; 2 no votes. yes voters: 8525f77f43714a58bf158d872c1db3e4; no voters: 7cdaa0234c64450eb4ce4500b51b8a81, c93989d3dd634ef585d77b03354121a4
I20260709 12:23:15.128569  3438 tablet_bootstrap.cc:492] T 36377e446734493c8f3b1ff53d40d1cc P 8525f77f43714a58bf158d872c1db3e4: Bootstrap starting.
W20260709 12:23:15.131829  3289 leader_election.cc:343] T 412da949752f49049ec6148896078f29 P 8525f77f43714a58bf158d872c1db3e4 [CANDIDATE]: Term 1 pre-election: Tablet error from VoteRequest() call to peer c93989d3dd634ef585d77b03354121a4 (127.2.4.195:41453): Illegal state: must be running to vote when last-logged opid is not known
I20260709 12:23:15.132428  3289 leader_election.cc:304] T 412da949752f49049ec6148896078f29 P 8525f77f43714a58bf158d872c1db3e4 [CANDIDATE]: Term 1 pre-election: Election decided. Result: candidate lost. Election summary: received 3 responses out of 3 voters: 1 yes votes; 2 no votes. yes voters: 8525f77f43714a58bf158d872c1db3e4; no voters: 7cdaa0234c64450eb4ce4500b51b8a81, c93989d3dd634ef585d77b03354121a4
I20260709 12:23:15.134176  3481 raft_consensus.cc:2749] T 00dbb3c83d794b5db75532d598235d9a P 8525f77f43714a58bf158d872c1db3e4 [term 0 FOLLOWER]: Leader pre-election lost for term 1. Reason: could not achieve majority
I20260709 12:23:15.131889  3323 tablet_service.cc:1917] Received RequestConsensusVote() RPC: tablet_id: "c4a1156be8e3418790f41cd380136b93" candidate_uuid: "c93989d3dd634ef585d77b03354121a4" candidate_term: 1 candidate_status { last_received { term: 0 index: 0 } } ignore_live_leader: false dest_uuid: "8525f77f43714a58bf158d872c1db3e4"
I20260709 12:23:15.140100  3323 raft_consensus.cc:3060] T c4a1156be8e3418790f41cd380136b93 P 8525f77f43714a58bf158d872c1db3e4 [term 0 FOLLOWER]: Advancing to term 1
I20260709 12:23:15.134873  3481 raft_consensus.cc:2749] T 412da949752f49049ec6148896078f29 P 8525f77f43714a58bf158d872c1db3e4 [term 0 FOLLOWER]: Leader pre-election lost for term 1. Reason: could not achieve majority
I20260709 12:23:15.163393  3542 raft_consensus.cc:493] T e8d7a917f21741e9827c30e5433a38e3 P c93989d3dd634ef585d77b03354121a4 [term 0 FOLLOWER]: Starting pre-election (no leader contacted us within the election timeout)
I20260709 12:23:15.164072  3542 raft_consensus.cc:515] T e8d7a917f21741e9827c30e5433a38e3 P c93989d3dd634ef585d77b03354121a4 [term 0 FOLLOWER]: Starting pre-election with config: opid_index: -1 OBSOLETE_local: false peers { permanent_uuid: "7cdaa0234c64450eb4ce4500b51b8a81" member_type: VOTER last_known_addr { host: "127.2.4.193" port: 37779 } } peers { permanent_uuid: "8525f77f43714a58bf158d872c1db3e4" member_type: VOTER last_known_addr { host: "127.2.4.194" port: 33649 } } peers { permanent_uuid: "c93989d3dd634ef585d77b03354121a4" member_type: VOTER last_known_addr { host: "127.2.4.195" port: 41453 } }
I20260709 12:23:15.166504  3542 leader_election.cc:290] T e8d7a917f21741e9827c30e5433a38e3 P c93989d3dd634ef585d77b03354121a4 [CANDIDATE]: Term 1 pre-election: Requested pre-vote from peers 7cdaa0234c64450eb4ce4500b51b8a81 (127.2.4.193:37779), 8525f77f43714a58bf158d872c1db3e4 (127.2.4.194:33649)
I20260709 12:23:15.155367  3544 raft_consensus.cc:493] T d373e8b022274a08b08f00c0057ae3d3 P c93989d3dd634ef585d77b03354121a4 [term 0 FOLLOWER]: Starting pre-election (no leader contacted us within the election timeout)
I20260709 12:23:15.168391  3544 raft_consensus.cc:515] T d373e8b022274a08b08f00c0057ae3d3 P c93989d3dd634ef585d77b03354121a4 [term 0 FOLLOWER]: Starting pre-election with config: opid_index: -1 OBSOLETE_local: false peers { permanent_uuid: "7cdaa0234c64450eb4ce4500b51b8a81" member_type: VOTER last_known_addr { host: "127.2.4.193" port: 37779 } } peers { permanent_uuid: "8525f77f43714a58bf158d872c1db3e4" member_type: VOTER last_known_addr { host: "127.2.4.194" port: 33649 } } peers { permanent_uuid: "c93989d3dd634ef585d77b03354121a4" member_type: VOTER last_known_addr { host: "127.2.4.195" port: 41453 } }
I20260709 12:23:15.159219  3440 tablet_bootstrap.cc:654] T c9145effc86e4e0db3de0ff579cd939d P 7cdaa0234c64450eb4ce4500b51b8a81: Neither blocks nor log segments found. Creating new log.
I20260709 12:23:15.169914  3246 tablet_service.cc:1917] Received RequestConsensusVote() RPC: tablet_id: "e8d7a917f21741e9827c30e5433a38e3" candidate_uuid: "c93989d3dd634ef585d77b03354121a4" candidate_term: 1 candidate_status { last_received { term: 0 index: 0 } } ignore_live_leader: false dest_uuid: "7cdaa0234c64450eb4ce4500b51b8a81" is_pre_election: true
I20260709 12:23:15.172465  3245 tablet_service.cc:1917] Received RequestConsensusVote() RPC: tablet_id: "d373e8b022274a08b08f00c0057ae3d3" candidate_uuid: "c93989d3dd634ef585d77b03354121a4" candidate_term: 1 candidate_status { last_received { term: 0 index: 0 } } ignore_live_leader: false dest_uuid: "7cdaa0234c64450eb4ce4500b51b8a81" is_pre_election: true
I20260709 12:23:15.171931  3144 catalog_manager.cc:5697] T 5ba9db97635f4d28bf0f3079edf45a77 P c93989d3dd634ef585d77b03354121a4 reported cstate change: term changed from 0 to 1, leader changed from <none> to c93989d3dd634ef585d77b03354121a4 (127.2.4.195). New cstate: current_term: 1 leader_uuid: "c93989d3dd634ef585d77b03354121a4" committed_config { opid_index: -1 OBSOLETE_local: false peers { permanent_uuid: "7cdaa0234c64450eb4ce4500b51b8a81" member_type: VOTER last_known_addr { host: "127.2.4.193" port: 37779 } health_report { overall_health: UNKNOWN } } peers { permanent_uuid: "8525f77f43714a58bf158d872c1db3e4" member_type: VOTER last_known_addr { host: "127.2.4.194" port: 33649 } health_report { overall_health: UNKNOWN } } peers { permanent_uuid: "c93989d3dd634ef585d77b03354121a4" member_type: VOTER last_known_addr { host: "127.2.4.195" port: 41453 } health_report { overall_health: HEALTHY } } }
I20260709 12:23:15.173130  3246 raft_consensus.cc:2393] T e8d7a917f21741e9827c30e5433a38e3 P 7cdaa0234c64450eb4ce4500b51b8a81 [term 1 FOLLOWER]: Leader pre-election vote request: Denying vote to candidate c93989d3dd634ef585d77b03354121a4 in current term 1: Already voted for candidate 8525f77f43714a58bf158d872c1db3e4 in this term.
I20260709 12:23:15.173238  3245 raft_consensus.cc:2468] T d373e8b022274a08b08f00c0057ae3d3 P 7cdaa0234c64450eb4ce4500b51b8a81 [term 0 FOLLOWER]: Leader pre-election vote request: Granting yes vote for candidate c93989d3dd634ef585d77b03354121a4 in term 0.
I20260709 12:23:15.173889  3144 catalog_manager.cc:5697] T caed93336fbb415c82acd602adce7969 P c93989d3dd634ef585d77b03354121a4 reported cstate change: term changed from 0 to 1, leader changed from <none> to c93989d3dd634ef585d77b03354121a4 (127.2.4.195). New cstate: current_term: 1 leader_uuid: "c93989d3dd634ef585d77b03354121a4" committed_config { opid_index: -1 OBSOLETE_local: false peers { permanent_uuid: "7cdaa0234c64450eb4ce4500b51b8a81" member_type: VOTER last_known_addr { host: "127.2.4.193" port: 37779 } health_report { overall_health: UNKNOWN } } peers { permanent_uuid: "8525f77f43714a58bf158d872c1db3e4" member_type: VOTER last_known_addr { host: "127.2.4.194" port: 33649 } health_report { overall_health: UNKNOWN } } peers { permanent_uuid: "c93989d3dd634ef585d77b03354121a4" member_type: VOTER last_known_addr { host: "127.2.4.195" port: 41453 } health_report { overall_health: HEALTHY } } }
I20260709 12:23:15.175037  3362 leader_election.cc:304] T d373e8b022274a08b08f00c0057ae3d3 P c93989d3dd634ef585d77b03354121a4 [CANDIDATE]: Term 1 pre-election: Election decided. Result: candidate won. Election summary: received 2 responses out of 3 voters: 2 yes votes; 0 no votes. yes voters: 7cdaa0234c64450eb4ce4500b51b8a81, c93989d3dd634ef585d77b03354121a4; no voters: 
I20260709 12:23:15.177173  3542 raft_consensus.cc:2804] T d373e8b022274a08b08f00c0057ae3d3 P c93989d3dd634ef585d77b03354121a4 [term 0 FOLLOWER]: Leader pre-election won for term 1
I20260709 12:23:15.177603  3542 raft_consensus.cc:493] T d373e8b022274a08b08f00c0057ae3d3 P c93989d3dd634ef585d77b03354121a4 [term 0 FOLLOWER]: Starting leader election (no leader contacted us within the election timeout)
I20260709 12:23:15.178059  3542 raft_consensus.cc:3060] T d373e8b022274a08b08f00c0057ae3d3 P c93989d3dd634ef585d77b03354121a4 [term 0 FOLLOWER]: Advancing to term 1
I20260709 12:23:15.174377  3544 leader_election.cc:290] T d373e8b022274a08b08f00c0057ae3d3 P c93989d3dd634ef585d77b03354121a4 [CANDIDATE]: Term 1 pre-election: Requested pre-vote from peers 7cdaa0234c64450eb4ce4500b51b8a81 (127.2.4.193:37779), 8525f77f43714a58bf158d872c1db3e4 (127.2.4.194:33649)
I20260709 12:23:15.186329  3324 tablet_service.cc:1917] Received RequestConsensusVote() RPC: tablet_id: "e8d7a917f21741e9827c30e5433a38e3" candidate_uuid: "c93989d3dd634ef585d77b03354121a4" candidate_term: 1 candidate_status { last_received { term: 0 index: 0 } } ignore_live_leader: false dest_uuid: "8525f77f43714a58bf158d872c1db3e4" is_pre_election: true
I20260709 12:23:15.188247  3324 tablet_service.cc:1917] Received RequestConsensusVote() RPC: tablet_id: "d373e8b022274a08b08f00c0057ae3d3" candidate_uuid: "c93989d3dd634ef585d77b03354121a4" candidate_term: 1 candidate_status { last_received { term: 0 index: 0 } } ignore_live_leader: false dest_uuid: "8525f77f43714a58bf158d872c1db3e4" is_pre_election: true
I20260709 12:23:15.188884  3324 raft_consensus.cc:2468] T d373e8b022274a08b08f00c0057ae3d3 P 8525f77f43714a58bf158d872c1db3e4 [term 0 FOLLOWER]: Leader pre-election vote request: Granting yes vote for candidate c93989d3dd634ef585d77b03354121a4 in term 0.
I20260709 12:23:15.195309  3364 leader_election.cc:304] T e8d7a917f21741e9827c30e5433a38e3 P c93989d3dd634ef585d77b03354121a4 [CANDIDATE]: Term 1 pre-election: Election decided. Result: candidate lost. Election summary: received 3 responses out of 3 voters: 1 yes votes; 2 no votes. yes voters: c93989d3dd634ef585d77b03354121a4; no voters: 7cdaa0234c64450eb4ce4500b51b8a81, 8525f77f43714a58bf158d872c1db3e4
I20260709 12:23:15.196565  3544 raft_consensus.cc:3060] T e8d7a917f21741e9827c30e5433a38e3 P c93989d3dd634ef585d77b03354121a4 [term 0 FOLLOWER]: Advancing to term 1
I20260709 12:23:15.203035  3438 tablet_bootstrap.cc:654] T 36377e446734493c8f3b1ff53d40d1cc P 8525f77f43714a58bf158d872c1db3e4: Neither blocks nor log segments found. Creating new log.
I20260709 12:23:15.221767  3542 raft_consensus.cc:515] T d373e8b022274a08b08f00c0057ae3d3 P c93989d3dd634ef585d77b03354121a4 [term 1 FOLLOWER]: Starting leader election with config: opid_index: -1 OBSOLETE_local: false peers { permanent_uuid: "7cdaa0234c64450eb4ce4500b51b8a81" member_type: VOTER last_known_addr { host: "127.2.4.193" port: 37779 } } peers { permanent_uuid: "8525f77f43714a58bf158d872c1db3e4" member_type: VOTER last_known_addr { host: "127.2.4.194" port: 33649 } } peers { permanent_uuid: "c93989d3dd634ef585d77b03354121a4" member_type: VOTER last_known_addr { host: "127.2.4.195" port: 41453 } }
I20260709 12:23:15.224606  3481 consensus_queue.cc:1048] T e8d7a917f21741e9827c30e5433a38e3 P 8525f77f43714a58bf158d872c1db3e4 [LEADER]: Connected to new peer: Peer: permanent_uuid: "7cdaa0234c64450eb4ce4500b51b8a81" member_type: VOTER last_known_addr { host: "127.2.4.193" port: 37779 }, Status: LMP_MISMATCH, Last received: 0.0, Next index: 1, Last known committed idx: 0, Time since last communication: 0.000s
I20260709 12:23:15.230229  3323 raft_consensus.cc:2468] T c4a1156be8e3418790f41cd380136b93 P 8525f77f43714a58bf158d872c1db3e4 [term 1 FOLLOWER]: Leader election vote request: Granting yes vote for candidate c93989d3dd634ef585d77b03354121a4 in term 1.
I20260709 12:23:15.225099  3542 leader_election.cc:290] T d373e8b022274a08b08f00c0057ae3d3 P c93989d3dd634ef585d77b03354121a4 [CANDIDATE]: Term 1 election: Requested vote from peers 7cdaa0234c64450eb4ce4500b51b8a81 (127.2.4.193:37779), 8525f77f43714a58bf158d872c1db3e4 (127.2.4.194:33649)
I20260709 12:23:15.226871  3324 tablet_service.cc:1917] Received RequestConsensusVote() RPC: tablet_id: "d373e8b022274a08b08f00c0057ae3d3" candidate_uuid: "c93989d3dd634ef585d77b03354121a4" candidate_term: 1 candidate_status { last_received { term: 0 index: 0 } } ignore_live_leader: false dest_uuid: "8525f77f43714a58bf158d872c1db3e4"
I20260709 12:23:15.235385  3324 raft_consensus.cc:3060] T d373e8b022274a08b08f00c0057ae3d3 P 8525f77f43714a58bf158d872c1db3e4 [term 0 FOLLOWER]: Advancing to term 1
I20260709 12:23:15.226871  3246 tablet_service.cc:1917] Received RequestConsensusVote() RPC: tablet_id: "d373e8b022274a08b08f00c0057ae3d3" candidate_uuid: "c93989d3dd634ef585d77b03354121a4" candidate_term: 1 candidate_status { last_received { term: 0 index: 0 } } ignore_live_leader: false dest_uuid: "7cdaa0234c64450eb4ce4500b51b8a81"
I20260709 12:23:15.237282  3246 raft_consensus.cc:3060] T d373e8b022274a08b08f00c0057ae3d3 P 7cdaa0234c64450eb4ce4500b51b8a81 [term 0 FOLLOWER]: Advancing to term 1
I20260709 12:23:15.238448  3364 leader_election.cc:304] T c4a1156be8e3418790f41cd380136b93 P c93989d3dd634ef585d77b03354121a4 [CANDIDATE]: Term 1 election: Election decided. Result: candidate won. Election summary: received 3 responses out of 3 voters: 2 yes votes; 1 no votes. yes voters: 8525f77f43714a58bf158d872c1db3e4, c93989d3dd634ef585d77b03354121a4; no voters: 7cdaa0234c64450eb4ce4500b51b8a81
I20260709 12:23:15.239377  3542 raft_consensus.cc:2804] T c4a1156be8e3418790f41cd380136b93 P c93989d3dd634ef585d77b03354121a4 [term 1 FOLLOWER]: Leader election won for term 1
I20260709 12:23:15.239908  3542 raft_consensus.cc:697] T c4a1156be8e3418790f41cd380136b93 P c93989d3dd634ef585d77b03354121a4 [term 1 LEADER]: Becoming Leader. State: Replica: c93989d3dd634ef585d77b03354121a4, State: Running, Role: LEADER
I20260709 12:23:15.240739  3542 consensus_queue.cc:237] T c4a1156be8e3418790f41cd380136b93 P c93989d3dd634ef585d77b03354121a4 [LEADER]: Queue going to LEADER mode. State: All replicated index: 0, Majority replicated index: 0, Committed index: 0, Last appended: 0.0, Last appended by leader: 0, Current term: 1, Majority size: 2, State: 0, Mode: LEADER, active raft config: opid_index: -1 OBSOLETE_local: false peers { permanent_uuid: "7cdaa0234c64450eb4ce4500b51b8a81" member_type: VOTER last_known_addr { host: "127.2.4.193" port: 37779 } } peers { permanent_uuid: "8525f77f43714a58bf158d872c1db3e4" member_type: VOTER last_known_addr { host: "127.2.4.194" port: 33649 } } peers { permanent_uuid: "c93989d3dd634ef585d77b03354121a4" member_type: VOTER last_known_addr { host: "127.2.4.195" port: 41453 } }
I20260709 12:23:15.255394  3440 tablet_bootstrap.cc:492] T c9145effc86e4e0db3de0ff579cd939d P 7cdaa0234c64450eb4ce4500b51b8a81: No bootstrap required, opened a new log
I20260709 12:23:15.256223  3440 ts_tablet_manager.cc:1403] T c9145effc86e4e0db3de0ff579cd939d P 7cdaa0234c64450eb4ce4500b51b8a81: Time spent bootstrapping tablet: real 0.154s	user 0.015s	sys 0.034s
I20260709 12:23:15.260821  3439 tablet_bootstrap.cc:492] T c9145effc86e4e0db3de0ff579cd939d P c93989d3dd634ef585d77b03354121a4: No bootstrap required, opened a new log
I20260709 12:23:15.261591  3439 ts_tablet_manager.cc:1403] T c9145effc86e4e0db3de0ff579cd939d P c93989d3dd634ef585d77b03354121a4: Time spent bootstrapping tablet: real 0.262s	user 0.010s	sys 0.005s
I20260709 12:23:15.269055  3439 raft_consensus.cc:359] T c9145effc86e4e0db3de0ff579cd939d P c93989d3dd634ef585d77b03354121a4 [term 0 FOLLOWER]: Replica starting. Triggering 0 pending ops. Active config: opid_index: -1 OBSOLETE_local: false peers { permanent_uuid: "7cdaa0234c64450eb4ce4500b51b8a81" member_type: VOTER last_known_addr { host: "127.2.4.193" port: 37779 } } peers { permanent_uuid: "8525f77f43714a58bf158d872c1db3e4" member_type: VOTER last_known_addr { host: "127.2.4.194" port: 33649 } } peers { permanent_uuid: "c93989d3dd634ef585d77b03354121a4" member_type: VOTER last_known_addr { host: "127.2.4.195" port: 41453 } }
I20260709 12:23:15.271427  3439 raft_consensus.cc:385] T c9145effc86e4e0db3de0ff579cd939d P c93989d3dd634ef585d77b03354121a4 [term 0 FOLLOWER]: Consensus starting up: Expiring failure detector timer to make a prompt election more likely
I20260709 12:23:15.271811  3439 raft_consensus.cc:740] T c9145effc86e4e0db3de0ff579cd939d P c93989d3dd634ef585d77b03354121a4 [term 0 FOLLOWER]: Becoming Follower/Learner. State: Replica: c93989d3dd634ef585d77b03354121a4, State: Initialized, Role: FOLLOWER
I20260709 12:23:15.278687  3324 raft_consensus.cc:2468] T d373e8b022274a08b08f00c0057ae3d3 P 8525f77f43714a58bf158d872c1db3e4 [term 1 FOLLOWER]: Leader election vote request: Granting yes vote for candidate c93989d3dd634ef585d77b03354121a4 in term 1.
I20260709 12:23:15.292112  3364 leader_election.cc:304] T d373e8b022274a08b08f00c0057ae3d3 P c93989d3dd634ef585d77b03354121a4 [CANDIDATE]: Term 1 election: Election decided. Result: candidate won. Election summary: received 2 responses out of 3 voters: 2 yes votes; 0 no votes. yes voters: 8525f77f43714a58bf158d872c1db3e4, c93989d3dd634ef585d77b03354121a4; no voters: 
I20260709 12:23:15.293080  3653 consensus_queue.cc:1048] T b8131bbfd8374661bd9731b4a57468ee P c93989d3dd634ef585d77b03354121a4 [LEADER]: Connected to new peer: Peer: permanent_uuid: "8525f77f43714a58bf158d872c1db3e4" member_type: VOTER last_known_addr { host: "127.2.4.194" port: 33649 }, Status: LMP_MISMATCH, Last received: 0.0, Next index: 1, Last known committed idx: 0, Time since last communication: 0.000s
I20260709 12:23:15.293509  3542 raft_consensus.cc:2804] T d373e8b022274a08b08f00c0057ae3d3 P c93989d3dd634ef585d77b03354121a4 [term 1 FOLLOWER]: Leader election won for term 1
I20260709 12:23:15.294057  3542 raft_consensus.cc:697] T d373e8b022274a08b08f00c0057ae3d3 P c93989d3dd634ef585d77b03354121a4 [term 1 LEADER]: Becoming Leader. State: Replica: c93989d3dd634ef585d77b03354121a4, State: Running, Role: LEADER
I20260709 12:23:15.279331  3440 raft_consensus.cc:359] T c9145effc86e4e0db3de0ff579cd939d P 7cdaa0234c64450eb4ce4500b51b8a81 [term 0 FOLLOWER]: Replica starting. Triggering 0 pending ops. Active config: opid_index: -1 OBSOLETE_local: false peers { permanent_uuid: "7cdaa0234c64450eb4ce4500b51b8a81" member_type: VOTER last_known_addr { host: "127.2.4.193" port: 37779 } } peers { permanent_uuid: "8525f77f43714a58bf158d872c1db3e4" member_type: VOTER last_known_addr { host: "127.2.4.194" port: 33649 } } peers { permanent_uuid: "c93989d3dd634ef585d77b03354121a4" member_type: VOTER last_known_addr { host: "127.2.4.195" port: 41453 } }
I20260709 12:23:15.295262  3440 raft_consensus.cc:385] T c9145effc86e4e0db3de0ff579cd939d P 7cdaa0234c64450eb4ce4500b51b8a81 [term 0 FOLLOWER]: Consensus starting up: Expiring failure detector timer to make a prompt election more likely
I20260709 12:23:15.295564  3440 raft_consensus.cc:740] T c9145effc86e4e0db3de0ff579cd939d P 7cdaa0234c64450eb4ce4500b51b8a81 [term 0 FOLLOWER]: Becoming Follower/Learner. State: Replica: 7cdaa0234c64450eb4ce4500b51b8a81, State: Initialized, Role: FOLLOWER
I20260709 12:23:15.296211  3440 consensus_queue.cc:260] T c9145effc86e4e0db3de0ff579cd939d P 7cdaa0234c64450eb4ce4500b51b8a81 [NON_LEADER]: Queue going to NON_LEADER mode. State: All replicated index: 0, Majority replicated index: 0, Committed index: 0, Last appended: 0.0, Last appended by leader: 0, Current term: 0, Majority size: -1, State: 0, Mode: NON_LEADER, active raft config: opid_index: -1 OBSOLETE_local: false peers { permanent_uuid: "7cdaa0234c64450eb4ce4500b51b8a81" member_type: VOTER last_known_addr { host: "127.2.4.193" port: 37779 } } peers { permanent_uuid: "8525f77f43714a58bf158d872c1db3e4" member_type: VOTER last_known_addr { host: "127.2.4.194" port: 33649 } } peers { permanent_uuid: "c93989d3dd634ef585d77b03354121a4" member_type: VOTER last_known_addr { host: "127.2.4.195" port: 41453 } }
I20260709 12:23:15.297322  3542 consensus_queue.cc:237] T d373e8b022274a08b08f00c0057ae3d3 P c93989d3dd634ef585d77b03354121a4 [LEADER]: Queue going to LEADER mode. State: All replicated index: 0, Majority replicated index: 0, Committed index: 0, Last appended: 0.0, Last appended by leader: 0, Current term: 1, Majority size: 2, State: 0, Mode: LEADER, active raft config: opid_index: -1 OBSOLETE_local: false peers { permanent_uuid: "7cdaa0234c64450eb4ce4500b51b8a81" member_type: VOTER last_known_addr { host: "127.2.4.193" port: 37779 } } peers { permanent_uuid: "8525f77f43714a58bf158d872c1db3e4" member_type: VOTER last_known_addr { host: "127.2.4.194" port: 33649 } } peers { permanent_uuid: "c93989d3dd634ef585d77b03354121a4" member_type: VOTER last_known_addr { host: "127.2.4.195" port: 41453 } }
I20260709 12:23:15.302940  3440 ts_tablet_manager.cc:1434] T c9145effc86e4e0db3de0ff579cd939d P 7cdaa0234c64450eb4ce4500b51b8a81: Time spent starting tablet: real 0.046s	user 0.004s	sys 0.006s
I20260709 12:23:15.303996  3440 tablet_bootstrap.cc:492] T 5ba9db97635f4d28bf0f3079edf45a77 P 7cdaa0234c64450eb4ce4500b51b8a81: Bootstrap starting.
I20260709 12:23:15.281551  3246 raft_consensus.cc:2468] T d373e8b022274a08b08f00c0057ae3d3 P 7cdaa0234c64450eb4ce4500b51b8a81 [term 1 FOLLOWER]: Leader election vote request: Granting yes vote for candidate c93989d3dd634ef585d77b03354121a4 in term 1.
I20260709 12:23:15.282068  3544 raft_consensus.cc:2749] T e8d7a917f21741e9827c30e5433a38e3 P c93989d3dd634ef585d77b03354121a4 [term 1 FOLLOWER]: Leader pre-election lost for term 1. Reason: could not achieve majority
I20260709 12:23:15.287560  3439 consensus_queue.cc:260] T c9145effc86e4e0db3de0ff579cd939d P c93989d3dd634ef585d77b03354121a4 [NON_LEADER]: Queue going to NON_LEADER mode. State: All replicated index: 0, Majority replicated index: 0, Committed index: 0, Last appended: 0.0, Last appended by leader: 0, Current term: 0, Majority size: -1, State: 0, Mode: NON_LEADER, active raft config: opid_index: -1 OBSOLETE_local: false peers { permanent_uuid: "7cdaa0234c64450eb4ce4500b51b8a81" member_type: VOTER last_known_addr { host: "127.2.4.193" port: 37779 } } peers { permanent_uuid: "8525f77f43714a58bf158d872c1db3e4" member_type: VOTER last_known_addr { host: "127.2.4.194" port: 33649 } } peers { permanent_uuid: "c93989d3dd634ef585d77b03354121a4" member_type: VOTER last_known_addr { host: "127.2.4.195" port: 41453 } }
I20260709 12:23:15.311982  3439 ts_tablet_manager.cc:1434] T c9145effc86e4e0db3de0ff579cd939d P c93989d3dd634ef585d77b03354121a4: Time spent starting tablet: real 0.049s	user 0.007s	sys 0.000s
I20260709 12:23:15.313176  3439 tablet_bootstrap.cc:492] T 412da949752f49049ec6148896078f29 P c93989d3dd634ef585d77b03354121a4: Bootstrap starting.
I20260709 12:23:15.289460  3144 catalog_manager.cc:5697] T c4a1156be8e3418790f41cd380136b93 P c93989d3dd634ef585d77b03354121a4 reported cstate change: term changed from 0 to 1, leader changed from <none> to c93989d3dd634ef585d77b03354121a4 (127.2.4.195). New cstate: current_term: 1 leader_uuid: "c93989d3dd634ef585d77b03354121a4" committed_config { opid_index: -1 OBSOLETE_local: false peers { permanent_uuid: "7cdaa0234c64450eb4ce4500b51b8a81" member_type: VOTER last_known_addr { host: "127.2.4.193" port: 37779 } health_report { overall_health: UNKNOWN } } peers { permanent_uuid: "8525f77f43714a58bf158d872c1db3e4" member_type: VOTER last_known_addr { host: "127.2.4.194" port: 33649 } health_report { overall_health: UNKNOWN } } peers { permanent_uuid: "c93989d3dd634ef585d77b03354121a4" member_type: VOTER last_known_addr { host: "127.2.4.195" port: 41453 } health_report { overall_health: HEALTHY } } }
I20260709 12:23:15.288450  3438 tablet_bootstrap.cc:492] T 36377e446734493c8f3b1ff53d40d1cc P 8525f77f43714a58bf158d872c1db3e4: No bootstrap required, opened a new log
I20260709 12:23:15.321998  3438 ts_tablet_manager.cc:1403] T 36377e446734493c8f3b1ff53d40d1cc P 8525f77f43714a58bf158d872c1db3e4: Time spent bootstrapping tablet: real 0.196s	user 0.024s	sys 0.025s
I20260709 12:23:15.324085  3588 consensus_queue.cc:1048] T e8d7a917f21741e9827c30e5433a38e3 P 8525f77f43714a58bf158d872c1db3e4 [LEADER]: Connected to new peer: Peer: permanent_uuid: "c93989d3dd634ef585d77b03354121a4" member_type: VOTER last_known_addr { host: "127.2.4.195" port: 41453 }, Status: LMP_MISMATCH, Last received: 0.0, Next index: 1, Last known committed idx: 0, Time since last communication: 0.001s
I20260709 12:23:15.324818  3438 raft_consensus.cc:359] T 36377e446734493c8f3b1ff53d40d1cc P 8525f77f43714a58bf158d872c1db3e4 [term 0 FOLLOWER]: Replica starting. Triggering 0 pending ops. Active config: opid_index: -1 OBSOLETE_local: false peers { permanent_uuid: "7cdaa0234c64450eb4ce4500b51b8a81" member_type: VOTER last_known_addr { host: "127.2.4.193" port: 37779 } } peers { permanent_uuid: "8525f77f43714a58bf158d872c1db3e4" member_type: VOTER last_known_addr { host: "127.2.4.194" port: 33649 } } peers { permanent_uuid: "c93989d3dd634ef585d77b03354121a4" member_type: VOTER last_known_addr { host: "127.2.4.195" port: 41453 } }
I20260709 12:23:15.325599  3438 raft_consensus.cc:385] T 36377e446734493c8f3b1ff53d40d1cc P 8525f77f43714a58bf158d872c1db3e4 [term 0 FOLLOWER]: Consensus starting up: Expiring failure detector timer to make a prompt election more likely
I20260709 12:23:15.325917  3438 raft_consensus.cc:740] T 36377e446734493c8f3b1ff53d40d1cc P 8525f77f43714a58bf158d872c1db3e4 [term 0 FOLLOWER]: Becoming Follower/Learner. State: Replica: 8525f77f43714a58bf158d872c1db3e4, State: Initialized, Role: FOLLOWER
I20260709 12:23:15.328130  3439 tablet_bootstrap.cc:654] T 412da949752f49049ec6148896078f29 P c93989d3dd634ef585d77b03354121a4: Neither blocks nor log segments found. Creating new log.
I20260709 12:23:15.326604  3438 consensus_queue.cc:260] T 36377e446734493c8f3b1ff53d40d1cc P 8525f77f43714a58bf158d872c1db3e4 [NON_LEADER]: Queue going to NON_LEADER mode. State: All replicated index: 0, Majority replicated index: 0, Committed index: 0, Last appended: 0.0, Last appended by leader: 0, Current term: 0, Majority size: -1, State: 0, Mode: NON_LEADER, active raft config: opid_index: -1 OBSOLETE_local: false peers { permanent_uuid: "7cdaa0234c64450eb4ce4500b51b8a81" member_type: VOTER last_known_addr { host: "127.2.4.193" port: 37779 } } peers { permanent_uuid: "8525f77f43714a58bf158d872c1db3e4" member_type: VOTER last_known_addr { host: "127.2.4.194" port: 33649 } } peers { permanent_uuid: "c93989d3dd634ef585d77b03354121a4" member_type: VOTER last_known_addr { host: "127.2.4.195" port: 41453 } }
I20260709 12:23:15.339301  3438 ts_tablet_manager.cc:1434] T 36377e446734493c8f3b1ff53d40d1cc P 8525f77f43714a58bf158d872c1db3e4: Time spent starting tablet: real 0.017s	user 0.003s	sys 0.002s
I20260709 12:23:15.340624  3438 tablet_bootstrap.cc:492] T e2884104b65f4a589e915fd4328b729c P 8525f77f43714a58bf158d872c1db3e4: Bootstrap starting.
I20260709 12:23:15.344491  3440 tablet_bootstrap.cc:654] T 5ba9db97635f4d28bf0f3079edf45a77 P 7cdaa0234c64450eb4ce4500b51b8a81: Neither blocks nor log segments found. Creating new log.
I20260709 12:23:15.356818  3438 tablet_bootstrap.cc:654] T e2884104b65f4a589e915fd4328b729c P 8525f77f43714a58bf158d872c1db3e4: Neither blocks nor log segments found. Creating new log.
I20260709 12:23:15.356834  3147 catalog_manager.cc:5697] T d373e8b022274a08b08f00c0057ae3d3 P c93989d3dd634ef585d77b03354121a4 reported cstate change: term changed from 0 to 1, leader changed from <none> to c93989d3dd634ef585d77b03354121a4 (127.2.4.195). New cstate: current_term: 1 leader_uuid: "c93989d3dd634ef585d77b03354121a4" committed_config { opid_index: -1 OBSOLETE_local: false peers { permanent_uuid: "7cdaa0234c64450eb4ce4500b51b8a81" member_type: VOTER last_known_addr { host: "127.2.4.193" port: 37779 } health_report { overall_health: UNKNOWN } } peers { permanent_uuid: "8525f77f43714a58bf158d872c1db3e4" member_type: VOTER last_known_addr { host: "127.2.4.194" port: 33649 } health_report { overall_health: UNKNOWN } } peers { permanent_uuid: "c93989d3dd634ef585d77b03354121a4" member_type: VOTER last_known_addr { host: "127.2.4.195" port: 41453 } health_report { overall_health: HEALTHY } } }
I20260709 12:23:15.361447  3439 tablet_bootstrap.cc:492] T 412da949752f49049ec6148896078f29 P c93989d3dd634ef585d77b03354121a4: No bootstrap required, opened a new log
I20260709 12:23:15.361967  3439 ts_tablet_manager.cc:1403] T 412da949752f49049ec6148896078f29 P c93989d3dd634ef585d77b03354121a4: Time spent bootstrapping tablet: real 0.049s	user 0.010s	sys 0.002s
I20260709 12:23:15.364401  3439 raft_consensus.cc:359] T 412da949752f49049ec6148896078f29 P c93989d3dd634ef585d77b03354121a4 [term 0 FOLLOWER]: Replica starting. Triggering 0 pending ops. Active config: opid_index: -1 OBSOLETE_local: false peers { permanent_uuid: "7cdaa0234c64450eb4ce4500b51b8a81" member_type: VOTER last_known_addr { host: "127.2.4.193" port: 37779 } } peers { permanent_uuid: "8525f77f43714a58bf158d872c1db3e4" member_type: VOTER last_known_addr { host: "127.2.4.194" port: 33649 } } peers { permanent_uuid: "c93989d3dd634ef585d77b03354121a4" member_type: VOTER last_known_addr { host: "127.2.4.195" port: 41453 } }
I20260709 12:23:15.365295  3439 raft_consensus.cc:385] T 412da949752f49049ec6148896078f29 P c93989d3dd634ef585d77b03354121a4 [term 0 FOLLOWER]: Consensus starting up: Expiring failure detector timer to make a prompt election more likely
