I20260709 12:22:37.813279  3957 tablet_service.cc:1917] Received RequestConsensusVote() RPC: tablet_id: "c98bb0bc134849cbbc479ede278726ec" candidate_uuid: "83d54f3cc03b406492647d84a5573fd8" candidate_term: 1 candidate_status { last_received { term: 0 index: 0 } } ignore_live_leader: false dest_uuid: "7bcdc3bcf0714fbda5214f438be47849"
I20260709 12:22:37.813326  4195 raft_consensus.cc:515] T 28f46423918e44bbb7c331b702942e4e P 83d54f3cc03b406492647d84a5573fd8 [term 0 FOLLOWER]: Starting pre-election with config: opid_index: -1 OBSOLETE_local: false peers { permanent_uuid: "7bcdc3bcf0714fbda5214f438be47849" member_type: VOTER last_known_addr { host: "127.3.59.1" port: 46331 } } peers { permanent_uuid: "83d54f3cc03b406492647d84a5573fd8" member_type: VOTER last_known_addr { host: "127.3.59.2" port: 35967 } } peers { permanent_uuid: "7de32c0815fb49a2828d97bd7b7ff0fe" member_type: VOTER last_known_addr { host: "127.3.59.3" port: 44269 } }
I20260709 12:22:37.814608  4106 tablet_service.cc:1917] Received RequestConsensusVote() RPC: tablet_id: "c98bb0bc134849cbbc479ede278726ec" candidate_uuid: "83d54f3cc03b406492647d84a5573fd8" candidate_term: 1 candidate_status { last_received { term: 0 index: 0 } } ignore_live_leader: false dest_uuid: "7de32c0815fb49a2828d97bd7b7ff0fe"
I20260709 12:22:37.815186  4106 raft_consensus.cc:3060] T c98bb0bc134849cbbc479ede278726ec P 7de32c0815fb49a2828d97bd7b7ff0fe [term 0 FOLLOWER]: Advancing to term 1
I20260709 12:22:37.815369  4150 raft_consensus.cc:359] T c98bb0bc134849cbbc479ede278726ec P 7bcdc3bcf0714fbda5214f438be47849 [term 0 FOLLOWER]: Replica starting. Triggering 0 pending ops. Active config: opid_index: -1 OBSOLETE_local: false peers { permanent_uuid: "7bcdc3bcf0714fbda5214f438be47849" member_type: VOTER last_known_addr { host: "127.3.59.1" port: 46331 } } peers { permanent_uuid: "83d54f3cc03b406492647d84a5573fd8" member_type: VOTER last_known_addr { host: "127.3.59.2" port: 35967 } } peers { permanent_uuid: "7de32c0815fb49a2828d97bd7b7ff0fe" member_type: VOTER last_known_addr { host: "127.3.59.3" port: 44269 } }
I20260709 12:22:37.816102  4150 raft_consensus.cc:385] T c98bb0bc134849cbbc479ede278726ec P 7bcdc3bcf0714fbda5214f438be47849 [term 0 FOLLOWER]: Consensus starting up: Expiring failure detector timer to make a prompt election more likely
I20260709 12:22:37.816267  4195 leader_election.cc:290] T 28f46423918e44bbb7c331b702942e4e P 83d54f3cc03b406492647d84a5573fd8 [CANDIDATE]: Term 1 pre-election: Requested pre-vote from peers 7bcdc3bcf0714fbda5214f438be47849 (127.3.59.1:46331), 7de32c0815fb49a2828d97bd7b7ff0fe (127.3.59.3:44269)
I20260709 12:22:37.816442  4150 raft_consensus.cc:740] T c98bb0bc134849cbbc479ede278726ec P 7bcdc3bcf0714fbda5214f438be47849 [term 0 FOLLOWER]: Becoming Follower/Learner. State: Replica: 7bcdc3bcf0714fbda5214f438be47849, State: Initialized, Role: FOLLOWER
I20260709 12:22:37.817330  4150 consensus_queue.cc:260] T c98bb0bc134849cbbc479ede278726ec P 7bcdc3bcf0714fbda5214f438be47849 [NON_LEADER]: Queue going to NON_LEADER mode. State: All replicated index: 0, Majority replicated index: 0, Committed index: 0, Last appended: 0.0, Last appended by leader: 0, Current term: 0, Majority size: -1, State: 0, Mode: NON_LEADER, active raft config: opid_index: -1 OBSOLETE_local: false peers { permanent_uuid: "7bcdc3bcf0714fbda5214f438be47849" member_type: VOTER last_known_addr { host: "127.3.59.1" port: 46331 } } peers { permanent_uuid: "83d54f3cc03b406492647d84a5573fd8" member_type: VOTER last_known_addr { host: "127.3.59.2" port: 35967 } } peers { permanent_uuid: "7de32c0815fb49a2828d97bd7b7ff0fe" member_type: VOTER last_known_addr { host: "127.3.59.3" port: 44269 } }
W20260709 12:22:37.818197  3997 leader_election.cc:343] T c98bb0bc134849cbbc479ede278726ec P 83d54f3cc03b406492647d84a5573fd8 [CANDIDATE]: Term 1 election: Tablet error from VoteRequest() call to peer 7bcdc3bcf0714fbda5214f438be47849 (127.3.59.1:46331): Illegal state: must be running to vote when last-logged opid is not known
I20260709 12:22:37.819789  4150 ts_tablet_manager.cc:1434] T c98bb0bc134849cbbc479ede278726ec P 7bcdc3bcf0714fbda5214f438be47849: Time spent starting tablet: real 0.007s	user 0.008s	sys 0.000s
I20260709 12:22:37.819975  4107 tablet_service.cc:1917] Received RequestConsensusVote() RPC: tablet_id: "28f46423918e44bbb7c331b702942e4e" candidate_uuid: "83d54f3cc03b406492647d84a5573fd8" candidate_term: 1 candidate_status { last_received { term: 0 index: 0 } } ignore_live_leader: false dest_uuid: "7de32c0815fb49a2828d97bd7b7ff0fe" is_pre_election: true
I20260709 12:22:37.820623  4107 raft_consensus.cc:2468] T 28f46423918e44bbb7c331b702942e4e P 7de32c0815fb49a2828d97bd7b7ff0fe [term 0 FOLLOWER]: Leader pre-election vote request: Granting yes vote for candidate 83d54f3cc03b406492647d84a5573fd8 in term 0.
I20260709 12:22:37.820989  4150 tablet_bootstrap.cc:492] T 609d4e764e294df7a809c2ed081045a5 P 7bcdc3bcf0714fbda5214f438be47849: Bootstrap starting.
I20260709 12:22:37.821586  3957 tablet_service.cc:1917] Received RequestConsensusVote() RPC: tablet_id: "28f46423918e44bbb7c331b702942e4e" candidate_uuid: "83d54f3cc03b406492647d84a5573fd8" candidate_term: 1 candidate_status { last_received { term: 0 index: 0 } } ignore_live_leader: false dest_uuid: "7bcdc3bcf0714fbda5214f438be47849" is_pre_election: true
I20260709 12:22:37.822224  3957 raft_consensus.cc:2468] T 28f46423918e44bbb7c331b702942e4e P 7bcdc3bcf0714fbda5214f438be47849 [term 0 FOLLOWER]: Leader pre-election vote request: Granting yes vote for candidate 83d54f3cc03b406492647d84a5573fd8 in term 0.
I20260709 12:22:37.822358  3996 leader_election.cc:304] T 28f46423918e44bbb7c331b702942e4e P 83d54f3cc03b406492647d84a5573fd8 [CANDIDATE]: Term 1 pre-election: Election decided. Result: candidate won. Election summary: received 2 responses out of 3 voters: 2 yes votes; 0 no votes. yes voters: 7de32c0815fb49a2828d97bd7b7ff0fe, 83d54f3cc03b406492647d84a5573fd8; no voters: 
I20260709 12:22:37.823169  4106 raft_consensus.cc:2468] T c98bb0bc134849cbbc479ede278726ec P 7de32c0815fb49a2828d97bd7b7ff0fe [term 1 FOLLOWER]: Leader election vote request: Granting yes vote for candidate 83d54f3cc03b406492647d84a5573fd8 in term 1.
I20260709 12:22:37.823314  4195 raft_consensus.cc:2804] T 28f46423918e44bbb7c331b702942e4e P 83d54f3cc03b406492647d84a5573fd8 [term 0 FOLLOWER]: Leader pre-election won for term 1
I20260709 12:22:37.823761  4195 raft_consensus.cc:493] T 28f46423918e44bbb7c331b702942e4e P 83d54f3cc03b406492647d84a5573fd8 [term 0 FOLLOWER]: Starting leader election (no leader contacted us within the election timeout)
I20260709 12:22:37.824173  4195 raft_consensus.cc:3060] T 28f46423918e44bbb7c331b702942e4e P 83d54f3cc03b406492647d84a5573fd8 [term 0 FOLLOWER]: Advancing to term 1
I20260709 12:22:37.824554  3996 leader_election.cc:304] T c98bb0bc134849cbbc479ede278726ec P 83d54f3cc03b406492647d84a5573fd8 [CANDIDATE]: Term 1 election: Election decided. Result: candidate won. Election summary: received 3 responses out of 3 voters: 2 yes votes; 1 no votes. yes voters: 7de32c0815fb49a2828d97bd7b7ff0fe, 83d54f3cc03b406492647d84a5573fd8; no voters: 7bcdc3bcf0714fbda5214f438be47849
I20260709 12:22:37.824558  4153 raft_consensus.cc:493] T 92992b71582d4791aeff2e52b4be88bc P 7bcdc3bcf0714fbda5214f438be47849 [term 0 FOLLOWER]: Starting pre-election (no leader contacted us within the election timeout)
I20260709 12:22:37.826108  4153 raft_consensus.cc:515] T 92992b71582d4791aeff2e52b4be88bc P 7bcdc3bcf0714fbda5214f438be47849 [term 0 FOLLOWER]: Starting pre-election with config: opid_index: -1 OBSOLETE_local: false peers { permanent_uuid: "7bcdc3bcf0714fbda5214f438be47849" member_type: VOTER last_known_addr { host: "127.3.59.1" port: 46331 } } peers { permanent_uuid: "83d54f3cc03b406492647d84a5573fd8" member_type: VOTER last_known_addr { host: "127.3.59.2" port: 35967 } } peers { permanent_uuid: "7de32c0815fb49a2828d97bd7b7ff0fe" member_type: VOTER last_known_addr { host: "127.3.59.3" port: 44269 } }
I20260709 12:22:37.828045  4150 tablet_bootstrap.cc:654] T 609d4e764e294df7a809c2ed081045a5 P 7bcdc3bcf0714fbda5214f438be47849: Neither blocks nor log segments found. Creating new log.
I20260709 12:22:37.828356  4153 leader_election.cc:290] T 92992b71582d4791aeff2e52b4be88bc P 7bcdc3bcf0714fbda5214f438be47849 [CANDIDATE]: Term 1 pre-election: Requested pre-vote from peers 83d54f3cc03b406492647d84a5573fd8 (127.3.59.2:35967), 7de32c0815fb49a2828d97bd7b7ff0fe (127.3.59.3:44269)
I20260709 12:22:37.830399  4191 raft_consensus.cc:2804] T c98bb0bc134849cbbc479ede278726ec P 83d54f3cc03b406492647d84a5573fd8 [term 1 FOLLOWER]: Leader election won for term 1
I20260709 12:22:37.830904  4191 raft_consensus.cc:697] T c98bb0bc134849cbbc479ede278726ec P 83d54f3cc03b406492647d84a5573fd8 [term 1 LEADER]: Becoming Leader. State: Replica: 83d54f3cc03b406492647d84a5573fd8, State: Running, Role: LEADER
I20260709 12:22:37.831954  4033 tablet_service.cc:1917] Received RequestConsensusVote() RPC: tablet_id: "92992b71582d4791aeff2e52b4be88bc" candidate_uuid: "7bcdc3bcf0714fbda5214f438be47849" candidate_term: 1 candidate_status { last_received { term: 0 index: 0 } } ignore_live_leader: false dest_uuid: "83d54f3cc03b406492647d84a5573fd8" is_pre_election: true
I20260709 12:22:37.831739  4191 consensus_queue.cc:237] T c98bb0bc134849cbbc479ede278726ec P 83d54f3cc03b406492647d84a5573fd8 [LEADER]: Queue going to LEADER mode. State: All replicated index: 0, Majority replicated index: 0, Committed index: 0, Last appended: 0.0, Last appended by leader: 0, Current term: 1, Majority size: 2, State: 0, Mode: LEADER, active raft config: opid_index: -1 OBSOLETE_local: false peers { permanent_uuid: "7bcdc3bcf0714fbda5214f438be47849" member_type: VOTER last_known_addr { host: "127.3.59.1" port: 46331 } } peers { permanent_uuid: "83d54f3cc03b406492647d84a5573fd8" member_type: VOTER last_known_addr { host: "127.3.59.2" port: 35967 } } peers { permanent_uuid: "7de32c0815fb49a2828d97bd7b7ff0fe" member_type: VOTER last_known_addr { host: "127.3.59.3" port: 44269 } }
I20260709 12:22:37.834383  3853 catalog_manager.cc:5697] T 609d4e764e294df7a809c2ed081045a5 P 7de32c0815fb49a2828d97bd7b7ff0fe reported cstate change: term changed from 0 to 1, leader changed from <none> to 7de32c0815fb49a2828d97bd7b7ff0fe (127.3.59.3). New cstate: current_term: 1 leader_uuid: "7de32c0815fb49a2828d97bd7b7ff0fe" committed_config { opid_index: -1 OBSOLETE_local: false peers { permanent_uuid: "7bcdc3bcf0714fbda5214f438be47849" member_type: VOTER last_known_addr { host: "127.3.59.1" port: 46331 } health_report { overall_health: UNKNOWN } } peers { permanent_uuid: "83d54f3cc03b406492647d84a5573fd8" member_type: VOTER last_known_addr { host: "127.3.59.2" port: 35967 } health_report { overall_health: UNKNOWN } } peers { permanent_uuid: "7de32c0815fb49a2828d97bd7b7ff0fe" member_type: VOTER last_known_addr { host: "127.3.59.3" port: 44269 } health_report { overall_health: HEALTHY } } }
I20260709 12:22:37.833040  4106 tablet_service.cc:1917] Received RequestConsensusVote() RPC: tablet_id: "92992b71582d4791aeff2e52b4be88bc" candidate_uuid: "7bcdc3bcf0714fbda5214f438be47849" candidate_term: 1 candidate_status { last_received { term: 0 index: 0 } } ignore_live_leader: false dest_uuid: "7de32c0815fb49a2828d97bd7b7ff0fe" is_pre_election: true
I20260709 12:22:37.837417  4106 raft_consensus.cc:2393] T 92992b71582d4791aeff2e52b4be88bc P 7de32c0815fb49a2828d97bd7b7ff0fe [term 1 FOLLOWER]: Leader pre-election vote request: Denying vote to candidate 7bcdc3bcf0714fbda5214f438be47849 in current term 1: Already voted for candidate 83d54f3cc03b406492647d84a5573fd8 in this term.
I20260709 12:22:37.837759  4195 raft_consensus.cc:515] T 28f46423918e44bbb7c331b702942e4e P 83d54f3cc03b406492647d84a5573fd8 [term 1 FOLLOWER]: Starting leader election with config: opid_index: -1 OBSOLETE_local: false peers { permanent_uuid: "7bcdc3bcf0714fbda5214f438be47849" member_type: VOTER last_known_addr { host: "127.3.59.1" port: 46331 } } peers { permanent_uuid: "83d54f3cc03b406492647d84a5573fd8" member_type: VOTER last_known_addr { host: "127.3.59.2" port: 35967 } } peers { permanent_uuid: "7de32c0815fb49a2828d97bd7b7ff0fe" member_type: VOTER last_known_addr { host: "127.3.59.3" port: 44269 } }
I20260709 12:22:37.838846  3921 leader_election.cc:304] T 92992b71582d4791aeff2e52b4be88bc P 7bcdc3bcf0714fbda5214f438be47849 [CANDIDATE]: Term 1 pre-election: Election decided. Result: candidate lost. Election summary: received 3 responses out of 3 voters: 1 yes votes; 2 no votes. yes voters: 7bcdc3bcf0714fbda5214f438be47849; no voters: 7de32c0815fb49a2828d97bd7b7ff0fe, 83d54f3cc03b406492647d84a5573fd8
I20260709 12:22:37.840195  4153 raft_consensus.cc:3060] T 92992b71582d4791aeff2e52b4be88bc P 7bcdc3bcf0714fbda5214f438be47849 [term 0 FOLLOWER]: Advancing to term 1
I20260709 12:22:37.848465  4153 raft_consensus.cc:2749] T 92992b71582d4791aeff2e52b4be88bc P 7bcdc3bcf0714fbda5214f438be47849 [term 1 FOLLOWER]: Leader pre-election lost for term 1. Reason: could not achieve majority
I20260709 12:22:37.855223  3957 tablet_service.cc:1917] Received RequestConsensusVote() RPC: tablet_id: "28f46423918e44bbb7c331b702942e4e" candidate_uuid: "83d54f3cc03b406492647d84a5573fd8" candidate_term: 1 candidate_status { last_received { term: 0 index: 0 } } ignore_live_leader: false dest_uuid: "7bcdc3bcf0714fbda5214f438be47849"
I20260709 12:22:37.855223  4106 tablet_service.cc:1917] Received RequestConsensusVote() RPC: tablet_id: "28f46423918e44bbb7c331b702942e4e" candidate_uuid: "83d54f3cc03b406492647d84a5573fd8" candidate_term: 1 candidate_status { last_received { term: 0 index: 0 } } ignore_live_leader: false dest_uuid: "7de32c0815fb49a2828d97bd7b7ff0fe"
I20260709 12:22:37.855964  3957 raft_consensus.cc:3060] T 28f46423918e44bbb7c331b702942e4e P 7bcdc3bcf0714fbda5214f438be47849 [term 0 FOLLOWER]: Advancing to term 1
I20260709 12:22:37.856143  4106 raft_consensus.cc:3060] T 28f46423918e44bbb7c331b702942e4e P 7de32c0815fb49a2828d97bd7b7ff0fe [term 0 FOLLOWER]: Advancing to term 1
I20260709 12:22:37.856503  4150 tablet_bootstrap.cc:492] T 609d4e764e294df7a809c2ed081045a5 P 7bcdc3bcf0714fbda5214f438be47849: No bootstrap required, opened a new log
I20260709 12:22:37.857048  4150 ts_tablet_manager.cc:1403] T 609d4e764e294df7a809c2ed081045a5 P 7bcdc3bcf0714fbda5214f438be47849: Time spent bootstrapping tablet: real 0.036s	user 0.022s	sys 0.004s
I20260709 12:22:37.859941  4150 raft_consensus.cc:359] T 609d4e764e294df7a809c2ed081045a5 P 7bcdc3bcf0714fbda5214f438be47849 [term 0 FOLLOWER]: Replica starting. Triggering 0 pending ops. Active config: opid_index: -1 OBSOLETE_local: false peers { permanent_uuid: "7bcdc3bcf0714fbda5214f438be47849" member_type: VOTER last_known_addr { host: "127.3.59.1" port: 46331 } } peers { permanent_uuid: "83d54f3cc03b406492647d84a5573fd8" member_type: VOTER last_known_addr { host: "127.3.59.2" port: 35967 } } peers { permanent_uuid: "7de32c0815fb49a2828d97bd7b7ff0fe" member_type: VOTER last_known_addr { host: "127.3.59.3" port: 44269 } }
I20260709 12:22:37.860682  4150 raft_consensus.cc:385] T 609d4e764e294df7a809c2ed081045a5 P 7bcdc3bcf0714fbda5214f438be47849 [term 0 FOLLOWER]: Consensus starting up: Expiring failure detector timer to make a prompt election more likely
I20260709 12:22:37.860929  4195 leader_election.cc:290] T 28f46423918e44bbb7c331b702942e4e P 83d54f3cc03b406492647d84a5573fd8 [CANDIDATE]: Term 1 election: Requested vote from peers 7bcdc3bcf0714fbda5214f438be47849 (127.3.59.1:46331), 7de32c0815fb49a2828d97bd7b7ff0fe (127.3.59.3:44269)
I20260709 12:22:37.860999  4150 raft_consensus.cc:740] T 609d4e764e294df7a809c2ed081045a5 P 7bcdc3bcf0714fbda5214f438be47849 [term 0 FOLLOWER]: Becoming Follower/Learner. State: Replica: 7bcdc3bcf0714fbda5214f438be47849, State: Initialized, Role: FOLLOWER
I20260709 12:22:37.861994  4150 consensus_queue.cc:260] T 609d4e764e294df7a809c2ed081045a5 P 7bcdc3bcf0714fbda5214f438be47849 [NON_LEADER]: Queue going to NON_LEADER mode. State: All replicated index: 0, Majority replicated index: 0, Committed index: 0, Last appended: 0.0, Last appended by leader: 0, Current term: 0, Majority size: -1, State: 0, Mode: NON_LEADER, active raft config: opid_index: -1 OBSOLETE_local: false peers { permanent_uuid: "7bcdc3bcf0714fbda5214f438be47849" member_type: VOTER last_known_addr { host: "127.3.59.1" port: 46331 } } peers { permanent_uuid: "83d54f3cc03b406492647d84a5573fd8" member_type: VOTER last_known_addr { host: "127.3.59.2" port: 35967 } } peers { permanent_uuid: "7de32c0815fb49a2828d97bd7b7ff0fe" member_type: VOTER last_known_addr { host: "127.3.59.3" port: 44269 } }
I20260709 12:22:37.862866  3957 raft_consensus.cc:2468] T 28f46423918e44bbb7c331b702942e4e P 7bcdc3bcf0714fbda5214f438be47849 [term 1 FOLLOWER]: Leader election vote request: Granting yes vote for candidate 83d54f3cc03b406492647d84a5573fd8 in term 1.
I20260709 12:22:37.864641  4150 ts_tablet_manager.cc:1434] T 609d4e764e294df7a809c2ed081045a5 P 7bcdc3bcf0714fbda5214f438be47849: Time spent starting tablet: real 0.007s	user 0.007s	sys 0.000s
I20260709 12:22:37.865082  4106 raft_consensus.cc:2468] T 28f46423918e44bbb7c331b702942e4e P 7de32c0815fb49a2828d97bd7b7ff0fe [term 1 FOLLOWER]: Leader election vote request: Granting yes vote for candidate 83d54f3cc03b406492647d84a5573fd8 in term 1.
I20260709 12:22:37.865669  3997 leader_election.cc:304] T 28f46423918e44bbb7c331b702942e4e P 83d54f3cc03b406492647d84a5573fd8 [CANDIDATE]: Term 1 election: Election decided. Result: candidate won. Election summary: received 2 responses out of 3 voters: 2 yes votes; 0 no votes. yes voters: 7bcdc3bcf0714fbda5214f438be47849, 83d54f3cc03b406492647d84a5573fd8; no voters: 
I20260709 12:22:37.867314  4191 raft_consensus.cc:2804] T 28f46423918e44bbb7c331b702942e4e P 83d54f3cc03b406492647d84a5573fd8 [term 1 FOLLOWER]: Leader election won for term 1
I20260709 12:22:37.867846  4191 raft_consensus.cc:697] T 28f46423918e44bbb7c331b702942e4e P 83d54f3cc03b406492647d84a5573fd8 [term 1 LEADER]: Becoming Leader. State: Replica: 83d54f3cc03b406492647d84a5573fd8, State: Running, Role: LEADER
I20260709 12:22:37.869517  4150 tablet_bootstrap.cc:492] T 11be415eec56488cab169ca2757a9f18 P 7bcdc3bcf0714fbda5214f438be47849: Bootstrap starting.
I20260709 12:22:37.868767  4191 consensus_queue.cc:237] T 28f46423918e44bbb7c331b702942e4e P 83d54f3cc03b406492647d84a5573fd8 [LEADER]: Queue going to LEADER mode. State: All replicated index: 0, Majority replicated index: 0, Committed index: 0, Last appended: 0.0, Last appended by leader: 0, Current term: 1, Majority size: 2, State: 0, Mode: LEADER, active raft config: opid_index: -1 OBSOLETE_local: false peers { permanent_uuid: "7bcdc3bcf0714fbda5214f438be47849" member_type: VOTER last_known_addr { host: "127.3.59.1" port: 46331 } } peers { permanent_uuid: "83d54f3cc03b406492647d84a5573fd8" member_type: VOTER last_known_addr { host: "127.3.59.2" port: 35967 } } peers { permanent_uuid: "7de32c0815fb49a2828d97bd7b7ff0fe" member_type: VOTER last_known_addr { host: "127.3.59.3" port: 44269 } }
I20260709 12:22:37.867663  3852 catalog_manager.cc:5697] T c98bb0bc134849cbbc479ede278726ec P 83d54f3cc03b406492647d84a5573fd8 reported cstate change: term changed from 0 to 1, leader changed from <none> to 83d54f3cc03b406492647d84a5573fd8 (127.3.59.2). New cstate: current_term: 1 leader_uuid: "83d54f3cc03b406492647d84a5573fd8" committed_config { opid_index: -1 OBSOLETE_local: false peers { permanent_uuid: "7bcdc3bcf0714fbda5214f438be47849" member_type: VOTER last_known_addr { host: "127.3.59.1" port: 46331 } health_report { overall_health: UNKNOWN } } peers { permanent_uuid: "83d54f3cc03b406492647d84a5573fd8" member_type: VOTER last_known_addr { host: "127.3.59.2" port: 35967 } health_report { overall_health: HEALTHY } } peers { permanent_uuid: "7de32c0815fb49a2828d97bd7b7ff0fe" member_type: VOTER last_known_addr { host: "127.3.59.3" port: 44269 } health_report { overall_health: UNKNOWN } } }
I20260709 12:22:37.875809  4150 tablet_bootstrap.cc:654] T 11be415eec56488cab169ca2757a9f18 P 7bcdc3bcf0714fbda5214f438be47849: Neither blocks nor log segments found. Creating new log.
I20260709 12:22:37.883375  4150 tablet_bootstrap.cc:492] T 11be415eec56488cab169ca2757a9f18 P 7bcdc3bcf0714fbda5214f438be47849: No bootstrap required, opened a new log
I20260709 12:22:37.883780  4150 ts_tablet_manager.cc:1403] T 11be415eec56488cab169ca2757a9f18 P 7bcdc3bcf0714fbda5214f438be47849: Time spent bootstrapping tablet: real 0.014s	user 0.012s	sys 0.000s
I20260709 12:22:37.885844  4150 raft_consensus.cc:359] T 11be415eec56488cab169ca2757a9f18 P 7bcdc3bcf0714fbda5214f438be47849 [term 0 FOLLOWER]: Replica starting. Triggering 0 pending ops. Active config: opid_index: -1 OBSOLETE_local: false peers { permanent_uuid: "7bcdc3bcf0714fbda5214f438be47849" member_type: VOTER last_known_addr { host: "127.3.59.1" port: 46331 } } peers { permanent_uuid: "83d54f3cc03b406492647d84a5573fd8" member_type: VOTER last_known_addr { host: "127.3.59.2" port: 35967 } } peers { permanent_uuid: "7de32c0815fb49a2828d97bd7b7ff0fe" member_type: VOTER last_known_addr { host: "127.3.59.3" port: 44269 } }
I20260709 12:22:37.886451  4150 raft_consensus.cc:385] T 11be415eec56488cab169ca2757a9f18 P 7bcdc3bcf0714fbda5214f438be47849 [term 0 FOLLOWER]: Consensus starting up: Expiring failure detector timer to make a prompt election more likely
I20260709 12:22:37.886680  4150 raft_consensus.cc:740] T 11be415eec56488cab169ca2757a9f18 P 7bcdc3bcf0714fbda5214f438be47849 [term 0 FOLLOWER]: Becoming Follower/Learner. State: Replica: 7bcdc3bcf0714fbda5214f438be47849, State: Initialized, Role: FOLLOWER
I20260709 12:22:37.887239  4150 consensus_queue.cc:260] T 11be415eec56488cab169ca2757a9f18 P 7bcdc3bcf0714fbda5214f438be47849 [NON_LEADER]: Queue going to NON_LEADER mode. State: All replicated index: 0, Majority replicated index: 0, Committed index: 0, Last appended: 0.0, Last appended by leader: 0, Current term: 0, Majority size: -1, State: 0, Mode: NON_LEADER, active raft config: opid_index: -1 OBSOLETE_local: false peers { permanent_uuid: "7bcdc3bcf0714fbda5214f438be47849" member_type: VOTER last_known_addr { host: "127.3.59.1" port: 46331 } } peers { permanent_uuid: "83d54f3cc03b406492647d84a5573fd8" member_type: VOTER last_known_addr { host: "127.3.59.2" port: 35967 } } peers { permanent_uuid: "7de32c0815fb49a2828d97bd7b7ff0fe" member_type: VOTER last_known_addr { host: "127.3.59.3" port: 44269 } }
I20260709 12:22:37.887564  3852 catalog_manager.cc:5697] T 28f46423918e44bbb7c331b702942e4e P 83d54f3cc03b406492647d84a5573fd8 reported cstate change: term changed from 0 to 1, leader changed from <none> to 83d54f3cc03b406492647d84a5573fd8 (127.3.59.2). New cstate: current_term: 1 leader_uuid: "83d54f3cc03b406492647d84a5573fd8" committed_config { opid_index: -1 OBSOLETE_local: false peers { permanent_uuid: "7bcdc3bcf0714fbda5214f438be47849" member_type: VOTER last_known_addr { host: "127.3.59.1" port: 46331 } health_report { overall_health: UNKNOWN } } peers { permanent_uuid: "83d54f3cc03b406492647d84a5573fd8" member_type: VOTER last_known_addr { host: "127.3.59.2" port: 35967 } health_report { overall_health: HEALTHY } } peers { permanent_uuid: "7de32c0815fb49a2828d97bd7b7ff0fe" member_type: VOTER last_known_addr { host: "127.3.59.3" port: 44269 } health_report { overall_health: UNKNOWN } } }
I20260709 12:22:37.889380  4150 ts_tablet_manager.cc:1434] T 11be415eec56488cab169ca2757a9f18 P 7bcdc3bcf0714fbda5214f438be47849: Time spent starting tablet: real 0.005s	user 0.004s	sys 0.000s
I20260709 12:22:37.890300  4150 tablet_bootstrap.cc:492] T 6e0cfbc1dc3e40b9919da5c700d5b1bb P 7bcdc3bcf0714fbda5214f438be47849: Bootstrap starting.
I20260709 12:22:37.895159  4150 tablet_bootstrap.cc:654] T 6e0cfbc1dc3e40b9919da5c700d5b1bb P 7bcdc3bcf0714fbda5214f438be47849: Neither blocks nor log segments found. Creating new log.
I20260709 12:22:37.901796  4150 tablet_bootstrap.cc:492] T 6e0cfbc1dc3e40b9919da5c700d5b1bb P 7bcdc3bcf0714fbda5214f438be47849: No bootstrap required, opened a new log
I20260709 12:22:37.902231  4150 ts_tablet_manager.cc:1403] T 6e0cfbc1dc3e40b9919da5c700d5b1bb P 7bcdc3bcf0714fbda5214f438be47849: Time spent bootstrapping tablet: real 0.012s	user 0.009s	sys 0.003s
I20260709 12:22:37.903487  4195 consensus_queue.cc:1048] T 66f3f06d8e5848dda6acd1942d48a229 P 83d54f3cc03b406492647d84a5573fd8 [LEADER]: Connected to new peer: Peer: permanent_uuid: "7de32c0815fb49a2828d97bd7b7ff0fe" member_type: VOTER last_known_addr { host: "127.3.59.3" port: 44269 }, Status: LMP_MISMATCH, Last received: 0.0, Next index: 1, Last known committed idx: 0, Time since last communication: 0.000s
I20260709 12:22:37.904312  4150 raft_consensus.cc:359] T 6e0cfbc1dc3e40b9919da5c700d5b1bb P 7bcdc3bcf0714fbda5214f438be47849 [term 0 FOLLOWER]: Replica starting. Triggering 0 pending ops. Active config: opid_index: -1 OBSOLETE_local: false peers { permanent_uuid: "7bcdc3bcf0714fbda5214f438be47849" member_type: VOTER last_known_addr { host: "127.3.59.1" port: 46331 } } peers { permanent_uuid: "83d54f3cc03b406492647d84a5573fd8" member_type: VOTER last_known_addr { host: "127.3.59.2" port: 35967 } } peers { permanent_uuid: "7de32c0815fb49a2828d97bd7b7ff0fe" member_type: VOTER last_known_addr { host: "127.3.59.3" port: 44269 } }
I20260709 12:22:37.904920  4150 raft_consensus.cc:385] T 6e0cfbc1dc3e40b9919da5c700d5b1bb P 7bcdc3bcf0714fbda5214f438be47849 [term 0 FOLLOWER]: Consensus starting up: Expiring failure detector timer to make a prompt election more likely
I20260709 12:22:37.905175  4150 raft_consensus.cc:740] T 6e0cfbc1dc3e40b9919da5c700d5b1bb P 7bcdc3bcf0714fbda5214f438be47849 [term 0 FOLLOWER]: Becoming Follower/Learner. State: Replica: 7bcdc3bcf0714fbda5214f438be47849, State: Initialized, Role: FOLLOWER
I20260709 12:22:37.905731  4150 consensus_queue.cc:260] T 6e0cfbc1dc3e40b9919da5c700d5b1bb P 7bcdc3bcf0714fbda5214f438be47849 [NON_LEADER]: Queue going to NON_LEADER mode. State: All replicated index: 0, Majority replicated index: 0, Committed index: 0, Last appended: 0.0, Last appended by leader: 0, Current term: 0, Majority size: -1, State: 0, Mode: NON_LEADER, active raft config: opid_index: -1 OBSOLETE_local: false peers { permanent_uuid: "7bcdc3bcf0714fbda5214f438be47849" member_type: VOTER last_known_addr { host: "127.3.59.1" port: 46331 } } peers { permanent_uuid: "83d54f3cc03b406492647d84a5573fd8" member_type: VOTER last_known_addr { host: "127.3.59.2" port: 35967 } } peers { permanent_uuid: "7de32c0815fb49a2828d97bd7b7ff0fe" member_type: VOTER last_known_addr { host: "127.3.59.3" port: 44269 } }
I20260709 12:22:37.907790  4150 ts_tablet_manager.cc:1434] T 6e0cfbc1dc3e40b9919da5c700d5b1bb P 7bcdc3bcf0714fbda5214f438be47849: Time spent starting tablet: real 0.005s	user 0.004s	sys 0.000s
I20260709 12:22:37.921300  4153 raft_consensus.cc:493] T 6e0cfbc1dc3e40b9919da5c700d5b1bb P 7bcdc3bcf0714fbda5214f438be47849 [term 0 FOLLOWER]: Starting pre-election (no leader contacted us within the election timeout)
I20260709 12:22:37.921833  4153 raft_consensus.cc:515] T 6e0cfbc1dc3e40b9919da5c700d5b1bb P 7bcdc3bcf0714fbda5214f438be47849 [term 0 FOLLOWER]: Starting pre-election with config: opid_index: -1 OBSOLETE_local: false peers { permanent_uuid: "7bcdc3bcf0714fbda5214f438be47849" member_type: VOTER last_known_addr { host: "127.3.59.1" port: 46331 } } peers { permanent_uuid: "83d54f3cc03b406492647d84a5573fd8" member_type: VOTER last_known_addr { host: "127.3.59.2" port: 35967 } } peers { permanent_uuid: "7de32c0815fb49a2828d97bd7b7ff0fe" member_type: VOTER last_known_addr { host: "127.3.59.3" port: 44269 } }
I20260709 12:22:37.923776  4153 leader_election.cc:290] T 6e0cfbc1dc3e40b9919da5c700d5b1bb P 7bcdc3bcf0714fbda5214f438be47849 [CANDIDATE]: Term 1 pre-election: Requested pre-vote from peers 83d54f3cc03b406492647d84a5573fd8 (127.3.59.2:35967), 7de32c0815fb49a2828d97bd7b7ff0fe (127.3.59.3:44269)
I20260709 12:22:37.925662  4106 tablet_service.cc:1917] Received RequestConsensusVote() RPC: tablet_id: "6e0cfbc1dc3e40b9919da5c700d5b1bb" candidate_uuid: "7bcdc3bcf0714fbda5214f438be47849" candidate_term: 1 candidate_status { last_received { term: 0 index: 0 } } ignore_live_leader: false dest_uuid: "7de32c0815fb49a2828d97bd7b7ff0fe" is_pre_election: true
I20260709 12:22:37.926039  4033 tablet_service.cc:1917] Received RequestConsensusVote() RPC: tablet_id: "6e0cfbc1dc3e40b9919da5c700d5b1bb" candidate_uuid: "7bcdc3bcf0714fbda5214f438be47849" candidate_term: 1 candidate_status { last_received { term: 0 index: 0 } } ignore_live_leader: false dest_uuid: "83d54f3cc03b406492647d84a5573fd8" is_pre_election: true
I20260709 12:22:37.926360  4106 raft_consensus.cc:2468] T 6e0cfbc1dc3e40b9919da5c700d5b1bb P 7de32c0815fb49a2828d97bd7b7ff0fe [term 0 FOLLOWER]: Leader pre-election vote request: Granting yes vote for candidate 7bcdc3bcf0714fbda5214f438be47849 in term 0.
I20260709 12:22:37.926651  4033 raft_consensus.cc:2468] T 6e0cfbc1dc3e40b9919da5c700d5b1bb P 83d54f3cc03b406492647d84a5573fd8 [term 0 FOLLOWER]: Leader pre-election vote request: Granting yes vote for candidate 7bcdc3bcf0714fbda5214f438be47849 in term 0.
I20260709 12:22:37.927606  3921 leader_election.cc:304] T 6e0cfbc1dc3e40b9919da5c700d5b1bb P 7bcdc3bcf0714fbda5214f438be47849 [CANDIDATE]: Term 1 pre-election: Election decided. Result: candidate won. Election summary: received 2 responses out of 3 voters: 2 yes votes; 0 no votes. yes voters: 7bcdc3bcf0714fbda5214f438be47849, 7de32c0815fb49a2828d97bd7b7ff0fe; no voters: 
I20260709 12:22:37.928401  4153 raft_consensus.cc:2804] T 6e0cfbc1dc3e40b9919da5c700d5b1bb P 7bcdc3bcf0714fbda5214f438be47849 [term 0 FOLLOWER]: Leader pre-election won for term 1
I20260709 12:22:37.928807  4153 raft_consensus.cc:493] T 6e0cfbc1dc3e40b9919da5c700d5b1bb P 7bcdc3bcf0714fbda5214f438be47849 [term 0 FOLLOWER]: Starting leader election (no leader contacted us within the election timeout)
I20260709 12:22:37.929168  4153 raft_consensus.cc:3060] T 6e0cfbc1dc3e40b9919da5c700d5b1bb P 7bcdc3bcf0714fbda5214f438be47849 [term 0 FOLLOWER]: Advancing to term 1
I20260709 12:22:37.930625  4195 consensus_queue.cc:1048] T 66f3f06d8e5848dda6acd1942d48a229 P 83d54f3cc03b406492647d84a5573fd8 [LEADER]: Connected to new peer: Peer: permanent_uuid: "7bcdc3bcf0714fbda5214f438be47849" member_type: VOTER last_known_addr { host: "127.3.59.1" port: 46331 }, Status: LMP_MISMATCH, Last received: 0.0, Next index: 1, Last known committed idx: 0, Time since last communication: 0.000s
I20260709 12:22:37.930968  4169 raft_consensus.cc:493] T 11be415eec56488cab169ca2757a9f18 P 7bcdc3bcf0714fbda5214f438be47849 [term 0 FOLLOWER]: Starting pre-election (no leader contacted us within the election timeout)
I20260709 12:22:37.931476  4169 raft_consensus.cc:515] T 11be415eec56488cab169ca2757a9f18 P 7bcdc3bcf0714fbda5214f438be47849 [term 0 FOLLOWER]: Starting pre-election with config: opid_index: -1 OBSOLETE_local: false peers { permanent_uuid: "7bcdc3bcf0714fbda5214f438be47849" member_type: VOTER last_known_addr { host: "127.3.59.1" port: 46331 } } peers { permanent_uuid: "83d54f3cc03b406492647d84a5573fd8" member_type: VOTER last_known_addr { host: "127.3.59.2" port: 35967 } } peers { permanent_uuid: "7de32c0815fb49a2828d97bd7b7ff0fe" member_type: VOTER last_known_addr { host: "127.3.59.3" port: 44269 } }
I20260709 12:22:37.933661  4169 leader_election.cc:290] T 11be415eec56488cab169ca2757a9f18 P 7bcdc3bcf0714fbda5214f438be47849 [CANDIDATE]: Term 1 pre-election: Requested pre-vote from peers 83d54f3cc03b406492647d84a5573fd8 (127.3.59.2:35967), 7de32c0815fb49a2828d97bd7b7ff0fe (127.3.59.3:44269)
I20260709 12:22:37.934689  4033 tablet_service.cc:1917] Received RequestConsensusVote() RPC: tablet_id: "11be415eec56488cab169ca2757a9f18" candidate_uuid: "7bcdc3bcf0714fbda5214f438be47849" candidate_term: 1 candidate_status { last_received { term: 0 index: 0 } } ignore_live_leader: false dest_uuid: "83d54f3cc03b406492647d84a5573fd8" is_pre_election: true
I20260709 12:22:37.936026  4106 tablet_service.cc:1917] Received RequestConsensusVote() RPC: tablet_id: "11be415eec56488cab169ca2757a9f18" candidate_uuid: "7bcdc3bcf0714fbda5214f438be47849" candidate_term: 1 candidate_status { last_received { term: 0 index: 0 } } ignore_live_leader: false dest_uuid: "7de32c0815fb49a2828d97bd7b7ff0fe" is_pre_election: true
I20260709 12:22:37.936842  4106 raft_consensus.cc:2393] T 11be415eec56488cab169ca2757a9f18 P 7de32c0815fb49a2828d97bd7b7ff0fe [term 1 FOLLOWER]: Leader pre-election vote request: Denying vote to candidate 7bcdc3bcf0714fbda5214f438be47849 in current term 1: Already voted for candidate 83d54f3cc03b406492647d84a5573fd8 in this term.
I20260709 12:22:37.936714  4153 raft_consensus.cc:515] T 6e0cfbc1dc3e40b9919da5c700d5b1bb P 7bcdc3bcf0714fbda5214f438be47849 [term 1 FOLLOWER]: Starting leader election with config: opid_index: -1 OBSOLETE_local: false peers { permanent_uuid: "7bcdc3bcf0714fbda5214f438be47849" member_type: VOTER last_known_addr { host: "127.3.59.1" port: 46331 } } peers { permanent_uuid: "83d54f3cc03b406492647d84a5573fd8" member_type: VOTER last_known_addr { host: "127.3.59.2" port: 35967 } } peers { permanent_uuid: "7de32c0815fb49a2828d97bd7b7ff0fe" member_type: VOTER last_known_addr { host: "127.3.59.3" port: 44269 } }
I20260709 12:22:37.937949  3921 leader_election.cc:304] T 11be415eec56488cab169ca2757a9f18 P 7bcdc3bcf0714fbda5214f438be47849 [CANDIDATE]: Term 1 pre-election: Election decided. Result: candidate lost. Election summary: received 3 responses out of 3 voters: 1 yes votes; 2 no votes. yes voters: 7bcdc3bcf0714fbda5214f438be47849; no voters: 7de32c0815fb49a2828d97bd7b7ff0fe, 83d54f3cc03b406492647d84a5573fd8
I20260709 12:22:37.938984  4153 leader_election.cc:290] T 6e0cfbc1dc3e40b9919da5c700d5b1bb P 7bcdc3bcf0714fbda5214f438be47849 [CANDIDATE]: Term 1 election: Requested vote from peers 83d54f3cc03b406492647d84a5573fd8 (127.3.59.2:35967), 7de32c0815fb49a2828d97bd7b7ff0fe (127.3.59.3:44269)
I20260709 12:22:37.939913  4033 tablet_service.cc:1917] Received RequestConsensusVote() RPC: tablet_id: "6e0cfbc1dc3e40b9919da5c700d5b1bb" candidate_uuid: "7bcdc3bcf0714fbda5214f438be47849" candidate_term: 1 candidate_status { last_received { term: 0 index: 0 } } ignore_live_leader: false dest_uuid: "83d54f3cc03b406492647d84a5573fd8"
I20260709 12:22:37.940584  4033 raft_consensus.cc:3060] T 6e0cfbc1dc3e40b9919da5c700d5b1bb P 83d54f3cc03b406492647d84a5573fd8 [term 0 FOLLOWER]: Advancing to term 1
I20260709 12:22:37.943346  4153 raft_consensus.cc:3060] T 11be415eec56488cab169ca2757a9f18 P 7bcdc3bcf0714fbda5214f438be47849 [term 0 FOLLOWER]: Advancing to term 1
I20260709 12:22:37.947880  4106 tablet_service.cc:1917] Received RequestConsensusVote() RPC: tablet_id: "6e0cfbc1dc3e40b9919da5c700d5b1bb" candidate_uuid: "7bcdc3bcf0714fbda5214f438be47849" candidate_term: 1 candidate_status { last_received { term: 0 index: 0 } } ignore_live_leader: false dest_uuid: "7de32c0815fb49a2828d97bd7b7ff0fe"
I20260709 12:22:37.947983  4033 raft_consensus.cc:2468] T 6e0cfbc1dc3e40b9919da5c700d5b1bb P 83d54f3cc03b406492647d84a5573fd8 [term 1 FOLLOWER]: Leader election vote request: Granting yes vote for candidate 7bcdc3bcf0714fbda5214f438be47849 in term 1.
I20260709 12:22:37.948658  4106 raft_consensus.cc:3060] T 6e0cfbc1dc3e40b9919da5c700d5b1bb P 7de32c0815fb49a2828d97bd7b7ff0fe [term 0 FOLLOWER]: Advancing to term 1
I20260709 12:22:37.949388  3923 leader_election.cc:304] T 6e0cfbc1dc3e40b9919da5c700d5b1bb P 7bcdc3bcf0714fbda5214f438be47849 [CANDIDATE]: Term 1 election: Election decided. Result: candidate won. Election summary: received 2 responses out of 3 voters: 2 yes votes; 0 no votes. yes voters: 7bcdc3bcf0714fbda5214f438be47849, 83d54f3cc03b406492647d84a5573fd8; no voters: 
I20260709 12:22:37.950383  4214 raft_consensus.cc:2804] T 6e0cfbc1dc3e40b9919da5c700d5b1bb P 7bcdc3bcf0714fbda5214f438be47849 [term 1 FOLLOWER]: Leader election won for term 1
I20260709 12:22:37.950562  4153 raft_consensus.cc:2749] T 11be415eec56488cab169ca2757a9f18 P 7bcdc3bcf0714fbda5214f438be47849 [term 1 FOLLOWER]: Leader pre-election lost for term 1. Reason: could not achieve majority
I20260709 12:22:37.950910  4214 raft_consensus.cc:697] T 6e0cfbc1dc3e40b9919da5c700d5b1bb P 7bcdc3bcf0714fbda5214f438be47849 [term 1 LEADER]: Becoming Leader. State: Replica: 7bcdc3bcf0714fbda5214f438be47849, State: Running, Role: LEADER
I20260709 12:22:37.951957  4214 consensus_queue.cc:237] T 6e0cfbc1dc3e40b9919da5c700d5b1bb P 7bcdc3bcf0714fbda5214f438be47849 [LEADER]: Queue going to LEADER mode. State: All replicated index: 0, Majority replicated index: 0, Committed index: 0, Last appended: 0.0, Last appended by leader: 0, Current term: 1, Majority size: 2, State: 0, Mode: LEADER, active raft config: opid_index: -1 OBSOLETE_local: false peers { permanent_uuid: "7bcdc3bcf0714fbda5214f438be47849" member_type: VOTER last_known_addr { host: "127.3.59.1" port: 46331 } } peers { permanent_uuid: "83d54f3cc03b406492647d84a5573fd8" member_type: VOTER last_known_addr { host: "127.3.59.2" port: 35967 } } peers { permanent_uuid: "7de32c0815fb49a2828d97bd7b7ff0fe" member_type: VOTER last_known_addr { host: "127.3.59.3" port: 44269 } }
I20260709 12:22:37.955919  4106 raft_consensus.cc:2468] T 6e0cfbc1dc3e40b9919da5c700d5b1bb P 7de32c0815fb49a2828d97bd7b7ff0fe [term 1 FOLLOWER]: Leader election vote request: Granting yes vote for candidate 7bcdc3bcf0714fbda5214f438be47849 in term 1.
I20260709 12:22:37.961723  3854 catalog_manager.cc:5697] T 6e0cfbc1dc3e40b9919da5c700d5b1bb P 7bcdc3bcf0714fbda5214f438be47849 reported cstate change: term changed from 0 to 1, leader changed from <none> to 7bcdc3bcf0714fbda5214f438be47849 (127.3.59.1). New cstate: current_term: 1 leader_uuid: "7bcdc3bcf0714fbda5214f438be47849" committed_config { opid_index: -1 OBSOLETE_local: false peers { permanent_uuid: "7bcdc3bcf0714fbda5214f438be47849" member_type: VOTER last_known_addr { host: "127.3.59.1" port: 46331 } health_report { overall_health: HEALTHY } } peers { permanent_uuid: "83d54f3cc03b406492647d84a5573fd8" member_type: VOTER last_known_addr { host: "127.3.59.2" port: 35967 } health_report { overall_health: UNKNOWN } } peers { permanent_uuid: "7de32c0815fb49a2828d97bd7b7ff0fe" member_type: VOTER last_known_addr { host: "127.3.59.3" port: 44269 } health_report { overall_health: UNKNOWN } } }
I20260709 12:22:37.964457  4157 consensus_queue.cc:1048] T 5adf1f94e2de493182711458b0827964 P 7de32c0815fb49a2828d97bd7b7ff0fe [LEADER]: Connected to new peer: Peer: permanent_uuid: "7bcdc3bcf0714fbda5214f438be47849" member_type: VOTER last_known_addr { host: "127.3.59.1" port: 46331 }, Status: LMP_MISMATCH, Last received: 0.0, Next index: 1, Last known committed idx: 0, Time since last communication: 0.000s
I20260709 12:22:37.975461  4157 consensus_queue.cc:1048] T 5adf1f94e2de493182711458b0827964 P 7de32c0815fb49a2828d97bd7b7ff0fe [LEADER]: Connected to new peer: Peer: permanent_uuid: "83d54f3cc03b406492647d84a5573fd8" member_type: VOTER last_known_addr { host: "127.3.59.2" port: 35967 }, Status: LMP_MISMATCH, Last received: 0.0, Next index: 1, Last known committed idx: 0, Time since last communication: 0.000s
I20260709 12:22:37.980149  4214 consensus_queue.cc:1048] T 4bde6c33e8d54ba5898d1f084aba3582 P 7bcdc3bcf0714fbda5214f438be47849 [LEADER]: Connected to new peer: Peer: permanent_uuid: "83d54f3cc03b406492647d84a5573fd8" member_type: VOTER last_known_addr { host: "127.3.59.2" port: 35967 }, Status: LMP_MISMATCH, Last received: 0.0, Next index: 1, Last known committed idx: 0, Time since last communication: 0.001s
I20260709 12:22:37.994462  4169 consensus_queue.cc:1048] T 4bde6c33e8d54ba5898d1f084aba3582 P 7bcdc3bcf0714fbda5214f438be47849 [LEADER]: Connected to new peer: Peer: permanent_uuid: "7de32c0815fb49a2828d97bd7b7ff0fe" member_type: VOTER last_known_addr { host: "127.3.59.3" port: 44269 }, Status: LMP_MISMATCH, Last received: 0.0, Next index: 1, Last known committed idx: 0, Time since last communication: 0.000s
I20260709 12:22:38.049984  4195 consensus_queue.cc:1048] T a873943a87b2472799cff9d8c03498ce P 83d54f3cc03b406492647d84a5573fd8 [LEADER]: Connected to new peer: Peer: permanent_uuid: "7bcdc3bcf0714fbda5214f438be47849" member_type: VOTER last_known_addr { host: "127.3.59.1" port: 46331 }, Status: LMP_MISMATCH, Last received: 0.0, Next index: 1, Last known committed idx: 0, Time since last communication: 0.000s
I20260709 12:22:38.060708  4195 consensus_queue.cc:1048] T a873943a87b2472799cff9d8c03498ce P 83d54f3cc03b406492647d84a5573fd8 [LEADER]: Connected to new peer: Peer: permanent_uuid: "7de32c0815fb49a2828d97bd7b7ff0fe" member_type: VOTER last_known_addr { host: "127.3.59.3" port: 44269 }, Status: LMP_MISMATCH, Last received: 0.0, Next index: 1, Last known committed idx: 0, Time since last communication: 0.000s
I20260709 12:22:38.061549  4214 raft_consensus.cc:493] T c98bb0bc134849cbbc479ede278726ec P 7bcdc3bcf0714fbda5214f438be47849 [term 0 FOLLOWER]: Starting pre-election (no leader contacted us within the election timeout)
I20260709 12:22:38.062525  4214 raft_consensus.cc:515] T c98bb0bc134849cbbc479ede278726ec P 7bcdc3bcf0714fbda5214f438be47849 [term 0 FOLLOWER]: Starting pre-election with config: opid_index: -1 OBSOLETE_local: false peers { permanent_uuid: "7bcdc3bcf0714fbda5214f438be47849" member_type: VOTER last_known_addr { host: "127.3.59.1" port: 46331 } } peers { permanent_uuid: "83d54f3cc03b406492647d84a5573fd8" member_type: VOTER last_known_addr { host: "127.3.59.2" port: 35967 } } peers { permanent_uuid: "7de32c0815fb49a2828d97bd7b7ff0fe" member_type: VOTER last_known_addr { host: "127.3.59.3" port: 44269 } }
I20260709 12:22:38.069782  4214 leader_election.cc:290] T c98bb0bc134849cbbc479ede278726ec P 7bcdc3bcf0714fbda5214f438be47849 [CANDIDATE]: Term 1 pre-election: Requested pre-vote from peers 83d54f3cc03b406492647d84a5573fd8 (127.3.59.2:35967), 7de32c0815fb49a2828d97bd7b7ff0fe (127.3.59.3:44269)
I20260709 12:22:38.070020  4032 tablet_service.cc:1917] Received RequestConsensusVote() RPC: tablet_id: "c98bb0bc134849cbbc479ede278726ec" candidate_uuid: "7bcdc3bcf0714fbda5214f438be47849" candidate_term: 1 candidate_status { last_received { term: 0 index: 0 } } ignore_live_leader: false dest_uuid: "83d54f3cc03b406492647d84a5573fd8" is_pre_election: true
I20260709 12:22:38.070420  4107 tablet_service.cc:1917] Received RequestConsensusVote() RPC: tablet_id: "c98bb0bc134849cbbc479ede278726ec" candidate_uuid: "7bcdc3bcf0714fbda5214f438be47849" candidate_term: 1 candidate_status { last_received { term: 0 index: 0 } } ignore_live_leader: false dest_uuid: "7de32c0815fb49a2828d97bd7b7ff0fe" is_pre_election: true
I20260709 12:22:38.071213  4107 raft_consensus.cc:2393] T c98bb0bc134849cbbc479ede278726ec P 7de32c0815fb49a2828d97bd7b7ff0fe [term 1 FOLLOWER]: Leader pre-election vote request: Denying vote to candidate 7bcdc3bcf0714fbda5214f438be47849 in current term 1: Already voted for candidate 83d54f3cc03b406492647d84a5573fd8 in this term.
I20260709 12:22:38.073803  3923 leader_election.cc:304] T c98bb0bc134849cbbc479ede278726ec P 7bcdc3bcf0714fbda5214f438be47849 [CANDIDATE]: Term 1 pre-election: Election decided. Result: candidate lost. Election summary: received 3 responses out of 3 voters: 1 yes votes; 2 no votes. yes voters: 7bcdc3bcf0714fbda5214f438be47849; no voters: 7de32c0815fb49a2828d97bd7b7ff0fe, 83d54f3cc03b406492647d84a5573fd8
I20260709 12:22:38.075639  4214 raft_consensus.cc:3060] T c98bb0bc134849cbbc479ede278726ec P 7bcdc3bcf0714fbda5214f438be47849 [term 0 FOLLOWER]: Advancing to term 1
I20260709 12:22:38.083158  4214 raft_consensus.cc:2749] T c98bb0bc134849cbbc479ede278726ec P 7bcdc3bcf0714fbda5214f438be47849 [term 1 FOLLOWER]: Leader pre-election lost for term 1. Reason: could not achieve majority
I20260709 12:22:38.085506  4032 tablet_service.cc:2072] Received LeaderStepDown RPC: tablet_id: "66f3f06d8e5848dda6acd1942d48a229"
dest_uuid: "83d54f3cc03b406492647d84a5573fd8"
mode: GRACEFUL
new_leader_uuid: "7bcdc3bcf0714fbda5214f438be47849"
 from {username='slave'} at 127.0.0.1:52742
I20260709 12:22:38.086107  4032 raft_consensus.cc:606] T 66f3f06d8e5848dda6acd1942d48a229 P 83d54f3cc03b406492647d84a5573fd8 [term 1 LEADER]: Received request to transfer leadership to TS 7bcdc3bcf0714fbda5214f438be47849
I20260709 12:22:38.098497  4214 raft_consensus.cc:493] T 609d4e764e294df7a809c2ed081045a5 P 7bcdc3bcf0714fbda5214f438be47849 [term 0 FOLLOWER]: Starting pre-election (no leader contacted us within the election timeout)
I20260709 12:22:38.099017  4214 raft_consensus.cc:515] T 609d4e764e294df7a809c2ed081045a5 P 7bcdc3bcf0714fbda5214f438be47849 [term 0 FOLLOWER]: Starting pre-election with config: opid_index: -1 OBSOLETE_local: false peers { permanent_uuid: "7bcdc3bcf0714fbda5214f438be47849" member_type: VOTER last_known_addr { host: "127.3.59.1" port: 46331 } } peers { permanent_uuid: "83d54f3cc03b406492647d84a5573fd8" member_type: VOTER last_known_addr { host: "127.3.59.2" port: 35967 } } peers { permanent_uuid: "7de32c0815fb49a2828d97bd7b7ff0fe" member_type: VOTER last_known_addr { host: "127.3.59.3" port: 44269 } }
I20260709 12:22:38.101423  4214 leader_election.cc:290] T 609d4e764e294df7a809c2ed081045a5 P 7bcdc3bcf0714fbda5214f438be47849 [CANDIDATE]: Term 1 pre-election: Requested pre-vote from peers 83d54f3cc03b406492647d84a5573fd8 (127.3.59.2:35967), 7de32c0815fb49a2828d97bd7b7ff0fe (127.3.59.3:44269)
I20260709 12:22:38.103439  4032 tablet_service.cc:1917] Received RequestConsensusVote() RPC: tablet_id: "609d4e764e294df7a809c2ed081045a5" candidate_uuid: "7bcdc3bcf0714fbda5214f438be47849" candidate_term: 1 candidate_status { last_received { term: 0 index: 0 } } ignore_live_leader: false dest_uuid: "83d54f3cc03b406492647d84a5573fd8" is_pre_election: true
I20260709 12:22:38.103873  4107 tablet_service.cc:1917] Received RequestConsensusVote() RPC: tablet_id: "609d4e764e294df7a809c2ed081045a5" candidate_uuid: "7bcdc3bcf0714fbda5214f438be47849" candidate_term: 1 candidate_status { last_received { term: 0 index: 0 } } ignore_live_leader: false dest_uuid: "7de32c0815fb49a2828d97bd7b7ff0fe" is_pre_election: true
I20260709 12:22:38.104279  4032 raft_consensus.cc:2393] T 609d4e764e294df7a809c2ed081045a5 P 83d54f3cc03b406492647d84a5573fd8 [term 1 FOLLOWER]: Leader pre-election vote request: Denying vote to candidate 7bcdc3bcf0714fbda5214f438be47849 in current term 1: Already voted for candidate 7de32c0815fb49a2828d97bd7b7ff0fe in this term.
I20260709 12:22:38.105533  3921 leader_election.cc:304] T 609d4e764e294df7a809c2ed081045a5 P 7bcdc3bcf0714fbda5214f438be47849 [CANDIDATE]: Term 1 pre-election: Election decided. Result: candidate lost. Election summary: received 3 responses out of 3 voters: 1 yes votes; 2 no votes. yes voters: 7bcdc3bcf0714fbda5214f438be47849; no voters: 7de32c0815fb49a2828d97bd7b7ff0fe, 83d54f3cc03b406492647d84a5573fd8
I20260709 12:22:38.106441  4214 raft_consensus.cc:3060] T 609d4e764e294df7a809c2ed081045a5 P 7bcdc3bcf0714fbda5214f438be47849 [term 0 FOLLOWER]: Advancing to term 1
I20260709 12:22:38.106892  4107 tablet_service.cc:2072] Received LeaderStepDown RPC: tablet_id: "5adf1f94e2de493182711458b0827964"
dest_uuid: "7de32c0815fb49a2828d97bd7b7ff0fe"
mode: GRACEFUL
new_leader_uuid: "7bcdc3bcf0714fbda5214f438be47849"
 from {username='slave'} at 127.0.0.1:60108
I20260709 12:22:38.107514  4107 raft_consensus.cc:606] T 5adf1f94e2de493182711458b0827964 P 7de32c0815fb49a2828d97bd7b7ff0fe [term 1 LEADER]: Received request to transfer leadership to TS 7bcdc3bcf0714fbda5214f438be47849
I20260709 12:22:38.112813  4214 raft_consensus.cc:2749] T 609d4e764e294df7a809c2ed081045a5 P 7bcdc3bcf0714fbda5214f438be47849 [term 1 FOLLOWER]: Leader pre-election lost for term 1. Reason: could not achieve majority
I20260709 12:22:38.113696  4032 tablet_service.cc:2072] Received LeaderStepDown RPC: tablet_id: "a873943a87b2472799cff9d8c03498ce"
dest_uuid: "83d54f3cc03b406492647d84a5573fd8"
mode: GRACEFUL
new_leader_uuid: "7bcdc3bcf0714fbda5214f438be47849"
 from {username='slave'} at 127.0.0.1:52742
I20260709 12:22:38.114252  4032 raft_consensus.cc:606] T a873943a87b2472799cff9d8c03498ce P 83d54f3cc03b406492647d84a5573fd8 [term 1 LEADER]: Received request to transfer leadership to TS 7bcdc3bcf0714fbda5214f438be47849
I20260709 12:22:38.119148  4032 tablet_service.cc:2072] Received LeaderStepDown RPC: tablet_id: "92992b71582d4791aeff2e52b4be88bc"
dest_uuid: "83d54f3cc03b406492647d84a5573fd8"
mode: GRACEFUL
new_leader_uuid: "7bcdc3bcf0714fbda5214f438be47849"
 from {username='slave'} at 127.0.0.1:52742
I20260709 12:22:38.119668  4032 raft_consensus.cc:606] T 92992b71582d4791aeff2e52b4be88bc P 83d54f3cc03b406492647d84a5573fd8 [term 1 LEADER]: Received request to transfer leadership to TS 7bcdc3bcf0714fbda5214f438be47849
I20260709 12:22:38.133445  4107 tablet_service.cc:2072] Received LeaderStepDown RPC: tablet_id: "609d4e764e294df7a809c2ed081045a5"
dest_uuid: "7de32c0815fb49a2828d97bd7b7ff0fe"
mode: GRACEFUL
new_leader_uuid: "83d54f3cc03b406492647d84a5573fd8"
 from {username='slave'} at 127.0.0.1:60108
I20260709 12:22:38.133978  4107 raft_consensus.cc:606] T 609d4e764e294df7a809c2ed081045a5 P 7de32c0815fb49a2828d97bd7b7ff0fe [term 1 LEADER]: Received request to transfer leadership to TS 83d54f3cc03b406492647d84a5573fd8
I20260709 12:22:38.144620  4195 consensus_queue.cc:1048] T 92992b71582d4791aeff2e52b4be88bc P 83d54f3cc03b406492647d84a5573fd8 [LEADER]: Connected to new peer: Peer: permanent_uuid: "7de32c0815fb49a2828d97bd7b7ff0fe" member_type: VOTER last_known_addr { host: "127.3.59.3" port: 44269 }, Status: LMP_MISMATCH, Last received: 0.0, Next index: 1, Last known committed idx: 0, Time since last communication: 0.000s
I20260709 12:22:38.148306  3957 tablet_service.cc:2072] Received LeaderStepDown RPC: tablet_id: "6e0cfbc1dc3e40b9919da5c700d5b1bb"
dest_uuid: "7bcdc3bcf0714fbda5214f438be47849"
mode: GRACEFUL
new_leader_uuid: "7de32c0815fb49a2828d97bd7b7ff0fe"
