I20260709 12:22:38.681186 30882 raft_consensus.cc:2468] T 2230ffbd279a42dc8d921472d6bf9c81 P e11cf9c16d534db5a321ab416db473ad [term 1 FOLLOWER]: Leader election vote request: Granting yes vote for candidate eda02608ab584ab888fd554b9d697d71 in term 1.
I20260709 12:22:38.683457 30997 leader_election.cc:304] T 2230ffbd279a42dc8d921472d6bf9c81 P eda02608ab584ab888fd554b9d697d71 [CANDIDATE]: Term 1 election: Election decided. Result: candidate won. Election summary: received 2 responses out of 3 voters: 2 yes votes; 0 no votes. yes voters: e11cf9c16d534db5a321ab416db473ad, eda02608ab584ab888fd554b9d697d71; no voters: 
I20260709 12:22:38.685040 30957 tablet_service.cc:1917] Received RequestConsensusVote() RPC: tablet_id: "f33b148046cc4e1babf52f7f3e0dd87d" candidate_uuid: "e11cf9c16d534db5a321ab416db473ad" candidate_term: 1 candidate_status { last_received { term: 0 index: 0 } } ignore_live_leader: false dest_uuid: "3f97dc9c5128456e97d2ba86d4f959d3" is_pre_election: true
I20260709 12:22:38.687253 30957 tablet_service.cc:1917] Received RequestConsensusVote() RPC: tablet_id: "8abe322f03d3449e9bce7ac8b011f547" candidate_uuid: "e11cf9c16d534db5a321ab416db473ad" candidate_term: 1 candidate_status { last_received { term: 0 index: 0 } } ignore_live_leader: false dest_uuid: "3f97dc9c5128456e97d2ba86d4f959d3" is_pre_election: true
I20260709 12:22:38.689000 30957 tablet_service.cc:1917] Received RequestConsensusVote() RPC: tablet_id: "2230ffbd279a42dc8d921472d6bf9c81" candidate_uuid: "e11cf9c16d534db5a321ab416db473ad" candidate_term: 1 candidate_status { last_received { term: 0 index: 0 } } ignore_live_leader: false dest_uuid: "3f97dc9c5128456e97d2ba86d4f959d3" is_pre_election: true
W20260709 12:22:38.690553 30846 leader_election.cc:343] T f33b148046cc4e1babf52f7f3e0dd87d P e11cf9c16d534db5a321ab416db473ad [CANDIDATE]: Term 1 pre-election: Tablet error from VoteRequest() call to peer 3f97dc9c5128456e97d2ba86d4f959d3 (127.29.131.194:39485): Illegal state: must be running to vote when last-logged opid is not known
I20260709 12:22:38.682122 31075 leader_election.cc:290] T 2230ffbd279a42dc8d921472d6bf9c81 P eda02608ab584ab888fd554b9d697d71 [CANDIDATE]: Term 1 election: Requested vote from peers e11cf9c16d534db5a321ab416db473ad (127.29.131.193:37675), 3f97dc9c5128456e97d2ba86d4f959d3 (127.29.131.194:39485)
W20260709 12:22:38.691687 30846 leader_election.cc:343] T 8abe322f03d3449e9bce7ac8b011f547 P e11cf9c16d534db5a321ab416db473ad [CANDIDATE]: Term 1 pre-election: Tablet error from VoteRequest() call to peer 3f97dc9c5128456e97d2ba86d4f959d3 (127.29.131.194:39485): Illegal state: must be running to vote when last-logged opid is not known
W20260709 12:22:38.692809 30846 leader_election.cc:343] T 2230ffbd279a42dc8d921472d6bf9c81 P e11cf9c16d534db5a321ab416db473ad [CANDIDATE]: Term 1 pre-election: Tablet error from VoteRequest() call to peer 3f97dc9c5128456e97d2ba86d4f959d3 (127.29.131.194:39485): Illegal state: must be running to vote when last-logged opid is not known
I20260709 12:22:38.694023 31104 raft_consensus.cc:2804] T 2230ffbd279a42dc8d921472d6bf9c81 P eda02608ab584ab888fd554b9d697d71 [term 1 FOLLOWER]: Leader election won for term 1
I20260709 12:22:38.694942 31071 ts_tablet_manager.cc:1434] T 9df879844456449b854d8d0d0fe966ee P eda02608ab584ab888fd554b9d697d71: Time spent starting tablet: real 0.037s	user 0.020s	sys 0.015s
I20260709 12:22:38.695039 31104 raft_consensus.cc:697] T 2230ffbd279a42dc8d921472d6bf9c81 P eda02608ab584ab888fd554b9d697d71 [term 1 LEADER]: Becoming Leader. State: Replica: eda02608ab584ab888fd554b9d697d71, State: Running, Role: LEADER
I20260709 12:22:38.695984 31071 tablet_bootstrap.cc:492] T f33b148046cc4e1babf52f7f3e0dd87d P eda02608ab584ab888fd554b9d697d71: Bootstrap starting.
I20260709 12:22:38.696681 31072 tablet_bootstrap.cc:654] T 379cbcd9ddc44752a35f8c3465a8865b P e11cf9c16d534db5a321ab416db473ad: Neither blocks nor log segments found. Creating new log.
I20260709 12:22:38.696826 31104 consensus_queue.cc:237] T 2230ffbd279a42dc8d921472d6bf9c81 P eda02608ab584ab888fd554b9d697d71 [LEADER]: Queue going to LEADER mode. State: All replicated index: 0, Majority replicated index: 0, Committed index: 0, Last appended: 0.0, Last appended by leader: 0, Current term: 1, Majority size: 2, State: 0, Mode: LEADER, active raft config: opid_index: -1 OBSOLETE_local: false peers { permanent_uuid: "e11cf9c16d534db5a321ab416db473ad" member_type: VOTER last_known_addr { host: "127.29.131.193" port: 37675 } } peers { permanent_uuid: "3f97dc9c5128456e97d2ba86d4f959d3" member_type: VOTER last_known_addr { host: "127.29.131.194" port: 39485 } } peers { permanent_uuid: "eda02608ab584ab888fd554b9d697d71" member_type: VOTER last_known_addr { host: "127.29.131.195" port: 39493 } }
I20260709 12:22:38.694582 31075 raft_consensus.cc:493] T 0b05a0e44528465d808ebafdf0fbe0f2 P eda02608ab584ab888fd554b9d697d71 [term 0 FOLLOWER]: Starting pre-election (no leader contacted us within the election timeout)
I20260709 12:22:38.700351 31075 raft_consensus.cc:515] T 0b05a0e44528465d808ebafdf0fbe0f2 P eda02608ab584ab888fd554b9d697d71 [term 0 FOLLOWER]: Starting pre-election with config: opid_index: -1 OBSOLETE_local: false peers { permanent_uuid: "e11cf9c16d534db5a321ab416db473ad" member_type: VOTER last_known_addr { host: "127.29.131.193" port: 37675 } } peers { permanent_uuid: "3f97dc9c5128456e97d2ba86d4f959d3" member_type: VOTER last_known_addr { host: "127.29.131.194" port: 39485 } } peers { permanent_uuid: "eda02608ab584ab888fd554b9d697d71" member_type: VOTER last_known_addr { host: "127.29.131.195" port: 39493 } }
I20260709 12:22:38.702652 31071 tablet_bootstrap.cc:654] T f33b148046cc4e1babf52f7f3e0dd87d P eda02608ab584ab888fd554b9d697d71: Neither blocks nor log segments found. Creating new log.
I20260709 12:22:38.703727 30882 tablet_service.cc:1917] Received RequestConsensusVote() RPC: tablet_id: "0b05a0e44528465d808ebafdf0fbe0f2" candidate_uuid: "eda02608ab584ab888fd554b9d697d71" candidate_term: 1 candidate_status { last_received { term: 0 index: 0 } } ignore_live_leader: false dest_uuid: "e11cf9c16d534db5a321ab416db473ad" is_pre_election: true
I20260709 12:22:38.704569 30882 raft_consensus.cc:2468] T 0b05a0e44528465d808ebafdf0fbe0f2 P e11cf9c16d534db5a321ab416db473ad [term 0 FOLLOWER]: Leader pre-election vote request: Granting yes vote for candidate eda02608ab584ab888fd554b9d697d71 in term 0.
I20260709 12:22:38.705062 31073 tablet_bootstrap.cc:654] T 34ef0ed31f5e474599bbc2c62c0c90ca P 3f97dc9c5128456e97d2ba86d4f959d3: Neither blocks nor log segments found. Creating new log.
I20260709 12:22:38.706050 30997 leader_election.cc:304] T 0b05a0e44528465d808ebafdf0fbe0f2 P eda02608ab584ab888fd554b9d697d71 [CANDIDATE]: Term 1 pre-election: Election decided. Result: candidate won. Election summary: received 2 responses out of 3 voters: 2 yes votes; 0 no votes. yes voters: e11cf9c16d534db5a321ab416db473ad, eda02608ab584ab888fd554b9d697d71; no voters: 
I20260709 12:22:38.707600 31106 raft_consensus.cc:2804] T 0b05a0e44528465d808ebafdf0fbe0f2 P eda02608ab584ab888fd554b9d697d71 [term 0 FOLLOWER]: Leader pre-election won for term 1
I20260709 12:22:38.708194 31072 tablet_bootstrap.cc:492] T 379cbcd9ddc44752a35f8c3465a8865b P e11cf9c16d534db5a321ab416db473ad: No bootstrap required, opened a new log
I20260709 12:22:38.708854 31072 ts_tablet_manager.cc:1403] T 379cbcd9ddc44752a35f8c3465a8865b P e11cf9c16d534db5a321ab416db473ad: Time spent bootstrapping tablet: real 0.044s	user 0.011s	sys 0.000s
I20260709 12:22:38.709220 31075 leader_election.cc:290] T 0b05a0e44528465d808ebafdf0fbe0f2 P eda02608ab584ab888fd554b9d697d71 [CANDIDATE]: Term 1 pre-election: Requested pre-vote from peers e11cf9c16d534db5a321ab416db473ad (127.29.131.193:37675), 3f97dc9c5128456e97d2ba86d4f959d3 (127.29.131.194:39485)
I20260709 12:22:38.708138 31106 raft_consensus.cc:493] T 0b05a0e44528465d808ebafdf0fbe0f2 P eda02608ab584ab888fd554b9d697d71 [term 0 FOLLOWER]: Starting leader election (no leader contacted us within the election timeout)
I20260709 12:22:38.713013 31096 raft_consensus.cc:493] T 1009dd6b42cb4235b81c6a0e8597b3dc P e11cf9c16d534db5a321ab416db473ad [term 0 FOLLOWER]: Starting pre-election (no leader contacted us within the election timeout)
I20260709 12:22:38.713611 31096 raft_consensus.cc:515] T 1009dd6b42cb4235b81c6a0e8597b3dc P e11cf9c16d534db5a321ab416db473ad [term 0 FOLLOWER]: Starting pre-election with config: opid_index: -1 OBSOLETE_local: false peers { permanent_uuid: "e11cf9c16d534db5a321ab416db473ad" member_type: VOTER last_known_addr { host: "127.29.131.193" port: 37675 } } peers { permanent_uuid: "3f97dc9c5128456e97d2ba86d4f959d3" member_type: VOTER last_known_addr { host: "127.29.131.194" port: 39485 } } peers { permanent_uuid: "eda02608ab584ab888fd554b9d697d71" member_type: VOTER last_known_addr { host: "127.29.131.195" port: 39493 } }
I20260709 12:22:38.715544 31071 tablet_bootstrap.cc:492] T f33b148046cc4e1babf52f7f3e0dd87d P eda02608ab584ab888fd554b9d697d71: No bootstrap required, opened a new log
I20260709 12:22:38.716022 31071 ts_tablet_manager.cc:1403] T f33b148046cc4e1babf52f7f3e0dd87d P eda02608ab584ab888fd554b9d697d71: Time spent bootstrapping tablet: real 0.020s	user 0.009s	sys 0.002s
I20260709 12:22:38.716162 31096 leader_election.cc:290] T 1009dd6b42cb4235b81c6a0e8597b3dc P e11cf9c16d534db5a321ab416db473ad [CANDIDATE]: Term 1 pre-election: Requested pre-vote from peers 3f97dc9c5128456e97d2ba86d4f959d3 (127.29.131.194:39485), eda02608ab584ab888fd554b9d697d71 (127.29.131.195:39493)
I20260709 12:22:38.716538 31106 raft_consensus.cc:3060] T 0b05a0e44528465d808ebafdf0fbe0f2 P eda02608ab584ab888fd554b9d697d71 [term 0 FOLLOWER]: Advancing to term 1
I20260709 12:22:38.717464 30957 tablet_service.cc:1917] Received RequestConsensusVote() RPC: tablet_id: "1009dd6b42cb4235b81c6a0e8597b3dc" candidate_uuid: "e11cf9c16d534db5a321ab416db473ad" candidate_term: 1 candidate_status { last_received { term: 0 index: 0 } } ignore_live_leader: false dest_uuid: "3f97dc9c5128456e97d2ba86d4f959d3" is_pre_election: true
W20260709 12:22:38.719013 30846 leader_election.cc:343] T 1009dd6b42cb4235b81c6a0e8597b3dc P e11cf9c16d534db5a321ab416db473ad [CANDIDATE]: Term 1 pre-election: Tablet error from VoteRequest() call to peer 3f97dc9c5128456e97d2ba86d4f959d3 (127.29.131.194:39485): Illegal state: must be running to vote when last-logged opid is not known
I20260709 12:22:38.719889 31072 raft_consensus.cc:359] T 379cbcd9ddc44752a35f8c3465a8865b P e11cf9c16d534db5a321ab416db473ad [term 0 FOLLOWER]: Replica starting. Triggering 0 pending ops. Active config: opid_index: -1 OBSOLETE_local: false peers { permanent_uuid: "e11cf9c16d534db5a321ab416db473ad" member_type: VOTER last_known_addr { host: "127.29.131.193" port: 37675 } } peers { permanent_uuid: "3f97dc9c5128456e97d2ba86d4f959d3" member_type: VOTER last_known_addr { host: "127.29.131.194" port: 39485 } } peers { permanent_uuid: "eda02608ab584ab888fd554b9d697d71" member_type: VOTER last_known_addr { host: "127.29.131.195" port: 39493 } }
I20260709 12:22:38.720731 31072 raft_consensus.cc:385] T 379cbcd9ddc44752a35f8c3465a8865b P e11cf9c16d534db5a321ab416db473ad [term 0 FOLLOWER]: Consensus starting up: Expiring failure detector timer to make a prompt election more likely
I20260709 12:22:38.721077 31072 raft_consensus.cc:740] T 379cbcd9ddc44752a35f8c3465a8865b P e11cf9c16d534db5a321ab416db473ad [term 0 FOLLOWER]: Becoming Follower/Learner. State: Replica: e11cf9c16d534db5a321ab416db473ad, State: Initialized, Role: FOLLOWER
I20260709 12:22:38.719281 31071 raft_consensus.cc:359] T f33b148046cc4e1babf52f7f3e0dd87d P eda02608ab584ab888fd554b9d697d71 [term 0 FOLLOWER]: Replica starting. Triggering 0 pending ops. Active config: opid_index: -1 OBSOLETE_local: false peers { permanent_uuid: "e11cf9c16d534db5a321ab416db473ad" member_type: VOTER last_known_addr { host: "127.29.131.193" port: 37675 } } peers { permanent_uuid: "3f97dc9c5128456e97d2ba86d4f959d3" member_type: VOTER last_known_addr { host: "127.29.131.194" port: 39485 } } peers { permanent_uuid: "eda02608ab584ab888fd554b9d697d71" member_type: VOTER last_known_addr { host: "127.29.131.195" port: 39493 } }
I20260709 12:22:38.722245 31071 raft_consensus.cc:385] T f33b148046cc4e1babf52f7f3e0dd87d P eda02608ab584ab888fd554b9d697d71 [term 0 FOLLOWER]: Consensus starting up: Expiring failure detector timer to make a prompt election more likely
I20260709 12:22:38.722527 31071 raft_consensus.cc:740] T f33b148046cc4e1babf52f7f3e0dd87d P eda02608ab584ab888fd554b9d697d71 [term 0 FOLLOWER]: Becoming Follower/Learner. State: Replica: eda02608ab584ab888fd554b9d697d71, State: Initialized, Role: FOLLOWER
I20260709 12:22:38.723318 31071 consensus_queue.cc:260] T f33b148046cc4e1babf52f7f3e0dd87d P eda02608ab584ab888fd554b9d697d71 [NON_LEADER]: Queue going to NON_LEADER mode. State: All replicated index: 0, Majority replicated index: 0, Committed index: 0, Last appended: 0.0, Last appended by leader: 0, Current term: 0, Majority size: -1, State: 0, Mode: NON_LEADER, active raft config: opid_index: -1 OBSOLETE_local: false peers { permanent_uuid: "e11cf9c16d534db5a321ab416db473ad" member_type: VOTER last_known_addr { host: "127.29.131.193" port: 37675 } } peers { permanent_uuid: "3f97dc9c5128456e97d2ba86d4f959d3" member_type: VOTER last_known_addr { host: "127.29.131.194" port: 39485 } } peers { permanent_uuid: "eda02608ab584ab888fd554b9d697d71" member_type: VOTER last_known_addr { host: "127.29.131.195" port: 39493 } }
I20260709 12:22:38.725477 31071 ts_tablet_manager.cc:1434] T f33b148046cc4e1babf52f7f3e0dd87d P eda02608ab584ab888fd554b9d697d71: Time spent starting tablet: real 0.009s	user 0.006s	sys 0.000s
I20260709 12:22:38.726377 31071 tablet_bootstrap.cc:492] T 7885d480186746da9a317e07d3dcde66 P eda02608ab584ab888fd554b9d697d71: Bootstrap starting.
I20260709 12:22:38.728008 31081 raft_consensus.cc:493] T 9df879844456449b854d8d0d0fe966ee P 3f97dc9c5128456e97d2ba86d4f959d3 [term 0 FOLLOWER]: Starting pre-election (no leader contacted us within the election timeout)
I20260709 12:22:38.728468 31081 raft_consensus.cc:515] T 9df879844456449b854d8d0d0fe966ee P 3f97dc9c5128456e97d2ba86d4f959d3 [term 0 FOLLOWER]: Starting pre-election with config: opid_index: -1 OBSOLETE_local: false peers { permanent_uuid: "e11cf9c16d534db5a321ab416db473ad" member_type: VOTER last_known_addr { host: "127.29.131.193" port: 37675 } } peers { permanent_uuid: "3f97dc9c5128456e97d2ba86d4f959d3" member_type: VOTER last_known_addr { host: "127.29.131.194" port: 39485 } } peers { permanent_uuid: "eda02608ab584ab888fd554b9d697d71" member_type: VOTER last_known_addr { host: "127.29.131.195" port: 39493 } }
I20260709 12:22:38.730680 31081 leader_election.cc:290] T 9df879844456449b854d8d0d0fe966ee P 3f97dc9c5128456e97d2ba86d4f959d3 [CANDIDATE]: Term 1 pre-election: Requested pre-vote from peers e11cf9c16d534db5a321ab416db473ad (127.29.131.193:37675), eda02608ab584ab888fd554b9d697d71 (127.29.131.195:39493)
I20260709 12:22:38.732985 31072 consensus_queue.cc:260] T 379cbcd9ddc44752a35f8c3465a8865b P e11cf9c16d534db5a321ab416db473ad [NON_LEADER]: Queue going to NON_LEADER mode. State: All replicated index: 0, Majority replicated index: 0, Committed index: 0, Last appended: 0.0, Last appended by leader: 0, Current term: 0, Majority size: -1, State: 0, Mode: NON_LEADER, active raft config: opid_index: -1 OBSOLETE_local: false peers { permanent_uuid: "e11cf9c16d534db5a321ab416db473ad" member_type: VOTER last_known_addr { host: "127.29.131.193" port: 37675 } } peers { permanent_uuid: "3f97dc9c5128456e97d2ba86d4f959d3" member_type: VOTER last_known_addr { host: "127.29.131.194" port: 39485 } } peers { permanent_uuid: "eda02608ab584ab888fd554b9d697d71" member_type: VOTER last_known_addr { host: "127.29.131.195" port: 39493 } }
I20260709 12:22:38.735380 31031 tablet_service.cc:1917] Received RequestConsensusVote() RPC: tablet_id: "9df879844456449b854d8d0d0fe966ee" candidate_uuid: "3f97dc9c5128456e97d2ba86d4f959d3" candidate_term: 1 candidate_status { last_received { term: 0 index: 0 } } ignore_live_leader: false dest_uuid: "eda02608ab584ab888fd554b9d697d71" is_pre_election: true
I20260709 12:22:38.735718 31071 tablet_bootstrap.cc:654] T 7885d480186746da9a317e07d3dcde66 P eda02608ab584ab888fd554b9d697d71: Neither blocks nor log segments found. Creating new log.
I20260709 12:22:38.735735 30882 tablet_service.cc:1917] Received RequestConsensusVote() RPC: tablet_id: "9df879844456449b854d8d0d0fe966ee" candidate_uuid: "3f97dc9c5128456e97d2ba86d4f959d3" candidate_term: 1 candidate_status { last_received { term: 0 index: 0 } } ignore_live_leader: false dest_uuid: "e11cf9c16d534db5a321ab416db473ad" is_pre_election: true
I20260709 12:22:38.736045 31031 raft_consensus.cc:2468] T 9df879844456449b854d8d0d0fe966ee P eda02608ab584ab888fd554b9d697d71 [term 0 FOLLOWER]: Leader pre-election vote request: Granting yes vote for candidate 3f97dc9c5128456e97d2ba86d4f959d3 in term 0.
I20260709 12:22:38.736442 30882 raft_consensus.cc:2468] T 9df879844456449b854d8d0d0fe966ee P e11cf9c16d534db5a321ab416db473ad [term 0 FOLLOWER]: Leader pre-election vote request: Granting yes vote for candidate 3f97dc9c5128456e97d2ba86d4f959d3 in term 0.
I20260709 12:22:38.738583 30923 leader_election.cc:304] T 9df879844456449b854d8d0d0fe966ee P 3f97dc9c5128456e97d2ba86d4f959d3 [CANDIDATE]: Term 1 pre-election: Election decided. Result: candidate won. Election summary: received 2 responses out of 3 voters: 2 yes votes; 0 no votes. yes voters: 3f97dc9c5128456e97d2ba86d4f959d3, e11cf9c16d534db5a321ab416db473ad; no voters: 
I20260709 12:22:38.739771 31030 tablet_service.cc:1917] Received RequestConsensusVote() RPC: tablet_id: "8abe322f03d3449e9bce7ac8b011f547" candidate_uuid: "e11cf9c16d534db5a321ab416db473ad" candidate_term: 1 candidate_status { last_received { term: 0 index: 0 } } ignore_live_leader: false dest_uuid: "eda02608ab584ab888fd554b9d697d71" is_pre_election: true
I20260709 12:22:38.740334 31072 ts_tablet_manager.cc:1434] T 379cbcd9ddc44752a35f8c3465a8865b P e11cf9c16d534db5a321ab416db473ad: Time spent starting tablet: real 0.031s	user 0.005s	sys 0.001s
I20260709 12:22:38.741256 31072 tablet_bootstrap.cc:492] T 7885d480186746da9a317e07d3dcde66 P e11cf9c16d534db5a321ab416db473ad: Bootstrap starting.
I20260709 12:22:38.741160 31029 tablet_service.cc:1917] Received RequestConsensusVote() RPC: tablet_id: "2230ffbd279a42dc8d921472d6bf9c81" candidate_uuid: "e11cf9c16d534db5a321ab416db473ad" candidate_term: 1 candidate_status { last_received { term: 0 index: 0 } } ignore_live_leader: false dest_uuid: "eda02608ab584ab888fd554b9d697d71" is_pre_election: true
I20260709 12:22:38.742286 31073 tablet_bootstrap.cc:492] T 34ef0ed31f5e474599bbc2c62c0c90ca P 3f97dc9c5128456e97d2ba86d4f959d3: No bootstrap required, opened a new log
I20260709 12:22:38.742766 31073 ts_tablet_manager.cc:1403] T 34ef0ed31f5e474599bbc2c62c0c90ca P 3f97dc9c5128456e97d2ba86d4f959d3: Time spent bootstrapping tablet: real 0.064s	user 0.012s	sys 0.005s
I20260709 12:22:38.742560 31028 tablet_service.cc:1917] Received RequestConsensusVote() RPC: tablet_id: "1009dd6b42cb4235b81c6a0e8597b3dc" candidate_uuid: "e11cf9c16d534db5a321ab416db473ad" candidate_term: 1 candidate_status { last_received { term: 0 index: 0 } } ignore_live_leader: false dest_uuid: "eda02608ab584ab888fd554b9d697d71" is_pre_election: true
I20260709 12:22:38.739610 31106 raft_consensus.cc:515] T 0b05a0e44528465d808ebafdf0fbe0f2 P eda02608ab584ab888fd554b9d697d71 [term 1 FOLLOWER]: Starting leader election with config: opid_index: -1 OBSOLETE_local: false peers { permanent_uuid: "e11cf9c16d534db5a321ab416db473ad" member_type: VOTER last_known_addr { host: "127.29.131.193" port: 37675 } } peers { permanent_uuid: "3f97dc9c5128456e97d2ba86d4f959d3" member_type: VOTER last_known_addr { host: "127.29.131.194" port: 39485 } } peers { permanent_uuid: "eda02608ab584ab888fd554b9d697d71" member_type: VOTER last_known_addr { host: "127.29.131.195" port: 39493 } }
W20260709 12:22:38.745187 30846 leader_election.cc:343] T 8abe322f03d3449e9bce7ac8b011f547 P e11cf9c16d534db5a321ab416db473ad [CANDIDATE]: Term 1 pre-election: Tablet error from VoteRequest() call to peer eda02608ab584ab888fd554b9d697d71 (127.29.131.195:39493): Illegal state: must be running to vote when last-logged opid is not known
I20260709 12:22:38.745741 30846 leader_election.cc:304] T 8abe322f03d3449e9bce7ac8b011f547 P e11cf9c16d534db5a321ab416db473ad [CANDIDATE]: Term 1 pre-election: Election decided. Result: candidate lost. Election summary: received 3 responses out of 3 voters: 1 yes votes; 2 no votes. yes voters: e11cf9c16d534db5a321ab416db473ad; no voters: 3f97dc9c5128456e97d2ba86d4f959d3, eda02608ab584ab888fd554b9d697d71
I20260709 12:22:38.746690 30955 tablet_service.cc:1917] Received RequestConsensusVote() RPC: tablet_id: "0b05a0e44528465d808ebafdf0fbe0f2" candidate_uuid: "eda02608ab584ab888fd554b9d697d71" candidate_term: 1 candidate_status { last_received { term: 0 index: 0 } } ignore_live_leader: false dest_uuid: "3f97dc9c5128456e97d2ba86d4f959d3" is_pre_election: true
I20260709 12:22:38.747411 30955 raft_consensus.cc:2468] T 0b05a0e44528465d808ebafdf0fbe0f2 P 3f97dc9c5128456e97d2ba86d4f959d3 [term 0 FOLLOWER]: Leader pre-election vote request: Granting yes vote for candidate eda02608ab584ab888fd554b9d697d71 in term 0.
I20260709 12:22:38.748124 31096 raft_consensus.cc:2749] T 8abe322f03d3449e9bce7ac8b011f547 P e11cf9c16d534db5a321ab416db473ad [term 0 FOLLOWER]: Leader pre-election lost for term 1. Reason: could not achieve majority
I20260709 12:22:38.748531 30956 tablet_service.cc:1917] Received RequestConsensusVote() RPC: tablet_id: "2230ffbd279a42dc8d921472d6bf9c81" candidate_uuid: "eda02608ab584ab888fd554b9d697d71" candidate_term: 1 candidate_status { last_received { term: 0 index: 0 } } ignore_live_leader: false dest_uuid: "3f97dc9c5128456e97d2ba86d4f959d3"
I20260709 12:22:38.749747 31072 tablet_bootstrap.cc:654] T 7885d480186746da9a317e07d3dcde66 P e11cf9c16d534db5a321ab416db473ad: Neither blocks nor log segments found. Creating new log.
I20260709 12:22:38.749825 30957 tablet_service.cc:1917] Received RequestConsensusVote() RPC: tablet_id: "2230ffbd279a42dc8d921472d6bf9c81" candidate_uuid: "eda02608ab584ab888fd554b9d697d71" candidate_term: 1 candidate_status { last_received { term: 0 index: 0 } } ignore_live_leader: false dest_uuid: "3f97dc9c5128456e97d2ba86d4f959d3" is_pre_election: true
I20260709 12:22:38.751523 31031 tablet_service.cc:1917] Received RequestConsensusVote() RPC: tablet_id: "f33b148046cc4e1babf52f7f3e0dd87d" candidate_uuid: "e11cf9c16d534db5a321ab416db473ad" candidate_term: 1 candidate_status { last_received { term: 0 index: 0 } } ignore_live_leader: false dest_uuid: "eda02608ab584ab888fd554b9d697d71" is_pre_election: true
I20260709 12:22:38.752110 31031 raft_consensus.cc:2468] T f33b148046cc4e1babf52f7f3e0dd87d P eda02608ab584ab888fd554b9d697d71 [term 0 FOLLOWER]: Leader pre-election vote request: Granting yes vote for candidate e11cf9c16d534db5a321ab416db473ad in term 0.
I20260709 12:22:38.752892 30882 tablet_service.cc:1917] Received RequestConsensusVote() RPC: tablet_id: "0b05a0e44528465d808ebafdf0fbe0f2" candidate_uuid: "eda02608ab584ab888fd554b9d697d71" candidate_term: 1 candidate_status { last_received { term: 0 index: 0 } } ignore_live_leader: false dest_uuid: "e11cf9c16d534db5a321ab416db473ad"
I20260709 12:22:38.753273 31106 leader_election.cc:290] T 0b05a0e44528465d808ebafdf0fbe0f2 P eda02608ab584ab888fd554b9d697d71 [CANDIDATE]: Term 1 election: Requested vote from peers e11cf9c16d534db5a321ab416db473ad (127.29.131.193:37675), 3f97dc9c5128456e97d2ba86d4f959d3 (127.29.131.194:39485)
I20260709 12:22:38.753432 30882 raft_consensus.cc:3060] T 0b05a0e44528465d808ebafdf0fbe0f2 P e11cf9c16d534db5a321ab416db473ad [term 0 FOLLOWER]: Advancing to term 1
I20260709 12:22:38.754604 30846 leader_election.cc:304] T 2230ffbd279a42dc8d921472d6bf9c81 P e11cf9c16d534db5a321ab416db473ad [CANDIDATE]: Term 1 pre-election: Election decided. Result: candidate lost. Election summary: received 3 responses out of 3 voters: 1 yes votes; 2 no votes. yes voters: e11cf9c16d534db5a321ab416db473ad; no voters: 3f97dc9c5128456e97d2ba86d4f959d3, eda02608ab584ab888fd554b9d697d71
W20260709 12:22:38.756206 30846 leader_election.cc:343] T 1009dd6b42cb4235b81c6a0e8597b3dc P e11cf9c16d534db5a321ab416db473ad [CANDIDATE]: Term 1 pre-election: Tablet error from VoteRequest() call to peer eda02608ab584ab888fd554b9d697d71 (127.29.131.195:39493): Illegal state: must be running to vote when last-logged opid is not known
I20260709 12:22:38.752404 31081 raft_consensus.cc:2804] T 9df879844456449b854d8d0d0fe966ee P 3f97dc9c5128456e97d2ba86d4f959d3 [term 0 FOLLOWER]: Leader pre-election won for term 1
I20260709 12:22:38.756628 30846 leader_election.cc:304] T 1009dd6b42cb4235b81c6a0e8597b3dc P e11cf9c16d534db5a321ab416db473ad [CANDIDATE]: Term 1 pre-election: Election decided. Result: candidate lost. Election summary: received 3 responses out of 3 voters: 1 yes votes; 2 no votes. yes voters: e11cf9c16d534db5a321ab416db473ad; no voters: 3f97dc9c5128456e97d2ba86d4f959d3, eda02608ab584ab888fd554b9d697d71
I20260709 12:22:38.756925 31081 raft_consensus.cc:493] T 9df879844456449b854d8d0d0fe966ee P 3f97dc9c5128456e97d2ba86d4f959d3 [term 0 FOLLOWER]: Starting leader election (no leader contacted us within the election timeout)
I20260709 12:22:38.757268 31081 raft_consensus.cc:3060] T 9df879844456449b854d8d0d0fe966ee P 3f97dc9c5128456e97d2ba86d4f959d3 [term 0 FOLLOWER]: Advancing to term 1
I20260709 12:22:38.757346 31078 raft_consensus.cc:2749] T 2230ffbd279a42dc8d921472d6bf9c81 P e11cf9c16d534db5a321ab416db473ad [term 1 FOLLOWER]: Leader pre-election lost for term 1. Reason: could not achieve majority
I20260709 12:22:38.757994 31078 raft_consensus.cc:2749] T 1009dd6b42cb4235b81c6a0e8597b3dc P e11cf9c16d534db5a321ab416db473ad [term 0 FOLLOWER]: Leader pre-election lost for term 1. Reason: could not achieve majority
W20260709 12:22:38.760469 30995 leader_election.cc:343] T 2230ffbd279a42dc8d921472d6bf9c81 P eda02608ab584ab888fd554b9d697d71 [CANDIDATE]: Term 1 election: Tablet error from VoteRequest() call to peer 3f97dc9c5128456e97d2ba86d4f959d3 (127.29.131.194:39485): Illegal state: must be running to vote when last-logged opid is not known
W20260709 12:22:38.761408 30995 leader_election.cc:343] T 2230ffbd279a42dc8d921472d6bf9c81 P eda02608ab584ab888fd554b9d697d71 [CANDIDATE]: Term 1 pre-election: Tablet error from VoteRequest() call to peer 3f97dc9c5128456e97d2ba86d4f959d3 (127.29.131.194:39485): Illegal state: must be running to vote when last-logged opid is not known
I20260709 12:22:38.762336 30846 leader_election.cc:304] T f33b148046cc4e1babf52f7f3e0dd87d P e11cf9c16d534db5a321ab416db473ad [CANDIDATE]: Term 1 pre-election: Election decided. Result: candidate won. Election summary: received 3 responses out of 3 voters: 2 yes votes; 1 no votes. yes voters: e11cf9c16d534db5a321ab416db473ad, eda02608ab584ab888fd554b9d697d71; no voters: 3f97dc9c5128456e97d2ba86d4f959d3
I20260709 12:22:38.762494 30957 tablet_service.cc:1917] Received RequestConsensusVote() RPC: tablet_id: "0b05a0e44528465d808ebafdf0fbe0f2" candidate_uuid: "eda02608ab584ab888fd554b9d697d71" candidate_term: 1 candidate_status { last_received { term: 0 index: 0 } } ignore_live_leader: false dest_uuid: "3f97dc9c5128456e97d2ba86d4f959d3"
I20260709 12:22:38.763053 30957 raft_consensus.cc:3060] T 0b05a0e44528465d808ebafdf0fbe0f2 P 3f97dc9c5128456e97d2ba86d4f959d3 [term 0 FOLLOWER]: Advancing to term 1
I20260709 12:22:38.763181 31096 raft_consensus.cc:2804] T f33b148046cc4e1babf52f7f3e0dd87d P e11cf9c16d534db5a321ab416db473ad [term 0 FOLLOWER]: Leader pre-election won for term 1
I20260709 12:22:38.764125 31096 raft_consensus.cc:493] T f33b148046cc4e1babf52f7f3e0dd87d P e11cf9c16d534db5a321ab416db473ad [term 0 FOLLOWER]: Starting leader election (no leader contacted us within the election timeout)
I20260709 12:22:38.764567 31096 raft_consensus.cc:3060] T f33b148046cc4e1babf52f7f3e0dd87d P e11cf9c16d534db5a321ab416db473ad [term 0 FOLLOWER]: Advancing to term 1
I20260709 12:22:38.773800 31107 raft_consensus.cc:493] T 379cbcd9ddc44752a35f8c3465a8865b P eda02608ab584ab888fd554b9d697d71 [term 0 FOLLOWER]: Starting pre-election (no leader contacted us within the election timeout)
I20260709 12:22:38.774487 31107 raft_consensus.cc:515] T 379cbcd9ddc44752a35f8c3465a8865b P eda02608ab584ab888fd554b9d697d71 [term 0 FOLLOWER]: Starting pre-election with config: opid_index: -1 OBSOLETE_local: false peers { permanent_uuid: "e11cf9c16d534db5a321ab416db473ad" member_type: VOTER last_known_addr { host: "127.29.131.193" port: 37675 } } peers { permanent_uuid: "3f97dc9c5128456e97d2ba86d4f959d3" member_type: VOTER last_known_addr { host: "127.29.131.194" port: 39485 } } peers { permanent_uuid: "eda02608ab584ab888fd554b9d697d71" member_type: VOTER last_known_addr { host: "127.29.131.195" port: 39493 } }
I20260709 12:22:38.778950 30881 tablet_service.cc:1917] Received RequestConsensusVote() RPC: tablet_id: "379cbcd9ddc44752a35f8c3465a8865b" candidate_uuid: "eda02608ab584ab888fd554b9d697d71" candidate_term: 1 candidate_status { last_received { term: 0 index: 0 } } ignore_live_leader: false dest_uuid: "e11cf9c16d534db5a321ab416db473ad" is_pre_election: true
I20260709 12:22:38.779898 30881 raft_consensus.cc:2468] T 379cbcd9ddc44752a35f8c3465a8865b P e11cf9c16d534db5a321ab416db473ad [term 0 FOLLOWER]: Leader pre-election vote request: Granting yes vote for candidate eda02608ab584ab888fd554b9d697d71 in term 0.
I20260709 12:22:38.781394 31107 leader_election.cc:290] T 379cbcd9ddc44752a35f8c3465a8865b P eda02608ab584ab888fd554b9d697d71 [CANDIDATE]: Term 1 pre-election: Requested pre-vote from peers e11cf9c16d534db5a321ab416db473ad (127.29.131.193:37675), 3f97dc9c5128456e97d2ba86d4f959d3 (127.29.131.194:39485)
I20260709 12:22:38.782759 30997 leader_election.cc:304] T 379cbcd9ddc44752a35f8c3465a8865b P eda02608ab584ab888fd554b9d697d71 [CANDIDATE]: Term 1 pre-election: Election decided. Result: candidate won. Election summary: received 2 responses out of 3 voters: 2 yes votes; 0 no votes. yes voters: e11cf9c16d534db5a321ab416db473ad, eda02608ab584ab888fd554b9d697d71; no voters: 
I20260709 12:22:38.784698 31107 raft_consensus.cc:2804] T 379cbcd9ddc44752a35f8c3465a8865b P eda02608ab584ab888fd554b9d697d71 [term 0 FOLLOWER]: Leader pre-election won for term 1
I20260709 12:22:38.785354 31107 raft_consensus.cc:493] T 379cbcd9ddc44752a35f8c3465a8865b P eda02608ab584ab888fd554b9d697d71 [term 0 FOLLOWER]: Starting leader election (no leader contacted us within the election timeout)
I20260709 12:22:38.785848 31107 raft_consensus.cc:3060] T 379cbcd9ddc44752a35f8c3465a8865b P eda02608ab584ab888fd554b9d697d71 [term 0 FOLLOWER]: Advancing to term 1
I20260709 12:22:38.786321 30956 tablet_service.cc:1917] Received RequestConsensusVote() RPC: tablet_id: "379cbcd9ddc44752a35f8c3465a8865b" candidate_uuid: "eda02608ab584ab888fd554b9d697d71" candidate_term: 1 candidate_status { last_received { term: 0 index: 0 } } ignore_live_leader: false dest_uuid: "3f97dc9c5128456e97d2ba86d4f959d3" is_pre_election: true
W20260709 12:22:38.788245 30995 leader_election.cc:343] T 379cbcd9ddc44752a35f8c3465a8865b P eda02608ab584ab888fd554b9d697d71 [CANDIDATE]: Term 1 pre-election: Tablet error from VoteRequest() call to peer 3f97dc9c5128456e97d2ba86d4f959d3 (127.29.131.194:39485): Illegal state: must be running to vote when last-logged opid is not known
I20260709 12:22:38.792789 31096 raft_consensus.cc:515] T f33b148046cc4e1babf52f7f3e0dd87d P e11cf9c16d534db5a321ab416db473ad [term 1 FOLLOWER]: Starting leader election with config: opid_index: -1 OBSOLETE_local: false peers { permanent_uuid: "e11cf9c16d534db5a321ab416db473ad" member_type: VOTER last_known_addr { host: "127.29.131.193" port: 37675 } } peers { permanent_uuid: "3f97dc9c5128456e97d2ba86d4f959d3" member_type: VOTER last_known_addr { host: "127.29.131.194" port: 39485 } } peers { permanent_uuid: "eda02608ab584ab888fd554b9d697d71" member_type: VOTER last_known_addr { host: "127.29.131.195" port: 39493 } }
I20260709 12:22:38.794238 31072 tablet_bootstrap.cc:492] T 7885d480186746da9a317e07d3dcde66 P e11cf9c16d534db5a321ab416db473ad: No bootstrap required, opened a new log
I20260709 12:22:38.791494 30957 raft_consensus.cc:2468] T 0b05a0e44528465d808ebafdf0fbe0f2 P 3f97dc9c5128456e97d2ba86d4f959d3 [term 1 FOLLOWER]: Leader election vote request: Granting yes vote for candidate eda02608ab584ab888fd554b9d697d71 in term 1.
I20260709 12:22:38.805186 30995 leader_election.cc:304] T 0b05a0e44528465d808ebafdf0fbe0f2 P eda02608ab584ab888fd554b9d697d71 [CANDIDATE]: Term 1 election: Election decided. Result: candidate won. Election summary: received 2 responses out of 3 voters: 2 yes votes; 0 no votes. yes voters: 3f97dc9c5128456e97d2ba86d4f959d3, eda02608ab584ab888fd554b9d697d71; no voters: 
I20260709 12:22:38.805512 31071 tablet_bootstrap.cc:492] T 7885d480186746da9a317e07d3dcde66 P eda02608ab584ab888fd554b9d697d71: No bootstrap required, opened a new log
I20260709 12:22:38.796325 30882 raft_consensus.cc:2468] T 0b05a0e44528465d808ebafdf0fbe0f2 P e11cf9c16d534db5a321ab416db473ad [term 1 FOLLOWER]: Leader election vote request: Granting yes vote for candidate eda02608ab584ab888fd554b9d697d71 in term 1.
I20260709 12:22:38.806097 31104 raft_consensus.cc:2804] T 0b05a0e44528465d808ebafdf0fbe0f2 P eda02608ab584ab888fd554b9d697d71 [term 1 FOLLOWER]: Leader election won for term 1
I20260709 12:22:38.806782 31072 ts_tablet_manager.cc:1403] T 7885d480186746da9a317e07d3dcde66 P e11cf9c16d534db5a321ab416db473ad: Time spent bootstrapping tablet: real 0.066s	user 0.028s	sys 0.012s
I20260709 12:22:38.800506 30779 catalog_manager.cc:5697] T 2230ffbd279a42dc8d921472d6bf9c81 P eda02608ab584ab888fd554b9d697d71 reported cstate change: term changed from 0 to 1, leader changed from <none> to eda02608ab584ab888fd554b9d697d71 (127.29.131.195). New cstate: current_term: 1 leader_uuid: "eda02608ab584ab888fd554b9d697d71" committed_config { opid_index: -1 OBSOLETE_local: false peers { permanent_uuid: "e11cf9c16d534db5a321ab416db473ad" member_type: VOTER last_known_addr { host: "127.29.131.193" port: 37675 } health_report { overall_health: UNKNOWN } } peers { permanent_uuid: "3f97dc9c5128456e97d2ba86d4f959d3" member_type: VOTER last_known_addr { host: "127.29.131.194" port: 39485 } health_report { overall_health: UNKNOWN } } peers { permanent_uuid: "eda02608ab584ab888fd554b9d697d71" member_type: VOTER last_known_addr { host: "127.29.131.195" port: 39493 } health_report { overall_health: HEALTHY } } }
I20260709 12:22:38.806013 31071 ts_tablet_manager.cc:1403] T 7885d480186746da9a317e07d3dcde66 P eda02608ab584ab888fd554b9d697d71: Time spent bootstrapping tablet: real 0.080s	user 0.040s	sys 0.024s
I20260709 12:22:38.806195 31081 raft_consensus.cc:515] T 9df879844456449b854d8d0d0fe966ee P 3f97dc9c5128456e97d2ba86d4f959d3 [term 1 FOLLOWER]: Starting leader election with config: opid_index: -1 OBSOLETE_local: false peers { permanent_uuid: "e11cf9c16d534db5a321ab416db473ad" member_type: VOTER last_known_addr { host: "127.29.131.193" port: 37675 } } peers { permanent_uuid: "3f97dc9c5128456e97d2ba86d4f959d3" member_type: VOTER last_known_addr { host: "127.29.131.194" port: 39485 } } peers { permanent_uuid: "eda02608ab584ab888fd554b9d697d71" member_type: VOTER last_known_addr { host: "127.29.131.195" port: 39493 } }
I20260709 12:22:38.807334 30956 tablet_service.cc:1917] Received RequestConsensusVote() RPC: tablet_id: "f33b148046cc4e1babf52f7f3e0dd87d" candidate_uuid: "e11cf9c16d534db5a321ab416db473ad" candidate_term: 1 candidate_status { last_received { term: 0 index: 0 } } ignore_live_leader: false dest_uuid: "3f97dc9c5128456e97d2ba86d4f959d3"
W20260709 12:22:38.808705 30846 leader_election.cc:343] T f33b148046cc4e1babf52f7f3e0dd87d P e11cf9c16d534db5a321ab416db473ad [CANDIDATE]: Term 1 election: Tablet error from VoteRequest() call to peer 3f97dc9c5128456e97d2ba86d4f959d3 (127.29.131.194:39485): Illegal state: must be running to vote when last-logged opid is not known
I20260709 12:22:38.806675 31104 raft_consensus.cc:697] T 0b05a0e44528465d808ebafdf0fbe0f2 P eda02608ab584ab888fd554b9d697d71 [term 1 LEADER]: Becoming Leader. State: Replica: eda02608ab584ab888fd554b9d697d71, State: Running, Role: LEADER
I20260709 12:22:38.809728 30882 tablet_service.cc:1917] Received RequestConsensusVote() RPC: tablet_id: "9df879844456449b854d8d0d0fe966ee" candidate_uuid: "3f97dc9c5128456e97d2ba86d4f959d3" candidate_term: 1 candidate_status { last_received { term: 0 index: 0 } } ignore_live_leader: false dest_uuid: "e11cf9c16d534db5a321ab416db473ad"
I20260709 12:22:38.809772 31104 consensus_queue.cc:237] T 0b05a0e44528465d808ebafdf0fbe0f2 P eda02608ab584ab888fd554b9d697d71 [LEADER]: Queue going to LEADER mode. State: All replicated index: 0, Majority replicated index: 0, Committed index: 0, Last appended: 0.0, Last appended by leader: 0, Current term: 1, Majority size: 2, State: 0, Mode: LEADER, active raft config: opid_index: -1 OBSOLETE_local: false peers { permanent_uuid: "e11cf9c16d534db5a321ab416db473ad" member_type: VOTER last_known_addr { host: "127.29.131.193" port: 37675 } } peers { permanent_uuid: "3f97dc9c5128456e97d2ba86d4f959d3" member_type: VOTER last_known_addr { host: "127.29.131.194" port: 39485 } } peers { permanent_uuid: "eda02608ab584ab888fd554b9d697d71" member_type: VOTER last_known_addr { host: "127.29.131.195" port: 39493 } }
I20260709 12:22:38.813512 30882 raft_consensus.cc:3060] T 9df879844456449b854d8d0d0fe966ee P e11cf9c16d534db5a321ab416db473ad [term 0 FOLLOWER]: Advancing to term 1
I20260709 12:22:38.813856 31072 raft_consensus.cc:359] T 7885d480186746da9a317e07d3dcde66 P e11cf9c16d534db5a321ab416db473ad [term 0 FOLLOWER]: Replica starting. Triggering 0 pending ops. Active config: opid_index: -1 OBSOLETE_local: false peers { permanent_uuid: "e11cf9c16d534db5a321ab416db473ad" member_type: VOTER last_known_addr { host: "127.29.131.193" port: 37675 } } peers { permanent_uuid: "3f97dc9c5128456e97d2ba86d4f959d3" member_type: VOTER last_known_addr { host: "127.29.131.194" port: 39485 } } peers { permanent_uuid: "eda02608ab584ab888fd554b9d697d71" member_type: VOTER last_known_addr { host: "127.29.131.195" port: 39493 } }
I20260709 12:22:38.814487 31072 raft_consensus.cc:385] T 7885d480186746da9a317e07d3dcde66 P e11cf9c16d534db5a321ab416db473ad [term 0 FOLLOWER]: Consensus starting up: Expiring failure detector timer to make a prompt election more likely
I20260709 12:22:38.814728 31072 raft_consensus.cc:740] T 7885d480186746da9a317e07d3dcde66 P e11cf9c16d534db5a321ab416db473ad [term 0 FOLLOWER]: Becoming Follower/Learner. State: Replica: e11cf9c16d534db5a321ab416db473ad, State: Initialized, Role: FOLLOWER
I20260709 12:22:38.797267 31073 raft_consensus.cc:359] T 34ef0ed31f5e474599bbc2c62c0c90ca P 3f97dc9c5128456e97d2ba86d4f959d3 [term 0 FOLLOWER]: Replica starting. Triggering 0 pending ops. Active config: opid_index: -1 OBSOLETE_local: false peers { permanent_uuid: "e11cf9c16d534db5a321ab416db473ad" member_type: VOTER last_known_addr { host: "127.29.131.193" port: 37675 } } peers { permanent_uuid: "3f97dc9c5128456e97d2ba86d4f959d3" member_type: VOTER last_known_addr { host: "127.29.131.194" port: 39485 } } peers { permanent_uuid: "eda02608ab584ab888fd554b9d697d71" member_type: VOTER last_known_addr { host: "127.29.131.195" port: 39493 } }
I20260709 12:22:38.815440 31073 raft_consensus.cc:385] T 34ef0ed31f5e474599bbc2c62c0c90ca P 3f97dc9c5128456e97d2ba86d4f959d3 [term 0 FOLLOWER]: Consensus starting up: Expiring failure detector timer to make a prompt election more likely
I20260709 12:22:38.815477 31072 consensus_queue.cc:260] T 7885d480186746da9a317e07d3dcde66 P e11cf9c16d534db5a321ab416db473ad [NON_LEADER]: Queue going to NON_LEADER mode. State: All replicated index: 0, Majority replicated index: 0, Committed index: 0, Last appended: 0.0, Last appended by leader: 0, Current term: 0, Majority size: -1, State: 0, Mode: NON_LEADER, active raft config: opid_index: -1 OBSOLETE_local: false peers { permanent_uuid: "e11cf9c16d534db5a321ab416db473ad" member_type: VOTER last_known_addr { host: "127.29.131.193" port: 37675 } } peers { permanent_uuid: "3f97dc9c5128456e97d2ba86d4f959d3" member_type: VOTER last_known_addr { host: "127.29.131.194" port: 39485 } } peers { permanent_uuid: "eda02608ab584ab888fd554b9d697d71" member_type: VOTER last_known_addr { host: "127.29.131.195" port: 39493 } }
I20260709 12:22:38.811928 31096 leader_election.cc:290] T f33b148046cc4e1babf52f7f3e0dd87d P e11cf9c16d534db5a321ab416db473ad [CANDIDATE]: Term 1 election: Requested vote from peers 3f97dc9c5128456e97d2ba86d4f959d3 (127.29.131.194:39485), eda02608ab584ab888fd554b9d697d71 (127.29.131.195:39493)
I20260709 12:22:38.811877 31031 tablet_service.cc:1917] Received RequestConsensusVote() RPC: tablet_id: "9df879844456449b854d8d0d0fe966ee" candidate_uuid: "3f97dc9c5128456e97d2ba86d4f959d3" candidate_term: 1 candidate_status { last_received { term: 0 index: 0 } } ignore_live_leader: false dest_uuid: "eda02608ab584ab888fd554b9d697d71"
I20260709 12:22:38.810504 31071 raft_consensus.cc:359] T 7885d480186746da9a317e07d3dcde66 P eda02608ab584ab888fd554b9d697d71 [term 0 FOLLOWER]: Replica starting. Triggering 0 pending ops. Active config: opid_index: -1 OBSOLETE_local: false peers { permanent_uuid: "e11cf9c16d534db5a321ab416db473ad" member_type: VOTER last_known_addr { host: "127.29.131.193" port: 37675 } } peers { permanent_uuid: "3f97dc9c5128456e97d2ba86d4f959d3" member_type: VOTER last_known_addr { host: "127.29.131.194" port: 39485 } } peers { permanent_uuid: "eda02608ab584ab888fd554b9d697d71" member_type: VOTER last_known_addr { host: "127.29.131.195" port: 39493 } }
I20260709 12:22:38.816730 31031 raft_consensus.cc:3060] T 9df879844456449b854d8d0d0fe966ee P eda02608ab584ab888fd554b9d697d71 [term 0 FOLLOWER]: Advancing to term 1
I20260709 12:22:38.816884 31071 raft_consensus.cc:385] T 7885d480186746da9a317e07d3dcde66 P eda02608ab584ab888fd554b9d697d71 [term 0 FOLLOWER]: Consensus starting up: Expiring failure detector timer to make a prompt election more likely
I20260709 12:22:38.817297 31071 raft_consensus.cc:740] T 7885d480186746da9a317e07d3dcde66 P eda02608ab584ab888fd554b9d697d71 [term 0 FOLLOWER]: Becoming Follower/Learner. State: Replica: eda02608ab584ab888fd554b9d697d71, State: Initialized, Role: FOLLOWER
I20260709 12:22:38.813048 31081 leader_election.cc:290] T 9df879844456449b854d8d0d0fe966ee P 3f97dc9c5128456e97d2ba86d4f959d3 [CANDIDATE]: Term 1 election: Requested vote from peers e11cf9c16d534db5a321ab416db473ad (127.29.131.193:37675), eda02608ab584ab888fd554b9d697d71 (127.29.131.195:39493)
I20260709 12:22:38.815878 31073 raft_consensus.cc:740] T 34ef0ed31f5e474599bbc2c62c0c90ca P 3f97dc9c5128456e97d2ba86d4f959d3 [term 0 FOLLOWER]: Becoming Follower/Learner. State: Replica: 3f97dc9c5128456e97d2ba86d4f959d3, State: Initialized, Role: FOLLOWER
I20260709 12:22:38.812642 31028 tablet_service.cc:1917] Received RequestConsensusVote() RPC: tablet_id: "f33b148046cc4e1babf52f7f3e0dd87d" candidate_uuid: "e11cf9c16d534db5a321ab416db473ad" candidate_term: 1 candidate_status { last_received { term: 0 index: 0 } } ignore_live_leader: false dest_uuid: "eda02608ab584ab888fd554b9d697d71"
I20260709 12:22:38.818568 31071 consensus_queue.cc:260] T 7885d480186746da9a317e07d3dcde66 P eda02608ab584ab888fd554b9d697d71 [NON_LEADER]: Queue going to NON_LEADER mode. State: All replicated index: 0, Majority replicated index: 0, Committed index: 0, Last appended: 0.0, Last appended by leader: 0, Current term: 0, Majority size: -1, State: 0, Mode: NON_LEADER, active raft config: opid_index: -1 OBSOLETE_local: false peers { permanent_uuid: "e11cf9c16d534db5a321ab416db473ad" member_type: VOTER last_known_addr { host: "127.29.131.193" port: 37675 } } peers { permanent_uuid: "3f97dc9c5128456e97d2ba86d4f959d3" member_type: VOTER last_known_addr { host: "127.29.131.194" port: 39485 } } peers { permanent_uuid: "eda02608ab584ab888fd554b9d697d71" member_type: VOTER last_known_addr { host: "127.29.131.195" port: 39493 } }
I20260709 12:22:38.818770 31073 consensus_queue.cc:260] T 34ef0ed31f5e474599bbc2c62c0c90ca P 3f97dc9c5128456e97d2ba86d4f959d3 [NON_LEADER]: Queue going to NON_LEADER mode. State: All replicated index: 0, Majority replicated index: 0, Committed index: 0, Last appended: 0.0, Last appended by leader: 0, Current term: 0, Majority size: -1, State: 0, Mode: NON_LEADER, active raft config: opid_index: -1 OBSOLETE_local: false peers { permanent_uuid: "e11cf9c16d534db5a321ab416db473ad" member_type: VOTER last_known_addr { host: "127.29.131.193" port: 37675 } } peers { permanent_uuid: "3f97dc9c5128456e97d2ba86d4f959d3" member_type: VOTER last_known_addr { host: "127.29.131.194" port: 39485 } } peers { permanent_uuid: "eda02608ab584ab888fd554b9d697d71" member_type: VOTER last_known_addr { host: "127.29.131.195" port: 39493 } }
I20260709 12:22:38.819474 31028 raft_consensus.cc:3060] T f33b148046cc4e1babf52f7f3e0dd87d P eda02608ab584ab888fd554b9d697d71 [term 0 FOLLOWER]: Advancing to term 1
I20260709 12:22:38.820921 31071 ts_tablet_manager.cc:1434] T 7885d480186746da9a317e07d3dcde66 P eda02608ab584ab888fd554b9d697d71: Time spent starting tablet: real 0.013s	user 0.004s	sys 0.002s
I20260709 12:22:38.802433 31107 raft_consensus.cc:515] T 379cbcd9ddc44752a35f8c3465a8865b P eda02608ab584ab888fd554b9d697d71 [term 1 FOLLOWER]: Starting leader election with config: opid_index: -1 OBSOLETE_local: false peers { permanent_uuid: "e11cf9c16d534db5a321ab416db473ad" member_type: VOTER last_known_addr { host: "127.29.131.193" port: 37675 } } peers { permanent_uuid: "3f97dc9c5128456e97d2ba86d4f959d3" member_type: VOTER last_known_addr { host: "127.29.131.194" port: 39485 } } peers { permanent_uuid: "eda02608ab584ab888fd554b9d697d71" member_type: VOTER last_known_addr { host: "127.29.131.195" port: 39493 } }
I20260709 12:22:38.821861 31071 tablet_bootstrap.cc:492] T 34ef0ed31f5e474599bbc2c62c0c90ca P eda02608ab584ab888fd554b9d697d71: Bootstrap starting.
I20260709 12:22:38.823760 30881 tablet_service.cc:1917] Received RequestConsensusVote() RPC: tablet_id: "379cbcd9ddc44752a35f8c3465a8865b" candidate_uuid: "eda02608ab584ab888fd554b9d697d71" candidate_term: 1 candidate_status { last_received { term: 0 index: 0 } } ignore_live_leader: false dest_uuid: "e11cf9c16d534db5a321ab416db473ad"
I20260709 12:22:38.824450 30881 raft_consensus.cc:3060] T 379cbcd9ddc44752a35f8c3465a8865b P e11cf9c16d534db5a321ab416db473ad [term 0 FOLLOWER]: Advancing to term 1
I20260709 12:22:38.825824 30956 tablet_service.cc:1917] Received RequestConsensusVote() RPC: tablet_id: "379cbcd9ddc44752a35f8c3465a8865b" candidate_uuid: "eda02608ab584ab888fd554b9d697d71" candidate_term: 1 candidate_status { last_received { term: 0 index: 0 } } ignore_live_leader: false dest_uuid: "3f97dc9c5128456e97d2ba86d4f959d3"
W20260709 12:22:38.827149 30995 leader_election.cc:343] T 379cbcd9ddc44752a35f8c3465a8865b P eda02608ab584ab888fd554b9d697d71 [CANDIDATE]: Term 1 election: Tablet error from VoteRequest() call to peer 3f97dc9c5128456e97d2ba86d4f959d3 (127.29.131.194:39485): Illegal state: must be running to vote when last-logged opid is not known
I20260709 12:22:38.823837 31107 leader_election.cc:290] T 379cbcd9ddc44752a35f8c3465a8865b P eda02608ab584ab888fd554b9d697d71 [CANDIDATE]: Term 1 election: Requested vote from peers e11cf9c16d534db5a321ab416db473ad (127.29.131.193:37675), 3f97dc9c5128456e97d2ba86d4f959d3 (127.29.131.194:39485)
I20260709 12:22:38.830884 30882 raft_consensus.cc:2468] T 9df879844456449b854d8d0d0fe966ee P e11cf9c16d534db5a321ab416db473ad [term 1 FOLLOWER]: Leader election vote request: Granting yes vote for candidate 3f97dc9c5128456e97d2ba86d4f959d3 in term 1.
I20260709 12:22:38.831933 30923 leader_election.cc:304] T 9df879844456449b854d8d0d0fe966ee P 3f97dc9c5128456e97d2ba86d4f959d3 [CANDIDATE]: Term 1 election: Election decided. Result: candidate won. Election summary: received 2 responses out of 3 voters: 2 yes votes; 0 no votes. yes voters: 3f97dc9c5128456e97d2ba86d4f959d3, e11cf9c16d534db5a321ab416db473ad; no voters: 
I20260709 12:22:38.832326 31071 tablet_bootstrap.cc:654] T 34ef0ed31f5e474599bbc2c62c0c90ca P eda02608ab584ab888fd554b9d697d71: Neither blocks nor log segments found. Creating new log.
I20260709 12:22:38.832235 31028 raft_consensus.cc:2468] T f33b148046cc4e1babf52f7f3e0dd87d P eda02608ab584ab888fd554b9d697d71 [term 1 FOLLOWER]: Leader election vote request: Granting yes vote for candidate e11cf9c16d534db5a321ab416db473ad in term 1.
I20260709 12:22:38.820921 31073 ts_tablet_manager.cc:1434] T 34ef0ed31f5e474599bbc2c62c0c90ca P 3f97dc9c5128456e97d2ba86d4f959d3: Time spent starting tablet: real 0.076s	user 0.007s	sys 0.000s
I20260709 12:22:38.834697 31073 tablet_bootstrap.cc:492] T 2230ffbd279a42dc8d921472d6bf9c81 P 3f97dc9c5128456e97d2ba86d4f959d3: Bootstrap starting.
I20260709 12:22:38.832866 31091 raft_consensus.cc:2804] T 9df879844456449b854d8d0d0fe966ee P 3f97dc9c5128456e97d2ba86d4f959d3 [term 1 FOLLOWER]: Leader election won for term 1
I20260709 12:22:38.836460 31091 raft_consensus.cc:697] T 9df879844456449b854d8d0d0fe966ee P 3f97dc9c5128456e97d2ba86d4f959d3 [term 1 LEADER]: Becoming Leader. State: Replica: 3f97dc9c5128456e97d2ba86d4f959d3, State: Running, Role: LEADER
