I20260709 12:23:07.832552   471 raft_consensus.cc:359] T 8d37f0ea29d24e0c80e56936f6ce26e5 P a3cc64e79f93431bb07828bf5f2e729e [term 0 FOLLOWER]: Replica starting. Triggering 0 pending ops. Active config: opid_index: -1 OBSOLETE_local: false peers { permanent_uuid: "a7a9dd95d7a34c90a2f07db1375a20a7" member_type: VOTER last_known_addr { host: "127.30.218.65" port: 36935 } } peers { permanent_uuid: "a3cc64e79f93431bb07828bf5f2e729e" member_type: VOTER last_known_addr { host: "127.30.218.66" port: 42987 } } peers { permanent_uuid: "b207f1f891ac4fae9026c9916086ecef" member_type: VOTER last_known_addr { host: "127.30.218.67" port: 44763 } }
I20260709 12:23:07.833748   471 raft_consensus.cc:385] T 8d37f0ea29d24e0c80e56936f6ce26e5 P a3cc64e79f93431bb07828bf5f2e729e [term 0 FOLLOWER]: Consensus starting up: Expiring failure detector timer to make a prompt election more likely
I20260709 12:23:07.834124   471 raft_consensus.cc:740] T 8d37f0ea29d24e0c80e56936f6ce26e5 P a3cc64e79f93431bb07828bf5f2e729e [term 0 FOLLOWER]: Becoming Follower/Learner. State: Replica: a3cc64e79f93431bb07828bf5f2e729e, State: Initialized, Role: FOLLOWER
I20260709 12:23:07.834801   471 consensus_queue.cc:260] T 8d37f0ea29d24e0c80e56936f6ce26e5 P a3cc64e79f93431bb07828bf5f2e729e [NON_LEADER]: Queue going to NON_LEADER mode. State: All replicated index: 0, Majority replicated index: 0, Committed index: 0, Last appended: 0.0, Last appended by leader: 0, Current term: 0, Majority size: -1, State: 0, Mode: NON_LEADER, active raft config: opid_index: -1 OBSOLETE_local: false peers { permanent_uuid: "a7a9dd95d7a34c90a2f07db1375a20a7" member_type: VOTER last_known_addr { host: "127.30.218.65" port: 36935 } } peers { permanent_uuid: "a3cc64e79f93431bb07828bf5f2e729e" member_type: VOTER last_known_addr { host: "127.30.218.66" port: 42987 } } peers { permanent_uuid: "b207f1f891ac4fae9026c9916086ecef" member_type: VOTER last_known_addr { host: "127.30.218.67" port: 44763 } }
I20260709 12:23:07.836905   472 tablet_bootstrap.cc:492] T 3f113cffc14440d8b4b78f50ded20d4f P b207f1f891ac4fae9026c9916086ecef: No bootstrap required, opened a new log
I20260709 12:23:07.837194   471 ts_tablet_manager.cc:1434] T 8d37f0ea29d24e0c80e56936f6ce26e5 P a3cc64e79f93431bb07828bf5f2e729e: Time spent starting tablet: real 0.007s	user 0.005s	sys 0.001s
I20260709 12:23:07.837366   472 ts_tablet_manager.cc:1403] T 3f113cffc14440d8b4b78f50ded20d4f P b207f1f891ac4fae9026c9916086ecef: Time spent bootstrapping tablet: real 0.054s	user 0.012s	sys 0.000s
I20260709 12:23:07.838168   471 tablet_bootstrap.cc:492] T ae6cf90b38944e0f9693da29dce0bb98 P a3cc64e79f93431bb07828bf5f2e729e: Bootstrap starting.
I20260709 12:23:07.840044   472 raft_consensus.cc:359] T 3f113cffc14440d8b4b78f50ded20d4f P b207f1f891ac4fae9026c9916086ecef [term 0 FOLLOWER]: Replica starting. Triggering 0 pending ops. Active config: opid_index: -1 OBSOLETE_local: false peers { permanent_uuid: "a7a9dd95d7a34c90a2f07db1375a20a7" member_type: VOTER last_known_addr { host: "127.30.218.65" port: 36935 } } peers { permanent_uuid: "a3cc64e79f93431bb07828bf5f2e729e" member_type: VOTER last_known_addr { host: "127.30.218.66" port: 42987 } } peers { permanent_uuid: "b207f1f891ac4fae9026c9916086ecef" member_type: VOTER last_known_addr { host: "127.30.218.67" port: 44763 } }
I20260709 12:23:07.840695   472 raft_consensus.cc:385] T 3f113cffc14440d8b4b78f50ded20d4f P b207f1f891ac4fae9026c9916086ecef [term 0 FOLLOWER]: Consensus starting up: Expiring failure detector timer to make a prompt election more likely
I20260709 12:23:07.841018   472 raft_consensus.cc:740] T 3f113cffc14440d8b4b78f50ded20d4f P b207f1f891ac4fae9026c9916086ecef [term 0 FOLLOWER]: Becoming Follower/Learner. State: Replica: b207f1f891ac4fae9026c9916086ecef, State: Initialized, Role: FOLLOWER
I20260709 12:23:07.841747   472 consensus_queue.cc:260] T 3f113cffc14440d8b4b78f50ded20d4f P b207f1f891ac4fae9026c9916086ecef [NON_LEADER]: Queue going to NON_LEADER mode. State: All replicated index: 0, Majority replicated index: 0, Committed index: 0, Last appended: 0.0, Last appended by leader: 0, Current term: 0, Majority size: -1, State: 0, Mode: NON_LEADER, active raft config: opid_index: -1 OBSOLETE_local: false peers { permanent_uuid: "a7a9dd95d7a34c90a2f07db1375a20a7" member_type: VOTER last_known_addr { host: "127.30.218.65" port: 36935 } } peers { permanent_uuid: "a3cc64e79f93431bb07828bf5f2e729e" member_type: VOTER last_known_addr { host: "127.30.218.66" port: 42987 } } peers { permanent_uuid: "b207f1f891ac4fae9026c9916086ecef" member_type: VOTER last_known_addr { host: "127.30.218.67" port: 44763 } }
I20260709 12:23:07.844491   473 tablet_bootstrap.cc:492] T 99bf541dfb9947f7a1c82169f10a2a19 P a7a9dd95d7a34c90a2f07db1375a20a7: No bootstrap required, opened a new log
I20260709 12:23:07.844658   471 tablet_bootstrap.cc:654] T ae6cf90b38944e0f9693da29dce0bb98 P a3cc64e79f93431bb07828bf5f2e729e: Neither blocks nor log segments found. Creating new log.
I20260709 12:23:07.845026   473 ts_tablet_manager.cc:1403] T 99bf541dfb9947f7a1c82169f10a2a19 P a7a9dd95d7a34c90a2f07db1375a20a7: Time spent bootstrapping tablet: real 0.046s	user 0.011s	sys 0.002s
I20260709 12:23:07.847831   473 raft_consensus.cc:359] T 99bf541dfb9947f7a1c82169f10a2a19 P a7a9dd95d7a34c90a2f07db1375a20a7 [term 0 FOLLOWER]: Replica starting. Triggering 0 pending ops. Active config: opid_index: -1 OBSOLETE_local: false peers { permanent_uuid: "a7a9dd95d7a34c90a2f07db1375a20a7" member_type: VOTER last_known_addr { host: "127.30.218.65" port: 36935 } } peers { permanent_uuid: "a3cc64e79f93431bb07828bf5f2e729e" member_type: VOTER last_known_addr { host: "127.30.218.66" port: 42987 } } peers { permanent_uuid: "b207f1f891ac4fae9026c9916086ecef" member_type: VOTER last_known_addr { host: "127.30.218.67" port: 44763 } }
I20260709 12:23:07.848613   473 raft_consensus.cc:385] T 99bf541dfb9947f7a1c82169f10a2a19 P a7a9dd95d7a34c90a2f07db1375a20a7 [term 0 FOLLOWER]: Consensus starting up: Expiring failure detector timer to make a prompt election more likely
I20260709 12:23:07.848901   473 raft_consensus.cc:740] T 99bf541dfb9947f7a1c82169f10a2a19 P a7a9dd95d7a34c90a2f07db1375a20a7 [term 0 FOLLOWER]: Becoming Follower/Learner. State: Replica: a7a9dd95d7a34c90a2f07db1375a20a7, State: Initialized, Role: FOLLOWER
I20260709 12:23:07.849737   473 consensus_queue.cc:260] T 99bf541dfb9947f7a1c82169f10a2a19 P a7a9dd95d7a34c90a2f07db1375a20a7 [NON_LEADER]: Queue going to NON_LEADER mode. State: All replicated index: 0, Majority replicated index: 0, Committed index: 0, Last appended: 0.0, Last appended by leader: 0, Current term: 0, Majority size: -1, State: 0, Mode: NON_LEADER, active raft config: opid_index: -1 OBSOLETE_local: false peers { permanent_uuid: "a7a9dd95d7a34c90a2f07db1375a20a7" member_type: VOTER last_known_addr { host: "127.30.218.65" port: 36935 } } peers { permanent_uuid: "a3cc64e79f93431bb07828bf5f2e729e" member_type: VOTER last_known_addr { host: "127.30.218.66" port: 42987 } } peers { permanent_uuid: "b207f1f891ac4fae9026c9916086ecef" member_type: VOTER last_known_addr { host: "127.30.218.67" port: 44763 } }
I20260709 12:23:07.851679   393 leader_election.cc:304] T 99bf541dfb9947f7a1c82169f10a2a19 P b207f1f891ac4fae9026c9916086ecef [CANDIDATE]: Term 1 election: Election decided. Result: candidate won. Election summary: received 3 responses out of 3 voters: 2 yes votes; 1 no votes. yes voters: a3cc64e79f93431bb07828bf5f2e729e, b207f1f891ac4fae9026c9916086ecef; no voters: a7a9dd95d7a34c90a2f07db1375a20a7
I20260709 12:23:07.852496   473 ts_tablet_manager.cc:1434] T 99bf541dfb9947f7a1c82169f10a2a19 P a7a9dd95d7a34c90a2f07db1375a20a7: Time spent starting tablet: real 0.007s	user 0.006s	sys 0.000s
I20260709 12:23:07.853513   473 tablet_bootstrap.cc:492] T 509c17ba99874c18b6714e5a03bc6283 P a7a9dd95d7a34c90a2f07db1375a20a7: Bootstrap starting.
W20260709 12:23:07.853969 32711 leader_election.cc:343] T ae6cf90b38944e0f9693da29dce0bb98 P a7a9dd95d7a34c90a2f07db1375a20a7 [CANDIDATE]: Term 1 pre-election: Tablet error from VoteRequest() call to peer a3cc64e79f93431bb07828bf5f2e729e (127.30.218.66:42987): Illegal state: must be running to vote when last-logged opid is not known
I20260709 12:23:07.854398 32711 leader_election.cc:304] T ae6cf90b38944e0f9693da29dce0bb98 P a7a9dd95d7a34c90a2f07db1375a20a7 [CANDIDATE]: Term 1 pre-election: Election decided. Result: candidate lost. Election summary: received 3 responses out of 3 voters: 1 yes votes; 2 no votes. yes voters: a7a9dd95d7a34c90a2f07db1375a20a7; no voters: a3cc64e79f93431bb07828bf5f2e729e, b207f1f891ac4fae9026c9916086ecef
I20260709 12:23:07.856933   774 raft_consensus.cc:2749] T ae6cf90b38944e0f9693da29dce0bb98 P a7a9dd95d7a34c90a2f07db1375a20a7 [term 0 FOLLOWER]: Leader pre-election lost for term 1. Reason: could not achieve majority
I20260709 12:23:07.859745   473 tablet_bootstrap.cc:654] T 509c17ba99874c18b6714e5a03bc6283 P a7a9dd95d7a34c90a2f07db1375a20a7: Neither blocks nor log segments found. Creating new log.
I20260709 12:23:07.862336   765 raft_consensus.cc:2804] T 99bf541dfb9947f7a1c82169f10a2a19 P b207f1f891ac4fae9026c9916086ecef [term 1 FOLLOWER]: Leader election won for term 1
I20260709 12:23:07.862936   765 raft_consensus.cc:697] T 99bf541dfb9947f7a1c82169f10a2a19 P b207f1f891ac4fae9026c9916086ecef [term 1 LEADER]: Becoming Leader. State: Replica: b207f1f891ac4fae9026c9916086ecef, State: Running, Role: LEADER
I20260709 12:23:07.863801   765 consensus_queue.cc:237] T 99bf541dfb9947f7a1c82169f10a2a19 P b207f1f891ac4fae9026c9916086ecef [LEADER]: Queue going to LEADER mode. State: All replicated index: 0, Majority replicated index: 0, Committed index: 0, Last appended: 0.0, Last appended by leader: 0, Current term: 1, Majority size: 2, State: 0, Mode: LEADER, active raft config: opid_index: -1 OBSOLETE_local: false peers { permanent_uuid: "a7a9dd95d7a34c90a2f07db1375a20a7" member_type: VOTER last_known_addr { host: "127.30.218.65" port: 36935 } } peers { permanent_uuid: "a3cc64e79f93431bb07828bf5f2e729e" member_type: VOTER last_known_addr { host: "127.30.218.66" port: 42987 } } peers { permanent_uuid: "b207f1f891ac4fae9026c9916086ecef" member_type: VOTER last_known_addr { host: "127.30.218.67" port: 44763 } }
I20260709 12:23:07.869589   803 raft_consensus.cc:493] T 9f9fbd1e155d4647924ef561351503be P a3cc64e79f93431bb07828bf5f2e729e [term 0 FOLLOWER]: Starting pre-election (no leader contacted us within the election timeout)
I20260709 12:23:07.870422   472 ts_tablet_manager.cc:1434] T 3f113cffc14440d8b4b78f50ded20d4f P b207f1f891ac4fae9026c9916086ecef: Time spent starting tablet: real 0.033s	user 0.006s	sys 0.000s
I20260709 12:23:07.870081   803 raft_consensus.cc:515] T 9f9fbd1e155d4647924ef561351503be P a3cc64e79f93431bb07828bf5f2e729e [term 0 FOLLOWER]: Starting pre-election with config: opid_index: -1 OBSOLETE_local: false peers { permanent_uuid: "a7a9dd95d7a34c90a2f07db1375a20a7" member_type: VOTER last_known_addr { host: "127.30.218.65" port: 36935 } } peers { permanent_uuid: "a3cc64e79f93431bb07828bf5f2e729e" member_type: VOTER last_known_addr { host: "127.30.218.66" port: 42987 } } peers { permanent_uuid: "b207f1f891ac4fae9026c9916086ecef" member_type: VOTER last_known_addr { host: "127.30.218.67" port: 44763 } }
I20260709 12:23:07.871412   472 tablet_bootstrap.cc:492] T 4dbe797d6f4e4eaab178e30aff3b58c3 P b207f1f891ac4fae9026c9916086ecef: Bootstrap starting.
I20260709 12:23:07.872851   803 leader_election.cc:290] T 9f9fbd1e155d4647924ef561351503be P a3cc64e79f93431bb07828bf5f2e729e [CANDIDATE]: Term 1 pre-election: Requested pre-vote from peers a7a9dd95d7a34c90a2f07db1375a20a7 (127.30.218.65:36935), b207f1f891ac4fae9026c9916086ecef (127.30.218.67:44763)
I20260709 12:23:07.874569   425 raft_consensus.cc:3060] T 3eb2ef0f72db44fdba7430a4b03f1c0e P b207f1f891ac4fae9026c9916086ecef [term 0 FOLLOWER]: Advancing to term 1
I20260709 12:23:07.884123 32711 leader_election.cc:304] T 244a4d03a7844623b291e9931d4656f7 P a7a9dd95d7a34c90a2f07db1375a20a7 [CANDIDATE]: Term 1 election: Election decided. Result: candidate won. Election summary: received 3 responses out of 3 voters: 2 yes votes; 1 no votes. yes voters: a3cc64e79f93431bb07828bf5f2e729e, a7a9dd95d7a34c90a2f07db1375a20a7; no voters: b207f1f891ac4fae9026c9916086ecef
I20260709 12:23:07.889519 32711 leader_election.cc:304] T 457e31b9722e4cf3a1ae4a78ef676c03 P a7a9dd95d7a34c90a2f07db1375a20a7 [CANDIDATE]: Term 1 election: Election decided. Result: candidate won. Election summary: received 3 responses out of 3 voters: 2 yes votes; 1 no votes. yes voters: a3cc64e79f93431bb07828bf5f2e729e, a7a9dd95d7a34c90a2f07db1375a20a7; no voters: b207f1f891ac4fae9026c9916086ecef
I20260709 12:23:07.890745   471 tablet_bootstrap.cc:492] T ae6cf90b38944e0f9693da29dce0bb98 P a3cc64e79f93431bb07828bf5f2e729e: No bootstrap required, opened a new log
I20260709 12:23:07.891412   471 ts_tablet_manager.cc:1403] T ae6cf90b38944e0f9693da29dce0bb98 P a3cc64e79f93431bb07828bf5f2e729e: Time spent bootstrapping tablet: real 0.053s	user 0.012s	sys 0.005s
I20260709 12:23:07.886438   393 leader_election.cc:304] T f1b0649569e44b3498b77d9f64733c3e P b207f1f891ac4fae9026c9916086ecef [CANDIDATE]: Term 1 election: Election decided. Result: candidate won. Election summary: received 3 responses out of 3 voters: 2 yes votes; 1 no votes. yes voters: a3cc64e79f93431bb07828bf5f2e729e, b207f1f891ac4fae9026c9916086ecef; no voters: a7a9dd95d7a34c90a2f07db1375a20a7
I20260709 12:23:07.892550   472 tablet_bootstrap.cc:654] T 4dbe797d6f4e4eaab178e30aff3b58c3 P b207f1f891ac4fae9026c9916086ecef: Neither blocks nor log segments found. Creating new log.
I20260709 12:23:07.890137   774 raft_consensus.cc:493] T 99bf541dfb9947f7a1c82169f10a2a19 P a7a9dd95d7a34c90a2f07db1375a20a7 [term 0 FOLLOWER]: Starting pre-election (no leader contacted us within the election timeout)
I20260709 12:23:07.902988   350 tablet_service.cc:1917] Received RequestConsensusVote() RPC: tablet_id: "f1b0649569e44b3498b77d9f64733c3e" candidate_uuid: "a7a9dd95d7a34c90a2f07db1375a20a7" candidate_term: 1 candidate_status { last_received { term: 0 index: 0 } } ignore_live_leader: false dest_uuid: "a3cc64e79f93431bb07828bf5f2e729e"
I20260709 12:23:07.902812   774 raft_consensus.cc:515] T 99bf541dfb9947f7a1c82169f10a2a19 P a7a9dd95d7a34c90a2f07db1375a20a7 [term 0 FOLLOWER]: Starting pre-election with config: opid_index: -1 OBSOLETE_local: false peers { permanent_uuid: "a7a9dd95d7a34c90a2f07db1375a20a7" member_type: VOTER last_known_addr { host: "127.30.218.65" port: 36935 } } peers { permanent_uuid: "a3cc64e79f93431bb07828bf5f2e729e" member_type: VOTER last_known_addr { host: "127.30.218.66" port: 42987 } } peers { permanent_uuid: "b207f1f891ac4fae9026c9916086ecef" member_type: VOTER last_known_addr { host: "127.30.218.67" port: 44763 } }
I20260709 12:23:07.903976   350 raft_consensus.cc:2393] T f1b0649569e44b3498b77d9f64733c3e P a3cc64e79f93431bb07828bf5f2e729e [term 1 FOLLOWER]: Leader election vote request: Denying vote to candidate a7a9dd95d7a34c90a2f07db1375a20a7 in current term 1: Already voted for candidate b207f1f891ac4fae9026c9916086ecef in this term.
I20260709 12:23:07.906018 32743 tablet_service.cc:1917] Received RequestConsensusVote() RPC: tablet_id: "4dbe797d6f4e4eaab178e30aff3b58c3" candidate_uuid: "a3cc64e79f93431bb07828bf5f2e729e" candidate_term: 1 candidate_status { last_received { term: 0 index: 0 } } ignore_live_leader: false dest_uuid: "a7a9dd95d7a34c90a2f07db1375a20a7" is_pre_election: true
I20260709 12:23:07.906759 32743 raft_consensus.cc:2468] T 4dbe797d6f4e4eaab178e30aff3b58c3 P a7a9dd95d7a34c90a2f07db1375a20a7 [term 0 FOLLOWER]: Leader pre-election vote request: Granting yes vote for candidate a3cc64e79f93431bb07828bf5f2e729e in term 0.
I20260709 12:23:07.893774   773 raft_consensus.cc:2804] T 457e31b9722e4cf3a1ae4a78ef676c03 P a7a9dd95d7a34c90a2f07db1375a20a7 [term 1 FOLLOWER]: Leader election won for term 1
I20260709 12:23:07.910614   773 raft_consensus.cc:697] T 457e31b9722e4cf3a1ae4a78ef676c03 P a7a9dd95d7a34c90a2f07db1375a20a7 [term 1 LEADER]: Becoming Leader. State: Replica: a7a9dd95d7a34c90a2f07db1375a20a7, State: Running, Role: LEADER
I20260709 12:23:07.894608   753 raft_consensus.cc:2804] T f1b0649569e44b3498b77d9f64733c3e P b207f1f891ac4fae9026c9916086ecef [term 1 FOLLOWER]: Leader election won for term 1
I20260709 12:23:07.913316   753 raft_consensus.cc:697] T f1b0649569e44b3498b77d9f64733c3e P b207f1f891ac4fae9026c9916086ecef [term 1 LEADER]: Becoming Leader. State: Replica: b207f1f891ac4fae9026c9916086ecef, State: Running, Role: LEADER
I20260709 12:23:07.907740   431 tablet_service.cc:1917] Received RequestConsensusVote() RPC: tablet_id: "5f59db0d47e3405fbe8147793d9d9125" candidate_uuid: "a3cc64e79f93431bb07828bf5f2e729e" candidate_term: 1 candidate_status { last_received { term: 0 index: 0 } } ignore_live_leader: false dest_uuid: "b207f1f891ac4fae9026c9916086ecef"
I20260709 12:23:07.893980   784 raft_consensus.cc:2804] T 244a4d03a7844623b291e9931d4656f7 P a7a9dd95d7a34c90a2f07db1375a20a7 [term 1 FOLLOWER]: Leader election won for term 1
I20260709 12:23:07.931730   348 tablet_service.cc:1917] Received RequestConsensusVote() RPC: tablet_id: "5f59db0d47e3405fbe8147793d9d9125" candidate_uuid: "a7a9dd95d7a34c90a2f07db1375a20a7" candidate_term: 1 candidate_status { last_received { term: 0 index: 0 } } ignore_live_leader: false dest_uuid: "a3cc64e79f93431bb07828bf5f2e729e"
I20260709 12:23:07.931517   773 consensus_queue.cc:237] T 457e31b9722e4cf3a1ae4a78ef676c03 P a7a9dd95d7a34c90a2f07db1375a20a7 [LEADER]: Queue going to LEADER mode. State: All replicated index: 0, Majority replicated index: 0, Committed index: 0, Last appended: 0.0, Last appended by leader: 0, Current term: 1, Majority size: 2, State: 0, Mode: LEADER, active raft config: opid_index: -1 OBSOLETE_local: false peers { permanent_uuid: "a7a9dd95d7a34c90a2f07db1375a20a7" member_type: VOTER last_known_addr { host: "127.30.218.65" port: 36935 } } peers { permanent_uuid: "a3cc64e79f93431bb07828bf5f2e729e" member_type: VOTER last_known_addr { host: "127.30.218.66" port: 42987 } } peers { permanent_uuid: "b207f1f891ac4fae9026c9916086ecef" member_type: VOTER last_known_addr { host: "127.30.218.67" port: 44763 } }
I20260709 12:23:07.932469   348 raft_consensus.cc:2393] T 5f59db0d47e3405fbe8147793d9d9125 P a3cc64e79f93431bb07828bf5f2e729e [term 1 FOLLOWER]: Leader election vote request: Denying vote to candidate a7a9dd95d7a34c90a2f07db1375a20a7 in current term 1: Already voted for candidate a3cc64e79f93431bb07828bf5f2e729e in this term.
I20260709 12:23:07.918326   422 tablet_service.cc:1917] Received RequestConsensusVote() RPC: tablet_id: "4dbe797d6f4e4eaab178e30aff3b58c3" candidate_uuid: "a3cc64e79f93431bb07828bf5f2e729e" candidate_term: 1 candidate_status { last_received { term: 0 index: 0 } } ignore_live_leader: false dest_uuid: "b207f1f891ac4fae9026c9916086ecef" is_pre_election: true
I20260709 12:23:07.929606   784 raft_consensus.cc:697] T 244a4d03a7844623b291e9931d4656f7 P a7a9dd95d7a34c90a2f07db1375a20a7 [term 1 LEADER]: Becoming Leader. State: Replica: a7a9dd95d7a34c90a2f07db1375a20a7, State: Running, Role: LEADER
I20260709 12:23:07.940435   431 tablet_service.cc:1917] Received RequestConsensusVote() RPC: tablet_id: "99bf541dfb9947f7a1c82169f10a2a19" candidate_uuid: "a7a9dd95d7a34c90a2f07db1375a20a7" candidate_term: 1 candidate_status { last_received { term: 0 index: 0 } } ignore_live_leader: false dest_uuid: "b207f1f891ac4fae9026c9916086ecef" is_pre_election: true
I20260709 12:23:07.942716   753 consensus_queue.cc:237] T f1b0649569e44b3498b77d9f64733c3e P b207f1f891ac4fae9026c9916086ecef [LEADER]: Queue going to LEADER mode. State: All replicated index: 0, Majority replicated index: 0, Committed index: 0, Last appended: 0.0, Last appended by leader: 0, Current term: 1, Majority size: 2, State: 0, Mode: LEADER, active raft config: opid_index: -1 OBSOLETE_local: false peers { permanent_uuid: "a7a9dd95d7a34c90a2f07db1375a20a7" member_type: VOTER last_known_addr { host: "127.30.218.65" port: 36935 } } peers { permanent_uuid: "a3cc64e79f93431bb07828bf5f2e729e" member_type: VOTER last_known_addr { host: "127.30.218.66" port: 42987 } } peers { permanent_uuid: "b207f1f891ac4fae9026c9916086ecef" member_type: VOTER last_known_addr { host: "127.30.218.67" port: 44763 } }
I20260709 12:23:07.943646   428 raft_consensus.cc:3060] T 3f113cffc14440d8b4b78f50ded20d4f P b207f1f891ac4fae9026c9916086ecef [term 0 FOLLOWER]: Advancing to term 1
I20260709 12:23:07.943872   422 tablet_service.cc:1917] Received RequestConsensusVote() RPC: tablet_id: "ac591340203c40a5afd01670f252a8d2" candidate_uuid: "a3cc64e79f93431bb07828bf5f2e729e" candidate_term: 1 candidate_status { last_received { term: 0 index: 0 } } ignore_live_leader: false dest_uuid: "b207f1f891ac4fae9026c9916086ecef" is_pre_election: true
I20260709 12:23:07.949121   784 consensus_queue.cc:237] T 244a4d03a7844623b291e9931d4656f7 P a7a9dd95d7a34c90a2f07db1375a20a7 [LEADER]: Queue going to LEADER mode. State: All replicated index: 0, Majority replicated index: 0, Committed index: 0, Last appended: 0.0, Last appended by leader: 0, Current term: 1, Majority size: 2, State: 0, Mode: LEADER, active raft config: opid_index: -1 OBSOLETE_local: false peers { permanent_uuid: "a7a9dd95d7a34c90a2f07db1375a20a7" member_type: VOTER last_known_addr { host: "127.30.218.65" port: 36935 } } peers { permanent_uuid: "a3cc64e79f93431bb07828bf5f2e729e" member_type: VOTER last_known_addr { host: "127.30.218.66" port: 42987 } } peers { permanent_uuid: "b207f1f891ac4fae9026c9916086ecef" member_type: VOTER last_known_addr { host: "127.30.218.67" port: 44763 } }
I20260709 12:23:07.955684 32740 tablet_service.cc:1917] Received RequestConsensusVote() RPC: tablet_id: "ac591340203c40a5afd01670f252a8d2" candidate_uuid: "a3cc64e79f93431bb07828bf5f2e729e" candidate_term: 1 candidate_status { last_received { term: 0 index: 0 } } ignore_live_leader: false dest_uuid: "a7a9dd95d7a34c90a2f07db1375a20a7" is_pre_election: true
I20260709 12:23:07.956378 32740 raft_consensus.cc:2468] T ac591340203c40a5afd01670f252a8d2 P a7a9dd95d7a34c90a2f07db1375a20a7 [term 0 FOLLOWER]: Leader pre-election vote request: Granting yes vote for candidate a3cc64e79f93431bb07828bf5f2e729e in term 0.
I20260709 12:23:07.895321 32642 catalog_manager.cc:5697] T b48ebf4b52ac40558ff3a9848db3df3e P a3cc64e79f93431bb07828bf5f2e729e reported cstate change: term changed from 0 to 1, leader changed from <none> to a3cc64e79f93431bb07828bf5f2e729e (127.30.218.66). New cstate: current_term: 1 leader_uuid: "a3cc64e79f93431bb07828bf5f2e729e" committed_config { opid_index: -1 OBSOLETE_local: false peers { permanent_uuid: "a7a9dd95d7a34c90a2f07db1375a20a7" member_type: VOTER last_known_addr { host: "127.30.218.65" port: 36935 } health_report { overall_health: UNKNOWN } } peers { permanent_uuid: "a3cc64e79f93431bb07828bf5f2e729e" member_type: VOTER last_known_addr { host: "127.30.218.66" port: 42987 } health_report { overall_health: HEALTHY } } peers { permanent_uuid: "b207f1f891ac4fae9026c9916086ecef" member_type: VOTER last_known_addr { host: "127.30.218.67" port: 44763 } health_report { overall_health: UNKNOWN } } }
I20260709 12:23:07.927968   774 leader_election.cc:290] T 99bf541dfb9947f7a1c82169f10a2a19 P a7a9dd95d7a34c90a2f07db1375a20a7 [CANDIDATE]: Term 1 pre-election: Requested pre-vote from peers a3cc64e79f93431bb07828bf5f2e729e (127.30.218.66:42987), b207f1f891ac4fae9026c9916086ecef (127.30.218.67:44763)
I20260709 12:23:07.967458   471 raft_consensus.cc:359] T ae6cf90b38944e0f9693da29dce0bb98 P a3cc64e79f93431bb07828bf5f2e729e [term 0 FOLLOWER]: Replica starting. Triggering 0 pending ops. Active config: opid_index: -1 OBSOLETE_local: false peers { permanent_uuid: "a7a9dd95d7a34c90a2f07db1375a20a7" member_type: VOTER last_known_addr { host: "127.30.218.65" port: 36935 } } peers { permanent_uuid: "a3cc64e79f93431bb07828bf5f2e729e" member_type: VOTER last_known_addr { host: "127.30.218.66" port: 42987 } } peers { permanent_uuid: "b207f1f891ac4fae9026c9916086ecef" member_type: VOTER last_known_addr { host: "127.30.218.67" port: 44763 } }
I20260709 12:23:07.968276   774 consensus_queue.cc:1048] T 3eb2ef0f72db44fdba7430a4b03f1c0e P a7a9dd95d7a34c90a2f07db1375a20a7 [LEADER]: Connected to new peer: Peer: permanent_uuid: "b207f1f891ac4fae9026c9916086ecef" member_type: VOTER last_known_addr { host: "127.30.218.67" port: 44763 }, Status: LMP_MISMATCH, Last received: 0.0, Next index: 1, Last known committed idx: 0, Time since last communication: 0.000s
I20260709 12:23:07.969110   471 raft_consensus.cc:385] T ae6cf90b38944e0f9693da29dce0bb98 P a3cc64e79f93431bb07828bf5f2e729e [term 0 FOLLOWER]: Consensus starting up: Expiring failure detector timer to make a prompt election more likely
I20260709 12:23:07.969523   471 raft_consensus.cc:740] T ae6cf90b38944e0f9693da29dce0bb98 P a3cc64e79f93431bb07828bf5f2e729e [term 0 FOLLOWER]: Becoming Follower/Learner. State: Replica: a3cc64e79f93431bb07828bf5f2e729e, State: Initialized, Role: FOLLOWER
I20260709 12:23:07.969949   350 tablet_service.cc:1917] Received RequestConsensusVote() RPC: tablet_id: "99bf541dfb9947f7a1c82169f10a2a19" candidate_uuid: "a7a9dd95d7a34c90a2f07db1375a20a7" candidate_term: 1 candidate_status { last_received { term: 0 index: 0 } } ignore_live_leader: false dest_uuid: "a3cc64e79f93431bb07828bf5f2e729e" is_pre_election: true
I20260709 12:23:07.970198   471 consensus_queue.cc:260] T ae6cf90b38944e0f9693da29dce0bb98 P a3cc64e79f93431bb07828bf5f2e729e [NON_LEADER]: Queue going to NON_LEADER mode. State: All replicated index: 0, Majority replicated index: 0, Committed index: 0, Last appended: 0.0, Last appended by leader: 0, Current term: 0, Majority size: -1, State: 0, Mode: NON_LEADER, active raft config: opid_index: -1 OBSOLETE_local: false peers { permanent_uuid: "a7a9dd95d7a34c90a2f07db1375a20a7" member_type: VOTER last_known_addr { host: "127.30.218.65" port: 36935 } } peers { permanent_uuid: "a3cc64e79f93431bb07828bf5f2e729e" member_type: VOTER last_known_addr { host: "127.30.218.66" port: 42987 } } peers { permanent_uuid: "b207f1f891ac4fae9026c9916086ecef" member_type: VOTER last_known_addr { host: "127.30.218.67" port: 44763 } }
I20260709 12:23:07.970808   350 raft_consensus.cc:2393] T 99bf541dfb9947f7a1c82169f10a2a19 P a3cc64e79f93431bb07828bf5f2e729e [term 1 FOLLOWER]: Leader pre-election vote request: Denying vote to candidate a7a9dd95d7a34c90a2f07db1375a20a7 in current term 1: Already voted for candidate b207f1f891ac4fae9026c9916086ecef in this term.
I20260709 12:23:07.972679   471 ts_tablet_manager.cc:1434] T ae6cf90b38944e0f9693da29dce0bb98 P a3cc64e79f93431bb07828bf5f2e729e: Time spent starting tablet: real 0.081s	user 0.005s	sys 0.004s
I20260709 12:23:07.975677   471 tablet_bootstrap.cc:492] T 76841d1d7ca94b8e9447285827f7aa23 P a3cc64e79f93431bb07828bf5f2e729e: Bootstrap starting.
I20260709 12:23:07.973439 32642 catalog_manager.cc:5697] T d29ac86092d54964a9c3d3a300710c72 P a3cc64e79f93431bb07828bf5f2e729e reported cstate change: term changed from 0 to 1, leader changed from <none> to a3cc64e79f93431bb07828bf5f2e729e (127.30.218.66). New cstate: current_term: 1 leader_uuid: "a3cc64e79f93431bb07828bf5f2e729e" committed_config { opid_index: -1 OBSOLETE_local: false peers { permanent_uuid: "a7a9dd95d7a34c90a2f07db1375a20a7" member_type: VOTER last_known_addr { host: "127.30.218.65" port: 36935 } health_report { overall_health: UNKNOWN } } peers { permanent_uuid: "a3cc64e79f93431bb07828bf5f2e729e" member_type: VOTER last_known_addr { host: "127.30.218.66" port: 42987 } health_report { overall_health: HEALTHY } } peers { permanent_uuid: "b207f1f891ac4fae9026c9916086ecef" member_type: VOTER last_known_addr { host: "127.30.218.67" port: 44763 } health_report { overall_health: UNKNOWN } } }
I20260709 12:23:07.981621 32642 catalog_manager.cc:5697] T 01476ba1731047349bfa1f0e2cf2fd0f P a3cc64e79f93431bb07828bf5f2e729e reported cstate change: term changed from 0 to 1, leader changed from <none> to a3cc64e79f93431bb07828bf5f2e729e (127.30.218.66). New cstate: current_term: 1 leader_uuid: "a3cc64e79f93431bb07828bf5f2e729e" committed_config { opid_index: -1 OBSOLETE_local: false peers { permanent_uuid: "a7a9dd95d7a34c90a2f07db1375a20a7" member_type: VOTER last_known_addr { host: "127.30.218.65" port: 36935 } health_report { overall_health: UNKNOWN } } peers { permanent_uuid: "a3cc64e79f93431bb07828bf5f2e729e" member_type: VOTER last_known_addr { host: "127.30.218.66" port: 42987 } health_report { overall_health: HEALTHY } } peers { permanent_uuid: "b207f1f891ac4fae9026c9916086ecef" member_type: VOTER last_known_addr { host: "127.30.218.67" port: 44763 } health_report { overall_health: UNKNOWN } } }
I20260709 12:23:07.991968   471 tablet_bootstrap.cc:654] T 76841d1d7ca94b8e9447285827f7aa23 P a3cc64e79f93431bb07828bf5f2e729e: Neither blocks nor log segments found. Creating new log.
I20260709 12:23:08.006628 32742 tablet_service.cc:1917] Received RequestConsensusVote() RPC: tablet_id: "9f9fbd1e155d4647924ef561351503be" candidate_uuid: "a3cc64e79f93431bb07828bf5f2e729e" candidate_term: 1 candidate_status { last_received { term: 0 index: 0 } } ignore_live_leader: false dest_uuid: "a7a9dd95d7a34c90a2f07db1375a20a7" is_pre_election: true
I20260709 12:23:08.015916 32711 leader_election.cc:304] T f1b0649569e44b3498b77d9f64733c3e P a7a9dd95d7a34c90a2f07db1375a20a7 [CANDIDATE]: Term 1 election: Election decided. Result: candidate lost. Election summary: received 3 responses out of 3 voters: 1 yes votes; 2 no votes. yes voters: a7a9dd95d7a34c90a2f07db1375a20a7; no voters: a3cc64e79f93431bb07828bf5f2e729e, b207f1f891ac4fae9026c9916086ecef
I20260709 12:23:08.022496 32711 leader_election.cc:304] T 5f59db0d47e3405fbe8147793d9d9125 P a7a9dd95d7a34c90a2f07db1375a20a7 [CANDIDATE]: Term 1 election: Election decided. Result: candidate lost. Election summary: received 3 responses out of 3 voters: 1 yes votes; 2 no votes. yes voters: a7a9dd95d7a34c90a2f07db1375a20a7; no voters: a3cc64e79f93431bb07828bf5f2e729e, b207f1f891ac4fae9026c9916086ecef
I20260709 12:23:08.021811   771 raft_consensus.cc:2749] T f1b0649569e44b3498b77d9f64733c3e P a7a9dd95d7a34c90a2f07db1375a20a7 [term 1 FOLLOWER]: Leader election lost for term 1. Reason: could not achieve majority
W20260709 12:23:08.038560   319 leader_election.cc:343] T 5f59db0d47e3405fbe8147793d9d9125 P a3cc64e79f93431bb07828bf5f2e729e [CANDIDATE]: Term 1 election: Tablet error from VoteRequest() call to peer b207f1f891ac4fae9026c9916086ecef (127.30.218.67:44763): Illegal state: must be running to vote when last-logged opid is not known
I20260709 12:23:08.029256   775 raft_consensus.cc:2749] T 5f59db0d47e3405fbe8147793d9d9125 P a7a9dd95d7a34c90a2f07db1375a20a7 [term 1 FOLLOWER]: Leader election lost for term 1. Reason: could not achieve majority
W20260709 12:23:08.039718   319 leader_election.cc:343] T 4dbe797d6f4e4eaab178e30aff3b58c3 P a3cc64e79f93431bb07828bf5f2e729e [CANDIDATE]: Term 1 pre-election: Tablet error from VoteRequest() call to peer b207f1f891ac4fae9026c9916086ecef (127.30.218.67:44763): Illegal state: must be running to vote when last-logged opid is not known
W20260709 12:23:08.042660   319 leader_election.cc:343] T ac591340203c40a5afd01670f252a8d2 P a3cc64e79f93431bb07828bf5f2e729e [CANDIDATE]: Term 1 pre-election: Tablet error from VoteRequest() call to peer b207f1f891ac4fae9026c9916086ecef (127.30.218.67:44763): Illegal state: must be running to vote when last-logged opid is not known
I20260709 12:23:08.044363   319 leader_election.cc:304] T 5f59db0d47e3405fbe8147793d9d9125 P a3cc64e79f93431bb07828bf5f2e729e [CANDIDATE]: Term 1 election: Election decided. Result: candidate lost. Election summary: received 3 responses out of 3 voters: 1 yes votes; 2 no votes. yes voters: a3cc64e79f93431bb07828bf5f2e729e; no voters: a7a9dd95d7a34c90a2f07db1375a20a7, b207f1f891ac4fae9026c9916086ecef
I20260709 12:23:08.045240   711 raft_consensus.cc:2749] T 5f59db0d47e3405fbe8147793d9d9125 P a3cc64e79f93431bb07828bf5f2e729e [term 1 FOLLOWER]: Leader election lost for term 1. Reason: could not achieve majority
I20260709 12:23:08.057113   430 tablet_service.cc:1917] Received RequestConsensusVote() RPC: tablet_id: "9f9fbd1e155d4647924ef561351503be" candidate_uuid: "a3cc64e79f93431bb07828bf5f2e729e" candidate_term: 1 candidate_status { last_received { term: 0 index: 0 } } ignore_live_leader: false dest_uuid: "b207f1f891ac4fae9026c9916086ecef" is_pre_election: true
I20260709 12:23:08.067260 32645 catalog_manager.cc:5697] T 99bf541dfb9947f7a1c82169f10a2a19 P b207f1f891ac4fae9026c9916086ecef reported cstate change: term changed from 0 to 1, leader changed from <none> to b207f1f891ac4fae9026c9916086ecef (127.30.218.67). New cstate: current_term: 1 leader_uuid: "b207f1f891ac4fae9026c9916086ecef" committed_config { opid_index: -1 OBSOLETE_local: false peers { permanent_uuid: "a7a9dd95d7a34c90a2f07db1375a20a7" member_type: VOTER last_known_addr { host: "127.30.218.65" port: 36935 } health_report { overall_health: UNKNOWN } } peers { permanent_uuid: "a3cc64e79f93431bb07828bf5f2e729e" member_type: VOTER last_known_addr { host: "127.30.218.66" port: 42987 } health_report { overall_health: UNKNOWN } } peers { permanent_uuid: "b207f1f891ac4fae9026c9916086ecef" member_type: VOTER last_known_addr { host: "127.30.218.67" port: 44763 } health_report { overall_health: HEALTHY } } }
I20260709 12:23:08.068518 32644 catalog_manager.cc:5697] T 457e31b9722e4cf3a1ae4a78ef676c03 P a7a9dd95d7a34c90a2f07db1375a20a7 reported cstate change: term changed from 0 to 1, leader changed from <none> to a7a9dd95d7a34c90a2f07db1375a20a7 (127.30.218.65). New cstate: current_term: 1 leader_uuid: "a7a9dd95d7a34c90a2f07db1375a20a7" committed_config { opid_index: -1 OBSOLETE_local: false peers { permanent_uuid: "a7a9dd95d7a34c90a2f07db1375a20a7" member_type: VOTER last_known_addr { host: "127.30.218.65" port: 36935 } health_report { overall_health: HEALTHY } } peers { permanent_uuid: "a3cc64e79f93431bb07828bf5f2e729e" member_type: VOTER last_known_addr { host: "127.30.218.66" port: 42987 } health_report { overall_health: UNKNOWN } } peers { permanent_uuid: "b207f1f891ac4fae9026c9916086ecef" member_type: VOTER last_known_addr { host: "127.30.218.67" port: 44763 } health_report { overall_health: UNKNOWN } } }
I20260709 12:23:08.072265 32644 catalog_manager.cc:5697] T 244a4d03a7844623b291e9931d4656f7 P a7a9dd95d7a34c90a2f07db1375a20a7 reported cstate change: term changed from 0 to 1, leader changed from <none> to a7a9dd95d7a34c90a2f07db1375a20a7 (127.30.218.65). New cstate: current_term: 1 leader_uuid: "a7a9dd95d7a34c90a2f07db1375a20a7" committed_config { opid_index: -1 OBSOLETE_local: false peers { permanent_uuid: "a7a9dd95d7a34c90a2f07db1375a20a7" member_type: VOTER last_known_addr { host: "127.30.218.65" port: 36935 } health_report { overall_health: HEALTHY } } peers { permanent_uuid: "a3cc64e79f93431bb07828bf5f2e729e" member_type: VOTER last_known_addr { host: "127.30.218.66" port: 42987 } health_report { overall_health: UNKNOWN } } peers { permanent_uuid: "b207f1f891ac4fae9026c9916086ecef" member_type: VOTER last_known_addr { host: "127.30.218.67" port: 44763 } health_report { overall_health: UNKNOWN } } }
I20260709 12:23:08.080453   319 leader_election.cc:304] T 4dbe797d6f4e4eaab178e30aff3b58c3 P a3cc64e79f93431bb07828bf5f2e729e [CANDIDATE]: Term 1 pre-election: Election decided. Result: candidate won. Election summary: received 3 responses out of 3 voters: 2 yes votes; 1 no votes. yes voters: a3cc64e79f93431bb07828bf5f2e729e, a7a9dd95d7a34c90a2f07db1375a20a7; no voters: b207f1f891ac4fae9026c9916086ecef
I20260709 12:23:08.081512   803 raft_consensus.cc:2804] T 4dbe797d6f4e4eaab178e30aff3b58c3 P a3cc64e79f93431bb07828bf5f2e729e [term 0 FOLLOWER]: Leader pre-election won for term 1
I20260709 12:23:08.081890   803 raft_consensus.cc:493] T 4dbe797d6f4e4eaab178e30aff3b58c3 P a3cc64e79f93431bb07828bf5f2e729e [term 0 FOLLOWER]: Starting leader election (no leader contacted us within the election timeout)
I20260709 12:23:08.082222   803 raft_consensus.cc:3060] T 4dbe797d6f4e4eaab178e30aff3b58c3 P a3cc64e79f93431bb07828bf5f2e729e [term 0 FOLLOWER]: Advancing to term 1
I20260709 12:23:08.089046   473 tablet_bootstrap.cc:492] T 509c17ba99874c18b6714e5a03bc6283 P a7a9dd95d7a34c90a2f07db1375a20a7: No bootstrap required, opened a new log
I20260709 12:23:08.089534   473 ts_tablet_manager.cc:1403] T 509c17ba99874c18b6714e5a03bc6283 P a7a9dd95d7a34c90a2f07db1375a20a7: Time spent bootstrapping tablet: real 0.236s	user 0.017s	sys 0.004s
I20260709 12:23:08.092260   473 raft_consensus.cc:359] T 509c17ba99874c18b6714e5a03bc6283 P a7a9dd95d7a34c90a2f07db1375a20a7 [term 0 FOLLOWER]: Replica starting. Triggering 0 pending ops. Active config: opid_index: -1 OBSOLETE_local: false peers { permanent_uuid: "a7a9dd95d7a34c90a2f07db1375a20a7" member_type: VOTER last_known_addr { host: "127.30.218.65" port: 36935 } } peers { permanent_uuid: "a3cc64e79f93431bb07828bf5f2e729e" member_type: VOTER last_known_addr { host: "127.30.218.66" port: 42987 } } peers { permanent_uuid: "b207f1f891ac4fae9026c9916086ecef" member_type: VOTER last_known_addr { host: "127.30.218.67" port: 44763 } }
I20260709 12:23:08.092928   473 raft_consensus.cc:385] T 509c17ba99874c18b6714e5a03bc6283 P a7a9dd95d7a34c90a2f07db1375a20a7 [term 0 FOLLOWER]: Consensus starting up: Expiring failure detector timer to make a prompt election more likely
I20260709 12:23:08.093333   473 raft_consensus.cc:740] T 509c17ba99874c18b6714e5a03bc6283 P a7a9dd95d7a34c90a2f07db1375a20a7 [term 0 FOLLOWER]: Becoming Follower/Learner. State: Replica: a7a9dd95d7a34c90a2f07db1375a20a7, State: Initialized, Role: FOLLOWER
I20260709 12:23:08.093978   473 consensus_queue.cc:260] T 509c17ba99874c18b6714e5a03bc6283 P a7a9dd95d7a34c90a2f07db1375a20a7 [NON_LEADER]: Queue going to NON_LEADER mode. State: All replicated index: 0, Majority replicated index: 0, Committed index: 0, Last appended: 0.0, Last appended by leader: 0, Current term: 0, Majority size: -1, State: 0, Mode: NON_LEADER, active raft config: opid_index: -1 OBSOLETE_local: false peers { permanent_uuid: "a7a9dd95d7a34c90a2f07db1375a20a7" member_type: VOTER last_known_addr { host: "127.30.218.65" port: 36935 } } peers { permanent_uuid: "a3cc64e79f93431bb07828bf5f2e729e" member_type: VOTER last_known_addr { host: "127.30.218.66" port: 42987 } } peers { permanent_uuid: "b207f1f891ac4fae9026c9916086ecef" member_type: VOTER last_known_addr { host: "127.30.218.67" port: 44763 } }
I20260709 12:23:08.096866   473 ts_tablet_manager.cc:1434] T 509c17ba99874c18b6714e5a03bc6283 P a7a9dd95d7a34c90a2f07db1375a20a7: Time spent starting tablet: real 0.007s	user 0.006s	sys 0.000s
I20260709 12:23:08.097245   319 leader_election.cc:304] T ac591340203c40a5afd01670f252a8d2 P a3cc64e79f93431bb07828bf5f2e729e [CANDIDATE]: Term 1 pre-election: Election decided. Result: candidate won. Election summary: received 3 responses out of 3 voters: 2 yes votes; 1 no votes. yes voters: a3cc64e79f93431bb07828bf5f2e729e, a7a9dd95d7a34c90a2f07db1375a20a7; no voters: b207f1f891ac4fae9026c9916086ecef
I20260709 12:23:08.097790   473 tablet_bootstrap.cc:492] T 76841d1d7ca94b8e9447285827f7aa23 P a7a9dd95d7a34c90a2f07db1375a20a7: Bootstrap starting.
I20260709 12:23:08.104029   800 raft_consensus.cc:2804] T ac591340203c40a5afd01670f252a8d2 P a3cc64e79f93431bb07828bf5f2e729e [term 0 FOLLOWER]: Leader pre-election won for term 1
I20260709 12:23:08.104439   800 raft_consensus.cc:493] T ac591340203c40a5afd01670f252a8d2 P a3cc64e79f93431bb07828bf5f2e729e [term 0 FOLLOWER]: Starting leader election (no leader contacted us within the election timeout)
I20260709 12:23:08.104820   800 raft_consensus.cc:3060] T ac591340203c40a5afd01670f252a8d2 P a3cc64e79f93431bb07828bf5f2e729e [term 0 FOLLOWER]: Advancing to term 1
I20260709 12:23:08.093118   803 raft_consensus.cc:515] T 4dbe797d6f4e4eaab178e30aff3b58c3 P a3cc64e79f93431bb07828bf5f2e729e [term 1 FOLLOWER]: Starting leader election with config: opid_index: -1 OBSOLETE_local: false peers { permanent_uuid: "a7a9dd95d7a34c90a2f07db1375a20a7" member_type: VOTER last_known_addr { host: "127.30.218.65" port: 36935 } } peers { permanent_uuid: "a3cc64e79f93431bb07828bf5f2e729e" member_type: VOTER last_known_addr { host: "127.30.218.66" port: 42987 } } peers { permanent_uuid: "b207f1f891ac4fae9026c9916086ecef" member_type: VOTER last_known_addr { host: "127.30.218.67" port: 44763 } }
W20260709 12:23:08.107843   319 leader_election.cc:343] T 9f9fbd1e155d4647924ef561351503be P a3cc64e79f93431bb07828bf5f2e729e [CANDIDATE]: Term 1 pre-election: Tablet error from VoteRequest() call to peer a7a9dd95d7a34c90a2f07db1375a20a7 (127.30.218.65:36935): Illegal state: must be running to vote when last-logged opid is not known
W20260709 12:23:08.108763 32711 outbound_call.cc:321] RPC callback for RPC call kudu.consensus.ConsensusService.UpdateConsensus -> {remote=127.30.218.66:42987, user_credentials={real_user=slave}} blocked reactor thread for 84644.3us
I20260709 12:23:08.109957   472 tablet_bootstrap.cc:492] T 4dbe797d6f4e4eaab178e30aff3b58c3 P b207f1f891ac4fae9026c9916086ecef: No bootstrap required, opened a new log
I20260709 12:23:08.110416   472 ts_tablet_manager.cc:1403] T 4dbe797d6f4e4eaab178e30aff3b58c3 P b207f1f891ac4fae9026c9916086ecef: Time spent bootstrapping tablet: real 0.239s	user 0.025s	sys 0.001s
I20260709 12:23:08.111701 32711 leader_election.cc:304] T 99bf541dfb9947f7a1c82169f10a2a19 P a7a9dd95d7a34c90a2f07db1375a20a7 [CANDIDATE]: Term 1 pre-election: Election decided. Result: candidate lost. Election summary: received 3 responses out of 3 voters: 1 yes votes; 2 no votes. yes voters: a7a9dd95d7a34c90a2f07db1375a20a7; no voters: a3cc64e79f93431bb07828bf5f2e729e, b207f1f891ac4fae9026c9916086ecef
I20260709 12:23:08.114094   677 raft_consensus.cc:3060] T 99bf541dfb9947f7a1c82169f10a2a19 P a7a9dd95d7a34c90a2f07db1375a20a7 [term 0 FOLLOWER]: Advancing to term 1
W20260709 12:23:08.121691   319 leader_election.cc:343] T 9f9fbd1e155d4647924ef561351503be P a3cc64e79f93431bb07828bf5f2e729e [CANDIDATE]: Term 1 pre-election: Tablet error from VoteRequest() call to peer b207f1f891ac4fae9026c9916086ecef (127.30.218.67:44763): Illegal state: must be running to vote when last-logged opid is not known
I20260709 12:23:08.122442   319 leader_election.cc:304] T 9f9fbd1e155d4647924ef561351503be P a3cc64e79f93431bb07828bf5f2e729e [CANDIDATE]: Term 1 pre-election: Election decided. Result: candidate lost. Election summary: received 3 responses out of 3 voters: 1 yes votes; 2 no votes. yes voters: a3cc64e79f93431bb07828bf5f2e729e; no voters: a7a9dd95d7a34c90a2f07db1375a20a7, b207f1f891ac4fae9026c9916086ecef
I20260709 12:23:08.125030   572 raft_consensus.cc:2749] T 9f9fbd1e155d4647924ef561351503be P a3cc64e79f93431bb07828bf5f2e729e [term 0 FOLLOWER]: Leader pre-election lost for term 1. Reason: could not achieve majority
I20260709 12:23:08.114270   803 leader_election.cc:290] T 4dbe797d6f4e4eaab178e30aff3b58c3 P a3cc64e79f93431bb07828bf5f2e729e [CANDIDATE]: Term 1 election: Requested vote from peers a7a9dd95d7a34c90a2f07db1375a20a7 (127.30.218.65:36935), b207f1f891ac4fae9026c9916086ecef (127.30.218.67:44763)
I20260709 12:23:08.125795   823 raft_consensus.cc:493] T 05b74cd26f46490ea8db38bb53076f38 P b207f1f891ac4fae9026c9916086ecef [term 0 FOLLOWER]: Starting pre-election (no leader contacted us within the election timeout)
I20260709 12:23:08.126292   823 raft_consensus.cc:515] T 05b74cd26f46490ea8db38bb53076f38 P b207f1f891ac4fae9026c9916086ecef [term 0 FOLLOWER]: Starting pre-election with config: opid_index: -1 OBSOLETE_local: false peers { permanent_uuid: "a7a9dd95d7a34c90a2f07db1375a20a7" member_type: VOTER last_known_addr { host: "127.30.218.65" port: 36935 } } peers { permanent_uuid: "a3cc64e79f93431bb07828bf5f2e729e" member_type: VOTER last_known_addr { host: "127.30.218.66" port: 42987 } } peers { permanent_uuid: "b207f1f891ac4fae9026c9916086ecef" member_type: VOTER last_known_addr { host: "127.30.218.67" port: 44763 } }
I20260709 12:23:08.129444   430 tablet_service.cc:1917] Received RequestConsensusVote() RPC: tablet_id: "4dbe797d6f4e4eaab178e30aff3b58c3" candidate_uuid: "a3cc64e79f93431bb07828bf5f2e729e" candidate_term: 1 candidate_status { last_received { term: 0 index: 0 } } ignore_live_leader: false dest_uuid: "b207f1f891ac4fae9026c9916086ecef"
I20260709 12:23:08.130472   823 leader_election.cc:290] T 05b74cd26f46490ea8db38bb53076f38 P b207f1f891ac4fae9026c9916086ecef [CANDIDATE]: Term 1 pre-election: Requested pre-vote from peers a7a9dd95d7a34c90a2f07db1375a20a7 (127.30.218.65:36935), a3cc64e79f93431bb07828bf5f2e729e (127.30.218.66:42987)
I20260709 12:23:08.132913   471 tablet_bootstrap.cc:492] T 76841d1d7ca94b8e9447285827f7aa23 P a3cc64e79f93431bb07828bf5f2e729e: No bootstrap required, opened a new log
I20260709 12:23:08.133395   471 ts_tablet_manager.cc:1403] T 76841d1d7ca94b8e9447285827f7aa23 P a3cc64e79f93431bb07828bf5f2e729e: Time spent bootstrapping tablet: real 0.158s	user 0.012s	sys 0.006s
I20260709 12:23:08.134657 32740 tablet_service.cc:1917] Received RequestConsensusVote() RPC: tablet_id: "05b74cd26f46490ea8db38bb53076f38" candidate_uuid: "b207f1f891ac4fae9026c9916086ecef" candidate_term: 1 candidate_status { last_received { term: 0 index: 0 } } ignore_live_leader: false dest_uuid: "a7a9dd95d7a34c90a2f07db1375a20a7" is_pre_election: true
I20260709 12:23:08.135056 32745 tablet_service.cc:1917] Received RequestConsensusVote() RPC: tablet_id: "4dbe797d6f4e4eaab178e30aff3b58c3" candidate_uuid: "a3cc64e79f93431bb07828bf5f2e729e" candidate_term: 1 candidate_status { last_received { term: 0 index: 0 } } ignore_live_leader: false dest_uuid: "a7a9dd95d7a34c90a2f07db1375a20a7"
I20260709 12:23:08.135648 32745 raft_consensus.cc:3060] T 4dbe797d6f4e4eaab178e30aff3b58c3 P a7a9dd95d7a34c90a2f07db1375a20a7 [term 0 FOLLOWER]: Advancing to term 1
I20260709 12:23:08.122535   774 raft_consensus.cc:493] T 05b74cd26f46490ea8db38bb53076f38 P a7a9dd95d7a34c90a2f07db1375a20a7 [term 0 FOLLOWER]: Starting pre-election (no leader contacted us within the election timeout)
I20260709 12:23:08.138126   774 raft_consensus.cc:515] T 05b74cd26f46490ea8db38bb53076f38 P a7a9dd95d7a34c90a2f07db1375a20a7 [term 0 FOLLOWER]: Starting pre-election with config: opid_index: -1 OBSOLETE_local: false peers { permanent_uuid: "a7a9dd95d7a34c90a2f07db1375a20a7" member_type: VOTER last_known_addr { host: "127.30.218.65" port: 36935 } } peers { permanent_uuid: "a3cc64e79f93431bb07828bf5f2e729e" member_type: VOTER last_known_addr { host: "127.30.218.66" port: 42987 } } peers { permanent_uuid: "b207f1f891ac4fae9026c9916086ecef" member_type: VOTER last_known_addr { host: "127.30.218.67" port: 44763 } }
I20260709 12:23:08.145560   471 raft_consensus.cc:359] T 76841d1d7ca94b8e9447285827f7aa23 P a3cc64e79f93431bb07828bf5f2e729e [term 0 FOLLOWER]: Replica starting. Triggering 0 pending ops. Active config: opid_index: -1 OBSOLETE_local: false peers { permanent_uuid: "a7a9dd95d7a34c90a2f07db1375a20a7" member_type: VOTER last_known_addr { host: "127.30.218.65" port: 36935 } } peers { permanent_uuid: "a3cc64e79f93431bb07828bf5f2e729e" member_type: VOTER last_known_addr { host: "127.30.218.66" port: 42987 } } peers { permanent_uuid: "b207f1f891ac4fae9026c9916086ecef" member_type: VOTER last_known_addr { host: "127.30.218.67" port: 44763 } }
I20260709 12:23:08.146289   471 raft_consensus.cc:385] T 76841d1d7ca94b8e9447285827f7aa23 P a3cc64e79f93431bb07828bf5f2e729e [term 0 FOLLOWER]: Consensus starting up: Expiring failure detector timer to make a prompt election more likely
I20260709 12:23:08.146574   471 raft_consensus.cc:740] T 76841d1d7ca94b8e9447285827f7aa23 P a3cc64e79f93431bb07828bf5f2e729e [term 0 FOLLOWER]: Becoming Follower/Learner. State: Replica: a3cc64e79f93431bb07828bf5f2e729e, State: Initialized, Role: FOLLOWER
I20260709 12:23:08.147213   471 consensus_queue.cc:260] T 76841d1d7ca94b8e9447285827f7aa23 P a3cc64e79f93431bb07828bf5f2e729e [NON_LEADER]: Queue going to NON_LEADER mode. State: All replicated index: 0, Majority replicated index: 0, Committed index: 0, Last appended: 0.0, Last appended by leader: 0, Current term: 0, Majority size: -1, State: 0, Mode: NON_LEADER, active raft config: opid_index: -1 OBSOLETE_local: false peers { permanent_uuid: "a7a9dd95d7a34c90a2f07db1375a20a7" member_type: VOTER last_known_addr { host: "127.30.218.65" port: 36935 } } peers { permanent_uuid: "a3cc64e79f93431bb07828bf5f2e729e" member_type: VOTER last_known_addr { host: "127.30.218.66" port: 42987 } } peers { permanent_uuid: "b207f1f891ac4fae9026c9916086ecef" member_type: VOTER last_known_addr { host: "127.30.218.67" port: 44763 } }
I20260709 12:23:08.149132 32740 raft_consensus.cc:2468] T 05b74cd26f46490ea8db38bb53076f38 P a7a9dd95d7a34c90a2f07db1375a20a7 [term 0 FOLLOWER]: Leader pre-election vote request: Granting yes vote for candidate b207f1f891ac4fae9026c9916086ecef in term 0.
I20260709 12:23:08.158108   472 raft_consensus.cc:359] T 4dbe797d6f4e4eaab178e30aff3b58c3 P b207f1f891ac4fae9026c9916086ecef [term 0 FOLLOWER]: Replica starting. Triggering 0 pending ops. Active config: opid_index: -1 OBSOLETE_local: false peers { permanent_uuid: "a7a9dd95d7a34c90a2f07db1375a20a7" member_type: VOTER last_known_addr { host: "127.30.218.65" port: 36935 } } peers { permanent_uuid: "a3cc64e79f93431bb07828bf5f2e729e" member_type: VOTER last_known_addr { host: "127.30.218.66" port: 42987 } } peers { permanent_uuid: "b207f1f891ac4fae9026c9916086ecef" member_type: VOTER last_known_addr { host: "127.30.218.67" port: 44763 } }
I20260709 12:23:08.158810   472 raft_consensus.cc:385] T 4dbe797d6f4e4eaab178e30aff3b58c3 P b207f1f891ac4fae9026c9916086ecef [term 0 FOLLOWER]: Consensus starting up: Expiring failure detector timer to make a prompt election more likely
