I20260709 12:22:19.558089  1554 tablet_service.cc:1917] Received RequestConsensusVote() RPC: tablet_id: "0897719bac5849cea4fb089831f15659" candidate_uuid: "e53cd52a2ae94948937ae7077d22fcec" candidate_term: 2 candidate_status { last_received { term: 1 index: 1 } } ignore_live_leader: true dest_uuid: "9bc10a304dcd44999589df51075c6835"
I20260709 12:22:19.557847  1478 tablet_service.cc:1917] Received RequestConsensusVote() RPC: tablet_id: "0897719bac5849cea4fb089831f15659" candidate_uuid: "e53cd52a2ae94948937ae7077d22fcec" candidate_term: 2 candidate_status { last_received { term: 1 index: 1 } } ignore_live_leader: true dest_uuid: "00b8543326b948679fef8f7948ab6226"
I20260709 12:22:19.558653  1554 raft_consensus.cc:3055] T 0897719bac5849cea4fb089831f15659 P 9bc10a304dcd44999589df51075c6835 [term 1 LEADER]: Stepping down as leader of term 1
I20260709 12:22:19.558845  1478 raft_consensus.cc:3060] T 0897719bac5849cea4fb089831f15659 P 00b8543326b948679fef8f7948ab6226 [term 1 FOLLOWER]: Advancing to term 2
I20260709 12:22:19.558881  1554 raft_consensus.cc:740] T 0897719bac5849cea4fb089831f15659 P 9bc10a304dcd44999589df51075c6835 [term 1 LEADER]: Becoming Follower/Learner. State: Replica: 9bc10a304dcd44999589df51075c6835, State: Running, Role: LEADER
I20260709 12:22:19.559883  1554 consensus_queue.cc:260] T 0897719bac5849cea4fb089831f15659 P 9bc10a304dcd44999589df51075c6835 [NON_LEADER]: Queue going to NON_LEADER mode. State: All replicated index: 0, Majority replicated index: 1, Committed index: 1, Last appended: 1.1, Last appended by leader: 1, Current term: 1, Majority size: -1, State: 0, Mode: NON_LEADER, active raft config: opid_index: -1 OBSOLETE_local: false peers { permanent_uuid: "00b8543326b948679fef8f7948ab6226" member_type: VOTER last_known_addr { host: "127.1.80.1" port: 35805 } } peers { permanent_uuid: "9bc10a304dcd44999589df51075c6835" member_type: VOTER last_known_addr { host: "127.1.80.2" port: 40567 } } peers { permanent_uuid: "e53cd52a2ae94948937ae7077d22fcec" member_type: VOTER last_known_addr { host: "127.1.80.3" port: 39915 } }
I20260709 12:22:19.561190  1554 raft_consensus.cc:3060] T 0897719bac5849cea4fb089831f15659 P 9bc10a304dcd44999589df51075c6835 [term 1 FOLLOWER]: Advancing to term 2
I20260709 12:22:19.566134  1554 raft_consensus.cc:2468] T 0897719bac5849cea4fb089831f15659 P 9bc10a304dcd44999589df51075c6835 [term 2 FOLLOWER]: Leader election vote request: Granting yes vote for candidate e53cd52a2ae94948937ae7077d22fcec in term 2.
I20260709 12:22:19.566174  1478 raft_consensus.cc:2468] T 0897719bac5849cea4fb089831f15659 P 00b8543326b948679fef8f7948ab6226 [term 2 FOLLOWER]: Leader election vote request: Granting yes vote for candidate e53cd52a2ae94948937ae7077d22fcec in term 2.
I20260709 12:22:19.567543  1594 leader_election.cc:304] T 0897719bac5849cea4fb089831f15659 P e53cd52a2ae94948937ae7077d22fcec [CANDIDATE]: Term 2 election: Election decided. Result: candidate won. Election summary: received 2 responses out of 3 voters: 2 yes votes; 0 no votes. yes voters: 9bc10a304dcd44999589df51075c6835, e53cd52a2ae94948937ae7077d22fcec; no voters: 
I20260709 12:22:19.568521  1795 raft_consensus.cc:2804] T 0897719bac5849cea4fb089831f15659 P e53cd52a2ae94948937ae7077d22fcec [term 2 FOLLOWER]: Leader election won for term 2
I20260709 12:22:19.569636  1795 raft_consensus.cc:697] T 0897719bac5849cea4fb089831f15659 P e53cd52a2ae94948937ae7077d22fcec [term 2 LEADER]: Becoming Leader. State: Replica: e53cd52a2ae94948937ae7077d22fcec, State: Running, Role: LEADER
I20260709 12:22:19.570749  1795 consensus_queue.cc:237] T 0897719bac5849cea4fb089831f15659 P e53cd52a2ae94948937ae7077d22fcec [LEADER]: Queue going to LEADER mode. State: All replicated index: 0, Majority replicated index: 1, Committed index: 1, Last appended: 1.1, Last appended by leader: 1, Current term: 2, Majority size: 2, State: 0, Mode: LEADER, active raft config: opid_index: -1 OBSOLETE_local: false peers { permanent_uuid: "00b8543326b948679fef8f7948ab6226" member_type: VOTER last_known_addr { host: "127.1.80.1" port: 35805 } } peers { permanent_uuid: "9bc10a304dcd44999589df51075c6835" member_type: VOTER last_known_addr { host: "127.1.80.2" port: 40567 } } peers { permanent_uuid: "e53cd52a2ae94948937ae7077d22fcec" member_type: VOTER last_known_addr { host: "127.1.80.3" port: 39915 } }
I20260709 12:22:19.583122  1376 catalog_manager.cc:5697] T 0897719bac5849cea4fb089831f15659 P e53cd52a2ae94948937ae7077d22fcec reported cstate change: term changed from 1 to 2, leader changed from 9bc10a304dcd44999589df51075c6835 (127.1.80.2) to e53cd52a2ae94948937ae7077d22fcec (127.1.80.3). New cstate: current_term: 2 leader_uuid: "e53cd52a2ae94948937ae7077d22fcec" committed_config { opid_index: -1 OBSOLETE_local: false peers { permanent_uuid: "00b8543326b948679fef8f7948ab6226" member_type: VOTER last_known_addr { host: "127.1.80.1" port: 35805 } health_report { overall_health: UNKNOWN } } peers { permanent_uuid: "9bc10a304dcd44999589df51075c6835" member_type: VOTER last_known_addr { host: "127.1.80.2" port: 40567 } health_report { overall_health: UNKNOWN } } peers { permanent_uuid: "e53cd52a2ae94948937ae7077d22fcec" member_type: VOTER last_known_addr { host: "127.1.80.3" port: 39915 } health_report { overall_health: HEALTHY } } }
I20260709 12:22:19.670849  1824 raft_consensus.cc:993] T 48c5752dd3a945ea802c6bc55c9d7d04 P 9bc10a304dcd44999589df51075c6835: : Instructing follower 00b8543326b948679fef8f7948ab6226 to start an election
I20260709 12:22:19.671383  1810 raft_consensus.cc:1081] T 48c5752dd3a945ea802c6bc55c9d7d04 P 9bc10a304dcd44999589df51075c6835 [term 3 LEADER]: Signalling peer 00b8543326b948679fef8f7948ab6226 to start an election
I20260709 12:22:19.673123  1478 tablet_service.cc:2044] Received Run Leader Election RPC: tablet_id: "48c5752dd3a945ea802c6bc55c9d7d04"
dest_uuid: "00b8543326b948679fef8f7948ab6226"
 from {username='slave'} at 127.0.0.1:46510
I20260709 12:22:19.673588  1478 raft_consensus.cc:493] T 48c5752dd3a945ea802c6bc55c9d7d04 P 00b8543326b948679fef8f7948ab6226 [term 3 FOLLOWER]: Starting forced leader election (received explicit request)
I20260709 12:22:19.673915  1478 raft_consensus.cc:3060] T 48c5752dd3a945ea802c6bc55c9d7d04 P 00b8543326b948679fef8f7948ab6226 [term 3 FOLLOWER]: Advancing to term 4
I20260709 12:22:19.678359  1478 raft_consensus.cc:515] T 48c5752dd3a945ea802c6bc55c9d7d04 P 00b8543326b948679fef8f7948ab6226 [term 4 FOLLOWER]: Starting forced leader election with config: opid_index: -1 OBSOLETE_local: false peers { permanent_uuid: "00b8543326b948679fef8f7948ab6226" member_type: VOTER last_known_addr { host: "127.1.80.1" port: 35805 } } peers { permanent_uuid: "9bc10a304dcd44999589df51075c6835" member_type: VOTER last_known_addr { host: "127.1.80.2" port: 40567 } } peers { permanent_uuid: "e53cd52a2ae94948937ae7077d22fcec" member_type: VOTER last_known_addr { host: "127.1.80.3" port: 39915 } }
I20260709 12:22:19.680922  1478 leader_election.cc:290] T 48c5752dd3a945ea802c6bc55c9d7d04 P 00b8543326b948679fef8f7948ab6226 [CANDIDATE]: Term 4 election: Requested vote from peers 9bc10a304dcd44999589df51075c6835 (127.1.80.2:40567), e53cd52a2ae94948937ae7077d22fcec (127.1.80.3:39915)
I20260709 12:22:19.681206  1554 tablet_service.cc:1917] Received RequestConsensusVote() RPC: tablet_id: "48c5752dd3a945ea802c6bc55c9d7d04" candidate_uuid: "00b8543326b948679fef8f7948ab6226" candidate_term: 4 candidate_status { last_received { term: 3 index: 3 } } ignore_live_leader: true dest_uuid: "9bc10a304dcd44999589df51075c6835"
I20260709 12:22:19.681555  1628 tablet_service.cc:1917] Received RequestConsensusVote() RPC: tablet_id: "48c5752dd3a945ea802c6bc55c9d7d04" candidate_uuid: "00b8543326b948679fef8f7948ab6226" candidate_term: 4 candidate_status { last_received { term: 3 index: 3 } } ignore_live_leader: true dest_uuid: "e53cd52a2ae94948937ae7077d22fcec"
I20260709 12:22:19.681805  1554 raft_consensus.cc:3055] T 48c5752dd3a945ea802c6bc55c9d7d04 P 9bc10a304dcd44999589df51075c6835 [term 3 LEADER]: Stepping down as leader of term 3
I20260709 12:22:19.682063  1628 raft_consensus.cc:3060] T 48c5752dd3a945ea802c6bc55c9d7d04 P e53cd52a2ae94948937ae7077d22fcec [term 3 FOLLOWER]: Advancing to term 4
I20260709 12:22:19.682103  1554 raft_consensus.cc:740] T 48c5752dd3a945ea802c6bc55c9d7d04 P 9bc10a304dcd44999589df51075c6835 [term 3 LEADER]: Becoming Follower/Learner. State: Replica: 9bc10a304dcd44999589df51075c6835, State: Running, Role: LEADER
I20260709 12:22:19.682964  1554 consensus_queue.cc:260] T 48c5752dd3a945ea802c6bc55c9d7d04 P 9bc10a304dcd44999589df51075c6835 [NON_LEADER]: Queue going to NON_LEADER mode. State: All replicated index: 0, Majority replicated index: 3, Committed index: 3, Last appended: 3.3, Last appended by leader: 3, Current term: 3, Majority size: -1, State: 0, Mode: NON_LEADER, active raft config: opid_index: -1 OBSOLETE_local: false peers { permanent_uuid: "00b8543326b948679fef8f7948ab6226" member_type: VOTER last_known_addr { host: "127.1.80.1" port: 35805 } } peers { permanent_uuid: "9bc10a304dcd44999589df51075c6835" member_type: VOTER last_known_addr { host: "127.1.80.2" port: 40567 } } peers { permanent_uuid: "e53cd52a2ae94948937ae7077d22fcec" member_type: VOTER last_known_addr { host: "127.1.80.3" port: 39915 } }
I20260709 12:22:19.684129  1554 raft_consensus.cc:3060] T 48c5752dd3a945ea802c6bc55c9d7d04 P 9bc10a304dcd44999589df51075c6835 [term 3 FOLLOWER]: Advancing to term 4
I20260709 12:22:19.688774  1628 raft_consensus.cc:2468] T 48c5752dd3a945ea802c6bc55c9d7d04 P e53cd52a2ae94948937ae7077d22fcec [term 4 FOLLOWER]: Leader election vote request: Granting yes vote for candidate 00b8543326b948679fef8f7948ab6226 in term 4.
I20260709 12:22:19.690828  1554 raft_consensus.cc:2468] T 48c5752dd3a945ea802c6bc55c9d7d04 P 9bc10a304dcd44999589df51075c6835 [term 4 FOLLOWER]: Leader election vote request: Granting yes vote for candidate 00b8543326b948679fef8f7948ab6226 in term 4.
I20260709 12:22:19.690730  1442 leader_election.cc:304] T 48c5752dd3a945ea802c6bc55c9d7d04 P 00b8543326b948679fef8f7948ab6226 [CANDIDATE]: Term 4 election: Election decided. Result: candidate won. Election summary: received 2 responses out of 3 voters: 2 yes votes; 0 no votes. yes voters: 00b8543326b948679fef8f7948ab6226, e53cd52a2ae94948937ae7077d22fcec; no voters: 
I20260709 12:22:19.693310  1832 raft_consensus.cc:2804] T 48c5752dd3a945ea802c6bc55c9d7d04 P 00b8543326b948679fef8f7948ab6226 [term 4 FOLLOWER]: Leader election won for term 4
I20260709 12:22:19.694782  1832 raft_consensus.cc:697] T 48c5752dd3a945ea802c6bc55c9d7d04 P 00b8543326b948679fef8f7948ab6226 [term 4 LEADER]: Becoming Leader. State: Replica: 00b8543326b948679fef8f7948ab6226, State: Running, Role: LEADER
I20260709 12:22:19.695823  1832 consensus_queue.cc:237] T 48c5752dd3a945ea802c6bc55c9d7d04 P 00b8543326b948679fef8f7948ab6226 [LEADER]: Queue going to LEADER mode. State: All replicated index: 0, Majority replicated index: 3, Committed index: 3, Last appended: 3.3, Last appended by leader: 3, Current term: 4, Majority size: 2, State: 0, Mode: LEADER, active raft config: opid_index: -1 OBSOLETE_local: false peers { permanent_uuid: "00b8543326b948679fef8f7948ab6226" member_type: VOTER last_known_addr { host: "127.1.80.1" port: 35805 } } peers { permanent_uuid: "9bc10a304dcd44999589df51075c6835" member_type: VOTER last_known_addr { host: "127.1.80.2" port: 40567 } } peers { permanent_uuid: "e53cd52a2ae94948937ae7077d22fcec" member_type: VOTER last_known_addr { host: "127.1.80.3" port: 39915 } }
I20260709 12:22:19.706368  1376 catalog_manager.cc:5697] T 48c5752dd3a945ea802c6bc55c9d7d04 P 00b8543326b948679fef8f7948ab6226 reported cstate change: term changed from 3 to 4, leader changed from 9bc10a304dcd44999589df51075c6835 (127.1.80.2) to 00b8543326b948679fef8f7948ab6226 (127.1.80.1). New cstate: current_term: 4 leader_uuid: "00b8543326b948679fef8f7948ab6226" committed_config { opid_index: -1 OBSOLETE_local: false peers { permanent_uuid: "00b8543326b948679fef8f7948ab6226" member_type: VOTER last_known_addr { host: "127.1.80.1" port: 35805 } health_report { overall_health: HEALTHY } } peers { permanent_uuid: "9bc10a304dcd44999589df51075c6835" member_type: VOTER last_known_addr { host: "127.1.80.2" port: 40567 } health_report { overall_health: UNKNOWN } } peers { permanent_uuid: "e53cd52a2ae94948937ae7077d22fcec" member_type: VOTER last_known_addr { host: "127.1.80.3" port: 39915 } health_report { overall_health: UNKNOWN } } }
I20260709 12:22:19.742329  1824 raft_consensus.cc:993] T d104f480a6614f76967724089eb3bc58 P 9bc10a304dcd44999589df51075c6835: : Instructing follower e53cd52a2ae94948937ae7077d22fcec to start an election
I20260709 12:22:19.742785  1810 raft_consensus.cc:1081] T d104f480a6614f76967724089eb3bc58 P 9bc10a304dcd44999589df51075c6835 [term 3 LEADER]: Signalling peer e53cd52a2ae94948937ae7077d22fcec to start an election
I20260709 12:22:19.744349  1628 tablet_service.cc:2044] Received Run Leader Election RPC: tablet_id: "d104f480a6614f76967724089eb3bc58"
dest_uuid: "e53cd52a2ae94948937ae7077d22fcec"
 from {username='slave'} at 127.0.0.1:57508
I20260709 12:22:19.744767  1628 raft_consensus.cc:493] T d104f480a6614f76967724089eb3bc58 P e53cd52a2ae94948937ae7077d22fcec [term 3 FOLLOWER]: Starting forced leader election (received explicit request)
I20260709 12:22:19.745043  1628 raft_consensus.cc:3060] T d104f480a6614f76967724089eb3bc58 P e53cd52a2ae94948937ae7077d22fcec [term 3 FOLLOWER]: Advancing to term 4
I20260709 12:22:19.749044  1628 raft_consensus.cc:515] T d104f480a6614f76967724089eb3bc58 P e53cd52a2ae94948937ae7077d22fcec [term 4 FOLLOWER]: Starting forced leader election with config: opid_index: -1 OBSOLETE_local: false peers { permanent_uuid: "00b8543326b948679fef8f7948ab6226" member_type: VOTER last_known_addr { host: "127.1.80.1" port: 35805 } } peers { permanent_uuid: "9bc10a304dcd44999589df51075c6835" member_type: VOTER last_known_addr { host: "127.1.80.2" port: 40567 } } peers { permanent_uuid: "e53cd52a2ae94948937ae7077d22fcec" member_type: VOTER last_known_addr { host: "127.1.80.3" port: 39915 } }
I20260709 12:22:19.750559  1628 leader_election.cc:290] T d104f480a6614f76967724089eb3bc58 P e53cd52a2ae94948937ae7077d22fcec [CANDIDATE]: Term 4 election: Requested vote from peers 00b8543326b948679fef8f7948ab6226 (127.1.80.1:35805), 9bc10a304dcd44999589df51075c6835 (127.1.80.2:40567)
I20260709 12:22:19.751713  1478 tablet_service.cc:1917] Received RequestConsensusVote() RPC: tablet_id: "d104f480a6614f76967724089eb3bc58" candidate_uuid: "e53cd52a2ae94948937ae7077d22fcec" candidate_term: 4 candidate_status { last_received { term: 3 index: 3 } } ignore_live_leader: true dest_uuid: "00b8543326b948679fef8f7948ab6226"
I20260709 12:22:19.751686  1554 tablet_service.cc:1917] Received RequestConsensusVote() RPC: tablet_id: "d104f480a6614f76967724089eb3bc58" candidate_uuid: "e53cd52a2ae94948937ae7077d22fcec" candidate_term: 4 candidate_status { last_received { term: 3 index: 3 } } ignore_live_leader: true dest_uuid: "9bc10a304dcd44999589df51075c6835"
I20260709 12:22:19.752641  1554 raft_consensus.cc:3055] T d104f480a6614f76967724089eb3bc58 P 9bc10a304dcd44999589df51075c6835 [term 3 LEADER]: Stepping down as leader of term 3
I20260709 12:22:19.752696  1478 raft_consensus.cc:3060] T d104f480a6614f76967724089eb3bc58 P 00b8543326b948679fef8f7948ab6226 [term 3 FOLLOWER]: Advancing to term 4
I20260709 12:22:19.753151  1554 raft_consensus.cc:740] T d104f480a6614f76967724089eb3bc58 P 9bc10a304dcd44999589df51075c6835 [term 3 LEADER]: Becoming Follower/Learner. State: Replica: 9bc10a304dcd44999589df51075c6835, State: Running, Role: LEADER
I20260709 12:22:19.754213  1554 consensus_queue.cc:260] T d104f480a6614f76967724089eb3bc58 P 9bc10a304dcd44999589df51075c6835 [NON_LEADER]: Queue going to NON_LEADER mode. State: All replicated index: 0, Majority replicated index: 3, Committed index: 3, Last appended: 3.3, Last appended by leader: 3, Current term: 3, Majority size: -1, State: 0, Mode: NON_LEADER, active raft config: opid_index: -1 OBSOLETE_local: false peers { permanent_uuid: "00b8543326b948679fef8f7948ab6226" member_type: VOTER last_known_addr { host: "127.1.80.1" port: 35805 } } peers { permanent_uuid: "9bc10a304dcd44999589df51075c6835" member_type: VOTER last_known_addr { host: "127.1.80.2" port: 40567 } } peers { permanent_uuid: "e53cd52a2ae94948937ae7077d22fcec" member_type: VOTER last_known_addr { host: "127.1.80.3" port: 39915 } }
I20260709 12:22:19.755508  1554 raft_consensus.cc:3060] T d104f480a6614f76967724089eb3bc58 P 9bc10a304dcd44999589df51075c6835 [term 3 FOLLOWER]: Advancing to term 4
I20260709 12:22:19.759291  1478 raft_consensus.cc:2468] T d104f480a6614f76967724089eb3bc58 P 00b8543326b948679fef8f7948ab6226 [term 4 FOLLOWER]: Leader election vote request: Granting yes vote for candidate e53cd52a2ae94948937ae7077d22fcec in term 4.
I20260709 12:22:19.760695  1592 leader_election.cc:304] T d104f480a6614f76967724089eb3bc58 P e53cd52a2ae94948937ae7077d22fcec [CANDIDATE]: Term 4 election: Election decided. Result: candidate won. Election summary: received 2 responses out of 3 voters: 2 yes votes; 0 no votes. yes voters: 00b8543326b948679fef8f7948ab6226, e53cd52a2ae94948937ae7077d22fcec; no voters: 
I20260709 12:22:19.761633  1795 raft_consensus.cc:2804] T d104f480a6614f76967724089eb3bc58 P e53cd52a2ae94948937ae7077d22fcec [term 4 FOLLOWER]: Leader election won for term 4
I20260709 12:22:19.761730  1554 raft_consensus.cc:2468] T d104f480a6614f76967724089eb3bc58 P 9bc10a304dcd44999589df51075c6835 [term 4 FOLLOWER]: Leader election vote request: Granting yes vote for candidate e53cd52a2ae94948937ae7077d22fcec in term 4.
I20260709 12:22:19.762249  1795 raft_consensus.cc:697] T d104f480a6614f76967724089eb3bc58 P e53cd52a2ae94948937ae7077d22fcec [term 4 LEADER]: Becoming Leader. State: Replica: e53cd52a2ae94948937ae7077d22fcec, State: Running, Role: LEADER
I20260709 12:22:19.763165  1795 consensus_queue.cc:237] T d104f480a6614f76967724089eb3bc58 P e53cd52a2ae94948937ae7077d22fcec [LEADER]: Queue going to LEADER mode. State: All replicated index: 0, Majority replicated index: 3, Committed index: 3, Last appended: 3.3, Last appended by leader: 3, Current term: 4, Majority size: 2, State: 0, Mode: LEADER, active raft config: opid_index: -1 OBSOLETE_local: false peers { permanent_uuid: "00b8543326b948679fef8f7948ab6226" member_type: VOTER last_known_addr { host: "127.1.80.1" port: 35805 } } peers { permanent_uuid: "9bc10a304dcd44999589df51075c6835" member_type: VOTER last_known_addr { host: "127.1.80.2" port: 40567 } } peers { permanent_uuid: "e53cd52a2ae94948937ae7077d22fcec" member_type: VOTER last_known_addr { host: "127.1.80.3" port: 39915 } }
I20260709 12:22:19.766232  1824 raft_consensus.cc:993] T eca63bd96b7f4cb98e0e9cc44e8c3f48 P 9bc10a304dcd44999589df51075c6835: : Instructing follower 00b8543326b948679fef8f7948ab6226 to start an election
I20260709 12:22:19.766700  1810 raft_consensus.cc:1081] T eca63bd96b7f4cb98e0e9cc44e8c3f48 P 9bc10a304dcd44999589df51075c6835 [term 4 LEADER]: Signalling peer 00b8543326b948679fef8f7948ab6226 to start an election
I20260709 12:22:19.768520  1478 tablet_service.cc:2044] Received Run Leader Election RPC: tablet_id: "eca63bd96b7f4cb98e0e9cc44e8c3f48"
dest_uuid: "00b8543326b948679fef8f7948ab6226"
 from {username='slave'} at 127.0.0.1:46510
I20260709 12:22:19.769007  1478 raft_consensus.cc:493] T eca63bd96b7f4cb98e0e9cc44e8c3f48 P 00b8543326b948679fef8f7948ab6226 [term 4 FOLLOWER]: Starting forced leader election (received explicit request)
I20260709 12:22:19.769270  1478 raft_consensus.cc:3060] T eca63bd96b7f4cb98e0e9cc44e8c3f48 P 00b8543326b948679fef8f7948ab6226 [term 4 FOLLOWER]: Advancing to term 5
I20260709 12:22:19.771937  1376 catalog_manager.cc:5697] T d104f480a6614f76967724089eb3bc58 P e53cd52a2ae94948937ae7077d22fcec reported cstate change: term changed from 3 to 4, leader changed from 9bc10a304dcd44999589df51075c6835 (127.1.80.2) to e53cd52a2ae94948937ae7077d22fcec (127.1.80.3). New cstate: current_term: 4 leader_uuid: "e53cd52a2ae94948937ae7077d22fcec" committed_config { opid_index: -1 OBSOLETE_local: false peers { permanent_uuid: "00b8543326b948679fef8f7948ab6226" member_type: VOTER last_known_addr { host: "127.1.80.1" port: 35805 } health_report { overall_health: UNKNOWN } } peers { permanent_uuid: "9bc10a304dcd44999589df51075c6835" member_type: VOTER last_known_addr { host: "127.1.80.2" port: 40567 } health_report { overall_health: UNKNOWN } } peers { permanent_uuid: "e53cd52a2ae94948937ae7077d22fcec" member_type: VOTER last_known_addr { host: "127.1.80.3" port: 39915 } health_report { overall_health: HEALTHY } } }
I20260709 12:22:19.775236  1478 raft_consensus.cc:515] T eca63bd96b7f4cb98e0e9cc44e8c3f48 P 00b8543326b948679fef8f7948ab6226 [term 5 FOLLOWER]: Starting forced leader election with config: opid_index: -1 OBSOLETE_local: false peers { permanent_uuid: "00b8543326b948679fef8f7948ab6226" member_type: VOTER last_known_addr { host: "127.1.80.1" port: 35805 } } peers { permanent_uuid: "9bc10a304dcd44999589df51075c6835" member_type: VOTER last_known_addr { host: "127.1.80.2" port: 40567 } } peers { permanent_uuid: "e53cd52a2ae94948937ae7077d22fcec" member_type: VOTER last_known_addr { host: "127.1.80.3" port: 39915 } }
I20260709 12:22:19.777089  1478 leader_election.cc:290] T eca63bd96b7f4cb98e0e9cc44e8c3f48 P 00b8543326b948679fef8f7948ab6226 [CANDIDATE]: Term 5 election: Requested vote from peers 9bc10a304dcd44999589df51075c6835 (127.1.80.2:40567), e53cd52a2ae94948937ae7077d22fcec (127.1.80.3:39915)
I20260709 12:22:19.777707  1628 tablet_service.cc:1917] Received RequestConsensusVote() RPC: tablet_id: "eca63bd96b7f4cb98e0e9cc44e8c3f48" candidate_uuid: "00b8543326b948679fef8f7948ab6226" candidate_term: 5 candidate_status { last_received { term: 4 index: 4 } } ignore_live_leader: true dest_uuid: "e53cd52a2ae94948937ae7077d22fcec"
I20260709 12:22:19.778329  1628 raft_consensus.cc:3060] T eca63bd96b7f4cb98e0e9cc44e8c3f48 P e53cd52a2ae94948937ae7077d22fcec [term 4 FOLLOWER]: Advancing to term 5
I20260709 12:22:19.778921  1554 tablet_service.cc:1917] Received RequestConsensusVote() RPC: tablet_id: "eca63bd96b7f4cb98e0e9cc44e8c3f48" candidate_uuid: "00b8543326b948679fef8f7948ab6226" candidate_term: 5 candidate_status { last_received { term: 4 index: 4 } } ignore_live_leader: true dest_uuid: "9bc10a304dcd44999589df51075c6835"
I20260709 12:22:19.779491  1554 raft_consensus.cc:3055] T eca63bd96b7f4cb98e0e9cc44e8c3f48 P 9bc10a304dcd44999589df51075c6835 [term 4 LEADER]: Stepping down as leader of term 4
I20260709 12:22:19.779771  1554 raft_consensus.cc:740] T eca63bd96b7f4cb98e0e9cc44e8c3f48 P 9bc10a304dcd44999589df51075c6835 [term 4 LEADER]: Becoming Follower/Learner. State: Replica: 9bc10a304dcd44999589df51075c6835, State: Running, Role: LEADER
I20260709 12:22:19.780527  1554 consensus_queue.cc:260] T eca63bd96b7f4cb98e0e9cc44e8c3f48 P 9bc10a304dcd44999589df51075c6835 [NON_LEADER]: Queue going to NON_LEADER mode. State: All replicated index: 0, Majority replicated index: 4, Committed index: 4, Last appended: 4.4, Last appended by leader: 4, Current term: 4, Majority size: -1, State: 0, Mode: NON_LEADER, active raft config: opid_index: -1 OBSOLETE_local: false peers { permanent_uuid: "00b8543326b948679fef8f7948ab6226" member_type: VOTER last_known_addr { host: "127.1.80.1" port: 35805 } } peers { permanent_uuid: "9bc10a304dcd44999589df51075c6835" member_type: VOTER last_known_addr { host: "127.1.80.2" port: 40567 } } peers { permanent_uuid: "e53cd52a2ae94948937ae7077d22fcec" member_type: VOTER last_known_addr { host: "127.1.80.3" port: 39915 } }
I20260709 12:22:19.781754  1554 raft_consensus.cc:3060] T eca63bd96b7f4cb98e0e9cc44e8c3f48 P 9bc10a304dcd44999589df51075c6835 [term 4 FOLLOWER]: Advancing to term 5
I20260709 12:22:19.783190  1810 raft_consensus.cc:993] T 310eda9135fc4d788d931d6d2030f55e P 9bc10a304dcd44999589df51075c6835: : Instructing follower 00b8543326b948679fef8f7948ab6226 to start an election
I20260709 12:22:19.783651  1810 raft_consensus.cc:1081] T 310eda9135fc4d788d931d6d2030f55e P 9bc10a304dcd44999589df51075c6835 [term 4 LEADER]: Signalling peer 00b8543326b948679fef8f7948ab6226 to start an election
I20260709 12:22:19.785426  1477 tablet_service.cc:2044] Received Run Leader Election RPC: tablet_id: "310eda9135fc4d788d931d6d2030f55e"
dest_uuid: "00b8543326b948679fef8f7948ab6226"
 from {username='slave'} at 127.0.0.1:46510
I20260709 12:22:19.785571  1628 raft_consensus.cc:2468] T eca63bd96b7f4cb98e0e9cc44e8c3f48 P e53cd52a2ae94948937ae7077d22fcec [term 5 FOLLOWER]: Leader election vote request: Granting yes vote for candidate 00b8543326b948679fef8f7948ab6226 in term 5.
I20260709 12:22:19.785966  1477 raft_consensus.cc:493] T 310eda9135fc4d788d931d6d2030f55e P 00b8543326b948679fef8f7948ab6226 [term 4 FOLLOWER]: Starting forced leader election (received explicit request)
I20260709 12:22:19.786340  1477 raft_consensus.cc:3060] T 310eda9135fc4d788d931d6d2030f55e P 00b8543326b948679fef8f7948ab6226 [term 4 FOLLOWER]: Advancing to term 5
I20260709 12:22:19.786698  1442 leader_election.cc:304] T eca63bd96b7f4cb98e0e9cc44e8c3f48 P 00b8543326b948679fef8f7948ab6226 [CANDIDATE]: Term 5 election: Election decided. Result: candidate won. Election summary: received 2 responses out of 3 voters: 2 yes votes; 0 no votes. yes voters: 00b8543326b948679fef8f7948ab6226, e53cd52a2ae94948937ae7077d22fcec; no voters: 
I20260709 12:22:19.789990  1832 raft_consensus.cc:2804] T eca63bd96b7f4cb98e0e9cc44e8c3f48 P 00b8543326b948679fef8f7948ab6226 [term 5 FOLLOWER]: Leader election won for term 5
I20260709 12:22:19.791188  1832 raft_consensus.cc:697] T eca63bd96b7f4cb98e0e9cc44e8c3f48 P 00b8543326b948679fef8f7948ab6226 [term 5 LEADER]: Becoming Leader. State: Replica: 00b8543326b948679fef8f7948ab6226, State: Running, Role: LEADER
I20260709 12:22:19.792115  1832 consensus_queue.cc:237] T eca63bd96b7f4cb98e0e9cc44e8c3f48 P 00b8543326b948679fef8f7948ab6226 [LEADER]: Queue going to LEADER mode. State: All replicated index: 0, Majority replicated index: 4, Committed index: 4, Last appended: 4.4, Last appended by leader: 4, Current term: 5, Majority size: 2, State: 0, Mode: LEADER, active raft config: opid_index: -1 OBSOLETE_local: false peers { permanent_uuid: "00b8543326b948679fef8f7948ab6226" member_type: VOTER last_known_addr { host: "127.1.80.1" port: 35805 } } peers { permanent_uuid: "9bc10a304dcd44999589df51075c6835" member_type: VOTER last_known_addr { host: "127.1.80.2" port: 40567 } } peers { permanent_uuid: "e53cd52a2ae94948937ae7077d22fcec" member_type: VOTER last_known_addr { host: "127.1.80.3" port: 39915 } }
I20260709 12:22:19.792845  1554 raft_consensus.cc:2468] T eca63bd96b7f4cb98e0e9cc44e8c3f48 P 9bc10a304dcd44999589df51075c6835 [term 5 FOLLOWER]: Leader election vote request: Granting yes vote for candidate 00b8543326b948679fef8f7948ab6226 in term 5.
I20260709 12:22:19.792886  1477 raft_consensus.cc:515] T 310eda9135fc4d788d931d6d2030f55e P 00b8543326b948679fef8f7948ab6226 [term 5 FOLLOWER]: Starting forced leader election with config: opid_index: -1 OBSOLETE_local: false peers { permanent_uuid: "00b8543326b948679fef8f7948ab6226" member_type: VOTER last_known_addr { host: "127.1.80.1" port: 35805 } } peers { permanent_uuid: "9bc10a304dcd44999589df51075c6835" member_type: VOTER last_known_addr { host: "127.1.80.2" port: 40567 } } peers { permanent_uuid: "e53cd52a2ae94948937ae7077d22fcec" member_type: VOTER last_known_addr { host: "127.1.80.3" port: 39915 } }
I20260709 12:22:19.796533  1554 tablet_service.cc:1917] Received RequestConsensusVote() RPC: tablet_id: "310eda9135fc4d788d931d6d2030f55e" candidate_uuid: "00b8543326b948679fef8f7948ab6226" candidate_term: 5 candidate_status { last_received { term: 4 index: 4 } } ignore_live_leader: true dest_uuid: "9bc10a304dcd44999589df51075c6835"
I20260709 12:22:19.797083  1554 raft_consensus.cc:3055] T 310eda9135fc4d788d931d6d2030f55e P 9bc10a304dcd44999589df51075c6835 [term 4 LEADER]: Stepping down as leader of term 4
I20260709 12:22:19.797447  1628 tablet_service.cc:1917] Received RequestConsensusVote() RPC: tablet_id: "310eda9135fc4d788d931d6d2030f55e" candidate_uuid: "00b8543326b948679fef8f7948ab6226" candidate_term: 5 candidate_status { last_received { term: 4 index: 4 } } ignore_live_leader: true dest_uuid: "e53cd52a2ae94948937ae7077d22fcec"
I20260709 12:22:19.798175  1628 raft_consensus.cc:3060] T 310eda9135fc4d788d931d6d2030f55e P e53cd52a2ae94948937ae7077d22fcec [term 4 FOLLOWER]: Advancing to term 5
I20260709 12:22:19.797394  1554 raft_consensus.cc:740] T 310eda9135fc4d788d931d6d2030f55e P 9bc10a304dcd44999589df51075c6835 [term 4 LEADER]: Becoming Follower/Learner. State: Replica: 9bc10a304dcd44999589df51075c6835, State: Running, Role: LEADER
I20260709 12:22:19.800921  1554 consensus_queue.cc:260] T 310eda9135fc4d788d931d6d2030f55e P 9bc10a304dcd44999589df51075c6835 [NON_LEADER]: Queue going to NON_LEADER mode. State: All replicated index: 0, Majority replicated index: 4, Committed index: 4, Last appended: 4.4, Last appended by leader: 4, Current term: 4, Majority size: -1, State: 0, Mode: NON_LEADER, active raft config: opid_index: -1 OBSOLETE_local: false peers { permanent_uuid: "00b8543326b948679fef8f7948ab6226" member_type: VOTER last_known_addr { host: "127.1.80.1" port: 35805 } } peers { permanent_uuid: "9bc10a304dcd44999589df51075c6835" member_type: VOTER last_known_addr { host: "127.1.80.2" port: 40567 } } peers { permanent_uuid: "e53cd52a2ae94948937ae7077d22fcec" member_type: VOTER last_known_addr { host: "127.1.80.3" port: 39915 } }
I20260709 12:22:19.802029  1554 raft_consensus.cc:3060] T 310eda9135fc4d788d931d6d2030f55e P 9bc10a304dcd44999589df51075c6835 [term 4 FOLLOWER]: Advancing to term 5
I20260709 12:22:19.805589  1628 raft_consensus.cc:2468] T 310eda9135fc4d788d931d6d2030f55e P e53cd52a2ae94948937ae7077d22fcec [term 5 FOLLOWER]: Leader election vote request: Granting yes vote for candidate 00b8543326b948679fef8f7948ab6226 in term 5.
I20260709 12:22:19.806959  1442 leader_election.cc:304] T 310eda9135fc4d788d931d6d2030f55e P 00b8543326b948679fef8f7948ab6226 [CANDIDATE]: Term 5 election: Election decided. Result: candidate won. Election summary: received 2 responses out of 3 voters: 2 yes votes; 0 no votes. yes voters: 00b8543326b948679fef8f7948ab6226, e53cd52a2ae94948937ae7077d22fcec; no voters: 
I20260709 12:22:19.808104  1833 raft_consensus.cc:2804] T 310eda9135fc4d788d931d6d2030f55e P 00b8543326b948679fef8f7948ab6226 [term 5 FOLLOWER]: Leader election won for term 5
I20260709 12:22:19.808694  1554 raft_consensus.cc:2468] T 310eda9135fc4d788d931d6d2030f55e P 9bc10a304dcd44999589df51075c6835 [term 5 FOLLOWER]: Leader election vote request: Granting yes vote for candidate 00b8543326b948679fef8f7948ab6226 in term 5.
I20260709 12:22:19.814402  1477 leader_election.cc:290] T 310eda9135fc4d788d931d6d2030f55e P 00b8543326b948679fef8f7948ab6226 [CANDIDATE]: Term 5 election: Requested vote from peers 9bc10a304dcd44999589df51075c6835 (127.1.80.2:40567), e53cd52a2ae94948937ae7077d22fcec (127.1.80.3:39915)
I20260709 12:22:19.817189  1833 raft_consensus.cc:697] T 310eda9135fc4d788d931d6d2030f55e P 00b8543326b948679fef8f7948ab6226 [term 5 LEADER]: Becoming Leader. State: Replica: 00b8543326b948679fef8f7948ab6226, State: Running, Role: LEADER
I20260709 12:22:19.818181  1833 consensus_queue.cc:237] T 310eda9135fc4d788d931d6d2030f55e P 00b8543326b948679fef8f7948ab6226 [LEADER]: Queue going to LEADER mode. State: All replicated index: 0, Majority replicated index: 4, Committed index: 4, Last appended: 4.4, Last appended by leader: 4, Current term: 5, Majority size: 2, State: 0, Mode: LEADER, active raft config: opid_index: -1 OBSOLETE_local: false peers { permanent_uuid: "00b8543326b948679fef8f7948ab6226" member_type: VOTER last_known_addr { host: "127.1.80.1" port: 35805 } } peers { permanent_uuid: "9bc10a304dcd44999589df51075c6835" member_type: VOTER last_known_addr { host: "127.1.80.2" port: 40567 } } peers { permanent_uuid: "e53cd52a2ae94948937ae7077d22fcec" member_type: VOTER last_known_addr { host: "127.1.80.3" port: 39915 } }
I20260709 12:22:19.818831  1376 catalog_manager.cc:5697] T eca63bd96b7f4cb98e0e9cc44e8c3f48 P 00b8543326b948679fef8f7948ab6226 reported cstate change: term changed from 4 to 5, leader changed from 9bc10a304dcd44999589df51075c6835 (127.1.80.2) to 00b8543326b948679fef8f7948ab6226 (127.1.80.1). New cstate: current_term: 5 leader_uuid: "00b8543326b948679fef8f7948ab6226" committed_config { opid_index: -1 OBSOLETE_local: false peers { permanent_uuid: "00b8543326b948679fef8f7948ab6226" member_type: VOTER last_known_addr { host: "127.1.80.1" port: 35805 } health_report { overall_health: HEALTHY } } peers { permanent_uuid: "9bc10a304dcd44999589df51075c6835" member_type: VOTER last_known_addr { host: "127.1.80.2" port: 40567 } health_report { overall_health: UNKNOWN } } peers { permanent_uuid: "e53cd52a2ae94948937ae7077d22fcec" member_type: VOTER last_known_addr { host: "127.1.80.3" port: 39915 } health_report { overall_health: UNKNOWN } } }
I20260709 12:22:19.831661  1376 catalog_manager.cc:5697] T 310eda9135fc4d788d931d6d2030f55e P 00b8543326b948679fef8f7948ab6226 reported cstate change: term changed from 4 to 5, leader changed from 9bc10a304dcd44999589df51075c6835 (127.1.80.2) to 00b8543326b948679fef8f7948ab6226 (127.1.80.1). New cstate: current_term: 5 leader_uuid: "00b8543326b948679fef8f7948ab6226" committed_config { opid_index: -1 OBSOLETE_local: false peers { permanent_uuid: "00b8543326b948679fef8f7948ab6226" member_type: VOTER last_known_addr { host: "127.1.80.1" port: 35805 } health_report { overall_health: HEALTHY } } peers { permanent_uuid: "9bc10a304dcd44999589df51075c6835" member_type: VOTER last_known_addr { host: "127.1.80.2" port: 40567 } health_report { overall_health: UNKNOWN } } peers { permanent_uuid: "e53cd52a2ae94948937ae7077d22fcec" member_type: VOTER last_known_addr { host: "127.1.80.3" port: 39915 } health_report { overall_health: UNKNOWN } } }
I20260709 12:22:19.963263  1554 raft_consensus.cc:1275] T 0897719bac5849cea4fb089831f15659 P 9bc10a304dcd44999589df51075c6835 [term 2 FOLLOWER]: Refusing update from remote peer e53cd52a2ae94948937ae7077d22fcec: Log matching property violated. Preceding OpId in replica: term: 1 index: 1. Preceding OpId from leader: term: 2 index: 2. (index mismatch)
I20260709 12:22:19.965164  1795 consensus_queue.cc:1048] T 0897719bac5849cea4fb089831f15659 P e53cd52a2ae94948937ae7077d22fcec [LEADER]: Connected to new peer: Peer: permanent_uuid: "9bc10a304dcd44999589df51075c6835" member_type: VOTER last_known_addr { host: "127.1.80.2" port: 40567 }, Status: LMP_MISMATCH, Last received: 0.0, Next index: 2, Last known committed idx: 1, Time since last communication: 0.000s
I20260709 12:22:19.978935  1477 raft_consensus.cc:1275] T 0897719bac5849cea4fb089831f15659 P 00b8543326b948679fef8f7948ab6226 [term 2 FOLLOWER]: Refusing update from remote peer e53cd52a2ae94948937ae7077d22fcec: Log matching property violated. Preceding OpId in replica: term: 1 index: 1. Preceding OpId from leader: term: 2 index: 2. (index mismatch)
I20260709 12:22:19.980600  1795 consensus_queue.cc:1048] T 0897719bac5849cea4fb089831f15659 P e53cd52a2ae94948937ae7077d22fcec [LEADER]: Connected to new peer: Peer: permanent_uuid: "00b8543326b948679fef8f7948ab6226" member_type: VOTER last_known_addr { host: "127.1.80.1" port: 35805 }, Status: LMP_MISMATCH, Last received: 0.0, Next index: 2, Last known committed idx: 1, Time since last communication: 0.000s
I20260709 12:22:20.109675  1554 raft_consensus.cc:1275] T 48c5752dd3a945ea802c6bc55c9d7d04 P 9bc10a304dcd44999589df51075c6835 [term 4 FOLLOWER]: Refusing update from remote peer 00b8543326b948679fef8f7948ab6226: Log matching property violated. Preceding OpId in replica: term: 3 index: 3. Preceding OpId from leader: term: 4 index: 4. (index mismatch)
I20260709 12:22:20.111008  1833 consensus_queue.cc:1048] T 48c5752dd3a945ea802c6bc55c9d7d04 P 00b8543326b948679fef8f7948ab6226 [LEADER]: Connected to new peer: Peer: permanent_uuid: "9bc10a304dcd44999589df51075c6835" member_type: VOTER last_known_addr { host: "127.1.80.2" port: 40567 }, Status: LMP_MISMATCH, Last received: 0.0, Next index: 4, Last known committed idx: 3, Time since last communication: 0.000s
I20260709 12:22:20.121686  1628 raft_consensus.cc:1275] T 48c5752dd3a945ea802c6bc55c9d7d04 P e53cd52a2ae94948937ae7077d22fcec [term 4 FOLLOWER]: Refusing update from remote peer 00b8543326b948679fef8f7948ab6226: Log matching property violated. Preceding OpId in replica: term: 3 index: 3. Preceding OpId from leader: term: 4 index: 4. (index mismatch)
I20260709 12:22:20.123538  1837 consensus_queue.cc:1048] T 48c5752dd3a945ea802c6bc55c9d7d04 P 00b8543326b948679fef8f7948ab6226 [LEADER]: Connected to new peer: Peer: permanent_uuid: "e53cd52a2ae94948937ae7077d22fcec" member_type: VOTER last_known_addr { host: "127.1.80.3" port: 39915 }, Status: LMP_MISMATCH, Last received: 0.0, Next index: 4, Last known committed idx: 3, Time since last communication: 0.001s
I20260709 12:22:20.209601  1554 raft_consensus.cc:1275] T d104f480a6614f76967724089eb3bc58 P 9bc10a304dcd44999589df51075c6835 [term 4 FOLLOWER]: Refusing update from remote peer e53cd52a2ae94948937ae7077d22fcec: Log matching property violated. Preceding OpId in replica: term: 3 index: 3. Preceding OpId from leader: term: 4 index: 4. (index mismatch)
I20260709 12:22:20.211153  1826 consensus_queue.cc:1048] T d104f480a6614f76967724089eb3bc58 P e53cd52a2ae94948937ae7077d22fcec [LEADER]: Connected to new peer: Peer: permanent_uuid: "9bc10a304dcd44999589df51075c6835" member_type: VOTER last_known_addr { host: "127.1.80.2" port: 40567 }, Status: LMP_MISMATCH, Last received: 0.0, Next index: 4, Last known committed idx: 3, Time since last communication: 0.001s
I20260709 12:22:20.223716  1477 raft_consensus.cc:1275] T d104f480a6614f76967724089eb3bc58 P 00b8543326b948679fef8f7948ab6226 [term 4 FOLLOWER]: Refusing update from remote peer e53cd52a2ae94948937ae7077d22fcec: Log matching property violated. Preceding OpId in replica: term: 3 index: 3. Preceding OpId from leader: term: 4 index: 4. (index mismatch)
I20260709 12:22:20.225477  1826 consensus_queue.cc:1048] T d104f480a6614f76967724089eb3bc58 P e53cd52a2ae94948937ae7077d22fcec [LEADER]: Connected to new peer: Peer: permanent_uuid: "00b8543326b948679fef8f7948ab6226" member_type: VOTER last_known_addr { host: "127.1.80.1" port: 35805 }, Status: LMP_MISMATCH, Last received: 0.0, Next index: 4, Last known committed idx: 3, Time since last communication: 0.000s
I20260709 12:22:20.262188  1628 raft_consensus.cc:1275] T 310eda9135fc4d788d931d6d2030f55e P e53cd52a2ae94948937ae7077d22fcec [term 5 FOLLOWER]: Refusing update from remote peer 00b8543326b948679fef8f7948ab6226: Log matching property violated. Preceding OpId in replica: term: 4 index: 4. Preceding OpId from leader: term: 5 index: 5. (index mismatch)
I20260709 12:22:20.263391  1837 consensus_queue.cc:1048] T 310eda9135fc4d788d931d6d2030f55e P 00b8543326b948679fef8f7948ab6226 [LEADER]: Connected to new peer: Peer: permanent_uuid: "e53cd52a2ae94948937ae7077d22fcec" member_type: VOTER last_known_addr { host: "127.1.80.3" port: 39915 }, Status: LMP_MISMATCH, Last received: 0.0, Next index: 5, Last known committed idx: 4, Time since last communication: 0.000s
I20260709 12:22:20.273366  1554 raft_consensus.cc:1275] T 310eda9135fc4d788d931d6d2030f55e P 9bc10a304dcd44999589df51075c6835 [term 5 FOLLOWER]: Refusing update from remote peer 00b8543326b948679fef8f7948ab6226: Log matching property violated. Preceding OpId in replica: term: 4 index: 4. Preceding OpId from leader: term: 5 index: 5. (index mismatch)
I20260709 12:22:20.275321  1837 consensus_queue.cc:1048] T 310eda9135fc4d788d931d6d2030f55e P 00b8543326b948679fef8f7948ab6226 [LEADER]: Connected to new peer: Peer: permanent_uuid: "9bc10a304dcd44999589df51075c6835" member_type: VOTER last_known_addr { host: "127.1.80.2" port: 40567 }, Status: LMP_MISMATCH, Last received: 0.0, Next index: 5, Last known committed idx: 4, Time since last communication: 0.000s
I20260709 12:22:20.322027  1554 raft_consensus.cc:1275] T eca63bd96b7f4cb98e0e9cc44e8c3f48 P 9bc10a304dcd44999589df51075c6835 [term 5 FOLLOWER]: Refusing update from remote peer 00b8543326b948679fef8f7948ab6226: Log matching property violated. Preceding OpId in replica: term: 4 index: 4. Preceding OpId from leader: term: 5 index: 5. (index mismatch)
I20260709 12:22:20.323617  1837 consensus_queue.cc:1048] T eca63bd96b7f4cb98e0e9cc44e8c3f48 P 00b8543326b948679fef8f7948ab6226 [LEADER]: Connected to new peer: Peer: permanent_uuid: "9bc10a304dcd44999589df51075c6835" member_type: VOTER last_known_addr { host: "127.1.80.2" port: 40567 }, Status: LMP_MISMATCH, Last received: 0.0, Next index: 5, Last known committed idx: 4, Time since last communication: 0.000s
I20260709 12:22:20.333865  1628 raft_consensus.cc:1275] T eca63bd96b7f4cb98e0e9cc44e8c3f48 P e53cd52a2ae94948937ae7077d22fcec [term 5 FOLLOWER]: Refusing update from remote peer 00b8543326b948679fef8f7948ab6226: Log matching property violated. Preceding OpId in replica: term: 4 index: 4. Preceding OpId from leader: term: 5 index: 5. (index mismatch)
I20260709 12:22:20.335466  1832 consensus_queue.cc:1048] T eca63bd96b7f4cb98e0e9cc44e8c3f48 P 00b8543326b948679fef8f7948ab6226 [LEADER]: Connected to new peer: Peer: permanent_uuid: "e53cd52a2ae94948937ae7077d22fcec" member_type: VOTER last_known_addr { host: "127.1.80.3" port: 39915 }, Status: LMP_MISMATCH, Last received: 0.0, Next index: 5, Last known committed idx: 4, Time since last communication: 0.000s
I20260709 12:22:20.436942  1344 auto_leader_rebalancer.cc:141] leader rebalance for table test-workload
I20260709 12:22:20.443746  1344 auto_leader_rebalancer.cc:440] table: test-workload, leader rebalance finish, leader transfer count: 0
I20260709 12:22:20.444226  1344 auto_leader_rebalancer.cc:515] All tables' leader rebalancing finished this round
I20260709 12:22:21.445574  1344 auto_leader_rebalancer.cc:141] leader rebalance for table test-workload
I20260709 12:22:21.452836  1344 auto_leader_rebalancer.cc:440] table: test-workload, leader rebalance finish, leader transfer count: 0
I20260709 12:22:21.453429  1344 auto_leader_rebalancer.cc:515] All tables' leader rebalancing finished this round
I20260709 12:22:23.254318  1855 raft_consensus.cc:493] T 310eda9135fc4d788d931d6d2030f55e P e53cd52a2ae94948937ae7077d22fcec [term 5 FOLLOWER]: Starting pre-election (detected failure of leader 00b8543326b948679fef8f7948ab6226)
I20260709 12:22:23.254987  1855 raft_consensus.cc:515] T 310eda9135fc4d788d931d6d2030f55e P e53cd52a2ae94948937ae7077d22fcec [term 5 FOLLOWER]: Starting pre-election with config: opid_index: -1 OBSOLETE_local: false peers { permanent_uuid: "00b8543326b948679fef8f7948ab6226" member_type: VOTER last_known_addr { host: "127.1.80.1" port: 35805 } } peers { permanent_uuid: "9bc10a304dcd44999589df51075c6835" member_type: VOTER last_known_addr { host: "127.1.80.2" port: 40567 } } peers { permanent_uuid: "e53cd52a2ae94948937ae7077d22fcec" member_type: VOTER last_known_addr { host: "127.1.80.3" port: 39915 } }
I20260709 12:22:23.257121  1855 leader_election.cc:290] T 310eda9135fc4d788d931d6d2030f55e P e53cd52a2ae94948937ae7077d22fcec [CANDIDATE]: Term 6 pre-election: Requested pre-vote from peers 00b8543326b948679fef8f7948ab6226 (127.1.80.1:35805), 9bc10a304dcd44999589df51075c6835 (127.1.80.2:40567)
W20260709 12:22:23.257787  1500 debug-util.cc:398] Leaking SignalData structure 0x7b0800150b40 after lost signal to thread 1347
W20260709 12:22:23.258649  1500 debug-util.cc:398] Leaking SignalData structure 0x7b08001b7260 after lost signal to thread 1410
I20260709 12:22:23.337656  1344 auto_leader_rebalancer.cc:141] leader rebalance for table test-workload
I20260709 12:22:23.346637  1344 auto_leader_rebalancer.cc:440] table: test-workload, leader rebalance finish, leader transfer count: 0
I20260709 12:22:23.347357  1344 auto_leader_rebalancer.cc:515] All tables' leader rebalancing finished this round
W20260709 12:22:23.788929  1500 debug-util.cc:398] Leaking SignalData structure 0x7b08000e5400 after lost signal to thread 1503
I20260709 12:22:23.816111  1858 raft_consensus.cc:493] T 310eda9135fc4d788d931d6d2030f55e P 9bc10a304dcd44999589df51075c6835 [term 5 FOLLOWER]: Starting pre-election (detected failure of leader 00b8543326b948679fef8f7948ab6226)
I20260709 12:22:23.816859  1858 raft_consensus.cc:515] T 310eda9135fc4d788d931d6d2030f55e P 9bc10a304dcd44999589df51075c6835 [term 5 FOLLOWER]: Starting pre-election with config: opid_index: -1 OBSOLETE_local: false peers { permanent_uuid: "00b8543326b948679fef8f7948ab6226" member_type: VOTER last_known_addr { host: "127.1.80.1" port: 35805 } } peers { permanent_uuid: "9bc10a304dcd44999589df51075c6835" member_type: VOTER last_known_addr { host: "127.1.80.2" port: 40567 } } peers { permanent_uuid: "e53cd52a2ae94948937ae7077d22fcec" member_type: VOTER last_known_addr { host: "127.1.80.3" port: 39915 } }
I20260709 12:22:23.819948  1858 leader_election.cc:290] T 310eda9135fc4d788d931d6d2030f55e P 9bc10a304dcd44999589df51075c6835 [CANDIDATE]: Term 6 pre-election: Requested pre-vote from peers 00b8543326b948679fef8f7948ab6226 (127.1.80.1:35805), e53cd52a2ae94948937ae7077d22fcec (127.1.80.3:39915)
I20260709 12:22:23.820663  1858 raft_consensus.cc:493] T f03f9c144bfd413781ec2aefedded96c P 9bc10a304dcd44999589df51075c6835 [term 1 FOLLOWER]: Starting pre-election (detected failure of leader e53cd52a2ae94948937ae7077d22fcec)
I20260709 12:22:23.821237  1858 raft_consensus.cc:515] T f03f9c144bfd413781ec2aefedded96c P 9bc10a304dcd44999589df51075c6835 [term 1 FOLLOWER]: Starting pre-election with config: opid_index: -1 OBSOLETE_local: false peers { permanent_uuid: "00b8543326b948679fef8f7948ab6226" member_type: VOTER last_known_addr { host: "127.1.80.1" port: 35805 } } peers { permanent_uuid: "9bc10a304dcd44999589df51075c6835" member_type: VOTER last_known_addr { host: "127.1.80.2" port: 40567 } } peers { permanent_uuid: "e53cd52a2ae94948937ae7077d22fcec" member_type: VOTER last_known_addr { host: "127.1.80.3" port: 39915 } }
I20260709 12:22:23.823383  1860 raft_consensus.cc:493] T 0897719bac5849cea4fb089831f15659 P 9bc10a304dcd44999589df51075c6835 [term 2 FOLLOWER]: Starting pre-election (detected failure of leader e53cd52a2ae94948937ae7077d22fcec)
I20260709 12:22:23.820098  1859 raft_consensus.cc:493] T 48c5752dd3a945ea802c6bc55c9d7d04 P 9bc10a304dcd44999589df51075c6835 [term 4 FOLLOWER]: Starting pre-election (detected failure of leader 00b8543326b948679fef8f7948ab6226)
I20260709 12:22:23.823918  1860 raft_consensus.cc:515] T 0897719bac5849cea4fb089831f15659 P 9bc10a304dcd44999589df51075c6835 [term 2 FOLLOWER]: Starting pre-election with config: opid_index: -1 OBSOLETE_local: false peers { permanent_uuid: "00b8543326b948679fef8f7948ab6226" member_type: VOTER last_known_addr { host: "127.1.80.1" port: 35805 } } peers { permanent_uuid: "9bc10a304dcd44999589df51075c6835" member_type: VOTER last_known_addr { host: "127.1.80.2" port: 40567 } } peers { permanent_uuid: "e53cd52a2ae94948937ae7077d22fcec" member_type: VOTER last_known_addr { host: "127.1.80.3" port: 39915 } }
I20260709 12:22:23.824297  1552 tablet_service.cc:1917] Received RequestConsensusVote() RPC: tablet_id: "310eda9135fc4d788d931d6d2030f55e" candidate_uuid: "e53cd52a2ae94948937ae7077d22fcec" candidate_term: 6 candidate_status { last_received { term: 5 index: 5 } } ignore_live_leader: false dest_uuid: "9bc10a304dcd44999589df51075c6835" is_pre_election: true
I20260709 12:22:23.824345  1859 raft_consensus.cc:515] T 48c5752dd3a945ea802c6bc55c9d7d04 P 9bc10a304dcd44999589df51075c6835 [term 4 FOLLOWER]: Starting pre-election with config: opid_index: -1 OBSOLETE_local: false peers { permanent_uuid: "00b8543326b948679fef8f7948ab6226" member_type: VOTER last_known_addr { host: "127.1.80.1" port: 35805 } } peers { permanent_uuid: "9bc10a304dcd44999589df51075c6835" member_type: VOTER last_known_addr { host: "127.1.80.2" port: 40567 } } peers { permanent_uuid: "e53cd52a2ae94948937ae7077d22fcec" member_type: VOTER last_known_addr { host: "127.1.80.3" port: 39915 } }
I20260709 12:22:23.825278  1552 raft_consensus.cc:2468] T 310eda9135fc4d788d931d6d2030f55e P 9bc10a304dcd44999589df51075c6835 [term 5 FOLLOWER]: Leader pre-election vote request: Granting yes vote for candidate e53cd52a2ae94948937ae7077d22fcec in term 5.
I20260709 12:22:23.826581  1859 leader_election.cc:290] T 48c5752dd3a945ea802c6bc55c9d7d04 P 9bc10a304dcd44999589df51075c6835 [CANDIDATE]: Term 5 pre-election: Requested pre-vote from peers 00b8543326b948679fef8f7948ab6226 (127.1.80.1:35805), e53cd52a2ae94948937ae7077d22fcec (127.1.80.3:39915)
I20260709 12:22:23.827519  1858 leader_election.cc:290] T f03f9c144bfd413781ec2aefedded96c P 9bc10a304dcd44999589df51075c6835 [CANDIDATE]: Term 2 pre-election: Requested pre-vote from peers 00b8543326b948679fef8f7948ab6226 (127.1.80.1:35805), e53cd52a2ae94948937ae7077d22fcec (127.1.80.3:39915)
I20260709 12:22:23.828222  1860 leader_election.cc:290] T 0897719bac5849cea4fb089831f15659 P 9bc10a304dcd44999589df51075c6835 [CANDIDATE]: Term 3 pre-election: Requested pre-vote from peers 00b8543326b948679fef8f7948ab6226 (127.1.80.1:35805), e53cd52a2ae94948937ae7077d22fcec (127.1.80.3:39915)
I20260709 12:22:23.829439  1859 raft_consensus.cc:493] T d104f480a6614f76967724089eb3bc58 P 9bc10a304dcd44999589df51075c6835 [term 4 FOLLOWER]: Starting pre-election (detected failure of leader e53cd52a2ae94948937ae7077d22fcec)
