I20260709 12:23:00.736680  2014 raft_consensus.cc:2468] T b30562615a194b61859ab46faa06d853 P 0776dbbe530e44eca1cb74b0e96b97a8 [term 1 FOLLOWER]: Leader election vote request: Granting yes vote for candidate ce0f66ef81714d89b7f00a83822f95d1 in term 1.
W20260709 12:23:00.736889  1906 leader_election.cc:343] T 0351d1dcd2ed42b9bd6ffed65e456f0e P ce0f66ef81714d89b7f00a83822f95d1 [CANDIDATE]: Term 1 pre-election: Tablet error from VoteRequest() call to peer d3be5d39386b48a0976ff440c89a9a80 (127.0.178.65:36529): Illegal state: must be running to vote when last-logged opid is not known
I20260709 12:23:00.737360  1906 leader_election.cc:304] T 0351d1dcd2ed42b9bd6ffed65e456f0e P ce0f66ef81714d89b7f00a83822f95d1 [CANDIDATE]: Term 1 pre-election: Election decided. Result: candidate lost. Election summary: received 3 responses out of 3 voters: 1 yes votes; 2 no votes. yes voters: ce0f66ef81714d89b7f00a83822f95d1; no voters: 0776dbbe530e44eca1cb74b0e96b97a8, d3be5d39386b48a0976ff440c89a9a80
I20260709 12:23:00.738073  2122 raft_consensus.cc:2749] T 0351d1dcd2ed42b9bd6ffed65e456f0e P ce0f66ef81714d89b7f00a83822f95d1 [term 0 FOLLOWER]: Leader pre-election lost for term 1. Reason: could not achieve majority
I20260709 12:23:00.738184  1904 leader_election.cc:304] T b30562615a194b61859ab46faa06d853 P ce0f66ef81714d89b7f00a83822f95d1 [CANDIDATE]: Term 1 election: Election decided. Result: candidate won. Election summary: received 2 responses out of 3 voters: 2 yes votes; 0 no votes. yes voters: 0776dbbe530e44eca1cb74b0e96b97a8, ce0f66ef81714d89b7f00a83822f95d1; no voters: 
I20260709 12:23:00.739050  2122 consensus_queue.cc:1048] T c6101b4ce5af4bf299a21f38cbcd2a3b P ce0f66ef81714d89b7f00a83822f95d1 [LEADER]: Connected to new peer: Peer: permanent_uuid: "d3be5d39386b48a0976ff440c89a9a80" member_type: VOTER last_known_addr { host: "127.0.178.65" port: 36529 }, Status: LMP_MISMATCH, Last received: 0.0, Next index: 1, Last known committed idx: 0, Time since last communication: 0.000s
I20260709 12:23:00.740444  2122 raft_consensus.cc:2804] T b30562615a194b61859ab46faa06d853 P ce0f66ef81714d89b7f00a83822f95d1 [term 1 FOLLOWER]: Leader election won for term 1
I20260709 12:23:00.741042  2122 raft_consensus.cc:697] T b30562615a194b61859ab46faa06d853 P ce0f66ef81714d89b7f00a83822f95d1 [term 1 LEADER]: Becoming Leader. State: Replica: ce0f66ef81714d89b7f00a83822f95d1, State: Running, Role: LEADER
I20260709 12:23:00.741865  2122 consensus_queue.cc:237] T b30562615a194b61859ab46faa06d853 P ce0f66ef81714d89b7f00a83822f95d1 [LEADER]: Queue going to LEADER mode. State: All replicated index: 0, Majority replicated index: 0, Committed index: 0, Last appended: 0.0, Last appended by leader: 0, Current term: 1, Majority size: 2, State: 0, Mode: LEADER, active raft config: opid_index: -1 OBSOLETE_local: false peers { permanent_uuid: "d3be5d39386b48a0976ff440c89a9a80" member_type: VOTER last_known_addr { host: "127.0.178.65" port: 36529 } } peers { permanent_uuid: "ce0f66ef81714d89b7f00a83822f95d1" member_type: VOTER last_known_addr { host: "127.0.178.66" port: 39345 } } peers { permanent_uuid: "0776dbbe530e44eca1cb74b0e96b97a8" member_type: VOTER last_known_addr { host: "127.0.178.67" port: 35359 } }
I20260709 12:23:00.747041  2014 tablet_service.cc:1917] Received RequestConsensusVote() RPC: tablet_id: "5ca439e990814954a0d7d73f3aee96be" candidate_uuid: "d3be5d39386b48a0976ff440c89a9a80" candidate_term: 1 candidate_status { last_received { term: 0 index: 0 } } ignore_live_leader: false dest_uuid: "0776dbbe530e44eca1cb74b0e96b97a8" is_pre_election: true
I20260709 12:23:00.750727  2014 raft_consensus.cc:2393] T 5ca439e990814954a0d7d73f3aee96be P 0776dbbe530e44eca1cb74b0e96b97a8 [term 1 FOLLOWER]: Leader pre-election vote request: Denying vote to candidate d3be5d39386b48a0976ff440c89a9a80 in current term 1: Already voted for candidate ce0f66ef81714d89b7f00a83822f95d1 in this term.
I20260709 12:23:00.753744  1828 leader_election.cc:304] T 5ca439e990814954a0d7d73f3aee96be P d3be5d39386b48a0976ff440c89a9a80 [CANDIDATE]: Term 1 pre-election: Election decided. Result: candidate lost. Election summary: received 3 responses out of 3 voters: 1 yes votes; 2 no votes. yes voters: d3be5d39386b48a0976ff440c89a9a80; no voters: 0776dbbe530e44eca1cb74b0e96b97a8, ce0f66ef81714d89b7f00a83822f95d1
I20260709 12:23:00.755839  2117 raft_consensus.cc:3060] T 5ca439e990814954a0d7d73f3aee96be P d3be5d39386b48a0976ff440c89a9a80 [term 0 FOLLOWER]: Advancing to term 1
I20260709 12:23:00.677023  2068 leader_election.cc:290] T 0351d1dcd2ed42b9bd6ffed65e456f0e P ce0f66ef81714d89b7f00a83822f95d1 [CANDIDATE]: Term 1 pre-election: Requested pre-vote from peers d3be5d39386b48a0976ff440c89a9a80 (127.0.178.65:36529), 0776dbbe530e44eca1cb74b0e96b97a8 (127.0.178.67:35359)
I20260709 12:23:00.764987  2117 raft_consensus.cc:2749] T 5ca439e990814954a0d7d73f3aee96be P d3be5d39386b48a0976ff440c89a9a80 [term 1 FOLLOWER]: Leader pre-election lost for term 1. Reason: could not achieve majority
I20260709 12:23:00.747159  1860 raft_consensus.cc:2468] T b30562615a194b61859ab46faa06d853 P d3be5d39386b48a0976ff440c89a9a80 [term 1 FOLLOWER]: Leader election vote request: Granting yes vote for candidate ce0f66ef81714d89b7f00a83822f95d1 in term 1.
I20260709 12:23:00.767225  2115 leader_election.cc:290] T b30562615a194b61859ab46faa06d853 P ce0f66ef81714d89b7f00a83822f95d1 [CANDIDATE]: Term 1 election: Requested vote from peers d3be5d39386b48a0976ff440c89a9a80 (127.0.178.65:36529), 0776dbbe530e44eca1cb74b0e96b97a8 (127.0.178.67:35359)
I20260709 12:23:00.768666  2114 raft_consensus.cc:515] T 5e2172171d454609bbfb79dd0f04ce05 P ce0f66ef81714d89b7f00a83822f95d1 [term 1 FOLLOWER]: Starting leader election with config: opid_index: -1 OBSOLETE_local: false peers { permanent_uuid: "d3be5d39386b48a0976ff440c89a9a80" member_type: VOTER last_known_addr { host: "127.0.178.65" port: 36529 } } peers { permanent_uuid: "ce0f66ef81714d89b7f00a83822f95d1" member_type: VOTER last_known_addr { host: "127.0.178.66" port: 39345 } } peers { permanent_uuid: "0776dbbe530e44eca1cb74b0e96b97a8" member_type: VOTER last_known_addr { host: "127.0.178.67" port: 35359 } }
I20260709 12:23:00.771358  2114 leader_election.cc:290] T 5e2172171d454609bbfb79dd0f04ce05 P ce0f66ef81714d89b7f00a83822f95d1 [CANDIDATE]: Term 1 election: Requested vote from peers d3be5d39386b48a0976ff440c89a9a80 (127.0.178.65:36529), 0776dbbe530e44eca1cb74b0e96b97a8 (127.0.178.67:35359)
I20260709 12:23:00.773414  2014 tablet_service.cc:1917] Received RequestConsensusVote() RPC: tablet_id: "5e2172171d454609bbfb79dd0f04ce05" candidate_uuid: "ce0f66ef81714d89b7f00a83822f95d1" candidate_term: 1 candidate_status { last_received { term: 0 index: 0 } } ignore_live_leader: false dest_uuid: "0776dbbe530e44eca1cb74b0e96b97a8"
I20260709 12:23:00.774605  1760 catalog_manager.cc:5697] T b30562615a194b61859ab46faa06d853 P ce0f66ef81714d89b7f00a83822f95d1 reported cstate change: term changed from 0 to 1, leader changed from <none> to ce0f66ef81714d89b7f00a83822f95d1 (127.0.178.66). New cstate: current_term: 1 leader_uuid: "ce0f66ef81714d89b7f00a83822f95d1" committed_config { opid_index: -1 OBSOLETE_local: false peers { permanent_uuid: "d3be5d39386b48a0976ff440c89a9a80" member_type: VOTER last_known_addr { host: "127.0.178.65" port: 36529 } health_report { overall_health: UNKNOWN } } peers { permanent_uuid: "ce0f66ef81714d89b7f00a83822f95d1" member_type: VOTER last_known_addr { host: "127.0.178.66" port: 39345 } health_report { overall_health: HEALTHY } } peers { permanent_uuid: "0776dbbe530e44eca1cb74b0e96b97a8" member_type: VOTER last_known_addr { host: "127.0.178.67" port: 35359 } health_report { overall_health: UNKNOWN } } }
I20260709 12:23:00.775187  2057 tablet_bootstrap.cc:492] T a2df693c423647dea5ba76c46b06831a P ce0f66ef81714d89b7f00a83822f95d1: No bootstrap required, opened a new log
I20260709 12:23:00.775578  2055 tablet_bootstrap.cc:492] T 0351d1dcd2ed42b9bd6ffed65e456f0e P 0776dbbe530e44eca1cb74b0e96b97a8: No bootstrap required, opened a new log
I20260709 12:23:00.776005  2057 ts_tablet_manager.cc:1403] T a2df693c423647dea5ba76c46b06831a P ce0f66ef81714d89b7f00a83822f95d1: Time spent bootstrapping tablet: real 0.206s	user 0.021s	sys 0.032s
I20260709 12:23:00.775614  2014 raft_consensus.cc:3060] T 5e2172171d454609bbfb79dd0f04ce05 P 0776dbbe530e44eca1cb74b0e96b97a8 [term 0 FOLLOWER]: Advancing to term 1
I20260709 12:23:00.778216  1860 tablet_service.cc:1917] Received RequestConsensusVote() RPC: tablet_id: "5e2172171d454609bbfb79dd0f04ce05" candidate_uuid: "ce0f66ef81714d89b7f00a83822f95d1" candidate_term: 1 candidate_status { last_received { term: 0 index: 0 } } ignore_live_leader: false dest_uuid: "d3be5d39386b48a0976ff440c89a9a80"
I20260709 12:23:00.778767  1860 raft_consensus.cc:3060] T 5e2172171d454609bbfb79dd0f04ce05 P d3be5d39386b48a0976ff440c89a9a80 [term 0 FOLLOWER]: Advancing to term 1
I20260709 12:23:00.778976  2057 raft_consensus.cc:359] T a2df693c423647dea5ba76c46b06831a P ce0f66ef81714d89b7f00a83822f95d1 [term 0 FOLLOWER]: Replica starting. Triggering 0 pending ops. Active config: opid_index: -1 OBSOLETE_local: false peers { permanent_uuid: "d3be5d39386b48a0976ff440c89a9a80" member_type: VOTER last_known_addr { host: "127.0.178.65" port: 36529 } } peers { permanent_uuid: "ce0f66ef81714d89b7f00a83822f95d1" member_type: VOTER last_known_addr { host: "127.0.178.66" port: 39345 } } peers { permanent_uuid: "0776dbbe530e44eca1cb74b0e96b97a8" member_type: VOTER last_known_addr { host: "127.0.178.67" port: 35359 } }
I20260709 12:23:00.779708  2057 raft_consensus.cc:385] T a2df693c423647dea5ba76c46b06831a P ce0f66ef81714d89b7f00a83822f95d1 [term 0 FOLLOWER]: Consensus starting up: Expiring failure detector timer to make a prompt election more likely
I20260709 12:23:00.780012  2057 raft_consensus.cc:740] T a2df693c423647dea5ba76c46b06831a P ce0f66ef81714d89b7f00a83822f95d1 [term 0 FOLLOWER]: Becoming Follower/Learner. State: Replica: ce0f66ef81714d89b7f00a83822f95d1, State: Initialized, Role: FOLLOWER
I20260709 12:23:00.781270  2057 consensus_queue.cc:260] T a2df693c423647dea5ba76c46b06831a P ce0f66ef81714d89b7f00a83822f95d1 [NON_LEADER]: Queue going to NON_LEADER mode. State: All replicated index: 0, Majority replicated index: 0, Committed index: 0, Last appended: 0.0, Last appended by leader: 0, Current term: 0, Majority size: -1, State: 0, Mode: NON_LEADER, active raft config: opid_index: -1 OBSOLETE_local: false peers { permanent_uuid: "d3be5d39386b48a0976ff440c89a9a80" member_type: VOTER last_known_addr { host: "127.0.178.65" port: 36529 } } peers { permanent_uuid: "ce0f66ef81714d89b7f00a83822f95d1" member_type: VOTER last_known_addr { host: "127.0.178.66" port: 39345 } } peers { permanent_uuid: "0776dbbe530e44eca1cb74b0e96b97a8" member_type: VOTER last_known_addr { host: "127.0.178.67" port: 35359 } }
I20260709 12:23:00.783020  2014 raft_consensus.cc:2468] T 5e2172171d454609bbfb79dd0f04ce05 P 0776dbbe530e44eca1cb74b0e96b97a8 [term 1 FOLLOWER]: Leader election vote request: Granting yes vote for candidate ce0f66ef81714d89b7f00a83822f95d1 in term 1.
I20260709 12:23:00.783229  2057 ts_tablet_manager.cc:1434] T a2df693c423647dea5ba76c46b06831a P ce0f66ef81714d89b7f00a83822f95d1: Time spent starting tablet: real 0.007s	user 0.005s	sys 0.000s
I20260709 12:23:00.784255  2057 tablet_bootstrap.cc:492] T 83500ebf2faa452eb022d0481e694751 P ce0f66ef81714d89b7f00a83822f95d1: Bootstrap starting.
I20260709 12:23:00.784137  1904 leader_election.cc:304] T 5e2172171d454609bbfb79dd0f04ce05 P ce0f66ef81714d89b7f00a83822f95d1 [CANDIDATE]: Term 1 election: Election decided. Result: candidate won. Election summary: received 2 responses out of 3 voters: 2 yes votes; 0 no votes. yes voters: 0776dbbe530e44eca1cb74b0e96b97a8, ce0f66ef81714d89b7f00a83822f95d1; no voters: 
I20260709 12:23:00.784667  2056 tablet_bootstrap.cc:654] T 37376d999bea47d3877a3cebb3aee49a P d3be5d39386b48a0976ff440c89a9a80: Neither blocks nor log segments found. Creating new log.
I20260709 12:23:00.788019  1860 raft_consensus.cc:2468] T 5e2172171d454609bbfb79dd0f04ce05 P d3be5d39386b48a0976ff440c89a9a80 [term 1 FOLLOWER]: Leader election vote request: Granting yes vote for candidate ce0f66ef81714d89b7f00a83822f95d1 in term 1.
I20260709 12:23:00.776057  2055 ts_tablet_manager.cc:1403] T 0351d1dcd2ed42b9bd6ffed65e456f0e P 0776dbbe530e44eca1cb74b0e96b97a8: Time spent bootstrapping tablet: real 0.189s	user 0.058s	sys 0.104s
I20260709 12:23:00.785446  2115 raft_consensus.cc:2804] T 5e2172171d454609bbfb79dd0f04ce05 P ce0f66ef81714d89b7f00a83822f95d1 [term 1 FOLLOWER]: Leader election won for term 1
I20260709 12:23:00.791131  2115 raft_consensus.cc:697] T 5e2172171d454609bbfb79dd0f04ce05 P ce0f66ef81714d89b7f00a83822f95d1 [term 1 LEADER]: Becoming Leader. State: Replica: ce0f66ef81714d89b7f00a83822f95d1, State: Running, Role: LEADER
I20260709 12:23:00.790580  2057 tablet_bootstrap.cc:654] T 83500ebf2faa452eb022d0481e694751 P ce0f66ef81714d89b7f00a83822f95d1: Neither blocks nor log segments found. Creating new log.
I20260709 12:23:00.791918  2115 consensus_queue.cc:237] T 5e2172171d454609bbfb79dd0f04ce05 P ce0f66ef81714d89b7f00a83822f95d1 [LEADER]: Queue going to LEADER mode. State: All replicated index: 0, Majority replicated index: 0, Committed index: 0, Last appended: 0.0, Last appended by leader: 0, Current term: 1, Majority size: 2, State: 0, Mode: LEADER, active raft config: opid_index: -1 OBSOLETE_local: false peers { permanent_uuid: "d3be5d39386b48a0976ff440c89a9a80" member_type: VOTER last_known_addr { host: "127.0.178.65" port: 36529 } } peers { permanent_uuid: "ce0f66ef81714d89b7f00a83822f95d1" member_type: VOTER last_known_addr { host: "127.0.178.66" port: 39345 } } peers { permanent_uuid: "0776dbbe530e44eca1cb74b0e96b97a8" member_type: VOTER last_known_addr { host: "127.0.178.67" port: 35359 } }
I20260709 12:23:00.792512  2055 raft_consensus.cc:359] T 0351d1dcd2ed42b9bd6ffed65e456f0e P 0776dbbe530e44eca1cb74b0e96b97a8 [term 0 FOLLOWER]: Replica starting. Triggering 0 pending ops. Active config: opid_index: -1 OBSOLETE_local: false peers { permanent_uuid: "d3be5d39386b48a0976ff440c89a9a80" member_type: VOTER last_known_addr { host: "127.0.178.65" port: 36529 } } peers { permanent_uuid: "ce0f66ef81714d89b7f00a83822f95d1" member_type: VOTER last_known_addr { host: "127.0.178.66" port: 39345 } } peers { permanent_uuid: "0776dbbe530e44eca1cb74b0e96b97a8" member_type: VOTER last_known_addr { host: "127.0.178.67" port: 35359 } }
I20260709 12:23:00.793140  2055 raft_consensus.cc:385] T 0351d1dcd2ed42b9bd6ffed65e456f0e P 0776dbbe530e44eca1cb74b0e96b97a8 [term 0 FOLLOWER]: Consensus starting up: Expiring failure detector timer to make a prompt election more likely
I20260709 12:23:00.793406  2055 raft_consensus.cc:740] T 0351d1dcd2ed42b9bd6ffed65e456f0e P 0776dbbe530e44eca1cb74b0e96b97a8 [term 0 FOLLOWER]: Becoming Follower/Learner. State: Replica: 0776dbbe530e44eca1cb74b0e96b97a8, State: Initialized, Role: FOLLOWER
I20260709 12:23:00.794179  2055 consensus_queue.cc:260] T 0351d1dcd2ed42b9bd6ffed65e456f0e P 0776dbbe530e44eca1cb74b0e96b97a8 [NON_LEADER]: Queue going to NON_LEADER mode. State: All replicated index: 0, Majority replicated index: 0, Committed index: 0, Last appended: 0.0, Last appended by leader: 0, Current term: 0, Majority size: -1, State: 0, Mode: NON_LEADER, active raft config: opid_index: -1 OBSOLETE_local: false peers { permanent_uuid: "d3be5d39386b48a0976ff440c89a9a80" member_type: VOTER last_known_addr { host: "127.0.178.65" port: 36529 } } peers { permanent_uuid: "ce0f66ef81714d89b7f00a83822f95d1" member_type: VOTER last_known_addr { host: "127.0.178.66" port: 39345 } } peers { permanent_uuid: "0776dbbe530e44eca1cb74b0e96b97a8" member_type: VOTER last_known_addr { host: "127.0.178.67" port: 35359 } }
I20260709 12:23:00.803920  2055 ts_tablet_manager.cc:1434] T 0351d1dcd2ed42b9bd6ffed65e456f0e P 0776dbbe530e44eca1cb74b0e96b97a8: Time spent starting tablet: real 0.014s	user 0.006s	sys 0.000s
I20260709 12:23:00.805073  2055 tablet_bootstrap.cc:492] T a59ea79334ab49caa2b5626462361886 P 0776dbbe530e44eca1cb74b0e96b97a8: Bootstrap starting.
I20260709 12:23:00.825639  2055 tablet_bootstrap.cc:654] T a59ea79334ab49caa2b5626462361886 P 0776dbbe530e44eca1cb74b0e96b97a8: Neither blocks nor log segments found. Creating new log.
I20260709 12:23:00.828786  2057 tablet_bootstrap.cc:492] T 83500ebf2faa452eb022d0481e694751 P ce0f66ef81714d89b7f00a83822f95d1: No bootstrap required, opened a new log
I20260709 12:23:00.829341  2057 ts_tablet_manager.cc:1403] T 83500ebf2faa452eb022d0481e694751 P ce0f66ef81714d89b7f00a83822f95d1: Time spent bootstrapping tablet: real 0.045s	user 0.021s	sys 0.018s
I20260709 12:23:00.829900  2056 tablet_bootstrap.cc:492] T 37376d999bea47d3877a3cebb3aee49a P d3be5d39386b48a0976ff440c89a9a80: No bootstrap required, opened a new log
I20260709 12:23:00.830327  2056 ts_tablet_manager.cc:1403] T 37376d999bea47d3877a3cebb3aee49a P d3be5d39386b48a0976ff440c89a9a80: Time spent bootstrapping tablet: real 0.173s	user 0.028s	sys 0.008s
I20260709 12:23:00.832540  2057 raft_consensus.cc:359] T 83500ebf2faa452eb022d0481e694751 P ce0f66ef81714d89b7f00a83822f95d1 [term 0 FOLLOWER]: Replica starting. Triggering 0 pending ops. Active config: opid_index: -1 OBSOLETE_local: false peers { permanent_uuid: "d3be5d39386b48a0976ff440c89a9a80" member_type: VOTER last_known_addr { host: "127.0.178.65" port: 36529 } } peers { permanent_uuid: "ce0f66ef81714d89b7f00a83822f95d1" member_type: VOTER last_known_addr { host: "127.0.178.66" port: 39345 } } peers { permanent_uuid: "0776dbbe530e44eca1cb74b0e96b97a8" member_type: VOTER last_known_addr { host: "127.0.178.67" port: 35359 } }
I20260709 12:23:00.833010  2056 raft_consensus.cc:359] T 37376d999bea47d3877a3cebb3aee49a P d3be5d39386b48a0976ff440c89a9a80 [term 0 FOLLOWER]: Replica starting. Triggering 0 pending ops. Active config: opid_index: -1 OBSOLETE_local: false peers { permanent_uuid: "d3be5d39386b48a0976ff440c89a9a80" member_type: VOTER last_known_addr { host: "127.0.178.65" port: 36529 } } peers { permanent_uuid: "ce0f66ef81714d89b7f00a83822f95d1" member_type: VOTER last_known_addr { host: "127.0.178.66" port: 39345 } } peers { permanent_uuid: "0776dbbe530e44eca1cb74b0e96b97a8" member_type: VOTER last_known_addr { host: "127.0.178.67" port: 35359 } }
I20260709 12:23:00.833536  2057 raft_consensus.cc:385] T 83500ebf2faa452eb022d0481e694751 P ce0f66ef81714d89b7f00a83822f95d1 [term 0 FOLLOWER]: Consensus starting up: Expiring failure detector timer to make a prompt election more likely
I20260709 12:23:00.833658  2056 raft_consensus.cc:385] T 37376d999bea47d3877a3cebb3aee49a P d3be5d39386b48a0976ff440c89a9a80 [term 0 FOLLOWER]: Consensus starting up: Expiring failure detector timer to make a prompt election more likely
I20260709 12:23:00.834141  2057 raft_consensus.cc:740] T 83500ebf2faa452eb022d0481e694751 P ce0f66ef81714d89b7f00a83822f95d1 [term 0 FOLLOWER]: Becoming Follower/Learner. State: Replica: ce0f66ef81714d89b7f00a83822f95d1, State: Initialized, Role: FOLLOWER
I20260709 12:23:00.834187  2056 raft_consensus.cc:740] T 37376d999bea47d3877a3cebb3aee49a P d3be5d39386b48a0976ff440c89a9a80 [term 0 FOLLOWER]: Becoming Follower/Learner. State: Replica: d3be5d39386b48a0976ff440c89a9a80, State: Initialized, Role: FOLLOWER
I20260709 12:23:00.835115  2057 consensus_queue.cc:260] T 83500ebf2faa452eb022d0481e694751 P ce0f66ef81714d89b7f00a83822f95d1 [NON_LEADER]: Queue going to NON_LEADER mode. State: All replicated index: 0, Majority replicated index: 0, Committed index: 0, Last appended: 0.0, Last appended by leader: 0, Current term: 0, Majority size: -1, State: 0, Mode: NON_LEADER, active raft config: opid_index: -1 OBSOLETE_local: false peers { permanent_uuid: "d3be5d39386b48a0976ff440c89a9a80" member_type: VOTER last_known_addr { host: "127.0.178.65" port: 36529 } } peers { permanent_uuid: "ce0f66ef81714d89b7f00a83822f95d1" member_type: VOTER last_known_addr { host: "127.0.178.66" port: 39345 } } peers { permanent_uuid: "0776dbbe530e44eca1cb74b0e96b97a8" member_type: VOTER last_known_addr { host: "127.0.178.67" port: 35359 } }
I20260709 12:23:00.835600  2056 consensus_queue.cc:260] T 37376d999bea47d3877a3cebb3aee49a P d3be5d39386b48a0976ff440c89a9a80 [NON_LEADER]: Queue going to NON_LEADER mode. State: All replicated index: 0, Majority replicated index: 0, Committed index: 0, Last appended: 0.0, Last appended by leader: 0, Current term: 0, Majority size: -1, State: 0, Mode: NON_LEADER, active raft config: opid_index: -1 OBSOLETE_local: false peers { permanent_uuid: "d3be5d39386b48a0976ff440c89a9a80" member_type: VOTER last_known_addr { host: "127.0.178.65" port: 36529 } } peers { permanent_uuid: "ce0f66ef81714d89b7f00a83822f95d1" member_type: VOTER last_known_addr { host: "127.0.178.66" port: 39345 } } peers { permanent_uuid: "0776dbbe530e44eca1cb74b0e96b97a8" member_type: VOTER last_known_addr { host: "127.0.178.67" port: 35359 } }
I20260709 12:23:00.837447  2057 ts_tablet_manager.cc:1434] T 83500ebf2faa452eb022d0481e694751 P ce0f66ef81714d89b7f00a83822f95d1: Time spent starting tablet: real 0.008s	user 0.004s	sys 0.002s
I20260709 12:23:00.837832  2056 ts_tablet_manager.cc:1434] T 37376d999bea47d3877a3cebb3aee49a P d3be5d39386b48a0976ff440c89a9a80: Time spent starting tablet: real 0.007s	user 0.008s	sys 0.000s
I20260709 12:23:00.838752  2057 tablet_bootstrap.cc:492] T 37376d999bea47d3877a3cebb3aee49a P ce0f66ef81714d89b7f00a83822f95d1: Bootstrap starting.
I20260709 12:23:00.839088  2055 tablet_bootstrap.cc:492] T a59ea79334ab49caa2b5626462361886 P 0776dbbe530e44eca1cb74b0e96b97a8: No bootstrap required, opened a new log
I20260709 12:23:00.839490  2055 ts_tablet_manager.cc:1403] T a59ea79334ab49caa2b5626462361886 P 0776dbbe530e44eca1cb74b0e96b97a8: Time spent bootstrapping tablet: real 0.035s	user 0.013s	sys 0.001s
I20260709 12:23:00.840461  2056 tablet_bootstrap.cc:492] T 0351d1dcd2ed42b9bd6ffed65e456f0e P d3be5d39386b48a0976ff440c89a9a80: Bootstrap starting.
I20260709 12:23:00.841692  2114 consensus_queue.cc:1048] T 5ca439e990814954a0d7d73f3aee96be P ce0f66ef81714d89b7f00a83822f95d1 [LEADER]: Connected to new peer: Peer: permanent_uuid: "d3be5d39386b48a0976ff440c89a9a80" member_type: VOTER last_known_addr { host: "127.0.178.65" port: 36529 }, Status: LMP_MISMATCH, Last received: 0.0, Next index: 1, Last known committed idx: 0, Time since last communication: 0.000s
I20260709 12:23:00.842295  2055 raft_consensus.cc:359] T a59ea79334ab49caa2b5626462361886 P 0776dbbe530e44eca1cb74b0e96b97a8 [term 0 FOLLOWER]: Replica starting. Triggering 0 pending ops. Active config: opid_index: -1 OBSOLETE_local: false peers { permanent_uuid: "d3be5d39386b48a0976ff440c89a9a80" member_type: VOTER last_known_addr { host: "127.0.178.65" port: 36529 } } peers { permanent_uuid: "ce0f66ef81714d89b7f00a83822f95d1" member_type: VOTER last_known_addr { host: "127.0.178.66" port: 39345 } } peers { permanent_uuid: "0776dbbe530e44eca1cb74b0e96b97a8" member_type: VOTER last_known_addr { host: "127.0.178.67" port: 35359 } }
I20260709 12:23:00.843034  2055 raft_consensus.cc:385] T a59ea79334ab49caa2b5626462361886 P 0776dbbe530e44eca1cb74b0e96b97a8 [term 0 FOLLOWER]: Consensus starting up: Expiring failure detector timer to make a prompt election more likely
I20260709 12:23:00.843313  2055 raft_consensus.cc:740] T a59ea79334ab49caa2b5626462361886 P 0776dbbe530e44eca1cb74b0e96b97a8 [term 0 FOLLOWER]: Becoming Follower/Learner. State: Replica: 0776dbbe530e44eca1cb74b0e96b97a8, State: Initialized, Role: FOLLOWER
I20260709 12:23:00.843999  2055 consensus_queue.cc:260] T a59ea79334ab49caa2b5626462361886 P 0776dbbe530e44eca1cb74b0e96b97a8 [NON_LEADER]: Queue going to NON_LEADER mode. State: All replicated index: 0, Majority replicated index: 0, Committed index: 0, Last appended: 0.0, Last appended by leader: 0, Current term: 0, Majority size: -1, State: 0, Mode: NON_LEADER, active raft config: opid_index: -1 OBSOLETE_local: false peers { permanent_uuid: "d3be5d39386b48a0976ff440c89a9a80" member_type: VOTER last_known_addr { host: "127.0.178.65" port: 36529 } } peers { permanent_uuid: "ce0f66ef81714d89b7f00a83822f95d1" member_type: VOTER last_known_addr { host: "127.0.178.66" port: 39345 } } peers { permanent_uuid: "0776dbbe530e44eca1cb74b0e96b97a8" member_type: VOTER last_known_addr { host: "127.0.178.67" port: 35359 } }
I20260709 12:23:00.845772  2057 tablet_bootstrap.cc:654] T 37376d999bea47d3877a3cebb3aee49a P ce0f66ef81714d89b7f00a83822f95d1: Neither blocks nor log segments found. Creating new log.
I20260709 12:23:00.846290  2055 ts_tablet_manager.cc:1434] T a59ea79334ab49caa2b5626462361886 P 0776dbbe530e44eca1cb74b0e96b97a8: Time spent starting tablet: real 0.007s	user 0.007s	sys 0.000s
I20260709 12:23:00.848922  2056 tablet_bootstrap.cc:654] T 0351d1dcd2ed42b9bd6ffed65e456f0e P d3be5d39386b48a0976ff440c89a9a80: Neither blocks nor log segments found. Creating new log.
I20260709 12:23:00.839824  1759 catalog_manager.cc:5697] T 5e2172171d454609bbfb79dd0f04ce05 P ce0f66ef81714d89b7f00a83822f95d1 reported cstate change: term changed from 0 to 1, leader changed from <none> to ce0f66ef81714d89b7f00a83822f95d1 (127.0.178.66). New cstate: current_term: 1 leader_uuid: "ce0f66ef81714d89b7f00a83822f95d1" committed_config { opid_index: -1 OBSOLETE_local: false peers { permanent_uuid: "d3be5d39386b48a0976ff440c89a9a80" member_type: VOTER last_known_addr { host: "127.0.178.65" port: 36529 } health_report { overall_health: UNKNOWN } } peers { permanent_uuid: "ce0f66ef81714d89b7f00a83822f95d1" member_type: VOTER last_known_addr { host: "127.0.178.66" port: 39345 } health_report { overall_health: HEALTHY } } peers { permanent_uuid: "0776dbbe530e44eca1cb74b0e96b97a8" member_type: VOTER last_known_addr { host: "127.0.178.67" port: 35359 } health_report { overall_health: UNKNOWN } } }
I20260709 12:23:00.853286  2055 tablet_bootstrap.cc:492] T f023f2019c094510af922cd59b159dd9 P 0776dbbe530e44eca1cb74b0e96b97a8: Bootstrap starting.
I20260709 12:23:00.860143  2055 tablet_bootstrap.cc:654] T f023f2019c094510af922cd59b159dd9 P 0776dbbe530e44eca1cb74b0e96b97a8: Neither blocks nor log segments found. Creating new log.
I20260709 12:23:00.874394  2057 tablet_bootstrap.cc:492] T 37376d999bea47d3877a3cebb3aee49a P ce0f66ef81714d89b7f00a83822f95d1: No bootstrap required, opened a new log
I20260709 12:23:00.875450  2057 ts_tablet_manager.cc:1403] T 37376d999bea47d3877a3cebb3aee49a P ce0f66ef81714d89b7f00a83822f95d1: Time spent bootstrapping tablet: real 0.037s	user 0.013s	sys 0.004s
I20260709 12:23:00.876107  2068 consensus_queue.cc:1048] T 5ca439e990814954a0d7d73f3aee96be P ce0f66ef81714d89b7f00a83822f95d1 [LEADER]: Connected to new peer: Peer: permanent_uuid: "0776dbbe530e44eca1cb74b0e96b97a8" member_type: VOTER last_known_addr { host: "127.0.178.67" port: 35359 }, Status: LMP_MISMATCH, Last received: 0.0, Next index: 1, Last known committed idx: 0, Time since last communication: 0.000s
I20260709 12:23:00.876659  2055 tablet_bootstrap.cc:492] T f023f2019c094510af922cd59b159dd9 P 0776dbbe530e44eca1cb74b0e96b97a8: No bootstrap required, opened a new log
I20260709 12:23:00.877106  2055 ts_tablet_manager.cc:1403] T f023f2019c094510af922cd59b159dd9 P 0776dbbe530e44eca1cb74b0e96b97a8: Time spent bootstrapping tablet: real 0.024s	user 0.011s	sys 0.005s
I20260709 12:23:00.878420  2057 raft_consensus.cc:359] T 37376d999bea47d3877a3cebb3aee49a P ce0f66ef81714d89b7f00a83822f95d1 [term 0 FOLLOWER]: Replica starting. Triggering 0 pending ops. Active config: opid_index: -1 OBSOLETE_local: false peers { permanent_uuid: "d3be5d39386b48a0976ff440c89a9a80" member_type: VOTER last_known_addr { host: "127.0.178.65" port: 36529 } } peers { permanent_uuid: "ce0f66ef81714d89b7f00a83822f95d1" member_type: VOTER last_known_addr { host: "127.0.178.66" port: 39345 } } peers { permanent_uuid: "0776dbbe530e44eca1cb74b0e96b97a8" member_type: VOTER last_known_addr { host: "127.0.178.67" port: 35359 } }
I20260709 12:23:00.879083  2057 raft_consensus.cc:385] T 37376d999bea47d3877a3cebb3aee49a P ce0f66ef81714d89b7f00a83822f95d1 [term 0 FOLLOWER]: Consensus starting up: Expiring failure detector timer to make a prompt election more likely
I20260709 12:23:00.879398  2057 raft_consensus.cc:740] T 37376d999bea47d3877a3cebb3aee49a P ce0f66ef81714d89b7f00a83822f95d1 [term 0 FOLLOWER]: Becoming Follower/Learner. State: Replica: ce0f66ef81714d89b7f00a83822f95d1, State: Initialized, Role: FOLLOWER
I20260709 12:23:00.880159  2057 consensus_queue.cc:260] T 37376d999bea47d3877a3cebb3aee49a P ce0f66ef81714d89b7f00a83822f95d1 [NON_LEADER]: Queue going to NON_LEADER mode. State: All replicated index: 0, Majority replicated index: 0, Committed index: 0, Last appended: 0.0, Last appended by leader: 0, Current term: 0, Majority size: -1, State: 0, Mode: NON_LEADER, active raft config: opid_index: -1 OBSOLETE_local: false peers { permanent_uuid: "d3be5d39386b48a0976ff440c89a9a80" member_type: VOTER last_known_addr { host: "127.0.178.65" port: 36529 } } peers { permanent_uuid: "ce0f66ef81714d89b7f00a83822f95d1" member_type: VOTER last_known_addr { host: "127.0.178.66" port: 39345 } } peers { permanent_uuid: "0776dbbe530e44eca1cb74b0e96b97a8" member_type: VOTER last_known_addr { host: "127.0.178.67" port: 35359 } }
I20260709 12:23:00.880174  2055 raft_consensus.cc:359] T f023f2019c094510af922cd59b159dd9 P 0776dbbe530e44eca1cb74b0e96b97a8 [term 0 FOLLOWER]: Replica starting. Triggering 0 pending ops. Active config: opid_index: -1 OBSOLETE_local: false peers { permanent_uuid: "d3be5d39386b48a0976ff440c89a9a80" member_type: VOTER last_known_addr { host: "127.0.178.65" port: 36529 } } peers { permanent_uuid: "ce0f66ef81714d89b7f00a83822f95d1" member_type: VOTER last_known_addr { host: "127.0.178.66" port: 39345 } } peers { permanent_uuid: "0776dbbe530e44eca1cb74b0e96b97a8" member_type: VOTER last_known_addr { host: "127.0.178.67" port: 35359 } }
I20260709 12:23:00.881508  2055 raft_consensus.cc:385] T f023f2019c094510af922cd59b159dd9 P 0776dbbe530e44eca1cb74b0e96b97a8 [term 0 FOLLOWER]: Consensus starting up: Expiring failure detector timer to make a prompt election more likely
I20260709 12:23:00.881810  2055 raft_consensus.cc:740] T f023f2019c094510af922cd59b159dd9 P 0776dbbe530e44eca1cb74b0e96b97a8 [term 0 FOLLOWER]: Becoming Follower/Learner. State: Replica: 0776dbbe530e44eca1cb74b0e96b97a8, State: Initialized, Role: FOLLOWER
I20260709 12:23:00.882836  2057 ts_tablet_manager.cc:1434] T 37376d999bea47d3877a3cebb3aee49a P ce0f66ef81714d89b7f00a83822f95d1: Time spent starting tablet: real 0.007s	user 0.003s	sys 0.003s
I20260709 12:23:00.882494  2055 consensus_queue.cc:260] T f023f2019c094510af922cd59b159dd9 P 0776dbbe530e44eca1cb74b0e96b97a8 [NON_LEADER]: Queue going to NON_LEADER mode. State: All replicated index: 0, Majority replicated index: 0, Committed index: 0, Last appended: 0.0, Last appended by leader: 0, Current term: 0, Majority size: -1, State: 0, Mode: NON_LEADER, active raft config: opid_index: -1 OBSOLETE_local: false peers { permanent_uuid: "d3be5d39386b48a0976ff440c89a9a80" member_type: VOTER last_known_addr { host: "127.0.178.65" port: 36529 } } peers { permanent_uuid: "ce0f66ef81714d89b7f00a83822f95d1" member_type: VOTER last_known_addr { host: "127.0.178.66" port: 39345 } } peers { permanent_uuid: "0776dbbe530e44eca1cb74b0e96b97a8" member_type: VOTER last_known_addr { host: "127.0.178.67" port: 35359 } }
I20260709 12:23:00.883817  2057 tablet_bootstrap.cc:492] T f023f2019c094510af922cd59b159dd9 P ce0f66ef81714d89b7f00a83822f95d1: Bootstrap starting.
I20260709 12:23:00.885040  2055 ts_tablet_manager.cc:1434] T f023f2019c094510af922cd59b159dd9 P 0776dbbe530e44eca1cb74b0e96b97a8: Time spent starting tablet: real 0.008s	user 0.005s	sys 0.002s
I20260709 12:23:00.887090  2056 tablet_bootstrap.cc:492] T 0351d1dcd2ed42b9bd6ffed65e456f0e P d3be5d39386b48a0976ff440c89a9a80: No bootstrap required, opened a new log
I20260709 12:23:00.887522  2056 ts_tablet_manager.cc:1403] T 0351d1dcd2ed42b9bd6ffed65e456f0e P d3be5d39386b48a0976ff440c89a9a80: Time spent bootstrapping tablet: real 0.047s	user 0.012s	sys 0.002s
I20260709 12:23:00.889792  2055 tablet_bootstrap.cc:492] T b4c11becf7ce4f41a72f5030b4aad159 P 0776dbbe530e44eca1cb74b0e96b97a8: Bootstrap starting.
I20260709 12:23:00.892565  2057 tablet_bootstrap.cc:654] T f023f2019c094510af922cd59b159dd9 P ce0f66ef81714d89b7f00a83822f95d1: Neither blocks nor log segments found. Creating new log.
I20260709 12:23:00.895803  2055 tablet_bootstrap.cc:654] T b4c11becf7ce4f41a72f5030b4aad159 P 0776dbbe530e44eca1cb74b0e96b97a8: Neither blocks nor log segments found. Creating new log.
I20260709 12:23:00.895594  2056 raft_consensus.cc:359] T 0351d1dcd2ed42b9bd6ffed65e456f0e P d3be5d39386b48a0976ff440c89a9a80 [term 0 FOLLOWER]: Replica starting. Triggering 0 pending ops. Active config: opid_index: -1 OBSOLETE_local: false peers { permanent_uuid: "d3be5d39386b48a0976ff440c89a9a80" member_type: VOTER last_known_addr { host: "127.0.178.65" port: 36529 } } peers { permanent_uuid: "ce0f66ef81714d89b7f00a83822f95d1" member_type: VOTER last_known_addr { host: "127.0.178.66" port: 39345 } } peers { permanent_uuid: "0776dbbe530e44eca1cb74b0e96b97a8" member_type: VOTER last_known_addr { host: "127.0.178.67" port: 35359 } }
I20260709 12:23:00.896303  2056 raft_consensus.cc:385] T 0351d1dcd2ed42b9bd6ffed65e456f0e P d3be5d39386b48a0976ff440c89a9a80 [term 0 FOLLOWER]: Consensus starting up: Expiring failure detector timer to make a prompt election more likely
I20260709 12:23:00.897593  2056 raft_consensus.cc:740] T 0351d1dcd2ed42b9bd6ffed65e456f0e P d3be5d39386b48a0976ff440c89a9a80 [term 0 FOLLOWER]: Becoming Follower/Learner. State: Replica: d3be5d39386b48a0976ff440c89a9a80, State: Initialized, Role: FOLLOWER
I20260709 12:23:00.897770  2057 tablet_bootstrap.cc:492] T f023f2019c094510af922cd59b159dd9 P ce0f66ef81714d89b7f00a83822f95d1: No bootstrap required, opened a new log
I20260709 12:23:00.898339  2056 consensus_queue.cc:260] T 0351d1dcd2ed42b9bd6ffed65e456f0e P d3be5d39386b48a0976ff440c89a9a80 [NON_LEADER]: Queue going to NON_LEADER mode. State: All replicated index: 0, Majority replicated index: 0, Committed index: 0, Last appended: 0.0, Last appended by leader: 0, Current term: 0, Majority size: -1, State: 0, Mode: NON_LEADER, active raft config: opid_index: -1 OBSOLETE_local: false peers { permanent_uuid: "d3be5d39386b48a0976ff440c89a9a80" member_type: VOTER last_known_addr { host: "127.0.178.65" port: 36529 } } peers { permanent_uuid: "ce0f66ef81714d89b7f00a83822f95d1" member_type: VOTER last_known_addr { host: "127.0.178.66" port: 39345 } } peers { permanent_uuid: "0776dbbe530e44eca1cb74b0e96b97a8" member_type: VOTER last_known_addr { host: "127.0.178.67" port: 35359 } }
I20260709 12:23:00.898878  2057 ts_tablet_manager.cc:1403] T f023f2019c094510af922cd59b159dd9 P ce0f66ef81714d89b7f00a83822f95d1: Time spent bootstrapping tablet: real 0.015s	user 0.007s	sys 0.005s
I20260709 12:23:00.902304  2057 raft_consensus.cc:359] T f023f2019c094510af922cd59b159dd9 P ce0f66ef81714d89b7f00a83822f95d1 [term 0 FOLLOWER]: Replica starting. Triggering 0 pending ops. Active config: opid_index: -1 OBSOLETE_local: false peers { permanent_uuid: "d3be5d39386b48a0976ff440c89a9a80" member_type: VOTER last_known_addr { host: "127.0.178.65" port: 36529 } } peers { permanent_uuid: "ce0f66ef81714d89b7f00a83822f95d1" member_type: VOTER last_known_addr { host: "127.0.178.66" port: 39345 } } peers { permanent_uuid: "0776dbbe530e44eca1cb74b0e96b97a8" member_type: VOTER last_known_addr { host: "127.0.178.67" port: 35359 } }
I20260709 12:23:00.902948  2057 raft_consensus.cc:385] T f023f2019c094510af922cd59b159dd9 P ce0f66ef81714d89b7f00a83822f95d1 [term 0 FOLLOWER]: Consensus starting up: Expiring failure detector timer to make a prompt election more likely
I20260709 12:23:00.903215  2057 raft_consensus.cc:740] T f023f2019c094510af922cd59b159dd9 P ce0f66ef81714d89b7f00a83822f95d1 [term 0 FOLLOWER]: Becoming Follower/Learner. State: Replica: ce0f66ef81714d89b7f00a83822f95d1, State: Initialized, Role: FOLLOWER
I20260709 12:23:00.904279  2057 consensus_queue.cc:260] T f023f2019c094510af922cd59b159dd9 P ce0f66ef81714d89b7f00a83822f95d1 [NON_LEADER]: Queue going to NON_LEADER mode. State: All replicated index: 0, Majority replicated index: 0, Committed index: 0, Last appended: 0.0, Last appended by leader: 0, Current term: 0, Majority size: -1, State: 0, Mode: NON_LEADER, active raft config: opid_index: -1 OBSOLETE_local: false peers { permanent_uuid: "d3be5d39386b48a0976ff440c89a9a80" member_type: VOTER last_known_addr { host: "127.0.178.65" port: 36529 } } peers { permanent_uuid: "ce0f66ef81714d89b7f00a83822f95d1" member_type: VOTER last_known_addr { host: "127.0.178.66" port: 39345 } } peers { permanent_uuid: "0776dbbe530e44eca1cb74b0e96b97a8" member_type: VOTER last_known_addr { host: "127.0.178.67" port: 35359 } }
I20260709 12:23:00.906453  2057 ts_tablet_manager.cc:1434] T f023f2019c094510af922cd59b159dd9 P ce0f66ef81714d89b7f00a83822f95d1: Time spent starting tablet: real 0.007s	user 0.005s	sys 0.000s
I20260709 12:23:00.907296  2057 tablet_bootstrap.cc:492] T 319831c5bb42403e90cd1ed28d685033 P ce0f66ef81714d89b7f00a83822f95d1: Bootstrap starting.
I20260709 12:23:00.907310  2056 ts_tablet_manager.cc:1434] T 0351d1dcd2ed42b9bd6ffed65e456f0e P d3be5d39386b48a0976ff440c89a9a80: Time spent starting tablet: real 0.019s	user 0.005s	sys 0.000s
I20260709 12:23:00.908687  2056 tablet_bootstrap.cc:492] T 7b90054a6a574612b6a00a74199479fb P d3be5d39386b48a0976ff440c89a9a80: Bootstrap starting.
I20260709 12:23:00.908659  2068 raft_consensus.cc:493] T 37376d999bea47d3877a3cebb3aee49a P ce0f66ef81714d89b7f00a83822f95d1 [term 0 FOLLOWER]: Starting pre-election (no leader contacted us within the election timeout)
I20260709 12:23:00.909775  2068 raft_consensus.cc:515] T 37376d999bea47d3877a3cebb3aee49a P ce0f66ef81714d89b7f00a83822f95d1 [term 0 FOLLOWER]: Starting pre-election with config: opid_index: -1 OBSOLETE_local: false peers { permanent_uuid: "d3be5d39386b48a0976ff440c89a9a80" member_type: VOTER last_known_addr { host: "127.0.178.65" port: 36529 } } peers { permanent_uuid: "ce0f66ef81714d89b7f00a83822f95d1" member_type: VOTER last_known_addr { host: "127.0.178.66" port: 39345 } } peers { permanent_uuid: "0776dbbe530e44eca1cb74b0e96b97a8" member_type: VOTER last_known_addr { host: "127.0.178.67" port: 35359 } }
I20260709 12:23:00.914044  2057 tablet_bootstrap.cc:654] T 319831c5bb42403e90cd1ed28d685033 P ce0f66ef81714d89b7f00a83822f95d1: Neither blocks nor log segments found. Creating new log.
I20260709 12:23:00.924324  2114 raft_consensus.cc:493] T a2df693c423647dea5ba76c46b06831a P ce0f66ef81714d89b7f00a83822f95d1 [term 0 FOLLOWER]: Starting pre-election (no leader contacted us within the election timeout)
I20260709 12:23:00.924824  2114 raft_consensus.cc:515] T a2df693c423647dea5ba76c46b06831a P ce0f66ef81714d89b7f00a83822f95d1 [term 0 FOLLOWER]: Starting pre-election with config: opid_index: -1 OBSOLETE_local: false peers { permanent_uuid: "d3be5d39386b48a0976ff440c89a9a80" member_type: VOTER last_known_addr { host: "127.0.178.65" port: 36529 } } peers { permanent_uuid: "ce0f66ef81714d89b7f00a83822f95d1" member_type: VOTER last_known_addr { host: "127.0.178.66" port: 39345 } } peers { permanent_uuid: "0776dbbe530e44eca1cb74b0e96b97a8" member_type: VOTER last_known_addr { host: "127.0.178.67" port: 35359 } }
I20260709 12:23:00.926932  2114 leader_election.cc:290] T a2df693c423647dea5ba76c46b06831a P ce0f66ef81714d89b7f00a83822f95d1 [CANDIDATE]: Term 1 pre-election: Requested pre-vote from peers d3be5d39386b48a0976ff440c89a9a80 (127.0.178.65:36529), 0776dbbe530e44eca1cb74b0e96b97a8 (127.0.178.67:35359)
I20260709 12:23:00.927292  2068 leader_election.cc:290] T 37376d999bea47d3877a3cebb3aee49a P ce0f66ef81714d89b7f00a83822f95d1 [CANDIDATE]: Term 1 pre-election: Requested pre-vote from peers d3be5d39386b48a0976ff440c89a9a80 (127.0.178.65:36529), 0776dbbe530e44eca1cb74b0e96b97a8 (127.0.178.67:35359)
I20260709 12:23:00.929549  1861 tablet_service.cc:1917] Received RequestConsensusVote() RPC: tablet_id: "37376d999bea47d3877a3cebb3aee49a" candidate_uuid: "ce0f66ef81714d89b7f00a83822f95d1" candidate_term: 1 candidate_status { last_received { term: 0 index: 0 } } ignore_live_leader: false dest_uuid: "d3be5d39386b48a0976ff440c89a9a80" is_pre_election: true
I20260709 12:23:00.930250  1861 raft_consensus.cc:2468] T 37376d999bea47d3877a3cebb3aee49a P d3be5d39386b48a0976ff440c89a9a80 [term 0 FOLLOWER]: Leader pre-election vote request: Granting yes vote for candidate ce0f66ef81714d89b7f00a83822f95d1 in term 0.
I20260709 12:23:00.931726  2014 tablet_service.cc:1917] Received RequestConsensusVote() RPC: tablet_id: "a2df693c423647dea5ba76c46b06831a" candidate_uuid: "ce0f66ef81714d89b7f00a83822f95d1" candidate_term: 1 candidate_status { last_received { term: 0 index: 0 } } ignore_live_leader: false dest_uuid: "0776dbbe530e44eca1cb74b0e96b97a8" is_pre_election: true
I20260709 12:23:00.932026  2013 tablet_service.cc:1917] Received RequestConsensusVote() RPC: tablet_id: "37376d999bea47d3877a3cebb3aee49a" candidate_uuid: "ce0f66ef81714d89b7f00a83822f95d1" candidate_term: 1 candidate_status { last_received { term: 0 index: 0 } } ignore_live_leader: false dest_uuid: "0776dbbe530e44eca1cb74b0e96b97a8" is_pre_election: true
I20260709 12:23:00.932631  2013 raft_consensus.cc:2468] T 37376d999bea47d3877a3cebb3aee49a P 0776dbbe530e44eca1cb74b0e96b97a8 [term 0 FOLLOWER]: Leader pre-election vote request: Granting yes vote for candidate ce0f66ef81714d89b7f00a83822f95d1 in term 0.
I20260709 12:23:00.933076  2056 tablet_bootstrap.cc:654] T 7b90054a6a574612b6a00a74199479fb P d3be5d39386b48a0976ff440c89a9a80: Neither blocks nor log segments found. Creating new log.
I20260709 12:23:00.937582  2057 tablet_bootstrap.cc:492] T 319831c5bb42403e90cd1ed28d685033 P ce0f66ef81714d89b7f00a83822f95d1: No bootstrap required, opened a new log
I20260709 12:23:00.937597  2055 tablet_bootstrap.cc:492] T b4c11becf7ce4f41a72f5030b4aad159 P 0776dbbe530e44eca1cb74b0e96b97a8: No bootstrap required, opened a new log
I20260709 12:23:00.938252  2055 ts_tablet_manager.cc:1403] T b4c11becf7ce4f41a72f5030b4aad159 P 0776dbbe530e44eca1cb74b0e96b97a8: Time spent bootstrapping tablet: real 0.049s	user 0.024s	sys 0.016s
I20260709 12:23:00.937963  1904 leader_election.cc:304] T 37376d999bea47d3877a3cebb3aee49a P ce0f66ef81714d89b7f00a83822f95d1 [CANDIDATE]: Term 1 pre-election: Election decided. Result: candidate won. Election summary: received 2 responses out of 3 voters: 2 yes votes; 0 no votes. yes voters: 0776dbbe530e44eca1cb74b0e96b97a8, ce0f66ef81714d89b7f00a83822f95d1; no voters: 
I20260709 12:23:00.938421  2057 ts_tablet_manager.cc:1403] T 319831c5bb42403e90cd1ed28d685033 P ce0f66ef81714d89b7f00a83822f95d1: Time spent bootstrapping tablet: real 0.031s	user 0.013s	sys 0.006s
I20260709 12:23:00.938910  2068 raft_consensus.cc:2804] T 37376d999bea47d3877a3cebb3aee49a P ce0f66ef81714d89b7f00a83822f95d1 [term 0 FOLLOWER]: Leader pre-election won for term 1
I20260709 12:23:00.939287  2068 raft_consensus.cc:493] T 37376d999bea47d3877a3cebb3aee49a P ce0f66ef81714d89b7f00a83822f95d1 [term 0 FOLLOWER]: Starting leader election (no leader contacted us within the election timeout)
I20260709 12:23:00.939626  2068 raft_consensus.cc:3060] T 37376d999bea47d3877a3cebb3aee49a P ce0f66ef81714d89b7f00a83822f95d1 [term 0 FOLLOWER]: Advancing to term 1
I20260709 12:23:00.941270  2055 raft_consensus.cc:359] T b4c11becf7ce4f41a72f5030b4aad159 P 0776dbbe530e44eca1cb74b0e96b97a8 [term 0 FOLLOWER]: Replica starting. Triggering 0 pending ops. Active config: opid_index: -1 OBSOLETE_local: false peers { permanent_uuid: "d3be5d39386b48a0976ff440c89a9a80" member_type: VOTER last_known_addr { host: "127.0.178.65" port: 36529 } } peers { permanent_uuid: "ce0f66ef81714d89b7f00a83822f95d1" member_type: VOTER last_known_addr { host: "127.0.178.66" port: 39345 } } peers { permanent_uuid: "0776dbbe530e44eca1cb74b0e96b97a8" member_type: VOTER last_known_addr { host: "127.0.178.67" port: 35359 } }
I20260709 12:23:00.941440  2057 raft_consensus.cc:359] T 319831c5bb42403e90cd1ed28d685033 P ce0f66ef81714d89b7f00a83822f95d1 [term 0 FOLLOWER]: Replica starting. Triggering 0 pending ops. Active config: opid_index: -1 OBSOLETE_local: false peers { permanent_uuid: "d3be5d39386b48a0976ff440c89a9a80" member_type: VOTER last_known_addr { host: "127.0.178.65" port: 36529 } } peers { permanent_uuid: "ce0f66ef81714d89b7f00a83822f95d1" member_type: VOTER last_known_addr { host: "127.0.178.66" port: 39345 } } peers { permanent_uuid: "0776dbbe530e44eca1cb74b0e96b97a8" member_type: VOTER last_known_addr { host: "127.0.178.67" port: 35359 } }
I20260709 12:23:00.941985  2055 raft_consensus.cc:385] T b4c11becf7ce4f41a72f5030b4aad159 P 0776dbbe530e44eca1cb74b0e96b97a8 [term 0 FOLLOWER]: Consensus starting up: Expiring failure detector timer to make a prompt election more likely
I20260709 12:23:00.942099  2057 raft_consensus.cc:385] T 319831c5bb42403e90cd1ed28d685033 P ce0f66ef81714d89b7f00a83822f95d1 [term 0 FOLLOWER]: Consensus starting up: Expiring failure detector timer to make a prompt election more likely
I20260709 12:23:00.942348  2055 raft_consensus.cc:740] T b4c11becf7ce4f41a72f5030b4aad159 P 0776dbbe530e44eca1cb74b0e96b97a8 [term 0 FOLLOWER]: Becoming Follower/Learner. State: Replica: 0776dbbe530e44eca1cb74b0e96b97a8, State: Initialized, Role: FOLLOWER
I20260709 12:23:00.942456  2057 raft_consensus.cc:740] T 319831c5bb42403e90cd1ed28d685033 P ce0f66ef81714d89b7f00a83822f95d1 [term 0 FOLLOWER]: Becoming Follower/Learner. State: Replica: ce0f66ef81714d89b7f00a83822f95d1, State: Initialized, Role: FOLLOWER
I20260709 12:23:00.943207  2057 consensus_queue.cc:260] T 319831c5bb42403e90cd1ed28d685033 P ce0f66ef81714d89b7f00a83822f95d1 [NON_LEADER]: Queue going to NON_LEADER mode. State: All replicated index: 0, Majority replicated index: 0, Committed index: 0, Last appended: 0.0, Last appended by leader: 0, Current term: 0, Majority size: -1, State: 0, Mode: NON_LEADER, active raft config: opid_index: -1 OBSOLETE_local: false peers { permanent_uuid: "d3be5d39386b48a0976ff440c89a9a80" member_type: VOTER last_known_addr { host: "127.0.178.65" port: 36529 } } peers { permanent_uuid: "ce0f66ef81714d89b7f00a83822f95d1" member_type: VOTER last_known_addr { host: "127.0.178.66" port: 39345 } } peers { permanent_uuid: "0776dbbe530e44eca1cb74b0e96b97a8" member_type: VOTER last_known_addr { host: "127.0.178.67" port: 35359 } }
I20260709 12:23:00.943490  2055 consensus_queue.cc:260] T b4c11becf7ce4f41a72f5030b4aad159 P 0776dbbe530e44eca1cb74b0e96b97a8 [NON_LEADER]: Queue going to NON_LEADER mode. State: All replicated index: 0, Majority replicated index: 0, Committed index: 0, Last appended: 0.0, Last appended by leader: 0, Current term: 0, Majority size: -1, State: 0, Mode: NON_LEADER, active raft config: opid_index: -1 OBSOLETE_local: false peers { permanent_uuid: "d3be5d39386b48a0976ff440c89a9a80" member_type: VOTER last_known_addr { host: "127.0.178.65" port: 36529 } } peers { permanent_uuid: "ce0f66ef81714d89b7f00a83822f95d1" member_type: VOTER last_known_addr { host: "127.0.178.66" port: 39345 } } peers { permanent_uuid: "0776dbbe530e44eca1cb74b0e96b97a8" member_type: VOTER last_known_addr { host: "127.0.178.67" port: 35359 } }
I20260709 12:23:00.944444  1861 tablet_service.cc:1917] Received RequestConsensusVote() RPC: tablet_id: "a2df693c423647dea5ba76c46b06831a" candidate_uuid: "ce0f66ef81714d89b7f00a83822f95d1" candidate_term: 1 candidate_status { last_received { term: 0 index: 0 } } ignore_live_leader: false dest_uuid: "d3be5d39386b48a0976ff440c89a9a80" is_pre_election: true
I20260709 12:23:00.945245  2057 ts_tablet_manager.cc:1434] T 319831c5bb42403e90cd1ed28d685033 P ce0f66ef81714d89b7f00a83822f95d1: Time spent starting tablet: real 0.006s	user 0.005s	sys 0.000s
I20260709 12:23:00.945870  2055 ts_tablet_manager.cc:1434] T b4c11becf7ce4f41a72f5030b4aad159 P 0776dbbe530e44eca1cb74b0e96b97a8: Time spent starting tablet: real 0.007s	user 0.006s	sys 0.000s
I20260709 12:23:00.946156  2057 tablet_bootstrap.cc:492] T b4c11becf7ce4f41a72f5030b4aad159 P ce0f66ef81714d89b7f00a83822f95d1: Bootstrap starting.
I20260709 12:23:00.946273  1906 leader_election.cc:304] T a2df693c423647dea5ba76c46b06831a P ce0f66ef81714d89b7f00a83822f95d1 [CANDIDATE]: Term 1 pre-election: Election decided. Result: candidate lost. Election summary: received 3 responses out of 3 voters: 1 yes votes; 2 no votes. yes voters: ce0f66ef81714d89b7f00a83822f95d1; no voters: 0776dbbe530e44eca1cb74b0e96b97a8, d3be5d39386b48a0976ff440c89a9a80
I20260709 12:23:00.946794  2055 tablet_bootstrap.cc:492] T 319831c5bb42403e90cd1ed28d685033 P 0776dbbe530e44eca1cb74b0e96b97a8: Bootstrap starting.
I20260709 12:23:00.947619  2114 raft_consensus.cc:2749] T a2df693c423647dea5ba76c46b06831a P ce0f66ef81714d89b7f00a83822f95d1 [term 0 FOLLOWER]: Leader pre-election lost for term 1. Reason: could not achieve majority
I20260709 12:23:00.948104  2056 tablet_bootstrap.cc:492] T 7b90054a6a574612b6a00a74199479fb P d3be5d39386b48a0976ff440c89a9a80: No bootstrap required, opened a new log
I20260709 12:23:00.948534  2056 ts_tablet_manager.cc:1403] T 7b90054a6a574612b6a00a74199479fb P d3be5d39386b48a0976ff440c89a9a80: Time spent bootstrapping tablet: real 0.040s	user 0.011s	sys 0.002s
