I20260709 12:08:47.948189  3890 raft_consensus.cc:515] T ba1ec442a93c4025a16155ead291cf63 P d3b14aebf564412ea671fdb02f7b3424 [term 0 FOLLOWER]: Starting pre-election with config: opid_index: -1 OBSOLETE_local: false peers { permanent_uuid: "31208a0f9d9b4f04bee4ec41fddf3aa7" member_type: VOTER last_known_addr { host: "127.2.237.1" port: 40675 } } peers { permanent_uuid: "642c62539e7d4b6f86e1b925c3d1da4d" member_type: VOTER last_known_addr { host: "127.2.237.2" port: 40723 } } peers { permanent_uuid: "d3b14aebf564412ea671fdb02f7b3424" member_type: VOTER last_known_addr { host: "127.2.237.3" port: 34671 } }
I20260709 12:08:47.948299  3877 raft_consensus.cc:515] T c43e5f956ec44aa8b115a16b8e338043 P d3b14aebf564412ea671fdb02f7b3424 [term 1 FOLLOWER]: Starting leader election with config: opid_index: -1 OBSOLETE_local: false peers { permanent_uuid: "31208a0f9d9b4f04bee4ec41fddf3aa7" member_type: VOTER last_known_addr { host: "127.2.237.1" port: 40675 } } peers { permanent_uuid: "642c62539e7d4b6f86e1b925c3d1da4d" member_type: VOTER last_known_addr { host: "127.2.237.2" port: 40723 } } peers { permanent_uuid: "d3b14aebf564412ea671fdb02f7b3424" member_type: VOTER last_known_addr { host: "127.2.237.3" port: 34671 } }
I20260709 12:08:47.961711  3852 tablet_bootstrap.cc:654] T 82947ba2d14149e2ad9116aa65bd847c P 642c62539e7d4b6f86e1b925c3d1da4d: Neither blocks nor log segments found. Creating new log.
I20260709 12:08:47.971060  3855 tablet_bootstrap.cc:492] T f1033c58c21148cba721fadaab110941 P 31208a0f9d9b4f04bee4ec41fddf3aa7: No bootstrap required, opened a new log
I20260709 12:08:47.971496  3855 ts_tablet_manager.cc:1403] T f1033c58c21148cba721fadaab110941 P 31208a0f9d9b4f04bee4ec41fddf3aa7: Time spent bootstrapping tablet: real 0.067s	user 0.027s	sys 0.018s
I20260709 12:08:47.967422  3890 leader_election.cc:290] T ba1ec442a93c4025a16155ead291cf63 P d3b14aebf564412ea671fdb02f7b3424 [CANDIDATE]: Term 1 pre-election: Requested pre-vote from peers 31208a0f9d9b4f04bee4ec41fddf3aa7 (127.2.237.1:40675), 642c62539e7d4b6f86e1b925c3d1da4d (127.2.237.2:40723)
I20260709 12:08:47.972566  3890 raft_consensus.cc:493] T ec0c6bbd1a114ea491caf5edf8fd9007 P d3b14aebf564412ea671fdb02f7b3424 [term 0 FOLLOWER]: Starting pre-election (no leader contacted us within the election timeout)
I20260709 12:08:47.975150  3877 leader_election.cc:290] T c43e5f956ec44aa8b115a16b8e338043 P d3b14aebf564412ea671fdb02f7b3424 [CANDIDATE]: Term 1 election: Requested vote from peers 31208a0f9d9b4f04bee4ec41fddf3aa7 (127.2.237.1:40675), 642c62539e7d4b6f86e1b925c3d1da4d (127.2.237.2:40723)
I20260709 12:08:47.975236  3662 tablet_service.cc:1917] Received RequestConsensusVote() RPC: tablet_id: "489eb4e1cd61467b8dd938a8792114b4" candidate_uuid: "d3b14aebf564412ea671fdb02f7b3424" candidate_term: 1 candidate_status { last_received { term: 0 index: 0 } } ignore_live_leader: false dest_uuid: "31208a0f9d9b4f04bee4ec41fddf3aa7" is_pre_election: true
I20260709 12:08:47.976080  3853 tablet_bootstrap.cc:492] T b6c8e382ea534edb9cb762719d4dbcac P d3b14aebf564412ea671fdb02f7b3424: No bootstrap required, opened a new log
I20260709 12:08:47.976655  3853 ts_tablet_manager.cc:1403] T b6c8e382ea534edb9cb762719d4dbcac P d3b14aebf564412ea671fdb02f7b3424: Time spent bootstrapping tablet: real 0.054s	user 0.008s	sys 0.019s
I20260709 12:08:47.976255  3855 raft_consensus.cc:359] T f1033c58c21148cba721fadaab110941 P 31208a0f9d9b4f04bee4ec41fddf3aa7 [term 0 FOLLOWER]: Replica starting. Triggering 0 pending ops. Active config: opid_index: -1 OBSOLETE_local: false peers { permanent_uuid: "31208a0f9d9b4f04bee4ec41fddf3aa7" member_type: VOTER last_known_addr { host: "127.2.237.1" port: 40675 } } peers { permanent_uuid: "642c62539e7d4b6f86e1b925c3d1da4d" member_type: VOTER last_known_addr { host: "127.2.237.2" port: 40723 } } peers { permanent_uuid: "d3b14aebf564412ea671fdb02f7b3424" member_type: VOTER last_known_addr { host: "127.2.237.3" port: 34671 } }
I20260709 12:08:47.977245  3855 raft_consensus.cc:385] T f1033c58c21148cba721fadaab110941 P 31208a0f9d9b4f04bee4ec41fddf3aa7 [term 0 FOLLOWER]: Consensus starting up: Expiring failure detector timer to make a prompt election more likely
I20260709 12:08:47.977470  3855 raft_consensus.cc:740] T f1033c58c21148cba721fadaab110941 P 31208a0f9d9b4f04bee4ec41fddf3aa7 [term 0 FOLLOWER]: Becoming Follower/Learner. State: Replica: 31208a0f9d9b4f04bee4ec41fddf3aa7, State: Initialized, Role: FOLLOWER
I20260709 12:08:47.975940  3662 raft_consensus.cc:2468] T 489eb4e1cd61467b8dd938a8792114b4 P 31208a0f9d9b4f04bee4ec41fddf3aa7 [term 0 FOLLOWER]: Leader pre-election vote request: Granting yes vote for candidate d3b14aebf564412ea671fdb02f7b3424 in term 0.
I20260709 12:08:47.973037  3890 raft_consensus.cc:515] T ec0c6bbd1a114ea491caf5edf8fd9007 P d3b14aebf564412ea671fdb02f7b3424 [term 0 FOLLOWER]: Starting pre-election with config: opid_index: -1 OBSOLETE_local: false peers { permanent_uuid: "31208a0f9d9b4f04bee4ec41fddf3aa7" member_type: VOTER last_known_addr { host: "127.2.237.1" port: 40675 } } peers { permanent_uuid: "642c62539e7d4b6f86e1b925c3d1da4d" member_type: VOTER last_known_addr { host: "127.2.237.2" port: 40723 } } peers { permanent_uuid: "d3b14aebf564412ea671fdb02f7b3424" member_type: VOTER last_known_addr { host: "127.2.237.3" port: 34671 } }
I20260709 12:08:47.978142  3855 consensus_queue.cc:260] T f1033c58c21148cba721fadaab110941 P 31208a0f9d9b4f04bee4ec41fddf3aa7 [NON_LEADER]: Queue going to NON_LEADER mode. State: All replicated index: 0, Majority replicated index: 0, Committed index: 0, Last appended: 0.0, Last appended by leader: 0, Current term: 0, Majority size: -1, State: 0, Mode: NON_LEADER, active raft config: opid_index: -1 OBSOLETE_local: false peers { permanent_uuid: "31208a0f9d9b4f04bee4ec41fddf3aa7" member_type: VOTER last_known_addr { host: "127.2.237.1" port: 40675 } } peers { permanent_uuid: "642c62539e7d4b6f86e1b925c3d1da4d" member_type: VOTER last_known_addr { host: "127.2.237.2" port: 40723 } } peers { permanent_uuid: "d3b14aebf564412ea671fdb02f7b3424" member_type: VOTER last_known_addr { host: "127.2.237.3" port: 34671 } }
I20260709 12:08:47.979178  3777 leader_election.cc:304] T 489eb4e1cd61467b8dd938a8792114b4 P d3b14aebf564412ea671fdb02f7b3424 [CANDIDATE]: Term 1 pre-election: Election decided. Result: candidate won. Election summary: received 2 responses out of 3 voters: 2 yes votes; 0 no votes. yes voters: 31208a0f9d9b4f04bee4ec41fddf3aa7, d3b14aebf564412ea671fdb02f7b3424; no voters: 
I20260709 12:08:47.975894  3862 leader_election.cc:290] T f1033c58c21148cba721fadaab110941 P d3b14aebf564412ea671fdb02f7b3424 [CANDIDATE]: Term 1 election: Requested vote from peers 31208a0f9d9b4f04bee4ec41fddf3aa7 (127.2.237.1:40675), 642c62539e7d4b6f86e1b925c3d1da4d (127.2.237.2:40723)
I20260709 12:08:47.984746  3853 raft_consensus.cc:359] T b6c8e382ea534edb9cb762719d4dbcac P d3b14aebf564412ea671fdb02f7b3424 [term 0 FOLLOWER]: Replica starting. Triggering 0 pending ops. Active config: opid_index: -1 OBSOLETE_local: false peers { permanent_uuid: "31208a0f9d9b4f04bee4ec41fddf3aa7" member_type: VOTER last_known_addr { host: "127.2.237.1" port: 40675 } } peers { permanent_uuid: "642c62539e7d4b6f86e1b925c3d1da4d" member_type: VOTER last_known_addr { host: "127.2.237.2" port: 40723 } } peers { permanent_uuid: "d3b14aebf564412ea671fdb02f7b3424" member_type: VOTER last_known_addr { host: "127.2.237.3" port: 34671 } }
I20260709 12:08:47.980198  3663 tablet_service.cc:1917] Received RequestConsensusVote() RPC: tablet_id: "c43e5f956ec44aa8b115a16b8e338043" candidate_uuid: "d3b14aebf564412ea671fdb02f7b3424" candidate_term: 1 candidate_status { last_received { term: 0 index: 0 } } ignore_live_leader: false dest_uuid: "31208a0f9d9b4f04bee4ec41fddf3aa7"
I20260709 12:08:47.987035  3663 raft_consensus.cc:3060] T c43e5f956ec44aa8b115a16b8e338043 P 31208a0f9d9b4f04bee4ec41fddf3aa7 [term 0 FOLLOWER]: Advancing to term 1
I20260709 12:08:47.987576  3737 tablet_service.cc:1917] Received RequestConsensusVote() RPC: tablet_id: "ba1ec442a93c4025a16155ead291cf63" candidate_uuid: "d3b14aebf564412ea671fdb02f7b3424" candidate_term: 1 candidate_status { last_received { term: 0 index: 0 } } ignore_live_leader: false dest_uuid: "642c62539e7d4b6f86e1b925c3d1da4d" is_pre_election: true
I20260709 12:08:47.988878  3855 ts_tablet_manager.cc:1434] T f1033c58c21148cba721fadaab110941 P 31208a0f9d9b4f04bee4ec41fddf3aa7: Time spent starting tablet: real 0.017s	user 0.007s	sys 0.001s
I20260709 12:08:47.989044  3661 tablet_service.cc:1917] Received RequestConsensusVote() RPC: tablet_id: "ec0c6bbd1a114ea491caf5edf8fd9007" candidate_uuid: "d3b14aebf564412ea671fdb02f7b3424" candidate_term: 1 candidate_status { last_received { term: 0 index: 0 } } ignore_live_leader: false dest_uuid: "31208a0f9d9b4f04bee4ec41fddf3aa7" is_pre_election: true
I20260709 12:08:47.989910  3661 raft_consensus.cc:2468] T ec0c6bbd1a114ea491caf5edf8fd9007 P 31208a0f9d9b4f04bee4ec41fddf3aa7 [term 0 FOLLOWER]: Leader pre-election vote request: Granting yes vote for candidate d3b14aebf564412ea671fdb02f7b3424 in term 0.
I20260709 12:08:47.981016  3662 tablet_service.cc:1917] Received RequestConsensusVote() RPC: tablet_id: "ba1ec442a93c4025a16155ead291cf63" candidate_uuid: "d3b14aebf564412ea671fdb02f7b3424" candidate_term: 1 candidate_status { last_received { term: 0 index: 0 } } ignore_live_leader: false dest_uuid: "31208a0f9d9b4f04bee4ec41fddf3aa7" is_pre_election: true
I20260709 12:08:47.988361  3737 raft_consensus.cc:2468] T ba1ec442a93c4025a16155ead291cf63 P 642c62539e7d4b6f86e1b925c3d1da4d [term 0 FOLLOWER]: Leader pre-election vote request: Granting yes vote for candidate d3b14aebf564412ea671fdb02f7b3424 in term 0.
I20260709 12:08:47.991468  3662 raft_consensus.cc:2468] T ba1ec442a93c4025a16155ead291cf63 P 31208a0f9d9b4f04bee4ec41fddf3aa7 [term 0 FOLLOWER]: Leader pre-election vote request: Granting yes vote for candidate d3b14aebf564412ea671fdb02f7b3424 in term 0.
I20260709 12:08:47.985471  3738 tablet_service.cc:1917] Received RequestConsensusVote() RPC: tablet_id: "489eb4e1cd61467b8dd938a8792114b4" candidate_uuid: "d3b14aebf564412ea671fdb02f7b3424" candidate_term: 1 candidate_status { last_received { term: 0 index: 0 } } ignore_live_leader: false dest_uuid: "642c62539e7d4b6f86e1b925c3d1da4d" is_pre_election: true
I20260709 12:08:47.992197  3855 tablet_bootstrap.cc:492] T b6c8e382ea534edb9cb762719d4dbcac P 31208a0f9d9b4f04bee4ec41fddf3aa7: Bootstrap starting.
I20260709 12:08:47.995905  3663 raft_consensus.cc:2468] T c43e5f956ec44aa8b115a16b8e338043 P 31208a0f9d9b4f04bee4ec41fddf3aa7 [term 1 FOLLOWER]: Leader election vote request: Granting yes vote for candidate d3b14aebf564412ea671fdb02f7b3424 in term 1.
I20260709 12:08:47.985743  3877 raft_consensus.cc:2804] T 489eb4e1cd61467b8dd938a8792114b4 P d3b14aebf564412ea671fdb02f7b3424 [term 0 FOLLOWER]: Leader pre-election won for term 1
I20260709 12:08:47.998162  3877 raft_consensus.cc:493] T 489eb4e1cd61467b8dd938a8792114b4 P d3b14aebf564412ea671fdb02f7b3424 [term 0 FOLLOWER]: Starting leader election (no leader contacted us within the election timeout)
I20260709 12:08:47.998571  3877 raft_consensus.cc:3060] T 489eb4e1cd61467b8dd938a8792114b4 P d3b14aebf564412ea671fdb02f7b3424 [term 0 FOLLOWER]: Advancing to term 1
I20260709 12:08:47.998860  3855 tablet_bootstrap.cc:654] T b6c8e382ea534edb9cb762719d4dbcac P 31208a0f9d9b4f04bee4ec41fddf3aa7: Neither blocks nor log segments found. Creating new log.
I20260709 12:08:48.003075  3852 tablet_bootstrap.cc:492] T 82947ba2d14149e2ad9116aa65bd847c P 642c62539e7d4b6f86e1b925c3d1da4d: No bootstrap required, opened a new log
I20260709 12:08:48.003453  3777 leader_election.cc:304] T ec0c6bbd1a114ea491caf5edf8fd9007 P d3b14aebf564412ea671fdb02f7b3424 [CANDIDATE]: Term 1 pre-election: Election decided. Result: candidate won. Election summary: received 2 responses out of 3 voters: 2 yes votes; 0 no votes. yes voters: 31208a0f9d9b4f04bee4ec41fddf3aa7, d3b14aebf564412ea671fdb02f7b3424; no voters: 
I20260709 12:08:48.003559  3857 raft_consensus.cc:493] T 8a368aff37df42b097c5c1c2d16d0dc5 P 31208a0f9d9b4f04bee4ec41fddf3aa7 [term 0 FOLLOWER]: Starting pre-election (no leader contacted us within the election timeout)
I20260709 12:08:48.003577  3852 ts_tablet_manager.cc:1403] T 82947ba2d14149e2ad9116aa65bd847c P 642c62539e7d4b6f86e1b925c3d1da4d: Time spent bootstrapping tablet: real 0.058s	user 0.010s	sys 0.019s
I20260709 12:08:47.979952  3890 leader_election.cc:290] T ec0c6bbd1a114ea491caf5edf8fd9007 P d3b14aebf564412ea671fdb02f7b3424 [CANDIDATE]: Term 1 pre-election: Requested pre-vote from peers 31208a0f9d9b4f04bee4ec41fddf3aa7 (127.2.237.1:40675), 642c62539e7d4b6f86e1b925c3d1da4d (127.2.237.2:40723)
I20260709 12:08:48.006668  3738 tablet_service.cc:1917] Received RequestConsensusVote() RPC: tablet_id: "c43e5f956ec44aa8b115a16b8e338043" candidate_uuid: "d3b14aebf564412ea671fdb02f7b3424" candidate_term: 1 candidate_status { last_received { term: 0 index: 0 } } ignore_live_leader: false dest_uuid: "642c62539e7d4b6f86e1b925c3d1da4d"
I20260709 12:08:48.007256  3738 raft_consensus.cc:3060] T c43e5f956ec44aa8b115a16b8e338043 P 642c62539e7d4b6f86e1b925c3d1da4d [term 0 FOLLOWER]: Advancing to term 1
I20260709 12:08:48.005825  3859 raft_consensus.cc:493] T b6c8e382ea534edb9cb762719d4dbcac P 642c62539e7d4b6f86e1b925c3d1da4d [term 0 FOLLOWER]: Starting pre-election (no leader contacted us within the election timeout)
I20260709 12:08:48.008262  3852 raft_consensus.cc:359] T 82947ba2d14149e2ad9116aa65bd847c P 642c62539e7d4b6f86e1b925c3d1da4d [term 0 FOLLOWER]: Replica starting. Triggering 0 pending ops. Active config: opid_index: -1 OBSOLETE_local: false peers { permanent_uuid: "31208a0f9d9b4f04bee4ec41fddf3aa7" member_type: VOTER last_known_addr { host: "127.2.237.1" port: 40675 } } peers { permanent_uuid: "642c62539e7d4b6f86e1b925c3d1da4d" member_type: VOTER last_known_addr { host: "127.2.237.2" port: 40723 } } peers { permanent_uuid: "d3b14aebf564412ea671fdb02f7b3424" member_type: VOTER last_known_addr { host: "127.2.237.3" port: 34671 } }
I20260709 12:08:48.008107  3859 raft_consensus.cc:515] T b6c8e382ea534edb9cb762719d4dbcac P 642c62539e7d4b6f86e1b925c3d1da4d [term 0 FOLLOWER]: Starting pre-election with config: opid_index: -1 OBSOLETE_local: false peers { permanent_uuid: "31208a0f9d9b4f04bee4ec41fddf3aa7" member_type: VOTER last_known_addr { host: "127.2.237.1" port: 40675 } } peers { permanent_uuid: "642c62539e7d4b6f86e1b925c3d1da4d" member_type: VOTER last_known_addr { host: "127.2.237.2" port: 40723 } } peers { permanent_uuid: "d3b14aebf564412ea671fdb02f7b3424" member_type: VOTER last_known_addr { host: "127.2.237.3" port: 34671 } }
I20260709 12:08:48.004208  3857 raft_consensus.cc:515] T 8a368aff37df42b097c5c1c2d16d0dc5 P 31208a0f9d9b4f04bee4ec41fddf3aa7 [term 0 FOLLOWER]: Starting pre-election with config: opid_index: -1 OBSOLETE_local: false peers { permanent_uuid: "31208a0f9d9b4f04bee4ec41fddf3aa7" member_type: VOTER last_known_addr { host: "127.2.237.1" port: 40675 } } peers { permanent_uuid: "642c62539e7d4b6f86e1b925c3d1da4d" member_type: VOTER last_known_addr { host: "127.2.237.2" port: 40723 } } peers { permanent_uuid: "d3b14aebf564412ea671fdb02f7b3424" member_type: VOTER last_known_addr { host: "127.2.237.3" port: 34671 } }
I20260709 12:08:48.010638  3859 leader_election.cc:290] T b6c8e382ea534edb9cb762719d4dbcac P 642c62539e7d4b6f86e1b925c3d1da4d [CANDIDATE]: Term 1 pre-election: Requested pre-vote from peers 31208a0f9d9b4f04bee4ec41fddf3aa7 (127.2.237.1:40675), d3b14aebf564412ea671fdb02f7b3424 (127.2.237.3:34671)
I20260709 12:08:48.011180  3859 raft_consensus.cc:493] T 8a368aff37df42b097c5c1c2d16d0dc5 P 642c62539e7d4b6f86e1b925c3d1da4d [term 0 FOLLOWER]: Starting pre-election (no leader contacted us within the election timeout)
I20260709 12:08:48.011509  3877 raft_consensus.cc:515] T 489eb4e1cd61467b8dd938a8792114b4 P d3b14aebf564412ea671fdb02f7b3424 [term 1 FOLLOWER]: Starting leader election with config: opid_index: -1 OBSOLETE_local: false peers { permanent_uuid: "31208a0f9d9b4f04bee4ec41fddf3aa7" member_type: VOTER last_known_addr { host: "127.2.237.1" port: 40675 } } peers { permanent_uuid: "642c62539e7d4b6f86e1b925c3d1da4d" member_type: VOTER last_known_addr { host: "127.2.237.2" port: 40723 } } peers { permanent_uuid: "d3b14aebf564412ea671fdb02f7b3424" member_type: VOTER last_known_addr { host: "127.2.237.3" port: 34671 } }
I20260709 12:08:48.011654  3859 raft_consensus.cc:515] T 8a368aff37df42b097c5c1c2d16d0dc5 P 642c62539e7d4b6f86e1b925c3d1da4d [term 0 FOLLOWER]: Starting pre-election with config: opid_index: -1 OBSOLETE_local: false peers { permanent_uuid: "31208a0f9d9b4f04bee4ec41fddf3aa7" member_type: VOTER last_known_addr { host: "127.2.237.1" port: 40675 } } peers { permanent_uuid: "642c62539e7d4b6f86e1b925c3d1da4d" member_type: VOTER last_known_addr { host: "127.2.237.2" port: 40723 } } peers { permanent_uuid: "d3b14aebf564412ea671fdb02f7b3424" member_type: VOTER last_known_addr { host: "127.2.237.3" port: 34671 } }
I20260709 12:08:48.013788  3877 leader_election.cc:290] T 489eb4e1cd61467b8dd938a8792114b4 P d3b14aebf564412ea671fdb02f7b3424 [CANDIDATE]: Term 1 election: Requested vote from peers 31208a0f9d9b4f04bee4ec41fddf3aa7 (127.2.237.1:40675), 642c62539e7d4b6f86e1b925c3d1da4d (127.2.237.2:40723)
I20260709 12:08:48.014453  3738 raft_consensus.cc:2468] T c43e5f956ec44aa8b115a16b8e338043 P 642c62539e7d4b6f86e1b925c3d1da4d [term 1 FOLLOWER]: Leader election vote request: Granting yes vote for candidate d3b14aebf564412ea671fdb02f7b3424 in term 1.
I20260709 12:08:48.013692  3859 leader_election.cc:290] T 8a368aff37df42b097c5c1c2d16d0dc5 P 642c62539e7d4b6f86e1b925c3d1da4d [CANDIDATE]: Term 1 pre-election: Requested pre-vote from peers 31208a0f9d9b4f04bee4ec41fddf3aa7 (127.2.237.1:40675), d3b14aebf564412ea671fdb02f7b3424 (127.2.237.3:34671)
I20260709 12:08:47.996474  3853 raft_consensus.cc:385] T b6c8e382ea534edb9cb762719d4dbcac P d3b14aebf564412ea671fdb02f7b3424 [term 0 FOLLOWER]: Consensus starting up: Expiring failure detector timer to make a prompt election more likely
I20260709 12:08:48.015213  3853 raft_consensus.cc:740] T b6c8e382ea534edb9cb762719d4dbcac P d3b14aebf564412ea671fdb02f7b3424 [term 0 FOLLOWER]: Becoming Follower/Learner. State: Replica: d3b14aebf564412ea671fdb02f7b3424, State: Initialized, Role: FOLLOWER
I20260709 12:08:48.015894  3852 raft_consensus.cc:385] T 82947ba2d14149e2ad9116aa65bd847c P 642c62539e7d4b6f86e1b925c3d1da4d [term 0 FOLLOWER]: Consensus starting up: Expiring failure detector timer to make a prompt election more likely
I20260709 12:08:48.017232  3852 raft_consensus.cc:740] T 82947ba2d14149e2ad9116aa65bd847c P 642c62539e7d4b6f86e1b925c3d1da4d [term 0 FOLLOWER]: Becoming Follower/Learner. State: Replica: 642c62539e7d4b6f86e1b925c3d1da4d, State: Initialized, Role: FOLLOWER
I20260709 12:08:48.017364  3737 tablet_service.cc:1917] Received RequestConsensusVote() RPC: tablet_id: "f1033c58c21148cba721fadaab110941" candidate_uuid: "d3b14aebf564412ea671fdb02f7b3424" candidate_term: 1 candidate_status { last_received { term: 0 index: 0 } } ignore_live_leader: false dest_uuid: "642c62539e7d4b6f86e1b925c3d1da4d"
I20260709 12:08:48.017906  3737 raft_consensus.cc:3060] T f1033c58c21148cba721fadaab110941 P 642c62539e7d4b6f86e1b925c3d1da4d [term 0 FOLLOWER]: Advancing to term 1
I20260709 12:08:48.018007  3852 consensus_queue.cc:260] T 82947ba2d14149e2ad9116aa65bd847c P 642c62539e7d4b6f86e1b925c3d1da4d [NON_LEADER]: Queue going to NON_LEADER mode. State: All replicated index: 0, Majority replicated index: 0, Committed index: 0, Last appended: 0.0, Last appended by leader: 0, Current term: 0, Majority size: -1, State: 0, Mode: NON_LEADER, active raft config: opid_index: -1 OBSOLETE_local: false peers { permanent_uuid: "31208a0f9d9b4f04bee4ec41fddf3aa7" member_type: VOTER last_known_addr { host: "127.2.237.1" port: 40675 } } peers { permanent_uuid: "642c62539e7d4b6f86e1b925c3d1da4d" member_type: VOTER last_known_addr { host: "127.2.237.2" port: 40723 } } peers { permanent_uuid: "d3b14aebf564412ea671fdb02f7b3424" member_type: VOTER last_known_addr { host: "127.2.237.3" port: 34671 } }
I20260709 12:08:48.020037  3852 ts_tablet_manager.cc:1434] T 82947ba2d14149e2ad9116aa65bd847c P 642c62539e7d4b6f86e1b925c3d1da4d: Time spent starting tablet: real 0.016s	user 0.005s	sys 0.000s
I20260709 12:08:48.023128  3852 tablet_bootstrap.cc:492] T 489eb4e1cd61467b8dd938a8792114b4 P 642c62539e7d4b6f86e1b925c3d1da4d: Bootstrap starting.
I20260709 12:08:48.015851  3857 leader_election.cc:290] T 8a368aff37df42b097c5c1c2d16d0dc5 P 31208a0f9d9b4f04bee4ec41fddf3aa7 [CANDIDATE]: Term 1 pre-election: Requested pre-vote from peers 642c62539e7d4b6f86e1b925c3d1da4d (127.2.237.2:40723), d3b14aebf564412ea671fdb02f7b3424 (127.2.237.3:34671)
I20260709 12:08:48.016541  3853 consensus_queue.cc:260] T b6c8e382ea534edb9cb762719d4dbcac P d3b14aebf564412ea671fdb02f7b3424 [NON_LEADER]: Queue going to NON_LEADER mode. State: All replicated index: 0, Majority replicated index: 0, Committed index: 0, Last appended: 0.0, Last appended by leader: 0, Current term: 0, Majority size: -1, State: 0, Mode: NON_LEADER, active raft config: opid_index: -1 OBSOLETE_local: false peers { permanent_uuid: "31208a0f9d9b4f04bee4ec41fddf3aa7" member_type: VOTER last_known_addr { host: "127.2.237.1" port: 40675 } } peers { permanent_uuid: "642c62539e7d4b6f86e1b925c3d1da4d" member_type: VOTER last_known_addr { host: "127.2.237.2" port: 40723 } } peers { permanent_uuid: "d3b14aebf564412ea671fdb02f7b3424" member_type: VOTER last_known_addr { host: "127.2.237.3" port: 34671 } }
I20260709 12:08:48.026870  3812 tablet_service.cc:1917] Received RequestConsensusVote() RPC: tablet_id: "a3dbcfb640b3404886d23ec8f03a2c60" candidate_uuid: "642c62539e7d4b6f86e1b925c3d1da4d" candidate_term: 1 candidate_status { last_received { term: 0 index: 0 } } ignore_live_leader: false dest_uuid: "d3b14aebf564412ea671fdb02f7b3424" is_pre_election: true
I20260709 12:08:48.027612  3812 raft_consensus.cc:2468] T a3dbcfb640b3404886d23ec8f03a2c60 P d3b14aebf564412ea671fdb02f7b3424 [term 0 FOLLOWER]: Leader pre-election vote request: Granting yes vote for candidate 642c62539e7d4b6f86e1b925c3d1da4d in term 0.
I20260709 12:08:48.005076  3889 raft_consensus.cc:2804] T ec0c6bbd1a114ea491caf5edf8fd9007 P d3b14aebf564412ea671fdb02f7b3424 [term 0 FOLLOWER]: Leader pre-election won for term 1
I20260709 12:08:48.028672  3853 ts_tablet_manager.cc:1434] T b6c8e382ea534edb9cb762719d4dbcac P d3b14aebf564412ea671fdb02f7b3424: Time spent starting tablet: real 0.052s	user 0.007s	sys 0.000s
I20260709 12:08:48.028817  3889 raft_consensus.cc:493] T ec0c6bbd1a114ea491caf5edf8fd9007 P d3b14aebf564412ea671fdb02f7b3424 [term 0 FOLLOWER]: Starting leader election (no leader contacted us within the election timeout)
I20260709 12:08:48.029050  3852 tablet_bootstrap.cc:654] T 489eb4e1cd61467b8dd938a8792114b4 P 642c62539e7d4b6f86e1b925c3d1da4d: Neither blocks nor log segments found. Creating new log.
I20260709 12:08:48.029229  3889 raft_consensus.cc:3060] T ec0c6bbd1a114ea491caf5edf8fd9007 P d3b14aebf564412ea671fdb02f7b3424 [term 0 FOLLOWER]: Advancing to term 1
I20260709 12:08:48.031829  3853 tablet_bootstrap.cc:492] T 8a368aff37df42b097c5c1c2d16d0dc5 P d3b14aebf564412ea671fdb02f7b3424: Bootstrap starting.
I20260709 12:08:48.004375  3777 leader_election.cc:304] T ba1ec442a93c4025a16155ead291cf63 P d3b14aebf564412ea671fdb02f7b3424 [CANDIDATE]: Term 1 pre-election: Election decided. Result: candidate won. Election summary: received 2 responses out of 3 voters: 2 yes votes; 0 no votes. yes voters: 31208a0f9d9b4f04bee4ec41fddf3aa7, d3b14aebf564412ea671fdb02f7b3424; no voters: 
I20260709 12:08:48.038111  3737 raft_consensus.cc:2468] T f1033c58c21148cba721fadaab110941 P 642c62539e7d4b6f86e1b925c3d1da4d [term 1 FOLLOWER]: Leader election vote request: Granting yes vote for candidate d3b14aebf564412ea671fdb02f7b3424 in term 1.
I20260709 12:08:48.039870  3862 raft_consensus.cc:2804] T ba1ec442a93c4025a16155ead291cf63 P d3b14aebf564412ea671fdb02f7b3424 [term 0 FOLLOWER]: Leader pre-election won for term 1
I20260709 12:08:48.040362  3862 raft_consensus.cc:493] T ba1ec442a93c4025a16155ead291cf63 P d3b14aebf564412ea671fdb02f7b3424 [term 0 FOLLOWER]: Starting leader election (no leader contacted us within the election timeout)
I20260709 12:08:48.040828  3862 raft_consensus.cc:3060] T ba1ec442a93c4025a16155ead291cf63 P d3b14aebf564412ea671fdb02f7b3424 [term 0 FOLLOWER]: Advancing to term 1
W20260709 12:08:48.048616  3777 outbound_call.cc:321] RPC callback for RPC call kudu.consensus.ConsensusService.RequestConsensusVote -> {remote=127.2.237.1:40675, user_credentials={real_user=slave}} blocked reactor thread for 44285.3us
I20260709 12:08:48.049304  3703 leader_election.cc:304] T a3dbcfb640b3404886d23ec8f03a2c60 P 642c62539e7d4b6f86e1b925c3d1da4d [CANDIDATE]: Term 1 pre-election: Election decided. Result: candidate won. Election summary: received 2 responses out of 3 voters: 2 yes votes; 0 no votes. yes voters: 642c62539e7d4b6f86e1b925c3d1da4d, d3b14aebf564412ea671fdb02f7b3424; no voters: 
I20260709 12:08:48.050417  3859 raft_consensus.cc:2804] T a3dbcfb640b3404886d23ec8f03a2c60 P 642c62539e7d4b6f86e1b925c3d1da4d [term 0 FOLLOWER]: Leader pre-election won for term 1
I20260709 12:08:48.050791  3859 raft_consensus.cc:493] T a3dbcfb640b3404886d23ec8f03a2c60 P 642c62539e7d4b6f86e1b925c3d1da4d [term 0 FOLLOWER]: Starting leader election (no leader contacted us within the election timeout)
I20260709 12:08:48.050673  3663 tablet_service.cc:1917] Received RequestConsensusVote() RPC: tablet_id: "489eb4e1cd61467b8dd938a8792114b4" candidate_uuid: "d3b14aebf564412ea671fdb02f7b3424" candidate_term: 1 candidate_status { last_received { term: 0 index: 0 } } ignore_live_leader: false dest_uuid: "31208a0f9d9b4f04bee4ec41fddf3aa7"
I20260709 12:08:48.051131  3859 raft_consensus.cc:3060] T a3dbcfb640b3404886d23ec8f03a2c60 P 642c62539e7d4b6f86e1b925c3d1da4d [term 0 FOLLOWER]: Advancing to term 1
I20260709 12:08:48.051256  3663 raft_consensus.cc:3060] T 489eb4e1cd61467b8dd938a8792114b4 P 31208a0f9d9b4f04bee4ec41fddf3aa7 [term 0 FOLLOWER]: Advancing to term 1
I20260709 12:08:48.057595  3811 tablet_service.cc:1917] Received RequestConsensusVote() RPC: tablet_id: "8a368aff37df42b097c5c1c2d16d0dc5" candidate_uuid: "642c62539e7d4b6f86e1b925c3d1da4d" candidate_term: 1 candidate_status { last_received { term: 0 index: 0 } } ignore_live_leader: false dest_uuid: "d3b14aebf564412ea671fdb02f7b3424" is_pre_election: true
I20260709 12:08:48.058517  3777 leader_election.cc:304] T c43e5f956ec44aa8b115a16b8e338043 P d3b14aebf564412ea671fdb02f7b3424 [CANDIDATE]: Term 1 election: Election decided. Result: candidate won. Election summary: received 2 responses out of 3 voters: 2 yes votes; 0 no votes. yes voters: 31208a0f9d9b4f04bee4ec41fddf3aa7, d3b14aebf564412ea671fdb02f7b3424; no voters: 
W20260709 12:08:48.058893  3703 leader_election.cc:343] T 8a368aff37df42b097c5c1c2d16d0dc5 P 642c62539e7d4b6f86e1b925c3d1da4d [CANDIDATE]: Term 1 pre-election: Tablet error from VoteRequest() call to peer d3b14aebf564412ea671fdb02f7b3424 (127.2.237.3:34671): Illegal state: must be running to vote when last-logged opid is not known
I20260709 12:08:48.060153  3862 raft_consensus.cc:515] T ba1ec442a93c4025a16155ead291cf63 P d3b14aebf564412ea671fdb02f7b3424 [term 1 FOLLOWER]: Starting leader election with config: opid_index: -1 OBSOLETE_local: false peers { permanent_uuid: "31208a0f9d9b4f04bee4ec41fddf3aa7" member_type: VOTER last_known_addr { host: "127.2.237.1" port: 40675 } } peers { permanent_uuid: "642c62539e7d4b6f86e1b925c3d1da4d" member_type: VOTER last_known_addr { host: "127.2.237.2" port: 40723 } } peers { permanent_uuid: "d3b14aebf564412ea671fdb02f7b3424" member_type: VOTER last_known_addr { host: "127.2.237.3" port: 34671 } }
I20260709 12:08:48.060629  3890 raft_consensus.cc:493] T 44208f27509f44bb9e20c4e8ab3614bb P d3b14aebf564412ea671fdb02f7b3424 [term 0 FOLLOWER]: Starting pre-election (no leader contacted us within the election timeout)
I20260709 12:08:48.061299  3890 raft_consensus.cc:515] T 44208f27509f44bb9e20c4e8ab3614bb P d3b14aebf564412ea671fdb02f7b3424 [term 0 FOLLOWER]: Starting pre-election with config: opid_index: -1 OBSOLETE_local: false peers { permanent_uuid: "31208a0f9d9b4f04bee4ec41fddf3aa7" member_type: VOTER last_known_addr { host: "127.2.237.1" port: 40675 } } peers { permanent_uuid: "642c62539e7d4b6f86e1b925c3d1da4d" member_type: VOTER last_known_addr { host: "127.2.237.2" port: 40723 } } peers { permanent_uuid: "d3b14aebf564412ea671fdb02f7b3424" member_type: VOTER last_known_addr { host: "127.2.237.3" port: 34671 } }
I20260709 12:08:48.062134  3862 leader_election.cc:290] T ba1ec442a93c4025a16155ead291cf63 P d3b14aebf564412ea671fdb02f7b3424 [CANDIDATE]: Term 1 election: Requested vote from peers 31208a0f9d9b4f04bee4ec41fddf3aa7 (127.2.237.1:40675), 642c62539e7d4b6f86e1b925c3d1da4d (127.2.237.2:40723)
I20260709 12:08:48.062675  3862 raft_consensus.cc:2804] T c43e5f956ec44aa8b115a16b8e338043 P d3b14aebf564412ea671fdb02f7b3424 [term 1 FOLLOWER]: Leader election won for term 1
I20260709 12:08:48.063097  3862 raft_consensus.cc:697] T c43e5f956ec44aa8b115a16b8e338043 P d3b14aebf564412ea671fdb02f7b3424 [term 1 LEADER]: Becoming Leader. State: Replica: d3b14aebf564412ea671fdb02f7b3424, State: Running, Role: LEADER
I20260709 12:08:48.063262  3738 tablet_service.cc:1917] Received RequestConsensusVote() RPC: tablet_id: "489eb4e1cd61467b8dd938a8792114b4" candidate_uuid: "d3b14aebf564412ea671fdb02f7b3424" candidate_term: 1 candidate_status { last_received { term: 0 index: 0 } } ignore_live_leader: false dest_uuid: "642c62539e7d4b6f86e1b925c3d1da4d"
I20260709 12:08:48.063987  3890 leader_election.cc:290] T 44208f27509f44bb9e20c4e8ab3614bb P d3b14aebf564412ea671fdb02f7b3424 [CANDIDATE]: Term 1 pre-election: Requested pre-vote from peers 31208a0f9d9b4f04bee4ec41fddf3aa7 (127.2.237.1:40675), 642c62539e7d4b6f86e1b925c3d1da4d (127.2.237.2:40723)
I20260709 12:08:48.066888  3737 tablet_service.cc:1917] Received RequestConsensusVote() RPC: tablet_id: "ec0c6bbd1a114ea491caf5edf8fd9007" candidate_uuid: "d3b14aebf564412ea671fdb02f7b3424" candidate_term: 1 candidate_status { last_received { term: 0 index: 0 } } ignore_live_leader: false dest_uuid: "642c62539e7d4b6f86e1b925c3d1da4d" is_pre_election: true
I20260709 12:08:48.069011  3737 raft_consensus.cc:2468] T ec0c6bbd1a114ea491caf5edf8fd9007 P 642c62539e7d4b6f86e1b925c3d1da4d [term 0 FOLLOWER]: Leader pre-election vote request: Granting yes vote for candidate d3b14aebf564412ea671fdb02f7b3424 in term 0.
I20260709 12:08:48.070492  3662 tablet_service.cc:1917] Received RequestConsensusVote() RPC: tablet_id: "ba1ec442a93c4025a16155ead291cf63" candidate_uuid: "d3b14aebf564412ea671fdb02f7b3424" candidate_term: 1 candidate_status { last_received { term: 0 index: 0 } } ignore_live_leader: false dest_uuid: "31208a0f9d9b4f04bee4ec41fddf3aa7"
I20260709 12:08:48.071045  3662 raft_consensus.cc:3060] T ba1ec442a93c4025a16155ead291cf63 P 31208a0f9d9b4f04bee4ec41fddf3aa7 [term 0 FOLLOWER]: Advancing to term 1
I20260709 12:08:48.071276  3812 tablet_service.cc:1917] Received RequestConsensusVote() RPC: tablet_id: "b6c8e382ea534edb9cb762719d4dbcac" candidate_uuid: "642c62539e7d4b6f86e1b925c3d1da4d" candidate_term: 1 candidate_status { last_received { term: 0 index: 0 } } ignore_live_leader: false dest_uuid: "d3b14aebf564412ea671fdb02f7b3424" is_pre_election: true
I20260709 12:08:48.073668  3661 tablet_service.cc:1917] Received RequestConsensusVote() RPC: tablet_id: "44208f27509f44bb9e20c4e8ab3614bb" candidate_uuid: "d3b14aebf564412ea671fdb02f7b3424" candidate_term: 1 candidate_status { last_received { term: 0 index: 0 } } ignore_live_leader: false dest_uuid: "31208a0f9d9b4f04bee4ec41fddf3aa7" is_pre_election: true
W20260709 12:08:48.062147  3776 leader_election.cc:343] T 489eb4e1cd61467b8dd938a8792114b4 P d3b14aebf564412ea671fdb02f7b3424 [CANDIDATE]: Term 1 pre-election: Tablet error from VoteRequest() call to peer 642c62539e7d4b6f86e1b925c3d1da4d (127.2.237.2:40723): Illegal state: must be running to vote when last-logged opid is not known
I20260709 12:08:48.072316  3812 raft_consensus.cc:2468] T b6c8e382ea534edb9cb762719d4dbcac P d3b14aebf564412ea671fdb02f7b3424 [term 0 FOLLOWER]: Leader pre-election vote request: Granting yes vote for candidate 642c62539e7d4b6f86e1b925c3d1da4d in term 0.
I20260709 12:08:48.075628  3661 raft_consensus.cc:2468] T 44208f27509f44bb9e20c4e8ab3614bb P 31208a0f9d9b4f04bee4ec41fddf3aa7 [term 0 FOLLOWER]: Leader pre-election vote request: Granting yes vote for candidate d3b14aebf564412ea671fdb02f7b3424 in term 0.
I20260709 12:08:48.063938  3862 consensus_queue.cc:237] T c43e5f956ec44aa8b115a16b8e338043 P d3b14aebf564412ea671fdb02f7b3424 [LEADER]: Queue going to LEADER mode. State: All replicated index: 0, Majority replicated index: 0, Committed index: 0, Last appended: 0.0, Last appended by leader: 0, Current term: 1, Majority size: 2, State: 0, Mode: LEADER, active raft config: opid_index: -1 OBSOLETE_local: false peers { permanent_uuid: "31208a0f9d9b4f04bee4ec41fddf3aa7" member_type: VOTER last_known_addr { host: "127.2.237.1" port: 40675 } } peers { permanent_uuid: "642c62539e7d4b6f86e1b925c3d1da4d" member_type: VOTER last_known_addr { host: "127.2.237.2" port: 40723 } } peers { permanent_uuid: "d3b14aebf564412ea671fdb02f7b3424" member_type: VOTER last_known_addr { host: "127.2.237.3" port: 34671 } }
I20260709 12:08:48.082405  3853 tablet_bootstrap.cc:654] T 8a368aff37df42b097c5c1c2d16d0dc5 P d3b14aebf564412ea671fdb02f7b3424: Neither blocks nor log segments found. Creating new log.
I20260709 12:08:48.083905  3777 leader_election.cc:304] T 44208f27509f44bb9e20c4e8ab3614bb P d3b14aebf564412ea671fdb02f7b3424 [CANDIDATE]: Term 1 pre-election: Election decided. Result: candidate won. Election summary: received 2 responses out of 3 voters: 2 yes votes; 0 no votes. yes voters: 31208a0f9d9b4f04bee4ec41fddf3aa7, d3b14aebf564412ea671fdb02f7b3424; no voters: 
I20260709 12:08:48.085198  3877 raft_consensus.cc:2804] T 44208f27509f44bb9e20c4e8ab3614bb P d3b14aebf564412ea671fdb02f7b3424 [term 0 FOLLOWER]: Leader pre-election won for term 1
I20260709 12:08:48.085969  3877 raft_consensus.cc:493] T 44208f27509f44bb9e20c4e8ab3614bb P d3b14aebf564412ea671fdb02f7b3424 [term 0 FOLLOWER]: Starting leader election (no leader contacted us within the election timeout)
I20260709 12:08:48.086318  3877 raft_consensus.cc:3060] T 44208f27509f44bb9e20c4e8ab3614bb P d3b14aebf564412ea671fdb02f7b3424 [term 0 FOLLOWER]: Advancing to term 1
I20260709 12:08:48.087705  3776 leader_election.cc:304] T f1033c58c21148cba721fadaab110941 P d3b14aebf564412ea671fdb02f7b3424 [CANDIDATE]: Term 1 election: Election decided. Result: candidate won. Election summary: received 3 responses out of 3 voters: 2 yes votes; 1 no votes. yes voters: 642c62539e7d4b6f86e1b925c3d1da4d, d3b14aebf564412ea671fdb02f7b3424; no voters: 31208a0f9d9b4f04bee4ec41fddf3aa7
I20260709 12:08:48.088032  3661 tablet_service.cc:1917] Received RequestConsensusVote() RPC: tablet_id: "a3dbcfb640b3404886d23ec8f03a2c60" candidate_uuid: "642c62539e7d4b6f86e1b925c3d1da4d" candidate_term: 1 candidate_status { last_received { term: 0 index: 0 } } ignore_live_leader: false dest_uuid: "31208a0f9d9b4f04bee4ec41fddf3aa7" is_pre_election: true
I20260709 12:08:48.088622  3661 raft_consensus.cc:2468] T a3dbcfb640b3404886d23ec8f03a2c60 P 31208a0f9d9b4f04bee4ec41fddf3aa7 [term 0 FOLLOWER]: Leader pre-election vote request: Granting yes vote for candidate 642c62539e7d4b6f86e1b925c3d1da4d in term 0.
W20260709 12:08:48.088835  3776 leader_election.cc:343] T 489eb4e1cd61467b8dd938a8792114b4 P d3b14aebf564412ea671fdb02f7b3424 [CANDIDATE]: Term 1 election: Tablet error from VoteRequest() call to peer 642c62539e7d4b6f86e1b925c3d1da4d (127.2.237.2:40723): Illegal state: must be running to vote when last-logged opid is not known
I20260709 12:08:48.089056  3703 leader_election.cc:304] T b6c8e382ea534edb9cb762719d4dbcac P 642c62539e7d4b6f86e1b925c3d1da4d [CANDIDATE]: Term 1 pre-election: Election decided. Result: candidate won. Election summary: received 2 responses out of 3 voters: 2 yes votes; 0 no votes. yes voters: 642c62539e7d4b6f86e1b925c3d1da4d, d3b14aebf564412ea671fdb02f7b3424; no voters: 
I20260709 12:08:48.090917  3659 tablet_service.cc:1917] Received RequestConsensusVote() RPC: tablet_id: "8a368aff37df42b097c5c1c2d16d0dc5" candidate_uuid: "642c62539e7d4b6f86e1b925c3d1da4d" candidate_term: 1 candidate_status { last_received { term: 0 index: 0 } } ignore_live_leader: false dest_uuid: "31208a0f9d9b4f04bee4ec41fddf3aa7" is_pre_election: true
I20260709 12:08:48.091547  3659 raft_consensus.cc:2468] T 8a368aff37df42b097c5c1c2d16d0dc5 P 31208a0f9d9b4f04bee4ec41fddf3aa7 [term 0 FOLLOWER]: Leader pre-election vote request: Granting yes vote for candidate 642c62539e7d4b6f86e1b925c3d1da4d in term 0.
I20260709 12:08:48.093151  3738 tablet_service.cc:1917] Received RequestConsensusVote() RPC: tablet_id: "44208f27509f44bb9e20c4e8ab3614bb" candidate_uuid: "d3b14aebf564412ea671fdb02f7b3424" candidate_term: 1 candidate_status { last_received { term: 0 index: 0 } } ignore_live_leader: false dest_uuid: "642c62539e7d4b6f86e1b925c3d1da4d" is_pre_election: true
I20260709 12:08:48.093942  3738 raft_consensus.cc:2468] T 44208f27509f44bb9e20c4e8ab3614bb P 642c62539e7d4b6f86e1b925c3d1da4d [term 0 FOLLOWER]: Leader pre-election vote request: Granting yes vote for candidate d3b14aebf564412ea671fdb02f7b3424 in term 0.
I20260709 12:08:48.089661  3660 tablet_service.cc:1917] Received RequestConsensusVote() RPC: tablet_id: "b6c8e382ea534edb9cb762719d4dbcac" candidate_uuid: "642c62539e7d4b6f86e1b925c3d1da4d" candidate_term: 1 candidate_status { last_received { term: 0 index: 0 } } ignore_live_leader: false dest_uuid: "31208a0f9d9b4f04bee4ec41fddf3aa7" is_pre_election: true
I20260709 12:08:48.094442  3859 raft_consensus.cc:515] T a3dbcfb640b3404886d23ec8f03a2c60 P 642c62539e7d4b6f86e1b925c3d1da4d [term 1 FOLLOWER]: Starting leader election with config: opid_index: -1 OBSOLETE_local: false peers { permanent_uuid: "d3b14aebf564412ea671fdb02f7b3424" member_type: VOTER last_known_addr { host: "127.2.237.3" port: 34671 } } peers { permanent_uuid: "642c62539e7d4b6f86e1b925c3d1da4d" member_type: VOTER last_known_addr { host: "127.2.237.2" port: 40723 } } peers { permanent_uuid: "31208a0f9d9b4f04bee4ec41fddf3aa7" member_type: VOTER last_known_addr { host: "127.2.237.1" port: 40675 } }
I20260709 12:08:48.095923  3737 tablet_service.cc:1917] Received RequestConsensusVote() RPC: tablet_id: "ba1ec442a93c4025a16155ead291cf63" candidate_uuid: "d3b14aebf564412ea671fdb02f7b3424" candidate_term: 1 candidate_status { last_received { term: 0 index: 0 } } ignore_live_leader: false dest_uuid: "642c62539e7d4b6f86e1b925c3d1da4d"
I20260709 12:08:48.096673  3737 raft_consensus.cc:3060] T ba1ec442a93c4025a16155ead291cf63 P 642c62539e7d4b6f86e1b925c3d1da4d [term 0 FOLLOWER]: Advancing to term 1
I20260709 12:08:48.097199  3890 raft_consensus.cc:2804] T f1033c58c21148cba721fadaab110941 P d3b14aebf564412ea671fdb02f7b3424 [term 1 FOLLOWER]: Leader election won for term 1
I20260709 12:08:48.100749  3893 raft_consensus.cc:493] T 44208f27509f44bb9e20c4e8ab3614bb P 642c62539e7d4b6f86e1b925c3d1da4d [term 0 FOLLOWER]: Starting pre-election (no leader contacted us within the election timeout)
I20260709 12:08:48.106457  3857 raft_consensus.cc:493] T 82947ba2d14149e2ad9116aa65bd847c P 31208a0f9d9b4f04bee4ec41fddf3aa7 [term 0 FOLLOWER]: Starting pre-election (no leader contacted us within the election timeout)
I20260709 12:08:48.109133  3857 raft_consensus.cc:515] T 82947ba2d14149e2ad9116aa65bd847c P 31208a0f9d9b4f04bee4ec41fddf3aa7 [term 0 FOLLOWER]: Starting pre-election with config: opid_index: -1 OBSOLETE_local: false peers { permanent_uuid: "31208a0f9d9b4f04bee4ec41fddf3aa7" member_type: VOTER last_known_addr { host: "127.2.237.1" port: 40675 } } peers { permanent_uuid: "642c62539e7d4b6f86e1b925c3d1da4d" member_type: VOTER last_known_addr { host: "127.2.237.2" port: 40723 } } peers { permanent_uuid: "d3b14aebf564412ea671fdb02f7b3424" member_type: VOTER last_known_addr { host: "127.2.237.3" port: 34671 } }
I20260709 12:08:48.110370  3877 raft_consensus.cc:515] T 44208f27509f44bb9e20c4e8ab3614bb P d3b14aebf564412ea671fdb02f7b3424 [term 1 FOLLOWER]: Starting leader election with config: opid_index: -1 OBSOLETE_local: false peers { permanent_uuid: "31208a0f9d9b4f04bee4ec41fddf3aa7" member_type: VOTER last_known_addr { host: "127.2.237.1" port: 40675 } } peers { permanent_uuid: "642c62539e7d4b6f86e1b925c3d1da4d" member_type: VOTER last_known_addr { host: "127.2.237.2" port: 40723 } } peers { permanent_uuid: "d3b14aebf564412ea671fdb02f7b3424" member_type: VOTER last_known_addr { host: "127.2.237.3" port: 34671 } }
I20260709 12:08:48.111435  3662 raft_consensus.cc:2468] T ba1ec442a93c4025a16155ead291cf63 P 31208a0f9d9b4f04bee4ec41fddf3aa7 [term 1 FOLLOWER]: Leader election vote request: Granting yes vote for candidate d3b14aebf564412ea671fdb02f7b3424 in term 1.
I20260709 12:08:48.111876  3857 leader_election.cc:290] T 82947ba2d14149e2ad9116aa65bd847c P 31208a0f9d9b4f04bee4ec41fddf3aa7 [CANDIDATE]: Term 1 pre-election: Requested pre-vote from peers 642c62539e7d4b6f86e1b925c3d1da4d (127.2.237.2:40723), d3b14aebf564412ea671fdb02f7b3424 (127.2.237.3:34671)
I20260709 12:08:48.112648  3777 leader_election.cc:304] T ba1ec442a93c4025a16155ead291cf63 P d3b14aebf564412ea671fdb02f7b3424 [CANDIDATE]: Term 1 election: Election decided. Result: candidate won. Election summary: received 2 responses out of 3 voters: 2 yes votes; 0 no votes. yes voters: 31208a0f9d9b4f04bee4ec41fddf3aa7, d3b14aebf564412ea671fdb02f7b3424; no voters: 
I20260709 12:08:48.113106  3877 leader_election.cc:290] T 44208f27509f44bb9e20c4e8ab3614bb P d3b14aebf564412ea671fdb02f7b3424 [CANDIDATE]: Term 1 election: Requested vote from peers 31208a0f9d9b4f04bee4ec41fddf3aa7 (127.2.237.1:40675), 642c62539e7d4b6f86e1b925c3d1da4d (127.2.237.2:40723)
I20260709 12:08:48.113819  3877 raft_consensus.cc:2804] T ba1ec442a93c4025a16155ead291cf63 P d3b14aebf564412ea671fdb02f7b3424 [term 1 FOLLOWER]: Leader election won for term 1
I20260709 12:08:48.114377  3877 raft_consensus.cc:697] T ba1ec442a93c4025a16155ead291cf63 P d3b14aebf564412ea671fdb02f7b3424 [term 1 LEADER]: Becoming Leader. State: Replica: d3b14aebf564412ea671fdb02f7b3424, State: Running, Role: LEADER
I20260709 12:08:48.114449  3660 tablet_service.cc:1917] Received RequestConsensusVote() RPC: tablet_id: "44208f27509f44bb9e20c4e8ab3614bb" candidate_uuid: "d3b14aebf564412ea671fdb02f7b3424" candidate_term: 1 candidate_status { last_received { term: 0 index: 0 } } ignore_live_leader: false dest_uuid: "31208a0f9d9b4f04bee4ec41fddf3aa7"
I20260709 12:08:48.115150  3660 raft_consensus.cc:3060] T 44208f27509f44bb9e20c4e8ab3614bb P 31208a0f9d9b4f04bee4ec41fddf3aa7 [term 0 FOLLOWER]: Advancing to term 1
I20260709 12:08:48.118813  3812 tablet_service.cc:1917] Received RequestConsensusVote() RPC: tablet_id: "a3dbcfb640b3404886d23ec8f03a2c60" candidate_uuid: "642c62539e7d4b6f86e1b925c3d1da4d" candidate_term: 1 candidate_status { last_received { term: 0 index: 0 } } ignore_live_leader: false dest_uuid: "d3b14aebf564412ea671fdb02f7b3424"
I20260709 12:08:48.119374  3812 raft_consensus.cc:3060] T a3dbcfb640b3404886d23ec8f03a2c60 P d3b14aebf564412ea671fdb02f7b3424 [term 0 FOLLOWER]: Advancing to term 1
I20260709 12:08:48.120366  3558 catalog_manager.cc:5697] T c43e5f956ec44aa8b115a16b8e338043 P d3b14aebf564412ea671fdb02f7b3424 reported cstate change: term changed from 0 to 1, leader changed from <none> to d3b14aebf564412ea671fdb02f7b3424 (127.2.237.3). New cstate: current_term: 1 leader_uuid: "d3b14aebf564412ea671fdb02f7b3424" committed_config { opid_index: -1 OBSOLETE_local: false peers { permanent_uuid: "31208a0f9d9b4f04bee4ec41fddf3aa7" member_type: VOTER last_known_addr { host: "127.2.237.1" port: 40675 } health_report { overall_health: UNKNOWN } } peers { permanent_uuid: "642c62539e7d4b6f86e1b925c3d1da4d" member_type: VOTER last_known_addr { host: "127.2.237.2" port: 40723 } health_report { overall_health: UNKNOWN } } peers { permanent_uuid: "d3b14aebf564412ea671fdb02f7b3424" member_type: VOTER last_known_addr { host: "127.2.237.3" port: 34671 } health_report { overall_health: HEALTHY } } }
I20260709 12:08:48.122277  3737 raft_consensus.cc:2468] T ba1ec442a93c4025a16155ead291cf63 P 642c62539e7d4b6f86e1b925c3d1da4d [term 1 FOLLOWER]: Leader election vote request: Granting yes vote for candidate d3b14aebf564412ea671fdb02f7b3424 in term 1.
I20260709 12:08:48.123624  3660 raft_consensus.cc:2468] T 44208f27509f44bb9e20c4e8ab3614bb P 31208a0f9d9b4f04bee4ec41fddf3aa7 [term 1 FOLLOWER]: Leader election vote request: Granting yes vote for candidate d3b14aebf564412ea671fdb02f7b3424 in term 1.
I20260709 12:08:48.125193  3877 consensus_queue.cc:237] T ba1ec442a93c4025a16155ead291cf63 P d3b14aebf564412ea671fdb02f7b3424 [LEADER]: Queue going to LEADER mode. State: All replicated index: 0, Majority replicated index: 0, Committed index: 0, Last appended: 0.0, Last appended by leader: 0, Current term: 1, Majority size: 2, State: 0, Mode: LEADER, active raft config: opid_index: -1 OBSOLETE_local: false peers { permanent_uuid: "31208a0f9d9b4f04bee4ec41fddf3aa7" member_type: VOTER last_known_addr { host: "127.2.237.1" port: 40675 } } peers { permanent_uuid: "642c62539e7d4b6f86e1b925c3d1da4d" member_type: VOTER last_known_addr { host: "127.2.237.2" port: 40723 } } peers { permanent_uuid: "d3b14aebf564412ea671fdb02f7b3424" member_type: VOTER last_known_addr { host: "127.2.237.3" port: 34671 } }
I20260709 12:08:48.125656  3777 leader_election.cc:304] T 44208f27509f44bb9e20c4e8ab3614bb P d3b14aebf564412ea671fdb02f7b3424 [CANDIDATE]: Term 1 election: Election decided. Result: candidate won. Election summary: received 2 responses out of 3 voters: 2 yes votes; 0 no votes. yes voters: 31208a0f9d9b4f04bee4ec41fddf3aa7, d3b14aebf564412ea671fdb02f7b3424; no voters: 
I20260709 12:08:48.126943  3852 tablet_bootstrap.cc:492] T 489eb4e1cd61467b8dd938a8792114b4 P 642c62539e7d4b6f86e1b925c3d1da4d: No bootstrap required, opened a new log
I20260709 12:08:48.127455  3852 ts_tablet_manager.cc:1403] T 489eb4e1cd61467b8dd938a8792114b4 P 642c62539e7d4b6f86e1b925c3d1da4d: Time spent bootstrapping tablet: real 0.104s	user 0.021s	sys 0.010s
I20260709 12:08:48.129665  3862 raft_consensus.cc:2804] T 44208f27509f44bb9e20c4e8ab3614bb P d3b14aebf564412ea671fdb02f7b3424 [term 1 FOLLOWER]: Leader election won for term 1
I20260709 12:08:48.129629  3737 tablet_service.cc:1917] Received RequestConsensusVote() RPC: tablet_id: "44208f27509f44bb9e20c4e8ab3614bb" candidate_uuid: "d3b14aebf564412ea671fdb02f7b3424" candidate_term: 1 candidate_status { last_received { term: 0 index: 0 } } ignore_live_leader: false dest_uuid: "642c62539e7d4b6f86e1b925c3d1da4d"
I20260709 12:08:48.130198  3862 raft_consensus.cc:697] T 44208f27509f44bb9e20c4e8ab3614bb P d3b14aebf564412ea671fdb02f7b3424 [term 1 LEADER]: Becoming Leader. State: Replica: d3b14aebf564412ea671fdb02f7b3424, State: Running, Role: LEADER
I20260709 12:08:48.130203  3889 raft_consensus.cc:515] T ec0c6bbd1a114ea491caf5edf8fd9007 P d3b14aebf564412ea671fdb02f7b3424 [term 1 FOLLOWER]: Starting leader election with config: opid_index: -1 OBSOLETE_local: false peers { permanent_uuid: "31208a0f9d9b4f04bee4ec41fddf3aa7" member_type: VOTER last_known_addr { host: "127.2.237.1" port: 40675 } } peers { permanent_uuid: "642c62539e7d4b6f86e1b925c3d1da4d" member_type: VOTER last_known_addr { host: "127.2.237.2" port: 40723 } } peers { permanent_uuid: "d3b14aebf564412ea671fdb02f7b3424" member_type: VOTER last_known_addr { host: "127.2.237.3" port: 34671 } }
I20260709 12:08:48.131316  3862 consensus_queue.cc:237] T 44208f27509f44bb9e20c4e8ab3614bb P d3b14aebf564412ea671fdb02f7b3424 [LEADER]: Queue going to LEADER mode. State: All replicated index: 0, Majority replicated index: 0, Committed index: 0, Last appended: 0.0, Last appended by leader: 0, Current term: 1, Majority size: 2, State: 0, Mode: LEADER, active raft config: opid_index: -1 OBSOLETE_local: false peers { permanent_uuid: "31208a0f9d9b4f04bee4ec41fddf3aa7" member_type: VOTER last_known_addr { host: "127.2.237.1" port: 40675 } } peers { permanent_uuid: "642c62539e7d4b6f86e1b925c3d1da4d" member_type: VOTER last_known_addr { host: "127.2.237.2" port: 40723 } } peers { permanent_uuid: "d3b14aebf564412ea671fdb02f7b3424" member_type: VOTER last_known_addr { host: "127.2.237.3" port: 34671 } }
I20260709 12:08:48.132741  3812 raft_consensus.cc:2468] T a3dbcfb640b3404886d23ec8f03a2c60 P d3b14aebf564412ea671fdb02f7b3424 [term 1 FOLLOWER]: Leader election vote request: Granting yes vote for candidate 642c62539e7d4b6f86e1b925c3d1da4d in term 1.
I20260709 12:08:48.133221  3889 leader_election.cc:290] T ec0c6bbd1a114ea491caf5edf8fd9007 P d3b14aebf564412ea671fdb02f7b3424 [CANDIDATE]: Term 1 election: Requested vote from peers 31208a0f9d9b4f04bee4ec41fddf3aa7 (127.2.237.1:40675), 642c62539e7d4b6f86e1b925c3d1da4d (127.2.237.2:40723)
I20260709 12:08:48.115998  3859 leader_election.cc:290] T a3dbcfb640b3404886d23ec8f03a2c60 P 642c62539e7d4b6f86e1b925c3d1da4d [CANDIDATE]: Term 1 election: Requested vote from peers d3b14aebf564412ea671fdb02f7b3424 (127.2.237.3:34671), 31208a0f9d9b4f04bee4ec41fddf3aa7 (127.2.237.1:40675)
I20260709 12:08:48.134279  3663 raft_consensus.cc:2468] T 489eb4e1cd61467b8dd938a8792114b4 P 31208a0f9d9b4f04bee4ec41fddf3aa7 [term 1 FOLLOWER]: Leader election vote request: Granting yes vote for candidate d3b14aebf564412ea671fdb02f7b3424 in term 1.
