I20260709 12:22:56.941604  6917 tablet_bootstrap.cc:492] T e4499e3ed00c48cb93eb8d63da976d1f P 795029e5119b474a85c99d198ba13a6f: No bootstrap required, opened a new log
I20260709 12:22:56.942041  6917 ts_tablet_manager.cc:1403] T e4499e3ed00c48cb93eb8d63da976d1f P 795029e5119b474a85c99d198ba13a6f: Time spent bootstrapping tablet: real 0.065s	user 0.024s	sys 0.008s
I20260709 12:22:56.942598  7085 consensus_queue.cc:1048] T 7e61840ec6a04dde9f26427a12bc504b P 795029e5119b474a85c99d198ba13a6f [LEADER]: Connected to new peer: Peer: permanent_uuid: "3658973d8f464802b0afe636ac72ab59" member_type: VOTER last_known_addr { host: "127.5.116.193" port: 35409 }, Status: LMP_MISMATCH, Last received: 0.0, Next index: 1, Last known committed idx: 0, Time since last communication: 0.000s
I20260709 12:22:56.942917  6919 tablet_bootstrap.cc:654] T 693bd742db4f4ef99e20d63904157c0a P 3658973d8f464802b0afe636ac72ab59: Neither blocks nor log segments found. Creating new log.
I20260709 12:22:56.945257  6917 raft_consensus.cc:359] T e4499e3ed00c48cb93eb8d63da976d1f P 795029e5119b474a85c99d198ba13a6f [term 0 FOLLOWER]: Replica starting. Triggering 0 pending ops. Active config: opid_index: -1 OBSOLETE_local: false peers { permanent_uuid: "3658973d8f464802b0afe636ac72ab59" member_type: VOTER last_known_addr { host: "127.5.116.193" port: 35409 } } peers { permanent_uuid: "9ecebc15f9c44d46a7143758583d2cf3" member_type: VOTER last_known_addr { host: "127.5.116.194" port: 40437 } } peers { permanent_uuid: "795029e5119b474a85c99d198ba13a6f" member_type: VOTER last_known_addr { host: "127.5.116.195" port: 39797 } }
I20260709 12:22:56.945931  6917 raft_consensus.cc:385] T e4499e3ed00c48cb93eb8d63da976d1f P 795029e5119b474a85c99d198ba13a6f [term 0 FOLLOWER]: Consensus starting up: Expiring failure detector timer to make a prompt election more likely
I20260709 12:22:56.946189  6917 raft_consensus.cc:740] T e4499e3ed00c48cb93eb8d63da976d1f P 795029e5119b474a85c99d198ba13a6f [term 0 FOLLOWER]: Becoming Follower/Learner. State: Replica: 795029e5119b474a85c99d198ba13a6f, State: Initialized, Role: FOLLOWER
I20260709 12:22:56.946831  6917 consensus_queue.cc:260] T e4499e3ed00c48cb93eb8d63da976d1f P 795029e5119b474a85c99d198ba13a6f [NON_LEADER]: Queue going to NON_LEADER mode. State: All replicated index: 0, Majority replicated index: 0, Committed index: 0, Last appended: 0.0, Last appended by leader: 0, Current term: 0, Majority size: -1, State: 0, Mode: NON_LEADER, active raft config: opid_index: -1 OBSOLETE_local: false peers { permanent_uuid: "3658973d8f464802b0afe636ac72ab59" member_type: VOTER last_known_addr { host: "127.5.116.193" port: 35409 } } peers { permanent_uuid: "9ecebc15f9c44d46a7143758583d2cf3" member_type: VOTER last_known_addr { host: "127.5.116.194" port: 40437 } } peers { permanent_uuid: "795029e5119b474a85c99d198ba13a6f" member_type: VOTER last_known_addr { host: "127.5.116.195" port: 39797 } }
I20260709 12:22:56.936111  6916 ts_tablet_manager.cc:1434] T b1c768a2898c4f7a8bbb18152e7c7a9d P 9ecebc15f9c44d46a7143758583d2cf3: Time spent starting tablet: real 0.040s	user 0.007s	sys 0.000s
I20260709 12:22:56.948904  6917 ts_tablet_manager.cc:1434] T e4499e3ed00c48cb93eb8d63da976d1f P 795029e5119b474a85c99d198ba13a6f: Time spent starting tablet: real 0.007s	user 0.007s	sys 0.000s
I20260709 12:22:56.952301  6767 leader_election.cc:304] T c1fa154be4104a96afcd91ad04596be4 P 9ecebc15f9c44d46a7143758583d2cf3 [CANDIDATE]: Term 1 pre-election: Election decided. Result: candidate won. Election summary: received 3 responses out of 3 voters: 2 yes votes; 1 no votes. yes voters: 3658973d8f464802b0afe636ac72ab59, 9ecebc15f9c44d46a7143758583d2cf3; no voters: 795029e5119b474a85c99d198ba13a6f
I20260709 12:22:56.953166  7156 raft_consensus.cc:2804] T c1fa154be4104a96afcd91ad04596be4 P 9ecebc15f9c44d46a7143758583d2cf3 [term 0 FOLLOWER]: Leader pre-election won for term 1
I20260709 12:22:56.953544  7156 raft_consensus.cc:493] T c1fa154be4104a96afcd91ad04596be4 P 9ecebc15f9c44d46a7143758583d2cf3 [term 0 FOLLOWER]: Starting leader election (no leader contacted us within the election timeout)
I20260709 12:22:56.953845  7156 raft_consensus.cc:3060] T c1fa154be4104a96afcd91ad04596be4 P 9ecebc15f9c44d46a7143758583d2cf3 [term 0 FOLLOWER]: Advancing to term 1
I20260709 12:22:56.955991  6917 tablet_bootstrap.cc:492] T c41c6199e91e493b8ae9f2f40f23aac0 P 795029e5119b474a85c99d198ba13a6f: Bootstrap starting.
I20260709 12:22:56.965956  6917 tablet_bootstrap.cc:654] T c41c6199e91e493b8ae9f2f40f23aac0 P 795029e5119b474a85c99d198ba13a6f: Neither blocks nor log segments found. Creating new log.
I20260709 12:22:56.966578  7156 raft_consensus.cc:515] T c1fa154be4104a96afcd91ad04596be4 P 9ecebc15f9c44d46a7143758583d2cf3 [term 1 FOLLOWER]: Starting leader election with config: opid_index: -1 OBSOLETE_local: false peers { permanent_uuid: "3658973d8f464802b0afe636ac72ab59" member_type: VOTER last_known_addr { host: "127.5.116.193" port: 35409 } } peers { permanent_uuid: "9ecebc15f9c44d46a7143758583d2cf3" member_type: VOTER last_known_addr { host: "127.5.116.194" port: 40437 } } peers { permanent_uuid: "795029e5119b474a85c99d198ba13a6f" member_type: VOTER last_known_addr { host: "127.5.116.195" port: 39797 } }
I20260709 12:22:56.971487  7156 leader_election.cc:290] T c1fa154be4104a96afcd91ad04596be4 P 9ecebc15f9c44d46a7143758583d2cf3 [CANDIDATE]: Term 1 election: Requested vote from peers 3658973d8f464802b0afe636ac72ab59 (127.5.116.193:35409), 795029e5119b474a85c99d198ba13a6f (127.5.116.195:39797)
I20260709 12:22:56.972059  6916 tablet_bootstrap.cc:492] T 0b7f7232bb574292bf9b2528e00be402 P 9ecebc15f9c44d46a7143758583d2cf3: Bootstrap starting.
I20260709 12:22:56.975157  6874 tablet_service.cc:1917] Received RequestConsensusVote() RPC: tablet_id: "c1fa154be4104a96afcd91ad04596be4" candidate_uuid: "9ecebc15f9c44d46a7143758583d2cf3" candidate_term: 1 candidate_status { last_received { term: 0 index: 0 } } ignore_live_leader: false dest_uuid: "795029e5119b474a85c99d198ba13a6f"
W20260709 12:22:56.978886  6767 leader_election.cc:343] T c1fa154be4104a96afcd91ad04596be4 P 9ecebc15f9c44d46a7143758583d2cf3 [CANDIDATE]: Term 1 election: Tablet error from VoteRequest() call to peer 795029e5119b474a85c99d198ba13a6f (127.5.116.195:39797): Illegal state: must be running to vote when last-logged opid is not known
I20260709 12:22:56.996335  7094 raft_consensus.cc:493] T 1f1a0c4fcccf4a7091f5783a1ea082d0 P 3658973d8f464802b0afe636ac72ab59 [term 0 FOLLOWER]: Starting pre-election (no leader contacted us within the election timeout)
I20260709 12:22:56.996803  7094 raft_consensus.cc:515] T 1f1a0c4fcccf4a7091f5783a1ea082d0 P 3658973d8f464802b0afe636ac72ab59 [term 0 FOLLOWER]: Starting pre-election with config: opid_index: -1 OBSOLETE_local: false peers { permanent_uuid: "3658973d8f464802b0afe636ac72ab59" member_type: VOTER last_known_addr { host: "127.5.116.193" port: 35409 } } peers { permanent_uuid: "9ecebc15f9c44d46a7143758583d2cf3" member_type: VOTER last_known_addr { host: "127.5.116.194" port: 40437 } } peers { permanent_uuid: "795029e5119b474a85c99d198ba13a6f" member_type: VOTER last_known_addr { host: "127.5.116.195" port: 39797 } }
I20260709 12:22:56.997265  6727 tablet_service.cc:1917] Received RequestConsensusVote() RPC: tablet_id: "c1fa154be4104a96afcd91ad04596be4" candidate_uuid: "9ecebc15f9c44d46a7143758583d2cf3" candidate_term: 1 candidate_status { last_received { term: 0 index: 0 } } ignore_live_leader: false dest_uuid: "3658973d8f464802b0afe636ac72ab59"
I20260709 12:22:56.997852  6727 raft_consensus.cc:3060] T c1fa154be4104a96afcd91ad04596be4 P 3658973d8f464802b0afe636ac72ab59 [term 0 FOLLOWER]: Advancing to term 1
I20260709 12:22:57.000525  6916 tablet_bootstrap.cc:654] T 0b7f7232bb574292bf9b2528e00be402 P 9ecebc15f9c44d46a7143758583d2cf3: Neither blocks nor log segments found. Creating new log.
I20260709 12:22:57.003919  6727 raft_consensus.cc:2468] T c1fa154be4104a96afcd91ad04596be4 P 3658973d8f464802b0afe636ac72ab59 [term 1 FOLLOWER]: Leader election vote request: Granting yes vote for candidate 9ecebc15f9c44d46a7143758583d2cf3 in term 1.
I20260709 12:22:57.004989  6767 leader_election.cc:304] T c1fa154be4104a96afcd91ad04596be4 P 9ecebc15f9c44d46a7143758583d2cf3 [CANDIDATE]: Term 1 election: Election decided. Result: candidate won. Election summary: received 3 responses out of 3 voters: 2 yes votes; 1 no votes. yes voters: 3658973d8f464802b0afe636ac72ab59, 9ecebc15f9c44d46a7143758583d2cf3; no voters: 795029e5119b474a85c99d198ba13a6f
I20260709 12:22:57.005806  7094 leader_election.cc:290] T 1f1a0c4fcccf4a7091f5783a1ea082d0 P 3658973d8f464802b0afe636ac72ab59 [CANDIDATE]: Term 1 pre-election: Requested pre-vote from peers 9ecebc15f9c44d46a7143758583d2cf3 (127.5.116.194:40437), 795029e5119b474a85c99d198ba13a6f (127.5.116.195:39797)
I20260709 12:22:57.005910  7156 raft_consensus.cc:2804] T c1fa154be4104a96afcd91ad04596be4 P 9ecebc15f9c44d46a7143758583d2cf3 [term 1 FOLLOWER]: Leader election won for term 1
I20260709 12:22:57.006573  7156 raft_consensus.cc:697] T c1fa154be4104a96afcd91ad04596be4 P 9ecebc15f9c44d46a7143758583d2cf3 [term 1 LEADER]: Becoming Leader. State: Replica: 9ecebc15f9c44d46a7143758583d2cf3, State: Running, Role: LEADER
I20260709 12:22:57.007359  7156 consensus_queue.cc:237] T c1fa154be4104a96afcd91ad04596be4 P 9ecebc15f9c44d46a7143758583d2cf3 [LEADER]: Queue going to LEADER mode. State: All replicated index: 0, Majority replicated index: 0, Committed index: 0, Last appended: 0.0, Last appended by leader: 0, Current term: 1, Majority size: 2, State: 0, Mode: LEADER, active raft config: opid_index: -1 OBSOLETE_local: false peers { permanent_uuid: "3658973d8f464802b0afe636ac72ab59" member_type: VOTER last_known_addr { host: "127.5.116.193" port: 35409 } } peers { permanent_uuid: "9ecebc15f9c44d46a7143758583d2cf3" member_type: VOTER last_known_addr { host: "127.5.116.194" port: 40437 } } peers { permanent_uuid: "795029e5119b474a85c99d198ba13a6f" member_type: VOTER last_known_addr { host: "127.5.116.195" port: 39797 } }
I20260709 12:22:57.009445  6798 tablet_service.cc:1917] Received RequestConsensusVote() RPC: tablet_id: "1f1a0c4fcccf4a7091f5783a1ea082d0" candidate_uuid: "3658973d8f464802b0afe636ac72ab59" candidate_term: 1 candidate_status { last_received { term: 0 index: 0 } } ignore_live_leader: false dest_uuid: "9ecebc15f9c44d46a7143758583d2cf3" is_pre_election: true
I20260709 12:22:57.010002  6798 raft_consensus.cc:2468] T 1f1a0c4fcccf4a7091f5783a1ea082d0 P 9ecebc15f9c44d46a7143758583d2cf3 [term 0 FOLLOWER]: Leader pre-election vote request: Granting yes vote for candidate 3658973d8f464802b0afe636ac72ab59 in term 0.
I20260709 12:22:57.011056  6874 tablet_service.cc:1917] Received RequestConsensusVote() RPC: tablet_id: "1f1a0c4fcccf4a7091f5783a1ea082d0" candidate_uuid: "3658973d8f464802b0afe636ac72ab59" candidate_term: 1 candidate_status { last_received { term: 0 index: 0 } } ignore_live_leader: false dest_uuid: "795029e5119b474a85c99d198ba13a6f" is_pre_election: true
I20260709 12:22:57.011629  6874 raft_consensus.cc:2468] T 1f1a0c4fcccf4a7091f5783a1ea082d0 P 795029e5119b474a85c99d198ba13a6f [term 0 FOLLOWER]: Leader pre-election vote request: Granting yes vote for candidate 3658973d8f464802b0afe636ac72ab59 in term 0.
I20260709 12:22:57.012593  6692 leader_election.cc:304] T 1f1a0c4fcccf4a7091f5783a1ea082d0 P 3658973d8f464802b0afe636ac72ab59 [CANDIDATE]: Term 1 pre-election: Election decided. Result: candidate won. Election summary: received 2 responses out of 3 voters: 2 yes votes; 0 no votes. yes voters: 3658973d8f464802b0afe636ac72ab59, 795029e5119b474a85c99d198ba13a6f; no voters: 
I20260709 12:22:57.014235  6995 raft_consensus.cc:2804] T 1f1a0c4fcccf4a7091f5783a1ea082d0 P 3658973d8f464802b0afe636ac72ab59 [term 0 FOLLOWER]: Leader pre-election won for term 1
I20260709 12:22:57.014601  6995 raft_consensus.cc:493] T 1f1a0c4fcccf4a7091f5783a1ea082d0 P 3658973d8f464802b0afe636ac72ab59 [term 0 FOLLOWER]: Starting leader election (no leader contacted us within the election timeout)
I20260709 12:22:57.014940  6995 raft_consensus.cc:3060] T 1f1a0c4fcccf4a7091f5783a1ea082d0 P 3658973d8f464802b0afe636ac72ab59 [term 0 FOLLOWER]: Advancing to term 1
I20260709 12:22:57.021093  6995 raft_consensus.cc:515] T 1f1a0c4fcccf4a7091f5783a1ea082d0 P 3658973d8f464802b0afe636ac72ab59 [term 1 FOLLOWER]: Starting leader election with config: opid_index: -1 OBSOLETE_local: false peers { permanent_uuid: "3658973d8f464802b0afe636ac72ab59" member_type: VOTER last_known_addr { host: "127.5.116.193" port: 35409 } } peers { permanent_uuid: "9ecebc15f9c44d46a7143758583d2cf3" member_type: VOTER last_known_addr { host: "127.5.116.194" port: 40437 } } peers { permanent_uuid: "795029e5119b474a85c99d198ba13a6f" member_type: VOTER last_known_addr { host: "127.5.116.195" port: 39797 } }
I20260709 12:22:57.024817  6874 tablet_service.cc:1917] Received RequestConsensusVote() RPC: tablet_id: "1f1a0c4fcccf4a7091f5783a1ea082d0" candidate_uuid: "3658973d8f464802b0afe636ac72ab59" candidate_term: 1 candidate_status { last_received { term: 0 index: 0 } } ignore_live_leader: false dest_uuid: "795029e5119b474a85c99d198ba13a6f"
I20260709 12:22:57.025352  6874 raft_consensus.cc:3060] T 1f1a0c4fcccf4a7091f5783a1ea082d0 P 795029e5119b474a85c99d198ba13a6f [term 0 FOLLOWER]: Advancing to term 1
I20260709 12:22:57.025662  6798 tablet_service.cc:1917] Received RequestConsensusVote() RPC: tablet_id: "1f1a0c4fcccf4a7091f5783a1ea082d0" candidate_uuid: "3658973d8f464802b0afe636ac72ab59" candidate_term: 1 candidate_status { last_received { term: 0 index: 0 } } ignore_live_leader: false dest_uuid: "9ecebc15f9c44d46a7143758583d2cf3"
I20260709 12:22:57.027230  6798 raft_consensus.cc:3060] T 1f1a0c4fcccf4a7091f5783a1ea082d0 P 9ecebc15f9c44d46a7143758583d2cf3 [term 0 FOLLOWER]: Advancing to term 1
I20260709 12:22:57.027908  6995 leader_election.cc:290] T 1f1a0c4fcccf4a7091f5783a1ea082d0 P 3658973d8f464802b0afe636ac72ab59 [CANDIDATE]: Term 1 election: Requested vote from peers 9ecebc15f9c44d46a7143758583d2cf3 (127.5.116.194:40437), 795029e5119b474a85c99d198ba13a6f (127.5.116.195:39797)
I20260709 12:22:57.037060  6874 raft_consensus.cc:2468] T 1f1a0c4fcccf4a7091f5783a1ea082d0 P 795029e5119b474a85c99d198ba13a6f [term 1 FOLLOWER]: Leader election vote request: Granting yes vote for candidate 3658973d8f464802b0afe636ac72ab59 in term 1.
I20260709 12:22:57.038026  6692 leader_election.cc:304] T 1f1a0c4fcccf4a7091f5783a1ea082d0 P 3658973d8f464802b0afe636ac72ab59 [CANDIDATE]: Term 1 election: Election decided. Result: candidate won. Election summary: received 2 responses out of 3 voters: 2 yes votes; 0 no votes. yes voters: 3658973d8f464802b0afe636ac72ab59, 795029e5119b474a85c99d198ba13a6f; no voters: 
I20260709 12:22:57.040077  6989 raft_consensus.cc:2804] T 1f1a0c4fcccf4a7091f5783a1ea082d0 P 3658973d8f464802b0afe636ac72ab59 [term 1 FOLLOWER]: Leader election won for term 1
I20260709 12:22:57.040503  6989 raft_consensus.cc:697] T 1f1a0c4fcccf4a7091f5783a1ea082d0 P 3658973d8f464802b0afe636ac72ab59 [term 1 LEADER]: Becoming Leader. State: Replica: 3658973d8f464802b0afe636ac72ab59, State: Running, Role: LEADER
I20260709 12:22:57.041036  7085 consensus_queue.cc:1048] T 7e61840ec6a04dde9f26427a12bc504b P 795029e5119b474a85c99d198ba13a6f [LEADER]: Connected to new peer: Peer: permanent_uuid: "9ecebc15f9c44d46a7143758583d2cf3" member_type: VOTER last_known_addr { host: "127.5.116.194" port: 40437 }, Status: LMP_MISMATCH, Last received: 0.0, Next index: 1, Last known committed idx: 0, Time since last communication: 0.000s
I20260709 12:22:57.041203  6989 consensus_queue.cc:237] T 1f1a0c4fcccf4a7091f5783a1ea082d0 P 3658973d8f464802b0afe636ac72ab59 [LEADER]: Queue going to LEADER mode. State: All replicated index: 0, Majority replicated index: 0, Committed index: 0, Last appended: 0.0, Last appended by leader: 0, Current term: 1, Majority size: 2, State: 0, Mode: LEADER, active raft config: opid_index: -1 OBSOLETE_local: false peers { permanent_uuid: "3658973d8f464802b0afe636ac72ab59" member_type: VOTER last_known_addr { host: "127.5.116.193" port: 35409 } } peers { permanent_uuid: "9ecebc15f9c44d46a7143758583d2cf3" member_type: VOTER last_known_addr { host: "127.5.116.194" port: 40437 } } peers { permanent_uuid: "795029e5119b474a85c99d198ba13a6f" member_type: VOTER last_known_addr { host: "127.5.116.195" port: 39797 } }
I20260709 12:22:57.059068  6919 tablet_bootstrap.cc:492] T 693bd742db4f4ef99e20d63904157c0a P 3658973d8f464802b0afe636ac72ab59: No bootstrap required, opened a new log
I20260709 12:22:57.059653  6919 ts_tablet_manager.cc:1403] T 693bd742db4f4ef99e20d63904157c0a P 3658973d8f464802b0afe636ac72ab59: Time spent bootstrapping tablet: real 0.123s	user 0.027s	sys 0.064s
I20260709 12:22:57.061378  6798 raft_consensus.cc:2468] T 1f1a0c4fcccf4a7091f5783a1ea082d0 P 9ecebc15f9c44d46a7143758583d2cf3 [term 1 FOLLOWER]: Leader election vote request: Granting yes vote for candidate 3658973d8f464802b0afe636ac72ab59 in term 1.
I20260709 12:22:57.062441  6919 raft_consensus.cc:359] T 693bd742db4f4ef99e20d63904157c0a P 3658973d8f464802b0afe636ac72ab59 [term 0 FOLLOWER]: Replica starting. Triggering 0 pending ops. Active config: opid_index: -1 OBSOLETE_local: false peers { permanent_uuid: "3658973d8f464802b0afe636ac72ab59" member_type: VOTER last_known_addr { host: "127.5.116.193" port: 35409 } } peers { permanent_uuid: "9ecebc15f9c44d46a7143758583d2cf3" member_type: VOTER last_known_addr { host: "127.5.116.194" port: 40437 } } peers { permanent_uuid: "795029e5119b474a85c99d198ba13a6f" member_type: VOTER last_known_addr { host: "127.5.116.195" port: 39797 } }
I20260709 12:22:57.063192  6919 raft_consensus.cc:385] T 693bd742db4f4ef99e20d63904157c0a P 3658973d8f464802b0afe636ac72ab59 [term 0 FOLLOWER]: Consensus starting up: Expiring failure detector timer to make a prompt election more likely
I20260709 12:22:57.063529  6919 raft_consensus.cc:740] T 693bd742db4f4ef99e20d63904157c0a P 3658973d8f464802b0afe636ac72ab59 [term 0 FOLLOWER]: Becoming Follower/Learner. State: Replica: 3658973d8f464802b0afe636ac72ab59, State: Initialized, Role: FOLLOWER
I20260709 12:22:57.064235  6919 consensus_queue.cc:260] T 693bd742db4f4ef99e20d63904157c0a P 3658973d8f464802b0afe636ac72ab59 [NON_LEADER]: Queue going to NON_LEADER mode. State: All replicated index: 0, Majority replicated index: 0, Committed index: 0, Last appended: 0.0, Last appended by leader: 0, Current term: 0, Majority size: -1, State: 0, Mode: NON_LEADER, active raft config: opid_index: -1 OBSOLETE_local: false peers { permanent_uuid: "3658973d8f464802b0afe636ac72ab59" member_type: VOTER last_known_addr { host: "127.5.116.193" port: 35409 } } peers { permanent_uuid: "9ecebc15f9c44d46a7143758583d2cf3" member_type: VOTER last_known_addr { host: "127.5.116.194" port: 40437 } } peers { permanent_uuid: "795029e5119b474a85c99d198ba13a6f" member_type: VOTER last_known_addr { host: "127.5.116.195" port: 39797 } }
I20260709 12:22:57.066341  6919 ts_tablet_manager.cc:1434] T 693bd742db4f4ef99e20d63904157c0a P 3658973d8f464802b0afe636ac72ab59: Time spent starting tablet: real 0.006s	user 0.005s	sys 0.000s
I20260709 12:22:57.067227  6919 tablet_bootstrap.cc:492] T ff6628a69acb49d2bc2e0e2c774306d7 P 3658973d8f464802b0afe636ac72ab59: Bootstrap starting.
I20260709 12:22:57.073712  6917 tablet_bootstrap.cc:492] T c41c6199e91e493b8ae9f2f40f23aac0 P 795029e5119b474a85c99d198ba13a6f: No bootstrap required, opened a new log
I20260709 12:22:57.074622  6919 tablet_bootstrap.cc:654] T ff6628a69acb49d2bc2e0e2c774306d7 P 3658973d8f464802b0afe636ac72ab59: Neither blocks nor log segments found. Creating new log.
I20260709 12:22:57.074884  6917 ts_tablet_manager.cc:1403] T c41c6199e91e493b8ae9f2f40f23aac0 P 795029e5119b474a85c99d198ba13a6f: Time spent bootstrapping tablet: real 0.120s	user 0.017s	sys 0.025s
I20260709 12:22:57.079216  6917 raft_consensus.cc:359] T c41c6199e91e493b8ae9f2f40f23aac0 P 795029e5119b474a85c99d198ba13a6f [term 0 FOLLOWER]: Replica starting. Triggering 0 pending ops. Active config: opid_index: -1 OBSOLETE_local: false peers { permanent_uuid: "3658973d8f464802b0afe636ac72ab59" member_type: VOTER last_known_addr { host: "127.5.116.193" port: 35409 } } peers { permanent_uuid: "9ecebc15f9c44d46a7143758583d2cf3" member_type: VOTER last_known_addr { host: "127.5.116.194" port: 40437 } } peers { permanent_uuid: "795029e5119b474a85c99d198ba13a6f" member_type: VOTER last_known_addr { host: "127.5.116.195" port: 39797 } }
I20260709 12:22:57.079819  6917 raft_consensus.cc:385] T c41c6199e91e493b8ae9f2f40f23aac0 P 795029e5119b474a85c99d198ba13a6f [term 0 FOLLOWER]: Consensus starting up: Expiring failure detector timer to make a prompt election more likely
I20260709 12:22:57.080065  6917 raft_consensus.cc:740] T c41c6199e91e493b8ae9f2f40f23aac0 P 795029e5119b474a85c99d198ba13a6f [term 0 FOLLOWER]: Becoming Follower/Learner. State: Replica: 795029e5119b474a85c99d198ba13a6f, State: Initialized, Role: FOLLOWER
I20260709 12:22:57.083989  6917 consensus_queue.cc:260] T c41c6199e91e493b8ae9f2f40f23aac0 P 795029e5119b474a85c99d198ba13a6f [NON_LEADER]: Queue going to NON_LEADER mode. State: All replicated index: 0, Majority replicated index: 0, Committed index: 0, Last appended: 0.0, Last appended by leader: 0, Current term: 0, Majority size: -1, State: 0, Mode: NON_LEADER, active raft config: opid_index: -1 OBSOLETE_local: false peers { permanent_uuid: "3658973d8f464802b0afe636ac72ab59" member_type: VOTER last_known_addr { host: "127.5.116.193" port: 35409 } } peers { permanent_uuid: "9ecebc15f9c44d46a7143758583d2cf3" member_type: VOTER last_known_addr { host: "127.5.116.194" port: 40437 } } peers { permanent_uuid: "795029e5119b474a85c99d198ba13a6f" member_type: VOTER last_known_addr { host: "127.5.116.195" port: 39797 } }
I20260709 12:22:57.086117  6916 tablet_bootstrap.cc:492] T 0b7f7232bb574292bf9b2528e00be402 P 9ecebc15f9c44d46a7143758583d2cf3: No bootstrap required, opened a new log
I20260709 12:22:57.086583  6916 ts_tablet_manager.cc:1403] T 0b7f7232bb574292bf9b2528e00be402 P 9ecebc15f9c44d46a7143758583d2cf3: Time spent bootstrapping tablet: real 0.135s	user 0.010s	sys 0.004s
I20260709 12:22:57.090312  6917 ts_tablet_manager.cc:1434] T c41c6199e91e493b8ae9f2f40f23aac0 P 795029e5119b474a85c99d198ba13a6f: Time spent starting tablet: real 0.015s	user 0.005s	sys 0.000s
I20260709 12:22:57.093712  6917 tablet_bootstrap.cc:492] T 0b7f7232bb574292bf9b2528e00be402 P 795029e5119b474a85c99d198ba13a6f: Bootstrap starting.
I20260709 12:22:57.100936  6917 tablet_bootstrap.cc:654] T 0b7f7232bb574292bf9b2528e00be402 P 795029e5119b474a85c99d198ba13a6f: Neither blocks nor log segments found. Creating new log.
I20260709 12:22:57.107354  6623 catalog_manager.cc:5697] T 1f1a0c4fcccf4a7091f5783a1ea082d0 P 3658973d8f464802b0afe636ac72ab59 reported cstate change: term changed from 0 to 1, leader changed from <none> to 3658973d8f464802b0afe636ac72ab59 (127.5.116.193). New cstate: current_term: 1 leader_uuid: "3658973d8f464802b0afe636ac72ab59" committed_config { opid_index: -1 OBSOLETE_local: false peers { permanent_uuid: "3658973d8f464802b0afe636ac72ab59" member_type: VOTER last_known_addr { host: "127.5.116.193" port: 35409 } health_report { overall_health: HEALTHY } } peers { permanent_uuid: "9ecebc15f9c44d46a7143758583d2cf3" member_type: VOTER last_known_addr { host: "127.5.116.194" port: 40437 } health_report { overall_health: UNKNOWN } } peers { permanent_uuid: "795029e5119b474a85c99d198ba13a6f" member_type: VOTER last_known_addr { host: "127.5.116.195" port: 39797 } health_report { overall_health: UNKNOWN } } }
I20260709 12:22:57.108740  6945 consensus_queue.cc:1048] T a85087dfb2e64a83a52e5a3e4b5f1612 P 9ecebc15f9c44d46a7143758583d2cf3 [LEADER]: Connected to new peer: Peer: permanent_uuid: "3658973d8f464802b0afe636ac72ab59" member_type: VOTER last_known_addr { host: "127.5.116.193" port: 35409 }, Status: LMP_MISMATCH, Last received: 0.0, Next index: 1, Last known committed idx: 0, Time since last communication: 0.000s
I20260709 12:22:57.117645  6917 tablet_bootstrap.cc:492] T 0b7f7232bb574292bf9b2528e00be402 P 795029e5119b474a85c99d198ba13a6f: No bootstrap required, opened a new log
I20260709 12:22:57.118108  6917 ts_tablet_manager.cc:1403] T 0b7f7232bb574292bf9b2528e00be402 P 795029e5119b474a85c99d198ba13a6f: Time spent bootstrapping tablet: real 0.025s	user 0.004s	sys 0.008s
I20260709 12:22:57.120849  6917 raft_consensus.cc:359] T 0b7f7232bb574292bf9b2528e00be402 P 795029e5119b474a85c99d198ba13a6f [term 0 FOLLOWER]: Replica starting. Triggering 0 pending ops. Active config: opid_index: -1 OBSOLETE_local: false peers { permanent_uuid: "3658973d8f464802b0afe636ac72ab59" member_type: VOTER last_known_addr { host: "127.5.116.193" port: 35409 } } peers { permanent_uuid: "9ecebc15f9c44d46a7143758583d2cf3" member_type: VOTER last_known_addr { host: "127.5.116.194" port: 40437 } } peers { permanent_uuid: "795029e5119b474a85c99d198ba13a6f" member_type: VOTER last_known_addr { host: "127.5.116.195" port: 39797 } }
I20260709 12:22:57.121500  6917 raft_consensus.cc:385] T 0b7f7232bb574292bf9b2528e00be402 P 795029e5119b474a85c99d198ba13a6f [term 0 FOLLOWER]: Consensus starting up: Expiring failure detector timer to make a prompt election more likely
I20260709 12:22:57.121757  6917 raft_consensus.cc:740] T 0b7f7232bb574292bf9b2528e00be402 P 795029e5119b474a85c99d198ba13a6f [term 0 FOLLOWER]: Becoming Follower/Learner. State: Replica: 795029e5119b474a85c99d198ba13a6f, State: Initialized, Role: FOLLOWER
I20260709 12:22:57.122246  6919 tablet_bootstrap.cc:492] T ff6628a69acb49d2bc2e0e2c774306d7 P 3658973d8f464802b0afe636ac72ab59: No bootstrap required, opened a new log
I20260709 12:22:57.122656  6919 ts_tablet_manager.cc:1403] T ff6628a69acb49d2bc2e0e2c774306d7 P 3658973d8f464802b0afe636ac72ab59: Time spent bootstrapping tablet: real 0.056s	user 0.011s	sys 0.005s
I20260709 12:22:57.122385  6917 consensus_queue.cc:260] T 0b7f7232bb574292bf9b2528e00be402 P 795029e5119b474a85c99d198ba13a6f [NON_LEADER]: Queue going to NON_LEADER mode. State: All replicated index: 0, Majority replicated index: 0, Committed index: 0, Last appended: 0.0, Last appended by leader: 0, Current term: 0, Majority size: -1, State: 0, Mode: NON_LEADER, active raft config: opid_index: -1 OBSOLETE_local: false peers { permanent_uuid: "3658973d8f464802b0afe636ac72ab59" member_type: VOTER last_known_addr { host: "127.5.116.193" port: 35409 } } peers { permanent_uuid: "9ecebc15f9c44d46a7143758583d2cf3" member_type: VOTER last_known_addr { host: "127.5.116.194" port: 40437 } } peers { permanent_uuid: "795029e5119b474a85c99d198ba13a6f" member_type: VOTER last_known_addr { host: "127.5.116.195" port: 39797 } }
I20260709 12:22:57.125939  6919 raft_consensus.cc:359] T ff6628a69acb49d2bc2e0e2c774306d7 P 3658973d8f464802b0afe636ac72ab59 [term 0 FOLLOWER]: Replica starting. Triggering 0 pending ops. Active config: opid_index: -1 OBSOLETE_local: false peers { permanent_uuid: "3658973d8f464802b0afe636ac72ab59" member_type: VOTER last_known_addr { host: "127.5.116.193" port: 35409 } } peers { permanent_uuid: "9ecebc15f9c44d46a7143758583d2cf3" member_type: VOTER last_known_addr { host: "127.5.116.194" port: 40437 } } peers { permanent_uuid: "795029e5119b474a85c99d198ba13a6f" member_type: VOTER last_known_addr { host: "127.5.116.195" port: 39797 } }
I20260709 12:22:57.126543  6919 raft_consensus.cc:385] T ff6628a69acb49d2bc2e0e2c774306d7 P 3658973d8f464802b0afe636ac72ab59 [term 0 FOLLOWER]: Consensus starting up: Expiring failure detector timer to make a prompt election more likely
I20260709 12:22:57.126716  6917 ts_tablet_manager.cc:1434] T 0b7f7232bb574292bf9b2528e00be402 P 795029e5119b474a85c99d198ba13a6f: Time spent starting tablet: real 0.008s	user 0.006s	sys 0.001s
I20260709 12:22:57.126828  6919 raft_consensus.cc:740] T ff6628a69acb49d2bc2e0e2c774306d7 P 3658973d8f464802b0afe636ac72ab59 [term 0 FOLLOWER]: Becoming Follower/Learner. State: Replica: 3658973d8f464802b0afe636ac72ab59, State: Initialized, Role: FOLLOWER
I20260709 12:22:57.127702  6917 tablet_bootstrap.cc:492] T 8bf63cda848a4831957e6c3ef0654571 P 795029e5119b474a85c99d198ba13a6f: Bootstrap starting.
I20260709 12:22:57.127617  6919 consensus_queue.cc:260] T ff6628a69acb49d2bc2e0e2c774306d7 P 3658973d8f464802b0afe636ac72ab59 [NON_LEADER]: Queue going to NON_LEADER mode. State: All replicated index: 0, Majority replicated index: 0, Committed index: 0, Last appended: 0.0, Last appended by leader: 0, Current term: 0, Majority size: -1, State: 0, Mode: NON_LEADER, active raft config: opid_index: -1 OBSOLETE_local: false peers { permanent_uuid: "3658973d8f464802b0afe636ac72ab59" member_type: VOTER last_known_addr { host: "127.5.116.193" port: 35409 } } peers { permanent_uuid: "9ecebc15f9c44d46a7143758583d2cf3" member_type: VOTER last_known_addr { host: "127.5.116.194" port: 40437 } } peers { permanent_uuid: "795029e5119b474a85c99d198ba13a6f" member_type: VOTER last_known_addr { host: "127.5.116.195" port: 39797 } }
I20260709 12:22:57.129740  6919 ts_tablet_manager.cc:1434] T ff6628a69acb49d2bc2e0e2c774306d7 P 3658973d8f464802b0afe636ac72ab59: Time spent starting tablet: real 0.007s	user 0.005s	sys 0.001s
I20260709 12:22:57.130554  6916 raft_consensus.cc:359] T 0b7f7232bb574292bf9b2528e00be402 P 9ecebc15f9c44d46a7143758583d2cf3 [term 0 FOLLOWER]: Replica starting. Triggering 0 pending ops. Active config: opid_index: -1 OBSOLETE_local: false peers { permanent_uuid: "3658973d8f464802b0afe636ac72ab59" member_type: VOTER last_known_addr { host: "127.5.116.193" port: 35409 } } peers { permanent_uuid: "9ecebc15f9c44d46a7143758583d2cf3" member_type: VOTER last_known_addr { host: "127.5.116.194" port: 40437 } } peers { permanent_uuid: "795029e5119b474a85c99d198ba13a6f" member_type: VOTER last_known_addr { host: "127.5.116.195" port: 39797 } }
I20260709 12:22:57.132087  6919 tablet_bootstrap.cc:492] T b1c768a2898c4f7a8bbb18152e7c7a9d P 3658973d8f464802b0afe636ac72ab59: Bootstrap starting.
I20260709 12:22:57.131520  6623 catalog_manager.cc:5697] T c1fa154be4104a96afcd91ad04596be4 P 9ecebc15f9c44d46a7143758583d2cf3 reported cstate change: term changed from 0 to 1, leader changed from <none> to 9ecebc15f9c44d46a7143758583d2cf3 (127.5.116.194). New cstate: current_term: 1 leader_uuid: "9ecebc15f9c44d46a7143758583d2cf3" committed_config { opid_index: -1 OBSOLETE_local: false peers { permanent_uuid: "3658973d8f464802b0afe636ac72ab59" member_type: VOTER last_known_addr { host: "127.5.116.193" port: 35409 } health_report { overall_health: UNKNOWN } } peers { permanent_uuid: "9ecebc15f9c44d46a7143758583d2cf3" member_type: VOTER last_known_addr { host: "127.5.116.194" port: 40437 } health_report { overall_health: HEALTHY } } peers { permanent_uuid: "795029e5119b474a85c99d198ba13a6f" member_type: VOTER last_known_addr { host: "127.5.116.195" port: 39797 } health_report { overall_health: UNKNOWN } } }
I20260709 12:22:57.133821  6917 tablet_bootstrap.cc:654] T 8bf63cda848a4831957e6c3ef0654571 P 795029e5119b474a85c99d198ba13a6f: Neither blocks nor log segments found. Creating new log.
I20260709 12:22:57.139164  6919 tablet_bootstrap.cc:654] T b1c768a2898c4f7a8bbb18152e7c7a9d P 3658973d8f464802b0afe636ac72ab59: Neither blocks nor log segments found. Creating new log.
I20260709 12:22:57.140743  6916 raft_consensus.cc:385] T 0b7f7232bb574292bf9b2528e00be402 P 9ecebc15f9c44d46a7143758583d2cf3 [term 0 FOLLOWER]: Consensus starting up: Expiring failure detector timer to make a prompt election more likely
I20260709 12:22:57.141029  6916 raft_consensus.cc:740] T 0b7f7232bb574292bf9b2528e00be402 P 9ecebc15f9c44d46a7143758583d2cf3 [term 0 FOLLOWER]: Becoming Follower/Learner. State: Replica: 9ecebc15f9c44d46a7143758583d2cf3, State: Initialized, Role: FOLLOWER
I20260709 12:22:57.141734  6916 consensus_queue.cc:260] T 0b7f7232bb574292bf9b2528e00be402 P 9ecebc15f9c44d46a7143758583d2cf3 [NON_LEADER]: Queue going to NON_LEADER mode. State: All replicated index: 0, Majority replicated index: 0, Committed index: 0, Last appended: 0.0, Last appended by leader: 0, Current term: 0, Majority size: -1, State: 0, Mode: NON_LEADER, active raft config: opid_index: -1 OBSOLETE_local: false peers { permanent_uuid: "3658973d8f464802b0afe636ac72ab59" member_type: VOTER last_known_addr { host: "127.5.116.193" port: 35409 } } peers { permanent_uuid: "9ecebc15f9c44d46a7143758583d2cf3" member_type: VOTER last_known_addr { host: "127.5.116.194" port: 40437 } } peers { permanent_uuid: "795029e5119b474a85c99d198ba13a6f" member_type: VOTER last_known_addr { host: "127.5.116.195" port: 39797 } }
I20260709 12:22:57.144595  7091 consensus_queue.cc:1048] T a85087dfb2e64a83a52e5a3e4b5f1612 P 9ecebc15f9c44d46a7143758583d2cf3 [LEADER]: Connected to new peer: Peer: permanent_uuid: "795029e5119b474a85c99d198ba13a6f" member_type: VOTER last_known_addr { host: "127.5.116.195" port: 39797 }, Status: LMP_MISMATCH, Last received: 0.0, Next index: 1, Last known committed idx: 0, Time since last communication: 0.000s
I20260709 12:22:57.144361  6916 ts_tablet_manager.cc:1434] T 0b7f7232bb574292bf9b2528e00be402 P 9ecebc15f9c44d46a7143758583d2cf3: Time spent starting tablet: real 0.057s	user 0.004s	sys 0.000s
I20260709 12:22:57.148092  6916 tablet_bootstrap.cc:492] T 8bf63cda848a4831957e6c3ef0654571 P 9ecebc15f9c44d46a7143758583d2cf3: Bootstrap starting.
I20260709 12:22:57.149942  6989 raft_consensus.cc:493] T 693bd742db4f4ef99e20d63904157c0a P 3658973d8f464802b0afe636ac72ab59 [term 0 FOLLOWER]: Starting pre-election (no leader contacted us within the election timeout)
I20260709 12:22:57.150341  6989 raft_consensus.cc:515] T 693bd742db4f4ef99e20d63904157c0a P 3658973d8f464802b0afe636ac72ab59 [term 0 FOLLOWER]: Starting pre-election with config: opid_index: -1 OBSOLETE_local: false peers { permanent_uuid: "3658973d8f464802b0afe636ac72ab59" member_type: VOTER last_known_addr { host: "127.5.116.193" port: 35409 } } peers { permanent_uuid: "9ecebc15f9c44d46a7143758583d2cf3" member_type: VOTER last_known_addr { host: "127.5.116.194" port: 40437 } } peers { permanent_uuid: "795029e5119b474a85c99d198ba13a6f" member_type: VOTER last_known_addr { host: "127.5.116.195" port: 39797 } }
I20260709 12:22:57.152021  6989 leader_election.cc:290] T 693bd742db4f4ef99e20d63904157c0a P 3658973d8f464802b0afe636ac72ab59 [CANDIDATE]: Term 1 pre-election: Requested pre-vote from peers 9ecebc15f9c44d46a7143758583d2cf3 (127.5.116.194:40437), 795029e5119b474a85c99d198ba13a6f (127.5.116.195:39797)
I20260709 12:22:57.153453  6876 tablet_service.cc:1917] Received RequestConsensusVote() RPC: tablet_id: "693bd742db4f4ef99e20d63904157c0a" candidate_uuid: "3658973d8f464802b0afe636ac72ab59" candidate_term: 1 candidate_status { last_received { term: 0 index: 0 } } ignore_live_leader: false dest_uuid: "795029e5119b474a85c99d198ba13a6f" is_pre_election: true
I20260709 12:22:57.154172  6876 raft_consensus.cc:2393] T 693bd742db4f4ef99e20d63904157c0a P 795029e5119b474a85c99d198ba13a6f [term 1 FOLLOWER]: Leader pre-election vote request: Denying vote to candidate 3658973d8f464802b0afe636ac72ab59 in current term 1: Already voted for candidate 9ecebc15f9c44d46a7143758583d2cf3 in this term.
I20260709 12:22:57.156675  6800 tablet_service.cc:1917] Received RequestConsensusVote() RPC: tablet_id: "693bd742db4f4ef99e20d63904157c0a" candidate_uuid: "3658973d8f464802b0afe636ac72ab59" candidate_term: 1 candidate_status { last_received { term: 0 index: 0 } } ignore_live_leader: false dest_uuid: "9ecebc15f9c44d46a7143758583d2cf3" is_pre_election: true
I20260709 12:22:57.158098  6693 leader_election.cc:304] T 693bd742db4f4ef99e20d63904157c0a P 3658973d8f464802b0afe636ac72ab59 [CANDIDATE]: Term 1 pre-election: Election decided. Result: candidate lost. Election summary: received 3 responses out of 3 voters: 1 yes votes; 2 no votes. yes voters: 3658973d8f464802b0afe636ac72ab59; no voters: 795029e5119b474a85c99d198ba13a6f, 9ecebc15f9c44d46a7143758583d2cf3
I20260709 12:22:57.159096  6989 raft_consensus.cc:3060] T 693bd742db4f4ef99e20d63904157c0a P 3658973d8f464802b0afe636ac72ab59 [term 0 FOLLOWER]: Advancing to term 1
I20260709 12:22:57.166085  6989 raft_consensus.cc:2749] T 693bd742db4f4ef99e20d63904157c0a P 3658973d8f464802b0afe636ac72ab59 [term 1 FOLLOWER]: Leader pre-election lost for term 1. Reason: could not achieve majority
I20260709 12:22:57.167416  6917 tablet_bootstrap.cc:492] T 8bf63cda848a4831957e6c3ef0654571 P 795029e5119b474a85c99d198ba13a6f: No bootstrap required, opened a new log
I20260709 12:22:57.167840  6917 ts_tablet_manager.cc:1403] T 8bf63cda848a4831957e6c3ef0654571 P 795029e5119b474a85c99d198ba13a6f: Time spent bootstrapping tablet: real 0.040s	user 0.015s	sys 0.016s
I20260709 12:22:57.170310  6917 raft_consensus.cc:359] T 8bf63cda848a4831957e6c3ef0654571 P 795029e5119b474a85c99d198ba13a6f [term 0 FOLLOWER]: Replica starting. Triggering 0 pending ops. Active config: opid_index: -1 OBSOLETE_local: false peers { permanent_uuid: "3658973d8f464802b0afe636ac72ab59" member_type: VOTER last_known_addr { host: "127.5.116.193" port: 35409 } } peers { permanent_uuid: "9ecebc15f9c44d46a7143758583d2cf3" member_type: VOTER last_known_addr { host: "127.5.116.194" port: 40437 } } peers { permanent_uuid: "795029e5119b474a85c99d198ba13a6f" member_type: VOTER last_known_addr { host: "127.5.116.195" port: 39797 } }
I20260709 12:22:57.170902  6917 raft_consensus.cc:385] T 8bf63cda848a4831957e6c3ef0654571 P 795029e5119b474a85c99d198ba13a6f [term 0 FOLLOWER]: Consensus starting up: Expiring failure detector timer to make a prompt election more likely
I20260709 12:22:57.171160  6917 raft_consensus.cc:740] T 8bf63cda848a4831957e6c3ef0654571 P 795029e5119b474a85c99d198ba13a6f [term 0 FOLLOWER]: Becoming Follower/Learner. State: Replica: 795029e5119b474a85c99d198ba13a6f, State: Initialized, Role: FOLLOWER
I20260709 12:22:57.171782  6917 consensus_queue.cc:260] T 8bf63cda848a4831957e6c3ef0654571 P 795029e5119b474a85c99d198ba13a6f [NON_LEADER]: Queue going to NON_LEADER mode. State: All replicated index: 0, Majority replicated index: 0, Committed index: 0, Last appended: 0.0, Last appended by leader: 0, Current term: 0, Majority size: -1, State: 0, Mode: NON_LEADER, active raft config: opid_index: -1 OBSOLETE_local: false peers { permanent_uuid: "3658973d8f464802b0afe636ac72ab59" member_type: VOTER last_known_addr { host: "127.5.116.193" port: 35409 } } peers { permanent_uuid: "9ecebc15f9c44d46a7143758583d2cf3" member_type: VOTER last_known_addr { host: "127.5.116.194" port: 40437 } } peers { permanent_uuid: "795029e5119b474a85c99d198ba13a6f" member_type: VOTER last_known_addr { host: "127.5.116.195" port: 39797 } }
I20260709 12:22:57.172730  6916 tablet_bootstrap.cc:654] T 8bf63cda848a4831957e6c3ef0654571 P 9ecebc15f9c44d46a7143758583d2cf3: Neither blocks nor log segments found. Creating new log.
I20260709 12:22:57.173894  6917 ts_tablet_manager.cc:1434] T 8bf63cda848a4831957e6c3ef0654571 P 795029e5119b474a85c99d198ba13a6f: Time spent starting tablet: real 0.006s	user 0.006s	sys 0.000s
I20260709 12:22:57.174782  6917 tablet_bootstrap.cc:492] T c7b490c2b2ee4d389f6fd783091cbd27 P 795029e5119b474a85c99d198ba13a6f: Bootstrap starting.
I20260709 12:22:57.177613  6952 raft_consensus.cc:493] T 0b7f7232bb574292bf9b2528e00be402 P 795029e5119b474a85c99d198ba13a6f [term 0 FOLLOWER]: Starting pre-election (no leader contacted us within the election timeout)
I20260709 12:22:57.178017  6952 raft_consensus.cc:515] T 0b7f7232bb574292bf9b2528e00be402 P 795029e5119b474a85c99d198ba13a6f [term 0 FOLLOWER]: Starting pre-election with config: opid_index: -1 OBSOLETE_local: false peers { permanent_uuid: "3658973d8f464802b0afe636ac72ab59" member_type: VOTER last_known_addr { host: "127.5.116.193" port: 35409 } } peers { permanent_uuid: "9ecebc15f9c44d46a7143758583d2cf3" member_type: VOTER last_known_addr { host: "127.5.116.194" port: 40437 } } peers { permanent_uuid: "795029e5119b474a85c99d198ba13a6f" member_type: VOTER last_known_addr { host: "127.5.116.195" port: 39797 } }
I20260709 12:22:57.179703  6952 leader_election.cc:290] T 0b7f7232bb574292bf9b2528e00be402 P 795029e5119b474a85c99d198ba13a6f [CANDIDATE]: Term 1 pre-election: Requested pre-vote from peers 3658973d8f464802b0afe636ac72ab59 (127.5.116.193:35409), 9ecebc15f9c44d46a7143758583d2cf3 (127.5.116.194:40437)
I20260709 12:22:57.180004  6917 tablet_bootstrap.cc:654] T c7b490c2b2ee4d389f6fd783091cbd27 P 795029e5119b474a85c99d198ba13a6f: Neither blocks nor log segments found. Creating new log.
I20260709 12:22:57.182195  6722 tablet_service.cc:1917] Received RequestConsensusVote() RPC: tablet_id: "0b7f7232bb574292bf9b2528e00be402" candidate_uuid: "795029e5119b474a85c99d198ba13a6f" candidate_term: 1 candidate_status { last_received { term: 0 index: 0 } } ignore_live_leader: false dest_uuid: "3658973d8f464802b0afe636ac72ab59" is_pre_election: true
I20260709 12:22:57.182808  6722 raft_consensus.cc:2468] T 0b7f7232bb574292bf9b2528e00be402 P 3658973d8f464802b0afe636ac72ab59 [term 0 FOLLOWER]: Leader pre-election vote request: Granting yes vote for candidate 795029e5119b474a85c99d198ba13a6f in term 0.
I20260709 12:22:57.184835  6800 tablet_service.cc:1917] Received RequestConsensusVote() RPC: tablet_id: "0b7f7232bb574292bf9b2528e00be402" candidate_uuid: "795029e5119b474a85c99d198ba13a6f" candidate_term: 1 candidate_status { last_received { term: 0 index: 0 } } ignore_live_leader: false dest_uuid: "9ecebc15f9c44d46a7143758583d2cf3" is_pre_election: true
I20260709 12:22:57.185310  6841 leader_election.cc:304] T 0b7f7232bb574292bf9b2528e00be402 P 795029e5119b474a85c99d198ba13a6f [CANDIDATE]: Term 1 pre-election: Election decided. Result: candidate won. Election summary: received 2 responses out of 3 voters: 2 yes votes; 0 no votes. yes voters: 3658973d8f464802b0afe636ac72ab59, 795029e5119b474a85c99d198ba13a6f; no voters: 
I20260709 12:22:57.185460  6800 raft_consensus.cc:2468] T 0b7f7232bb574292bf9b2528e00be402 P 9ecebc15f9c44d46a7143758583d2cf3 [term 0 FOLLOWER]: Leader pre-election vote request: Granting yes vote for candidate 795029e5119b474a85c99d198ba13a6f in term 0.
I20260709 12:22:57.187139  7085 raft_consensus.cc:2804] T 0b7f7232bb574292bf9b2528e00be402 P 795029e5119b474a85c99d198ba13a6f [term 0 FOLLOWER]: Leader pre-election won for term 1
I20260709 12:22:57.187469  7085 raft_consensus.cc:493] T 0b7f7232bb574292bf9b2528e00be402 P 795029e5119b474a85c99d198ba13a6f [term 0 FOLLOWER]: Starting leader election (no leader contacted us within the election timeout)
I20260709 12:22:57.187798  7085 raft_consensus.cc:3060] T 0b7f7232bb574292bf9b2528e00be402 P 795029e5119b474a85c99d198ba13a6f [term 0 FOLLOWER]: Advancing to term 1
I20260709 12:22:57.194732  7085 raft_consensus.cc:515] T 0b7f7232bb574292bf9b2528e00be402 P 795029e5119b474a85c99d198ba13a6f [term 1 FOLLOWER]: Starting leader election with config: opid_index: -1 OBSOLETE_local: false peers { permanent_uuid: "3658973d8f464802b0afe636ac72ab59" member_type: VOTER last_known_addr { host: "127.5.116.193" port: 35409 } } peers { permanent_uuid: "9ecebc15f9c44d46a7143758583d2cf3" member_type: VOTER last_known_addr { host: "127.5.116.194" port: 40437 } } peers { permanent_uuid: "795029e5119b474a85c99d198ba13a6f" member_type: VOTER last_known_addr { host: "127.5.116.195" port: 39797 } }
I20260709 12:22:57.197142  6722 tablet_service.cc:1917] Received RequestConsensusVote() RPC: tablet_id: "0b7f7232bb574292bf9b2528e00be402" candidate_uuid: "795029e5119b474a85c99d198ba13a6f" candidate_term: 1 candidate_status { last_received { term: 0 index: 0 } } ignore_live_leader: false dest_uuid: "3658973d8f464802b0afe636ac72ab59"
I20260709 12:22:57.197662  6722 raft_consensus.cc:3060] T 0b7f7232bb574292bf9b2528e00be402 P 3658973d8f464802b0afe636ac72ab59 [term 0 FOLLOWER]: Advancing to term 1
I20260709 12:22:57.203774  6952 raft_consensus.cc:493] T ff6628a69acb49d2bc2e0e2c774306d7 P 795029e5119b474a85c99d198ba13a6f [term 0 FOLLOWER]: Starting pre-election (no leader contacted us within the election timeout)
I20260709 12:22:57.203817  6874 raft_consensus.cc:3060] T c41c6199e91e493b8ae9f2f40f23aac0 P 795029e5119b474a85c99d198ba13a6f [term 0 FOLLOWER]: Advancing to term 1
I20260709 12:22:57.204264  6952 raft_consensus.cc:515] T ff6628a69acb49d2bc2e0e2c774306d7 P 795029e5119b474a85c99d198ba13a6f [term 0 FOLLOWER]: Starting pre-election with config: opid_index: -1 OBSOLETE_local: false peers { permanent_uuid: "3658973d8f464802b0afe636ac72ab59" member_type: VOTER last_known_addr { host: "127.5.116.193" port: 35409 } } peers { permanent_uuid: "9ecebc15f9c44d46a7143758583d2cf3" member_type: VOTER last_known_addr { host: "127.5.116.194" port: 40437 } } peers { permanent_uuid: "795029e5119b474a85c99d198ba13a6f" member_type: VOTER last_known_addr { host: "127.5.116.195" port: 39797 } }
I20260709 12:22:57.206043  6952 leader_election.cc:290] T ff6628a69acb49d2bc2e0e2c774306d7 P 795029e5119b474a85c99d198ba13a6f [CANDIDATE]: Term 1 pre-election: Requested pre-vote from peers 3658973d8f464802b0afe636ac72ab59 (127.5.116.193:35409), 9ecebc15f9c44d46a7143758583d2cf3 (127.5.116.194:40437)
I20260709 12:22:57.206878  6798 tablet_service.cc:1917] Received RequestConsensusVote() RPC: tablet_id: "ff6628a69acb49d2bc2e0e2c774306d7" candidate_uuid: "795029e5119b474a85c99d198ba13a6f" candidate_term: 1 candidate_status { last_received { term: 0 index: 0 } } ignore_live_leader: false dest_uuid: "9ecebc15f9c44d46a7143758583d2cf3" is_pre_election: true
I20260709 12:22:57.207270  6727 tablet_service.cc:1917] Received RequestConsensusVote() RPC: tablet_id: "ff6628a69acb49d2bc2e0e2c774306d7" candidate_uuid: "795029e5119b474a85c99d198ba13a6f" candidate_term: 1 candidate_status { last_received { term: 0 index: 0 } } ignore_live_leader: false dest_uuid: "3658973d8f464802b0afe636ac72ab59" is_pre_election: true
I20260709 12:22:57.207787  6727 raft_consensus.cc:2468] T ff6628a69acb49d2bc2e0e2c774306d7 P 3658973d8f464802b0afe636ac72ab59 [term 0 FOLLOWER]: Leader pre-election vote request: Granting yes vote for candidate 795029e5119b474a85c99d198ba13a6f in term 0.
W20260709 12:22:57.208145  6842 leader_election.cc:343] T ff6628a69acb49d2bc2e0e2c774306d7 P 795029e5119b474a85c99d198ba13a6f [CANDIDATE]: Term 1 pre-election: Tablet error from VoteRequest() call to peer 9ecebc15f9c44d46a7143758583d2cf3 (127.5.116.194:40437): Illegal state: must be running to vote when last-logged opid is not known
I20260709 12:22:57.208905  6841 leader_election.cc:304] T ff6628a69acb49d2bc2e0e2c774306d7 P 795029e5119b474a85c99d198ba13a6f [CANDIDATE]: Term 1 pre-election: Election decided. Result: candidate won. Election summary: received 3 responses out of 3 voters: 2 yes votes; 1 no votes. yes voters: 3658973d8f464802b0afe636ac72ab59, 795029e5119b474a85c99d198ba13a6f; no voters: 9ecebc15f9c44d46a7143758583d2cf3
I20260709 12:22:57.209838  6952 raft_consensus.cc:2804] T ff6628a69acb49d2bc2e0e2c774306d7 P 795029e5119b474a85c99d198ba13a6f [term 0 FOLLOWER]: Leader pre-election won for term 1
I20260709 12:22:57.210141  6952 raft_consensus.cc:493] T ff6628a69acb49d2bc2e0e2c774306d7 P 795029e5119b474a85c99d198ba13a6f [term 0 FOLLOWER]: Starting leader election (no leader contacted us within the election timeout)
I20260709 12:22:57.210410  6952 raft_consensus.cc:3060] T ff6628a69acb49d2bc2e0e2c774306d7 P 795029e5119b474a85c99d198ba13a6f [term 0 FOLLOWER]: Advancing to term 1
I20260709 12:22:57.214493  6995 consensus_queue.cc:1048] T c41c6199e91e493b8ae9f2f40f23aac0 P 3658973d8f464802b0afe636ac72ab59 [LEADER]: Connected to new peer: Peer: permanent_uuid: "795029e5119b474a85c99d198ba13a6f" member_type: VOTER last_known_addr { host: "127.5.116.195" port: 39797 }, Status: LMP_MISMATCH, Last received: 0.0, Next index: 1, Last known committed idx: 0, Time since last communication: 0.000s
I20260709 12:22:57.223547  6722 raft_consensus.cc:2468] T 0b7f7232bb574292bf9b2528e00be402 P 3658973d8f464802b0afe636ac72ab59 [term 1 FOLLOWER]: Leader election vote request: Granting yes vote for candidate 795029e5119b474a85c99d198ba13a6f in term 1.
I20260709 12:22:57.224576  6841 leader_election.cc:304] T 0b7f7232bb574292bf9b2528e00be402 P 795029e5119b474a85c99d198ba13a6f [CANDIDATE]: Term 1 election: Election decided. Result: candidate won. Election summary: received 2 responses out of 3 voters: 2 yes votes; 0 no votes. yes voters: 3658973d8f464802b0afe636ac72ab59, 795029e5119b474a85c99d198ba13a6f; no voters: 
I20260709 12:22:57.225298  7180 raft_consensus.cc:2804] T 0b7f7232bb574292bf9b2528e00be402 P 795029e5119b474a85c99d198ba13a6f [term 1 FOLLOWER]: Leader election won for term 1
I20260709 12:22:57.225755  7180 raft_consensus.cc:697] T 0b7f7232bb574292bf9b2528e00be402 P 795029e5119b474a85c99d198ba13a6f [term 1 LEADER]: Becoming Leader. State: Replica: 795029e5119b474a85c99d198ba13a6f, State: Running, Role: LEADER
I20260709 12:22:57.226567  7180 consensus_queue.cc:237] T 0b7f7232bb574292bf9b2528e00be402 P 795029e5119b474a85c99d198ba13a6f [LEADER]: Queue going to LEADER mode. State: All replicated index: 0, Majority replicated index: 0, Committed index: 0, Last appended: 0.0, Last appended by leader: 0, Current term: 1, Majority size: 2, State: 0, Mode: LEADER, active raft config: opid_index: -1 OBSOLETE_local: false peers { permanent_uuid: "3658973d8f464802b0afe636ac72ab59" member_type: VOTER last_known_addr { host: "127.5.116.193" port: 35409 } } peers { permanent_uuid: "9ecebc15f9c44d46a7143758583d2cf3" member_type: VOTER last_known_addr { host: "127.5.116.194" port: 40437 } } peers { permanent_uuid: "795029e5119b474a85c99d198ba13a6f" member_type: VOTER last_known_addr { host: "127.5.116.195" port: 39797 } }
I20260709 12:22:57.227715  6919 tablet_bootstrap.cc:492] T b1c768a2898c4f7a8bbb18152e7c7a9d P 3658973d8f464802b0afe636ac72ab59: No bootstrap required, opened a new log
