I20260709 12:22:50.783753  3816 tablet_service.cc:1917] Received RequestConsensusVote() RPC: tablet_id: "af8d9ab042454ba1abec502ee61631dd" candidate_uuid: "d017f89538f54f80a1bfce4e33284224" candidate_term: 1 candidate_status { last_received { term: 0 index: 0 } } ignore_live_leader: false dest_uuid: "80f0928cfc7c43d9ab2a3b3869f84b10" is_pre_election: true
I20260709 12:22:50.784319  3816 raft_consensus.cc:2468] T af8d9ab042454ba1abec502ee61631dd P 80f0928cfc7c43d9ab2a3b3869f84b10 [term 0 FOLLOWER]: Leader pre-election vote request: Granting yes vote for candidate d017f89538f54f80a1bfce4e33284224 in term 0.
I20260709 12:22:50.785733  3934 tablet_bootstrap.cc:654] T c23ff7232c104342af706c1c11b1c372 P d017f89538f54f80a1bfce4e33284224: Neither blocks nor log segments found. Creating new log.
I20260709 12:22:50.786723  3707 leader_election.cc:304] T af8d9ab042454ba1abec502ee61631dd P d017f89538f54f80a1bfce4e33284224 [CANDIDATE]: Term 1 pre-election: Election decided. Result: candidate won. Election summary: received 2 responses out of 3 voters: 2 yes votes; 0 no votes. yes voters: 80f0928cfc7c43d9ab2a3b3869f84b10, d017f89538f54f80a1bfce4e33284224; no voters: 
I20260709 12:22:50.768824  3935 raft_consensus.cc:359] T 391bccb12b3a4b43a17aa60e76c96f84 P 80f0928cfc7c43d9ab2a3b3869f84b10 [term 0 FOLLOWER]: Replica starting. Triggering 0 pending ops. Active config: opid_index: -1 OBSOLETE_local: false peers { permanent_uuid: "d017f89538f54f80a1bfce4e33284224" member_type: VOTER last_known_addr { host: "127.2.133.129" port: 37527 } } peers { permanent_uuid: "80f0928cfc7c43d9ab2a3b3869f84b10" member_type: VOTER last_known_addr { host: "127.2.133.130" port: 38187 } } peers { permanent_uuid: "4544e60675be43abb7d5dc0f0eec6bc1" member_type: VOTER last_known_addr { host: "127.2.133.131" port: 38979 } }
I20260709 12:22:50.770533  3936 tablet_bootstrap.cc:654] T c23ff7232c104342af706c1c11b1c372 P 4544e60675be43abb7d5dc0f0eec6bc1: Neither blocks nor log segments found. Creating new log.
I20260709 12:22:50.788010  3935 raft_consensus.cc:385] T 391bccb12b3a4b43a17aa60e76c96f84 P 80f0928cfc7c43d9ab2a3b3869f84b10 [term 0 FOLLOWER]: Consensus starting up: Expiring failure detector timer to make a prompt election more likely
I20260709 12:22:50.788538  3935 raft_consensus.cc:740] T 391bccb12b3a4b43a17aa60e76c96f84 P 80f0928cfc7c43d9ab2a3b3869f84b10 [term 0 FOLLOWER]: Becoming Follower/Learner. State: Replica: 80f0928cfc7c43d9ab2a3b3869f84b10, State: Initialized, Role: FOLLOWER
I20260709 12:22:50.789125  3935 consensus_queue.cc:260] T 391bccb12b3a4b43a17aa60e76c96f84 P 80f0928cfc7c43d9ab2a3b3869f84b10 [NON_LEADER]: Queue going to NON_LEADER mode. State: All replicated index: 0, Majority replicated index: 0, Committed index: 0, Last appended: 0.0, Last appended by leader: 0, Current term: 0, Majority size: -1, State: 0, Mode: NON_LEADER, active raft config: opid_index: -1 OBSOLETE_local: false peers { permanent_uuid: "d017f89538f54f80a1bfce4e33284224" member_type: VOTER last_known_addr { host: "127.2.133.129" port: 37527 } } peers { permanent_uuid: "80f0928cfc7c43d9ab2a3b3869f84b10" member_type: VOTER last_known_addr { host: "127.2.133.130" port: 38187 } } peers { permanent_uuid: "4544e60675be43abb7d5dc0f0eec6bc1" member_type: VOTER last_known_addr { host: "127.2.133.131" port: 38979 } }
I20260709 12:22:50.790256  3972 raft_consensus.cc:2804] T af8d9ab042454ba1abec502ee61631dd P d017f89538f54f80a1bfce4e33284224 [term 0 FOLLOWER]: Leader pre-election won for term 1
I20260709 12:22:50.790987  3972 raft_consensus.cc:493] T af8d9ab042454ba1abec502ee61631dd P d017f89538f54f80a1bfce4e33284224 [term 0 FOLLOWER]: Starting leader election (no leader contacted us within the election timeout)
I20260709 12:22:50.790807  3964 consensus_queue.cc:1048] T 67b93950216c46a6882e845c5ef47f09 P 4544e60675be43abb7d5dc0f0eec6bc1 [LEADER]: Connected to new peer: Peer: permanent_uuid: "d017f89538f54f80a1bfce4e33284224" member_type: VOTER last_known_addr { host: "127.2.133.129" port: 37527 }, Status: LMP_MISMATCH, Last received: 0.0, Next index: 1, Last known committed idx: 0, Time since last communication: 0.001s
I20260709 12:22:50.792479  3972 raft_consensus.cc:3060] T af8d9ab042454ba1abec502ee61631dd P d017f89538f54f80a1bfce4e33284224 [term 0 FOLLOWER]: Advancing to term 1
I20260709 12:22:50.789156  3939 leader_election.cc:290] T 18388ee9680542bfbb81316738a7c2d6 P 80f0928cfc7c43d9ab2a3b3869f84b10 [CANDIDATE]: Term 1 election: Requested vote from peers d017f89538f54f80a1bfce4e33284224 (127.2.133.129:37527), 4544e60675be43abb7d5dc0f0eec6bc1 (127.2.133.131:38979)
I20260709 12:22:50.789566  3893 tablet_service.cc:1917] Received RequestConsensusVote() RPC: tablet_id: "af8d9ab042454ba1abec502ee61631dd" candidate_uuid: "d017f89538f54f80a1bfce4e33284224" candidate_term: 1 candidate_status { last_received { term: 0 index: 0 } } ignore_live_leader: false dest_uuid: "4544e60675be43abb7d5dc0f0eec6bc1" is_pre_election: true
I20260709 12:22:50.794459  3893 raft_consensus.cc:2468] T af8d9ab042454ba1abec502ee61631dd P 4544e60675be43abb7d5dc0f0eec6bc1 [term 0 FOLLOWER]: Leader pre-election vote request: Granting yes vote for candidate d017f89538f54f80a1bfce4e33284224 in term 0.
I20260709 12:22:50.805685  3972 raft_consensus.cc:515] T af8d9ab042454ba1abec502ee61631dd P d017f89538f54f80a1bfce4e33284224 [term 1 FOLLOWER]: Starting leader election with config: opid_index: -1 OBSOLETE_local: false peers { permanent_uuid: "d017f89538f54f80a1bfce4e33284224" member_type: VOTER last_known_addr { host: "127.2.133.129" port: 37527 } } peers { permanent_uuid: "80f0928cfc7c43d9ab2a3b3869f84b10" member_type: VOTER last_known_addr { host: "127.2.133.130" port: 38187 } } peers { permanent_uuid: "4544e60675be43abb7d5dc0f0eec6bc1" member_type: VOTER last_known_addr { host: "127.2.133.131" port: 38979 } }
I20260709 12:22:50.811641  3972 leader_election.cc:290] T af8d9ab042454ba1abec502ee61631dd P d017f89538f54f80a1bfce4e33284224 [CANDIDATE]: Term 1 election: Requested vote from peers 80f0928cfc7c43d9ab2a3b3869f84b10 (127.2.133.130:38187), 4544e60675be43abb7d5dc0f0eec6bc1 (127.2.133.131:38979)
I20260709 12:22:50.812618  3816 tablet_service.cc:1917] Received RequestConsensusVote() RPC: tablet_id: "af8d9ab042454ba1abec502ee61631dd" candidate_uuid: "d017f89538f54f80a1bfce4e33284224" candidate_term: 1 candidate_status { last_received { term: 0 index: 0 } } ignore_live_leader: false dest_uuid: "80f0928cfc7c43d9ab2a3b3869f84b10"
I20260709 12:22:50.816169  3816 raft_consensus.cc:3060] T af8d9ab042454ba1abec502ee61631dd P 80f0928cfc7c43d9ab2a3b3869f84b10 [term 0 FOLLOWER]: Advancing to term 1
I20260709 12:22:50.821971  3894 tablet_service.cc:1917] Received RequestConsensusVote() RPC: tablet_id: "af8d9ab042454ba1abec502ee61631dd" candidate_uuid: "d017f89538f54f80a1bfce4e33284224" candidate_term: 1 candidate_status { last_received { term: 0 index: 0 } } ignore_live_leader: false dest_uuid: "4544e60675be43abb7d5dc0f0eec6bc1"
I20260709 12:22:50.822615  3894 raft_consensus.cc:3060] T af8d9ab042454ba1abec502ee61631dd P 4544e60675be43abb7d5dc0f0eec6bc1 [term 0 FOLLOWER]: Advancing to term 1
I20260709 12:22:50.832929  3816 raft_consensus.cc:2468] T af8d9ab042454ba1abec502ee61631dd P 80f0928cfc7c43d9ab2a3b3869f84b10 [term 1 FOLLOWER]: Leader election vote request: Granting yes vote for candidate d017f89538f54f80a1bfce4e33284224 in term 1.
I20260709 12:22:50.834290  3707 leader_election.cc:304] T af8d9ab042454ba1abec502ee61631dd P d017f89538f54f80a1bfce4e33284224 [CANDIDATE]: Term 1 election: Election decided. Result: candidate won. Election summary: received 2 responses out of 3 voters: 2 yes votes; 0 no votes. yes voters: 80f0928cfc7c43d9ab2a3b3869f84b10, d017f89538f54f80a1bfce4e33284224; no voters: 
I20260709 12:22:50.835108  3972 raft_consensus.cc:2804] T af8d9ab042454ba1abec502ee61631dd P d017f89538f54f80a1bfce4e33284224 [term 1 FOLLOWER]: Leader election won for term 1
I20260709 12:22:50.835549  3972 raft_consensus.cc:697] T af8d9ab042454ba1abec502ee61631dd P d017f89538f54f80a1bfce4e33284224 [term 1 LEADER]: Becoming Leader. State: Replica: d017f89538f54f80a1bfce4e33284224, State: Running, Role: LEADER
I20260709 12:22:50.836601  3972 consensus_queue.cc:237] T af8d9ab042454ba1abec502ee61631dd P d017f89538f54f80a1bfce4e33284224 [LEADER]: Queue going to LEADER mode. State: All replicated index: 0, Majority replicated index: 0, Committed index: 0, Last appended: 0.0, Last appended by leader: 0, Current term: 1, Majority size: 2, State: 0, Mode: LEADER, active raft config: opid_index: -1 OBSOLETE_local: false peers { permanent_uuid: "d017f89538f54f80a1bfce4e33284224" member_type: VOTER last_known_addr { host: "127.2.133.129" port: 37527 } } peers { permanent_uuid: "80f0928cfc7c43d9ab2a3b3869f84b10" member_type: VOTER last_known_addr { host: "127.2.133.130" port: 38187 } } peers { permanent_uuid: "4544e60675be43abb7d5dc0f0eec6bc1" member_type: VOTER last_known_addr { host: "127.2.133.131" port: 38979 } }
I20260709 12:22:50.838169  3894 raft_consensus.cc:2468] T af8d9ab042454ba1abec502ee61631dd P 4544e60675be43abb7d5dc0f0eec6bc1 [term 1 FOLLOWER]: Leader election vote request: Granting yes vote for candidate d017f89538f54f80a1bfce4e33284224 in term 1.
W20260709 12:22:50.846525  3785 outbound_call.cc:321] RPC callback for RPC call kudu.consensus.ConsensusService.RequestConsensusVote -> {remote=127.2.133.129:37527, user_credentials={real_user=slave}} blocked reactor thread for 65964.3us
I20260709 12:22:50.850888  3964 raft_consensus.cc:493] T cd9451625249490dbbf6b3bac9249a3c P 4544e60675be43abb7d5dc0f0eec6bc1 [term 0 FOLLOWER]: Starting pre-election (no leader contacted us within the election timeout)
I20260709 12:22:50.851318  3964 raft_consensus.cc:515] T cd9451625249490dbbf6b3bac9249a3c P 4544e60675be43abb7d5dc0f0eec6bc1 [term 0 FOLLOWER]: Starting pre-election with config: opid_index: -1 OBSOLETE_local: false peers { permanent_uuid: "d017f89538f54f80a1bfce4e33284224" member_type: VOTER last_known_addr { host: "127.2.133.129" port: 37527 } } peers { permanent_uuid: "80f0928cfc7c43d9ab2a3b3869f84b10" member_type: VOTER last_known_addr { host: "127.2.133.130" port: 38187 } } peers { permanent_uuid: "4544e60675be43abb7d5dc0f0eec6bc1" member_type: VOTER last_known_addr { host: "127.2.133.131" port: 38979 } }
I20260709 12:22:50.853308  3964 leader_election.cc:290] T cd9451625249490dbbf6b3bac9249a3c P 4544e60675be43abb7d5dc0f0eec6bc1 [CANDIDATE]: Term 1 pre-election: Requested pre-vote from peers d017f89538f54f80a1bfce4e33284224 (127.2.133.129:37527), 80f0928cfc7c43d9ab2a3b3869f84b10 (127.2.133.130:38187)
I20260709 12:22:50.853379  3639 catalog_manager.cc:5697] T 18388ee9680542bfbb81316738a7c2d6 P 80f0928cfc7c43d9ab2a3b3869f84b10 reported cstate change: term changed from 0 to 1, leader changed from <none> to 80f0928cfc7c43d9ab2a3b3869f84b10 (127.2.133.130). New cstate: current_term: 1 leader_uuid: "80f0928cfc7c43d9ab2a3b3869f84b10" committed_config { opid_index: -1 OBSOLETE_local: false peers { permanent_uuid: "d017f89538f54f80a1bfce4e33284224" member_type: VOTER last_known_addr { host: "127.2.133.129" port: 37527 } health_report { overall_health: UNKNOWN } } peers { permanent_uuid: "80f0928cfc7c43d9ab2a3b3869f84b10" member_type: VOTER last_known_addr { host: "127.2.133.130" port: 38187 } health_report { overall_health: HEALTHY } } peers { permanent_uuid: "4544e60675be43abb7d5dc0f0eec6bc1" member_type: VOTER last_known_addr { host: "127.2.133.131" port: 38979 } health_report { overall_health: UNKNOWN } } }
I20260709 12:22:50.855047  3819 tablet_service.cc:1917] Received RequestConsensusVote() RPC: tablet_id: "cd9451625249490dbbf6b3bac9249a3c" candidate_uuid: "4544e60675be43abb7d5dc0f0eec6bc1" candidate_term: 1 candidate_status { last_received { term: 0 index: 0 } } ignore_live_leader: false dest_uuid: "80f0928cfc7c43d9ab2a3b3869f84b10" is_pre_election: true
I20260709 12:22:50.855607  3819 raft_consensus.cc:2468] T cd9451625249490dbbf6b3bac9249a3c P 80f0928cfc7c43d9ab2a3b3869f84b10 [term 0 FOLLOWER]: Leader pre-election vote request: Granting yes vote for candidate 4544e60675be43abb7d5dc0f0eec6bc1 in term 0.
I20260709 12:22:50.856536  3857 leader_election.cc:304] T cd9451625249490dbbf6b3bac9249a3c P 4544e60675be43abb7d5dc0f0eec6bc1 [CANDIDATE]: Term 1 pre-election: Election decided. Result: candidate won. Election summary: received 2 responses out of 3 voters: 2 yes votes; 0 no votes. yes voters: 4544e60675be43abb7d5dc0f0eec6bc1, 80f0928cfc7c43d9ab2a3b3869f84b10; no voters: 
I20260709 12:22:50.857124  3740 tablet_service.cc:1917] Received RequestConsensusVote() RPC: tablet_id: "cd9451625249490dbbf6b3bac9249a3c" candidate_uuid: "4544e60675be43abb7d5dc0f0eec6bc1" candidate_term: 1 candidate_status { last_received { term: 0 index: 0 } } ignore_live_leader: false dest_uuid: "d017f89538f54f80a1bfce4e33284224" is_pre_election: true
I20260709 12:22:50.857767  3740 raft_consensus.cc:2468] T cd9451625249490dbbf6b3bac9249a3c P d017f89538f54f80a1bfce4e33284224 [term 0 FOLLOWER]: Leader pre-election vote request: Granting yes vote for candidate 4544e60675be43abb7d5dc0f0eec6bc1 in term 0.
I20260709 12:22:50.857283  3964 raft_consensus.cc:2804] T cd9451625249490dbbf6b3bac9249a3c P 4544e60675be43abb7d5dc0f0eec6bc1 [term 0 FOLLOWER]: Leader pre-election won for term 1
I20260709 12:22:50.859504  3964 raft_consensus.cc:493] T cd9451625249490dbbf6b3bac9249a3c P 4544e60675be43abb7d5dc0f0eec6bc1 [term 0 FOLLOWER]: Starting leader election (no leader contacted us within the election timeout)
I20260709 12:22:50.863003  3964 raft_consensus.cc:3060] T cd9451625249490dbbf6b3bac9249a3c P 4544e60675be43abb7d5dc0f0eec6bc1 [term 0 FOLLOWER]: Advancing to term 1
I20260709 12:22:50.871222  4029 consensus_queue.cc:1048] T 67b93950216c46a6882e845c5ef47f09 P 4544e60675be43abb7d5dc0f0eec6bc1 [LEADER]: Connected to new peer: Peer: permanent_uuid: "80f0928cfc7c43d9ab2a3b3869f84b10" member_type: VOTER last_known_addr { host: "127.2.133.130" port: 38187 }, Status: LMP_MISMATCH, Last received: 0.0, Next index: 1, Last known committed idx: 0, Time since last communication: 0.001s
I20260709 12:22:50.876037  3816 tablet_service.cc:1917] Received RequestConsensusVote() RPC: tablet_id: "7f3a73a432bf49e680d4f918f1ac772d" candidate_uuid: "4544e60675be43abb7d5dc0f0eec6bc1" candidate_term: 1 candidate_status { last_received { term: 0 index: 0 } } ignore_live_leader: false dest_uuid: "80f0928cfc7c43d9ab2a3b3869f84b10" is_pre_election: true
I20260709 12:22:50.885485  3935 ts_tablet_manager.cc:1434] T 391bccb12b3a4b43a17aa60e76c96f84 P 80f0928cfc7c43d9ab2a3b3869f84b10: Time spent starting tablet: real 0.119s	user 0.011s	sys 0.017s
I20260709 12:22:50.886404  3935 tablet_bootstrap.cc:492] T 63ab6e51db4c47cfae4d54c5b9de78fc P 80f0928cfc7c43d9ab2a3b3869f84b10: Bootstrap starting.
I20260709 12:22:50.887277  3857 leader_election.cc:304] T 7f3a73a432bf49e680d4f918f1ac772d P 4544e60675be43abb7d5dc0f0eec6bc1 [CANDIDATE]: Term 1 pre-election: Election decided. Result: candidate lost. Election summary: received 3 responses out of 3 voters: 1 yes votes; 2 no votes. yes voters: 4544e60675be43abb7d5dc0f0eec6bc1; no voters: 80f0928cfc7c43d9ab2a3b3869f84b10, d017f89538f54f80a1bfce4e33284224
I20260709 12:22:50.888324  4029 raft_consensus.cc:3060] T 7f3a73a432bf49e680d4f918f1ac772d P 4544e60675be43abb7d5dc0f0eec6bc1 [term 0 FOLLOWER]: Advancing to term 1
I20260709 12:22:50.890033  3964 raft_consensus.cc:515] T cd9451625249490dbbf6b3bac9249a3c P 4544e60675be43abb7d5dc0f0eec6bc1 [term 1 FOLLOWER]: Starting leader election with config: opid_index: -1 OBSOLETE_local: false peers { permanent_uuid: "d017f89538f54f80a1bfce4e33284224" member_type: VOTER last_known_addr { host: "127.2.133.129" port: 37527 } } peers { permanent_uuid: "80f0928cfc7c43d9ab2a3b3869f84b10" member_type: VOTER last_known_addr { host: "127.2.133.130" port: 38187 } } peers { permanent_uuid: "4544e60675be43abb7d5dc0f0eec6bc1" member_type: VOTER last_known_addr { host: "127.2.133.131" port: 38979 } }
I20260709 12:22:50.892890  3944 consensus_queue.cc:1048] T cba1f9316a6c45059ce1b7d46155e773 P 4544e60675be43abb7d5dc0f0eec6bc1 [LEADER]: Connected to new peer: Peer: permanent_uuid: "80f0928cfc7c43d9ab2a3b3869f84b10" member_type: VOTER last_known_addr { host: "127.2.133.130" port: 38187 }, Status: LMP_MISMATCH, Last received: 0.0, Next index: 1, Last known committed idx: 0, Time since last communication: 0.006s
I20260709 12:22:50.905817  3936 tablet_bootstrap.cc:492] T c23ff7232c104342af706c1c11b1c372 P 4544e60675be43abb7d5dc0f0eec6bc1: No bootstrap required, opened a new log
I20260709 12:22:50.906210  3936 ts_tablet_manager.cc:1403] T c23ff7232c104342af706c1c11b1c372 P 4544e60675be43abb7d5dc0f0eec6bc1: Time spent bootstrapping tablet: real 0.142s	user 0.010s	sys 0.008s
I20260709 12:22:50.905346  4068 raft_consensus.cc:493] T 672587123ad34f778970ec38656df26a P 80f0928cfc7c43d9ab2a3b3869f84b10 [term 0 FOLLOWER]: Starting pre-election (no leader contacted us within the election timeout)
I20260709 12:22:50.906970  4068 raft_consensus.cc:515] T 672587123ad34f778970ec38656df26a P 80f0928cfc7c43d9ab2a3b3869f84b10 [term 0 FOLLOWER]: Starting pre-election with config: opid_index: -1 OBSOLETE_local: false peers { permanent_uuid: "d017f89538f54f80a1bfce4e33284224" member_type: VOTER last_known_addr { host: "127.2.133.129" port: 37527 } } peers { permanent_uuid: "80f0928cfc7c43d9ab2a3b3869f84b10" member_type: VOTER last_known_addr { host: "127.2.133.130" port: 38187 } } peers { permanent_uuid: "4544e60675be43abb7d5dc0f0eec6bc1" member_type: VOTER last_known_addr { host: "127.2.133.131" port: 38979 } }
I20260709 12:22:50.914659  3740 tablet_service.cc:1917] Received RequestConsensusVote() RPC: tablet_id: "cd9451625249490dbbf6b3bac9249a3c" candidate_uuid: "4544e60675be43abb7d5dc0f0eec6bc1" candidate_term: 1 candidate_status { last_received { term: 0 index: 0 } } ignore_live_leader: false dest_uuid: "d017f89538f54f80a1bfce4e33284224"
I20260709 12:22:50.915591  3740 raft_consensus.cc:3060] T cd9451625249490dbbf6b3bac9249a3c P d017f89538f54f80a1bfce4e33284224 [term 0 FOLLOWER]: Advancing to term 1
I20260709 12:22:50.917845  4068 leader_election.cc:290] T 672587123ad34f778970ec38656df26a P 80f0928cfc7c43d9ab2a3b3869f84b10 [CANDIDATE]: Term 1 pre-election: Requested pre-vote from peers d017f89538f54f80a1bfce4e33284224 (127.2.133.129:37527), 4544e60675be43abb7d5dc0f0eec6bc1 (127.2.133.131:38979)
I20260709 12:22:50.917476  4029 raft_consensus.cc:2749] T 7f3a73a432bf49e680d4f918f1ac772d P 4544e60675be43abb7d5dc0f0eec6bc1 [term 1 FOLLOWER]: Leader pre-election lost for term 1. Reason: could not achieve majority
I20260709 12:22:50.919827  3894 tablet_service.cc:1917] Received RequestConsensusVote() RPC: tablet_id: "672587123ad34f778970ec38656df26a" candidate_uuid: "80f0928cfc7c43d9ab2a3b3869f84b10" candidate_term: 1 candidate_status { last_received { term: 0 index: 0 } } ignore_live_leader: false dest_uuid: "4544e60675be43abb7d5dc0f0eec6bc1" is_pre_election: true
I20260709 12:22:50.920485  3741 tablet_service.cc:1917] Received RequestConsensusVote() RPC: tablet_id: "672587123ad34f778970ec38656df26a" candidate_uuid: "80f0928cfc7c43d9ab2a3b3869f84b10" candidate_term: 1 candidate_status { last_received { term: 0 index: 0 } } ignore_live_leader: false dest_uuid: "d017f89538f54f80a1bfce4e33284224" is_pre_election: true
W20260709 12:22:50.921499  3783 leader_election.cc:343] T 672587123ad34f778970ec38656df26a P 80f0928cfc7c43d9ab2a3b3869f84b10 [CANDIDATE]: Term 1 pre-election: Tablet error from VoteRequest() call to peer 4544e60675be43abb7d5dc0f0eec6bc1 (127.2.133.131:38979): Illegal state: must be running to vote when last-logged opid is not known
I20260709 12:22:50.922549  3935 tablet_bootstrap.cc:654] T 63ab6e51db4c47cfae4d54c5b9de78fc P 80f0928cfc7c43d9ab2a3b3869f84b10: Neither blocks nor log segments found. Creating new log.
W20260709 12:22:50.922072  3785 leader_election.cc:343] T 672587123ad34f778970ec38656df26a P 80f0928cfc7c43d9ab2a3b3869f84b10 [CANDIDATE]: Term 1 pre-election: Tablet error from VoteRequest() call to peer d017f89538f54f80a1bfce4e33284224 (127.2.133.129:37527): Illegal state: must be running to vote when last-logged opid is not known
I20260709 12:22:50.923367  3785 leader_election.cc:304] T 672587123ad34f778970ec38656df26a P 80f0928cfc7c43d9ab2a3b3869f84b10 [CANDIDATE]: Term 1 pre-election: Election decided. Result: candidate lost. Election summary: received 3 responses out of 3 voters: 1 yes votes; 2 no votes. yes voters: 80f0928cfc7c43d9ab2a3b3869f84b10; no voters: 4544e60675be43abb7d5dc0f0eec6bc1, d017f89538f54f80a1bfce4e33284224
I20260709 12:22:50.925477  3639 catalog_manager.cc:5697] T af8d9ab042454ba1abec502ee61631dd P d017f89538f54f80a1bfce4e33284224 reported cstate change: term changed from 0 to 1, leader changed from <none> to d017f89538f54f80a1bfce4e33284224 (127.2.133.129). New cstate: current_term: 1 leader_uuid: "d017f89538f54f80a1bfce4e33284224" committed_config { opid_index: -1 OBSOLETE_local: false peers { permanent_uuid: "d017f89538f54f80a1bfce4e33284224" member_type: VOTER last_known_addr { host: "127.2.133.129" port: 37527 } health_report { overall_health: HEALTHY } } peers { permanent_uuid: "80f0928cfc7c43d9ab2a3b3869f84b10" member_type: VOTER last_known_addr { host: "127.2.133.130" port: 38187 } health_report { overall_health: UNKNOWN } } peers { permanent_uuid: "4544e60675be43abb7d5dc0f0eec6bc1" member_type: VOTER last_known_addr { host: "127.2.133.131" port: 38979 } health_report { overall_health: UNKNOWN } } }
I20260709 12:22:50.929291  3934 tablet_bootstrap.cc:492] T c23ff7232c104342af706c1c11b1c372 P d017f89538f54f80a1bfce4e33284224: No bootstrap required, opened a new log
I20260709 12:22:50.929692  3934 ts_tablet_manager.cc:1403] T c23ff7232c104342af706c1c11b1c372 P d017f89538f54f80a1bfce4e33284224: Time spent bootstrapping tablet: real 0.150s	user 0.011s	sys 0.002s
I20260709 12:22:50.932054  3934 raft_consensus.cc:359] T c23ff7232c104342af706c1c11b1c372 P d017f89538f54f80a1bfce4e33284224 [term 0 FOLLOWER]: Replica starting. Triggering 0 pending ops. Active config: opid_index: -1 OBSOLETE_local: false peers { permanent_uuid: "d017f89538f54f80a1bfce4e33284224" member_type: VOTER last_known_addr { host: "127.2.133.129" port: 37527 } } peers { permanent_uuid: "80f0928cfc7c43d9ab2a3b3869f84b10" member_type: VOTER last_known_addr { host: "127.2.133.130" port: 38187 } } peers { permanent_uuid: "4544e60675be43abb7d5dc0f0eec6bc1" member_type: VOTER last_known_addr { host: "127.2.133.131" port: 38979 } }
I20260709 12:22:50.937005  3934 raft_consensus.cc:385] T c23ff7232c104342af706c1c11b1c372 P d017f89538f54f80a1bfce4e33284224 [term 0 FOLLOWER]: Consensus starting up: Expiring failure detector timer to make a prompt election more likely
I20260709 12:22:50.937209  3934 raft_consensus.cc:740] T c23ff7232c104342af706c1c11b1c372 P d017f89538f54f80a1bfce4e33284224 [term 0 FOLLOWER]: Becoming Follower/Learner. State: Replica: d017f89538f54f80a1bfce4e33284224, State: Initialized, Role: FOLLOWER
I20260709 12:22:50.935901  4068 raft_consensus.cc:2749] T 672587123ad34f778970ec38656df26a P 80f0928cfc7c43d9ab2a3b3869f84b10 [term 0 FOLLOWER]: Leader pre-election lost for term 1. Reason: could not achieve majority
I20260709 12:22:50.938786  3744 raft_consensus.cc:3060] T cba1f9316a6c45059ce1b7d46155e773 P d017f89538f54f80a1bfce4e33284224 [term 0 FOLLOWER]: Advancing to term 1
I20260709 12:22:50.938853  3934 consensus_queue.cc:260] T c23ff7232c104342af706c1c11b1c372 P d017f89538f54f80a1bfce4e33284224 [NON_LEADER]: Queue going to NON_LEADER mode. State: All replicated index: 0, Majority replicated index: 0, Committed index: 0, Last appended: 0.0, Last appended by leader: 0, Current term: 0, Majority size: -1, State: 0, Mode: NON_LEADER, active raft config: opid_index: -1 OBSOLETE_local: false peers { permanent_uuid: "d017f89538f54f80a1bfce4e33284224" member_type: VOTER last_known_addr { host: "127.2.133.129" port: 37527 } } peers { permanent_uuid: "80f0928cfc7c43d9ab2a3b3869f84b10" member_type: VOTER last_known_addr { host: "127.2.133.130" port: 38187 } } peers { permanent_uuid: "4544e60675be43abb7d5dc0f0eec6bc1" member_type: VOTER last_known_addr { host: "127.2.133.131" port: 38979 } }
I20260709 12:22:50.940375  3934 ts_tablet_manager.cc:1434] T c23ff7232c104342af706c1c11b1c372 P d017f89538f54f80a1bfce4e33284224: Time spent starting tablet: real 0.010s	user 0.005s	sys 0.000s
I20260709 12:22:50.942188  3934 tablet_bootstrap.cc:492] T 672587123ad34f778970ec38656df26a P d017f89538f54f80a1bfce4e33284224: Bootstrap starting.
I20260709 12:22:50.936483  3964 leader_election.cc:290] T cd9451625249490dbbf6b3bac9249a3c P 4544e60675be43abb7d5dc0f0eec6bc1 [CANDIDATE]: Term 1 election: Requested vote from peers d017f89538f54f80a1bfce4e33284224 (127.2.133.129:37527), 80f0928cfc7c43d9ab2a3b3869f84b10 (127.2.133.130:38187)
I20260709 12:22:50.946211  3740 raft_consensus.cc:2468] T cd9451625249490dbbf6b3bac9249a3c P d017f89538f54f80a1bfce4e33284224 [term 1 FOLLOWER]: Leader election vote request: Granting yes vote for candidate 4544e60675be43abb7d5dc0f0eec6bc1 in term 1.
I20260709 12:22:50.950009  3816 tablet_service.cc:1917] Received RequestConsensusVote() RPC: tablet_id: "cd9451625249490dbbf6b3bac9249a3c" candidate_uuid: "4544e60675be43abb7d5dc0f0eec6bc1" candidate_term: 1 candidate_status { last_received { term: 0 index: 0 } } ignore_live_leader: false dest_uuid: "80f0928cfc7c43d9ab2a3b3869f84b10"
I20260709 12:22:50.951251  3816 raft_consensus.cc:3060] T cd9451625249490dbbf6b3bac9249a3c P 80f0928cfc7c43d9ab2a3b3869f84b10 [term 0 FOLLOWER]: Advancing to term 1
I20260709 12:22:50.950909  3936 raft_consensus.cc:359] T c23ff7232c104342af706c1c11b1c372 P 4544e60675be43abb7d5dc0f0eec6bc1 [term 0 FOLLOWER]: Replica starting. Triggering 0 pending ops. Active config: opid_index: -1 OBSOLETE_local: false peers { permanent_uuid: "d017f89538f54f80a1bfce4e33284224" member_type: VOTER last_known_addr { host: "127.2.133.129" port: 37527 } } peers { permanent_uuid: "80f0928cfc7c43d9ab2a3b3869f84b10" member_type: VOTER last_known_addr { host: "127.2.133.130" port: 38187 } } peers { permanent_uuid: "4544e60675be43abb7d5dc0f0eec6bc1" member_type: VOTER last_known_addr { host: "127.2.133.131" port: 38979 } }
I20260709 12:22:50.951714  3936 raft_consensus.cc:385] T c23ff7232c104342af706c1c11b1c372 P 4544e60675be43abb7d5dc0f0eec6bc1 [term 0 FOLLOWER]: Consensus starting up: Expiring failure detector timer to make a prompt election more likely
I20260709 12:22:50.951983  3936 raft_consensus.cc:740] T c23ff7232c104342af706c1c11b1c372 P 4544e60675be43abb7d5dc0f0eec6bc1 [term 0 FOLLOWER]: Becoming Follower/Learner. State: Replica: 4544e60675be43abb7d5dc0f0eec6bc1, State: Initialized, Role: FOLLOWER
I20260709 12:22:50.952710  3936 consensus_queue.cc:260] T c23ff7232c104342af706c1c11b1c372 P 4544e60675be43abb7d5dc0f0eec6bc1 [NON_LEADER]: Queue going to NON_LEADER mode. State: All replicated index: 0, Majority replicated index: 0, Committed index: 0, Last appended: 0.0, Last appended by leader: 0, Current term: 0, Majority size: -1, State: 0, Mode: NON_LEADER, active raft config: opid_index: -1 OBSOLETE_local: false peers { permanent_uuid: "d017f89538f54f80a1bfce4e33284224" member_type: VOTER last_known_addr { host: "127.2.133.129" port: 37527 } } peers { permanent_uuid: "80f0928cfc7c43d9ab2a3b3869f84b10" member_type: VOTER last_known_addr { host: "127.2.133.130" port: 38187 } } peers { permanent_uuid: "4544e60675be43abb7d5dc0f0eec6bc1" member_type: VOTER last_known_addr { host: "127.2.133.131" port: 38979 } }
I20260709 12:22:50.954795  3860 leader_election.cc:304] T cd9451625249490dbbf6b3bac9249a3c P 4544e60675be43abb7d5dc0f0eec6bc1 [CANDIDATE]: Term 1 election: Election decided. Result: candidate won. Election summary: received 2 responses out of 3 voters: 2 yes votes; 0 no votes. yes voters: 4544e60675be43abb7d5dc0f0eec6bc1, d017f89538f54f80a1bfce4e33284224; no voters: 
I20260709 12:22:50.956758  4029 raft_consensus.cc:2804] T cd9451625249490dbbf6b3bac9249a3c P 4544e60675be43abb7d5dc0f0eec6bc1 [term 1 FOLLOWER]: Leader election won for term 1
I20260709 12:22:50.958235  3936 ts_tablet_manager.cc:1434] T c23ff7232c104342af706c1c11b1c372 P 4544e60675be43abb7d5dc0f0eec6bc1: Time spent starting tablet: real 0.052s	user 0.004s	sys 0.002s
I20260709 12:22:50.960633  4029 raft_consensus.cc:697] T cd9451625249490dbbf6b3bac9249a3c P 4544e60675be43abb7d5dc0f0eec6bc1 [term 1 LEADER]: Becoming Leader. State: Replica: 4544e60675be43abb7d5dc0f0eec6bc1, State: Running, Role: LEADER
I20260709 12:22:50.961445  4029 consensus_queue.cc:237] T cd9451625249490dbbf6b3bac9249a3c P 4544e60675be43abb7d5dc0f0eec6bc1 [LEADER]: Queue going to LEADER mode. State: All replicated index: 0, Majority replicated index: 0, Committed index: 0, Last appended: 0.0, Last appended by leader: 0, Current term: 1, Majority size: 2, State: 0, Mode: LEADER, active raft config: opid_index: -1 OBSOLETE_local: false peers { permanent_uuid: "d017f89538f54f80a1bfce4e33284224" member_type: VOTER last_known_addr { host: "127.2.133.129" port: 37527 } } peers { permanent_uuid: "80f0928cfc7c43d9ab2a3b3869f84b10" member_type: VOTER last_known_addr { host: "127.2.133.130" port: 38187 } } peers { permanent_uuid: "4544e60675be43abb7d5dc0f0eec6bc1" member_type: VOTER last_known_addr { host: "127.2.133.131" port: 38979 } }
I20260709 12:22:50.966717  3936 tablet_bootstrap.cc:492] T e234293cfc06420e835dbc0f2ee909d3 P 4544e60675be43abb7d5dc0f0eec6bc1: Bootstrap starting.
I20260709 12:22:50.967257  3816 raft_consensus.cc:2468] T cd9451625249490dbbf6b3bac9249a3c P 80f0928cfc7c43d9ab2a3b3869f84b10 [term 1 FOLLOWER]: Leader election vote request: Granting yes vote for candidate 4544e60675be43abb7d5dc0f0eec6bc1 in term 1.
I20260709 12:22:50.980471  4029 raft_consensus.cc:493] T 2657322aedf445c3b508468fd673c886 P 4544e60675be43abb7d5dc0f0eec6bc1 [term 0 FOLLOWER]: Starting pre-election (no leader contacted us within the election timeout)
I20260709 12:22:50.982843  4029 raft_consensus.cc:515] T 2657322aedf445c3b508468fd673c886 P 4544e60675be43abb7d5dc0f0eec6bc1 [term 0 FOLLOWER]: Starting pre-election with config: opid_index: -1 OBSOLETE_local: false peers { permanent_uuid: "d017f89538f54f80a1bfce4e33284224" member_type: VOTER last_known_addr { host: "127.2.133.129" port: 37527 } } peers { permanent_uuid: "80f0928cfc7c43d9ab2a3b3869f84b10" member_type: VOTER last_known_addr { host: "127.2.133.130" port: 38187 } } peers { permanent_uuid: "4544e60675be43abb7d5dc0f0eec6bc1" member_type: VOTER last_known_addr { host: "127.2.133.131" port: 38979 } }
I20260709 12:22:50.983552  3641 catalog_manager.cc:5697] T cd9451625249490dbbf6b3bac9249a3c P 4544e60675be43abb7d5dc0f0eec6bc1 reported cstate change: term changed from 0 to 1, leader changed from <none> to 4544e60675be43abb7d5dc0f0eec6bc1 (127.2.133.131). New cstate: current_term: 1 leader_uuid: "4544e60675be43abb7d5dc0f0eec6bc1" committed_config { opid_index: -1 OBSOLETE_local: false peers { permanent_uuid: "d017f89538f54f80a1bfce4e33284224" member_type: VOTER last_known_addr { host: "127.2.133.129" port: 37527 } health_report { overall_health: UNKNOWN } } peers { permanent_uuid: "80f0928cfc7c43d9ab2a3b3869f84b10" member_type: VOTER last_known_addr { host: "127.2.133.130" port: 38187 } health_report { overall_health: UNKNOWN } } peers { permanent_uuid: "4544e60675be43abb7d5dc0f0eec6bc1" member_type: VOTER last_known_addr { host: "127.2.133.131" port: 38979 } health_report { overall_health: HEALTHY } } }
I20260709 12:22:50.984625  4029 leader_election.cc:290] T 2657322aedf445c3b508468fd673c886 P 4544e60675be43abb7d5dc0f0eec6bc1 [CANDIDATE]: Term 1 pre-election: Requested pre-vote from peers d017f89538f54f80a1bfce4e33284224 (127.2.133.129:37527), 80f0928cfc7c43d9ab2a3b3869f84b10 (127.2.133.130:38187)
I20260709 12:22:50.985232  4068 consensus_queue.cc:1048] T 7f3a73a432bf49e680d4f918f1ac772d P 80f0928cfc7c43d9ab2a3b3869f84b10 [LEADER]: Connected to new peer: Peer: permanent_uuid: "d017f89538f54f80a1bfce4e33284224" member_type: VOTER last_known_addr { host: "127.2.133.129" port: 37527 }, Status: LMP_MISMATCH, Last received: 0.0, Next index: 1, Last known committed idx: 0, Time since last communication: 0.000s
I20260709 12:22:50.987270  3936 tablet_bootstrap.cc:654] T e234293cfc06420e835dbc0f2ee909d3 P 4544e60675be43abb7d5dc0f0eec6bc1: Neither blocks nor log segments found. Creating new log.
I20260709 12:22:50.986688  3744 tablet_service.cc:1917] Received RequestConsensusVote() RPC: tablet_id: "2657322aedf445c3b508468fd673c886" candidate_uuid: "4544e60675be43abb7d5dc0f0eec6bc1" candidate_term: 1 candidate_status { last_received { term: 0 index: 0 } } ignore_live_leader: false dest_uuid: "d017f89538f54f80a1bfce4e33284224" is_pre_election: true
I20260709 12:22:50.978343  4074 consensus_queue.cc:1048] T cba1f9316a6c45059ce1b7d46155e773 P 4544e60675be43abb7d5dc0f0eec6bc1 [LEADER]: Connected to new peer: Peer: permanent_uuid: "d017f89538f54f80a1bfce4e33284224" member_type: VOTER last_known_addr { host: "127.2.133.129" port: 37527 }, Status: LMP_MISMATCH, Last received: 0.0, Next index: 1, Last known committed idx: 0, Time since last communication: 0.001s
I20260709 12:22:50.990231  3816 tablet_service.cc:1917] Received RequestConsensusVote() RPC: tablet_id: "2657322aedf445c3b508468fd673c886" candidate_uuid: "4544e60675be43abb7d5dc0f0eec6bc1" candidate_term: 1 candidate_status { last_received { term: 0 index: 0 } } ignore_live_leader: false dest_uuid: "80f0928cfc7c43d9ab2a3b3869f84b10" is_pre_election: true
W20260709 12:22:50.992588  3857 leader_election.cc:343] T 2657322aedf445c3b508468fd673c886 P 4544e60675be43abb7d5dc0f0eec6bc1 [CANDIDATE]: Term 1 pre-election: Tablet error from VoteRequest() call to peer 80f0928cfc7c43d9ab2a3b3869f84b10 (127.2.133.130:38187): Illegal state: must be running to vote when last-logged opid is not known
I20260709 12:22:50.995570  3935 tablet_bootstrap.cc:492] T 63ab6e51db4c47cfae4d54c5b9de78fc P 80f0928cfc7c43d9ab2a3b3869f84b10: No bootstrap required, opened a new log
I20260709 12:22:50.995759  3934 tablet_bootstrap.cc:654] T 672587123ad34f778970ec38656df26a P d017f89538f54f80a1bfce4e33284224: Neither blocks nor log segments found. Creating new log.
I20260709 12:22:50.995980  3935 ts_tablet_manager.cc:1403] T 63ab6e51db4c47cfae4d54c5b9de78fc P 80f0928cfc7c43d9ab2a3b3869f84b10: Time spent bootstrapping tablet: real 0.110s	user 0.010s	sys 0.002s
W20260709 12:22:50.996898  3860 leader_election.cc:343] T 2657322aedf445c3b508468fd673c886 P 4544e60675be43abb7d5dc0f0eec6bc1 [CANDIDATE]: Term 1 pre-election: Tablet error from VoteRequest() call to peer d017f89538f54f80a1bfce4e33284224 (127.2.133.129:37527): Illegal state: must be running to vote when last-logged opid is not known
I20260709 12:22:50.997339  3860 leader_election.cc:304] T 2657322aedf445c3b508468fd673c886 P 4544e60675be43abb7d5dc0f0eec6bc1 [CANDIDATE]: Term 1 pre-election: Election decided. Result: candidate lost. Election summary: received 3 responses out of 3 voters: 1 yes votes; 2 no votes. yes voters: 4544e60675be43abb7d5dc0f0eec6bc1; no voters: 80f0928cfc7c43d9ab2a3b3869f84b10, d017f89538f54f80a1bfce4e33284224
I20260709 12:22:50.998584  3935 raft_consensus.cc:359] T 63ab6e51db4c47cfae4d54c5b9de78fc P 80f0928cfc7c43d9ab2a3b3869f84b10 [term 0 FOLLOWER]: Replica starting. Triggering 0 pending ops. Active config: opid_index: -1 OBSOLETE_local: false peers { permanent_uuid: "d017f89538f54f80a1bfce4e33284224" member_type: VOTER last_known_addr { host: "127.2.133.129" port: 37527 } } peers { permanent_uuid: "80f0928cfc7c43d9ab2a3b3869f84b10" member_type: VOTER last_known_addr { host: "127.2.133.130" port: 38187 } } peers { permanent_uuid: "4544e60675be43abb7d5dc0f0eec6bc1" member_type: VOTER last_known_addr { host: "127.2.133.131" port: 38979 } }
I20260709 12:22:50.999181  3935 raft_consensus.cc:385] T 63ab6e51db4c47cfae4d54c5b9de78fc P 80f0928cfc7c43d9ab2a3b3869f84b10 [term 0 FOLLOWER]: Consensus starting up: Expiring failure detector timer to make a prompt election more likely
I20260709 12:22:50.999167  4074 raft_consensus.cc:2749] T 2657322aedf445c3b508468fd673c886 P 4544e60675be43abb7d5dc0f0eec6bc1 [term 0 FOLLOWER]: Leader pre-election lost for term 1. Reason: could not achieve majority
I20260709 12:22:50.999607  3935 raft_consensus.cc:740] T 63ab6e51db4c47cfae4d54c5b9de78fc P 80f0928cfc7c43d9ab2a3b3869f84b10 [term 0 FOLLOWER]: Becoming Follower/Learner. State: Replica: 80f0928cfc7c43d9ab2a3b3869f84b10, State: Initialized, Role: FOLLOWER
I20260709 12:22:51.000394  3935 consensus_queue.cc:260] T 63ab6e51db4c47cfae4d54c5b9de78fc P 80f0928cfc7c43d9ab2a3b3869f84b10 [NON_LEADER]: Queue going to NON_LEADER mode. State: All replicated index: 0, Majority replicated index: 0, Committed index: 0, Last appended: 0.0, Last appended by leader: 0, Current term: 0, Majority size: -1, State: 0, Mode: NON_LEADER, active raft config: opid_index: -1 OBSOLETE_local: false peers { permanent_uuid: "d017f89538f54f80a1bfce4e33284224" member_type: VOTER last_known_addr { host: "127.2.133.129" port: 37527 } } peers { permanent_uuid: "80f0928cfc7c43d9ab2a3b3869f84b10" member_type: VOTER last_known_addr { host: "127.2.133.130" port: 38187 } } peers { permanent_uuid: "4544e60675be43abb7d5dc0f0eec6bc1" member_type: VOTER last_known_addr { host: "127.2.133.131" port: 38979 } }
I20260709 12:22:51.002616  3935 ts_tablet_manager.cc:1434] T 63ab6e51db4c47cfae4d54c5b9de78fc P 80f0928cfc7c43d9ab2a3b3869f84b10: Time spent starting tablet: real 0.006s	user 0.002s	sys 0.003s
I20260709 12:22:51.003885  3935 tablet_bootstrap.cc:492] T 348c5279692045568ba924f40471058f P 80f0928cfc7c43d9ab2a3b3869f84b10: Bootstrap starting.
I20260709 12:22:51.007908  3934 tablet_bootstrap.cc:492] T 672587123ad34f778970ec38656df26a P d017f89538f54f80a1bfce4e33284224: No bootstrap required, opened a new log
I20260709 12:22:51.008325  3934 ts_tablet_manager.cc:1403] T 672587123ad34f778970ec38656df26a P d017f89538f54f80a1bfce4e33284224: Time spent bootstrapping tablet: real 0.066s	user 0.004s	sys 0.008s
I20260709 12:22:51.009411  4068 consensus_queue.cc:1048] T 7f3a73a432bf49e680d4f918f1ac772d P 80f0928cfc7c43d9ab2a3b3869f84b10 [LEADER]: Connected to new peer: Peer: permanent_uuid: "4544e60675be43abb7d5dc0f0eec6bc1" member_type: VOTER last_known_addr { host: "127.2.133.131" port: 38979 }, Status: LMP_MISMATCH, Last received: 0.0, Next index: 1, Last known committed idx: 0, Time since last communication: 0.000s
I20260709 12:22:51.010727  3934 raft_consensus.cc:359] T 672587123ad34f778970ec38656df26a P d017f89538f54f80a1bfce4e33284224 [term 0 FOLLOWER]: Replica starting. Triggering 0 pending ops. Active config: opid_index: -1 OBSOLETE_local: false peers { permanent_uuid: "d017f89538f54f80a1bfce4e33284224" member_type: VOTER last_known_addr { host: "127.2.133.129" port: 37527 } } peers { permanent_uuid: "80f0928cfc7c43d9ab2a3b3869f84b10" member_type: VOTER last_known_addr { host: "127.2.133.130" port: 38187 } } peers { permanent_uuid: "4544e60675be43abb7d5dc0f0eec6bc1" member_type: VOTER last_known_addr { host: "127.2.133.131" port: 38979 } }
I20260709 12:22:51.011327  3934 raft_consensus.cc:385] T 672587123ad34f778970ec38656df26a P d017f89538f54f80a1bfce4e33284224 [term 0 FOLLOWER]: Consensus starting up: Expiring failure detector timer to make a prompt election more likely
I20260709 12:22:51.011569  3934 raft_consensus.cc:740] T 672587123ad34f778970ec38656df26a P d017f89538f54f80a1bfce4e33284224 [term 0 FOLLOWER]: Becoming Follower/Learner. State: Replica: d017f89538f54f80a1bfce4e33284224, State: Initialized, Role: FOLLOWER
I20260709 12:22:51.012135  3934 consensus_queue.cc:260] T 672587123ad34f778970ec38656df26a P d017f89538f54f80a1bfce4e33284224 [NON_LEADER]: Queue going to NON_LEADER mode. State: All replicated index: 0, Majority replicated index: 0, Committed index: 0, Last appended: 0.0, Last appended by leader: 0, Current term: 0, Majority size: -1, State: 0, Mode: NON_LEADER, active raft config: opid_index: -1 OBSOLETE_local: false peers { permanent_uuid: "d017f89538f54f80a1bfce4e33284224" member_type: VOTER last_known_addr { host: "127.2.133.129" port: 37527 } } peers { permanent_uuid: "80f0928cfc7c43d9ab2a3b3869f84b10" member_type: VOTER last_known_addr { host: "127.2.133.130" port: 38187 } } peers { permanent_uuid: "4544e60675be43abb7d5dc0f0eec6bc1" member_type: VOTER last_known_addr { host: "127.2.133.131" port: 38979 } }
I20260709 12:22:51.014633  3934 ts_tablet_manager.cc:1434] T 672587123ad34f778970ec38656df26a P d017f89538f54f80a1bfce4e33284224: Time spent starting tablet: real 0.006s	user 0.005s	sys 0.000s
I20260709 12:22:51.015396  3934 tablet_bootstrap.cc:492] T 2657322aedf445c3b508468fd673c886 P d017f89538f54f80a1bfce4e33284224: Bootstrap starting.
I20260709 12:22:51.017204  3992 raft_consensus.cc:493] T 935792328a4745c89f85e18d04c2a646 P d017f89538f54f80a1bfce4e33284224 [term 0 FOLLOWER]: Starting pre-election (no leader contacted us within the election timeout)
I20260709 12:22:51.017642  3992 raft_consensus.cc:515] T 935792328a4745c89f85e18d04c2a646 P d017f89538f54f80a1bfce4e33284224 [term 0 FOLLOWER]: Starting pre-election with config: opid_index: -1 OBSOLETE_local: false peers { permanent_uuid: "d017f89538f54f80a1bfce4e33284224" member_type: VOTER last_known_addr { host: "127.2.133.129" port: 37527 } } peers { permanent_uuid: "80f0928cfc7c43d9ab2a3b3869f84b10" member_type: VOTER last_known_addr { host: "127.2.133.130" port: 38187 } } peers { permanent_uuid: "4544e60675be43abb7d5dc0f0eec6bc1" member_type: VOTER last_known_addr { host: "127.2.133.131" port: 38979 } }
I20260709 12:22:51.020097  3992 leader_election.cc:290] T 935792328a4745c89f85e18d04c2a646 P d017f89538f54f80a1bfce4e33284224 [CANDIDATE]: Term 1 pre-election: Requested pre-vote from peers 80f0928cfc7c43d9ab2a3b3869f84b10 (127.2.133.130:38187), 4544e60675be43abb7d5dc0f0eec6bc1 (127.2.133.131:38979)
I20260709 12:22:51.021430  3934 tablet_bootstrap.cc:654] T 2657322aedf445c3b508468fd673c886 P d017f89538f54f80a1bfce4e33284224: Neither blocks nor log segments found. Creating new log.
I20260709 12:22:51.021353  3818 tablet_service.cc:1917] Received RequestConsensusVote() RPC: tablet_id: "935792328a4745c89f85e18d04c2a646" candidate_uuid: "d017f89538f54f80a1bfce4e33284224" candidate_term: 1 candidate_status { last_received { term: 0 index: 0 } } ignore_live_leader: false dest_uuid: "80f0928cfc7c43d9ab2a3b3869f84b10" is_pre_election: true
I20260709 12:22:51.022130  3818 raft_consensus.cc:2468] T 935792328a4745c89f85e18d04c2a646 P 80f0928cfc7c43d9ab2a3b3869f84b10 [term 0 FOLLOWER]: Leader pre-election vote request: Granting yes vote for candidate d017f89538f54f80a1bfce4e33284224 in term 0.
I20260709 12:22:51.023293  3707 leader_election.cc:304] T 935792328a4745c89f85e18d04c2a646 P d017f89538f54f80a1bfce4e33284224 [CANDIDATE]: Term 1 pre-election: Election decided. Result: candidate won. Election summary: received 2 responses out of 3 voters: 2 yes votes; 0 no votes. yes voters: 80f0928cfc7c43d9ab2a3b3869f84b10, d017f89538f54f80a1bfce4e33284224; no voters: 
I20260709 12:22:51.023288  3893 tablet_service.cc:1917] Received RequestConsensusVote() RPC: tablet_id: "935792328a4745c89f85e18d04c2a646" candidate_uuid: "d017f89538f54f80a1bfce4e33284224" candidate_term: 1 candidate_status { last_received { term: 0 index: 0 } } ignore_live_leader: false dest_uuid: "4544e60675be43abb7d5dc0f0eec6bc1" is_pre_election: true
I20260709 12:22:51.024813  3992 raft_consensus.cc:2804] T 935792328a4745c89f85e18d04c2a646 P d017f89538f54f80a1bfce4e33284224 [term 0 FOLLOWER]: Leader pre-election won for term 1
I20260709 12:22:51.025156  3992 raft_consensus.cc:493] T 935792328a4745c89f85e18d04c2a646 P d017f89538f54f80a1bfce4e33284224 [term 0 FOLLOWER]: Starting leader election (no leader contacted us within the election timeout)
I20260709 12:22:51.025517  3992 raft_consensus.cc:3060] T 935792328a4745c89f85e18d04c2a646 P d017f89538f54f80a1bfce4e33284224 [term 0 FOLLOWER]: Advancing to term 1
W20260709 12:22:51.025976  3708 leader_election.cc:343] T 935792328a4745c89f85e18d04c2a646 P d017f89538f54f80a1bfce4e33284224 [CANDIDATE]: Term 1 pre-election: Tablet error from VoteRequest() call to peer 4544e60675be43abb7d5dc0f0eec6bc1 (127.2.133.131:38979): Illegal state: must be running to vote when last-logged opid is not known
I20260709 12:22:51.025126  3935 tablet_bootstrap.cc:654] T 348c5279692045568ba924f40471058f P 80f0928cfc7c43d9ab2a3b3869f84b10: Neither blocks nor log segments found. Creating new log.
I20260709 12:22:51.033614  3992 raft_consensus.cc:515] T 935792328a4745c89f85e18d04c2a646 P d017f89538f54f80a1bfce4e33284224 [term 1 FOLLOWER]: Starting leader election with config: opid_index: -1 OBSOLETE_local: false peers { permanent_uuid: "d017f89538f54f80a1bfce4e33284224" member_type: VOTER last_known_addr { host: "127.2.133.129" port: 37527 } } peers { permanent_uuid: "80f0928cfc7c43d9ab2a3b3869f84b10" member_type: VOTER last_known_addr { host: "127.2.133.130" port: 38187 } } peers { permanent_uuid: "4544e60675be43abb7d5dc0f0eec6bc1" member_type: VOTER last_known_addr { host: "127.2.133.131" port: 38979 } }
I20260709 12:22:51.035522  3992 leader_election.cc:290] T 935792328a4745c89f85e18d04c2a646 P d017f89538f54f80a1bfce4e33284224 [CANDIDATE]: Term 1 election: Requested vote from peers 80f0928cfc7c43d9ab2a3b3869f84b10 (127.2.133.130:38187), 4544e60675be43abb7d5dc0f0eec6bc1 (127.2.133.131:38979)
I20260709 12:22:51.036394  3893 tablet_service.cc:1917] Received RequestConsensusVote() RPC: tablet_id: "935792328a4745c89f85e18d04c2a646" candidate_uuid: "d017f89538f54f80a1bfce4e33284224" candidate_term: 1 candidate_status { last_received { term: 0 index: 0 } } ignore_live_leader: false dest_uuid: "4544e60675be43abb7d5dc0f0eec6bc1"
I20260709 12:22:51.036923  3816 tablet_service.cc:1917] Received RequestConsensusVote() RPC: tablet_id: "935792328a4745c89f85e18d04c2a646" candidate_uuid: "d017f89538f54f80a1bfce4e33284224" candidate_term: 1 candidate_status { last_received { term: 0 index: 0 } } ignore_live_leader: false dest_uuid: "80f0928cfc7c43d9ab2a3b3869f84b10"
I20260709 12:22:51.037444  3816 raft_consensus.cc:3060] T 935792328a4745c89f85e18d04c2a646 P 80f0928cfc7c43d9ab2a3b3869f84b10 [term 0 FOLLOWER]: Advancing to term 1
W20260709 12:22:51.038059  3708 leader_election.cc:343] T 935792328a4745c89f85e18d04c2a646 P d017f89538f54f80a1bfce4e33284224 [CANDIDATE]: Term 1 election: Tablet error from VoteRequest() call to peer 4544e60675be43abb7d5dc0f0eec6bc1 (127.2.133.131:38979): Illegal state: must be running to vote when last-logged opid is not known
I20260709 12:22:51.044843  3935 tablet_bootstrap.cc:492] T 348c5279692045568ba924f40471058f P 80f0928cfc7c43d9ab2a3b3869f84b10: No bootstrap required, opened a new log
I20260709 12:22:51.046039  3935 ts_tablet_manager.cc:1403] T 348c5279692045568ba924f40471058f P 80f0928cfc7c43d9ab2a3b3869f84b10: Time spent bootstrapping tablet: real 0.042s	user 0.009s	sys 0.000s
I20260709 12:22:51.048861  3935 raft_consensus.cc:359] T 348c5279692045568ba924f40471058f P 80f0928cfc7c43d9ab2a3b3869f84b10 [term 0 FOLLOWER]: Replica starting. Triggering 0 pending ops. Active config: opid_index: -1 OBSOLETE_local: false peers { permanent_uuid: "d017f89538f54f80a1bfce4e33284224" member_type: VOTER last_known_addr { host: "127.2.133.129" port: 37527 } } peers { permanent_uuid: "80f0928cfc7c43d9ab2a3b3869f84b10" member_type: VOTER last_known_addr { host: "127.2.133.130" port: 38187 } } peers { permanent_uuid: "4544e60675be43abb7d5dc0f0eec6bc1" member_type: VOTER last_known_addr { host: "127.2.133.131" port: 38979 } }
I20260709 12:22:51.049180  3816 raft_consensus.cc:2468] T 935792328a4745c89f85e18d04c2a646 P 80f0928cfc7c43d9ab2a3b3869f84b10 [term 1 FOLLOWER]: Leader election vote request: Granting yes vote for candidate d017f89538f54f80a1bfce4e33284224 in term 1.
I20260709 12:22:51.049463  3935 raft_consensus.cc:385] T 348c5279692045568ba924f40471058f P 80f0928cfc7c43d9ab2a3b3869f84b10 [term 0 FOLLOWER]: Consensus starting up: Expiring failure detector timer to make a prompt election more likely
I20260709 12:22:51.049786  3935 raft_consensus.cc:740] T 348c5279692045568ba924f40471058f P 80f0928cfc7c43d9ab2a3b3869f84b10 [term 0 FOLLOWER]: Becoming Follower/Learner. State: Replica: 80f0928cfc7c43d9ab2a3b3869f84b10, State: Initialized, Role: FOLLOWER
I20260709 12:22:51.050933  3935 consensus_queue.cc:260] T 348c5279692045568ba924f40471058f P 80f0928cfc7c43d9ab2a3b3869f84b10 [NON_LEADER]: Queue going to NON_LEADER mode. State: All replicated index: 0, Majority replicated index: 0, Committed index: 0, Last appended: 0.0, Last appended by leader: 0, Current term: 0, Majority size: -1, State: 0, Mode: NON_LEADER, active raft config: opid_index: -1 OBSOLETE_local: false peers { permanent_uuid: "d017f89538f54f80a1bfce4e33284224" member_type: VOTER last_known_addr { host: "127.2.133.129" port: 37527 } } peers { permanent_uuid: "80f0928cfc7c43d9ab2a3b3869f84b10" member_type: VOTER last_known_addr { host: "127.2.133.130" port: 38187 } } peers { permanent_uuid: "4544e60675be43abb7d5dc0f0eec6bc1" member_type: VOTER last_known_addr { host: "127.2.133.131" port: 38979 } }
I20260709 12:22:51.051631  3707 leader_election.cc:304] T 935792328a4745c89f85e18d04c2a646 P d017f89538f54f80a1bfce4e33284224 [CANDIDATE]: Term 1 election: Election decided. Result: candidate won. Election summary: received 3 responses out of 3 voters: 2 yes votes; 1 no votes. yes voters: 80f0928cfc7c43d9ab2a3b3869f84b10, d017f89538f54f80a1bfce4e33284224; no voters: 4544e60675be43abb7d5dc0f0eec6bc1
I20260709 12:22:51.053107  3935 ts_tablet_manager.cc:1434] T 348c5279692045568ba924f40471058f P 80f0928cfc7c43d9ab2a3b3869f84b10: Time spent starting tablet: real 0.007s	user 0.002s	sys 0.003s
I20260709 12:22:51.053999  3935 tablet_bootstrap.cc:492] T 6f324f9e02d34e1fb2c76ab11babdc92 P 80f0928cfc7c43d9ab2a3b3869f84b10: Bootstrap starting.
