I20260709 12:22:43.229903 29265 consensus_queue.cc:237] T 4fc2d80f596f4ceab56e3f2fafa1a5ae P 12239bebe21b4f3cb325f1f3e9e24172 [LEADER]: Queue going to LEADER mode. State: All replicated index: 0, Majority replicated index: 0, Committed index: 0, Last appended: 0.0, Last appended by leader: 0, Current term: 1, Majority size: 2, State: 0, Mode: LEADER, active raft config: opid_index: -1 OBSOLETE_local: false peers { permanent_uuid: "12239bebe21b4f3cb325f1f3e9e24172" member_type: VOTER last_known_addr { host: "127.27.47.65" port: 33727 } } peers { permanent_uuid: "d41d163702de4c6d8bafbba156be95f9" member_type: VOTER last_known_addr { host: "127.27.47.66" port: 43207 } } peers { permanent_uuid: "a004567bf8c040138ff86a0d97bdd69c" member_type: VOTER last_known_addr { host: "127.27.47.67" port: 39581 } }
I20260709 12:22:43.231259 29090 raft_consensus.cc:2468] T 4fc2d80f596f4ceab56e3f2fafa1a5ae P d41d163702de4c6d8bafbba156be95f9 [term 1 FOLLOWER]: Leader election vote request: Granting yes vote for candidate 12239bebe21b4f3cb325f1f3e9e24172 in term 1.
I20260709 12:22:43.230249 29267 raft_consensus.cc:515] T 3040aaea1f5e4247b7ca9993c43f7d73 P 12239bebe21b4f3cb325f1f3e9e24172 [term 0 FOLLOWER]: Starting pre-election with config: opid_index: -1 OBSOLETE_local: false peers { permanent_uuid: "12239bebe21b4f3cb325f1f3e9e24172" member_type: VOTER last_known_addr { host: "127.27.47.65" port: 33727 } } peers { permanent_uuid: "d41d163702de4c6d8bafbba156be95f9" member_type: VOTER last_known_addr { host: "127.27.47.66" port: 43207 } } peers { permanent_uuid: "a004567bf8c040138ff86a0d97bdd69c" member_type: VOTER last_known_addr { host: "127.27.47.67" port: 39581 } }
I20260709 12:22:43.236622 29090 tablet_service.cc:1917] Received RequestConsensusVote() RPC: tablet_id: "3040aaea1f5e4247b7ca9993c43f7d73" candidate_uuid: "12239bebe21b4f3cb325f1f3e9e24172" candidate_term: 1 candidate_status { last_received { term: 0 index: 0 } } ignore_live_leader: false dest_uuid: "d41d163702de4c6d8bafbba156be95f9" is_pre_election: true
I20260709 12:22:43.237284 29090 raft_consensus.cc:2468] T 3040aaea1f5e4247b7ca9993c43f7d73 P d41d163702de4c6d8bafbba156be95f9 [term 0 FOLLOWER]: Leader pre-election vote request: Granting yes vote for candidate 12239bebe21b4f3cb325f1f3e9e24172 in term 0.
I20260709 12:22:43.237998 29213 raft_consensus.cc:515] T 7df5a99913ea48e0ac0b252a94e7736f P 12239bebe21b4f3cb325f1f3e9e24172 [term 1 FOLLOWER]: Starting leader election with config: opid_index: -1 OBSOLETE_local: false peers { permanent_uuid: "12239bebe21b4f3cb325f1f3e9e24172" member_type: VOTER last_known_addr { host: "127.27.47.65" port: 33727 } } peers { permanent_uuid: "d41d163702de4c6d8bafbba156be95f9" member_type: VOTER last_known_addr { host: "127.27.47.66" port: 43207 } } peers { permanent_uuid: "a004567bf8c040138ff86a0d97bdd69c" member_type: VOTER last_known_addr { host: "127.27.47.67" port: 39581 } }
I20260709 12:22:43.237741 28912 catalog_manager.cc:5697] T 1831f50b697c498493b4a55df71b487a P d41d163702de4c6d8bafbba156be95f9 reported cstate change: term changed from 0 to 1, leader changed from <none> to d41d163702de4c6d8bafbba156be95f9 (127.27.47.66). New cstate: current_term: 1 leader_uuid: "d41d163702de4c6d8bafbba156be95f9" committed_config { opid_index: -1 OBSOLETE_local: false peers { permanent_uuid: "12239bebe21b4f3cb325f1f3e9e24172" member_type: VOTER last_known_addr { host: "127.27.47.65" port: 33727 } health_report { overall_health: UNKNOWN } } peers { permanent_uuid: "d41d163702de4c6d8bafbba156be95f9" member_type: VOTER last_known_addr { host: "127.27.47.66" port: 43207 } health_report { overall_health: HEALTHY } } peers { permanent_uuid: "a004567bf8c040138ff86a0d97bdd69c" member_type: VOTER last_known_addr { host: "127.27.47.67" port: 39581 } health_report { overall_health: UNKNOWN } } }
I20260709 12:22:43.238978 28980 leader_election.cc:304] T 3040aaea1f5e4247b7ca9993c43f7d73 P 12239bebe21b4f3cb325f1f3e9e24172 [CANDIDATE]: Term 1 pre-election: Election decided. Result: candidate won. Election summary: received 2 responses out of 3 voters: 2 yes votes; 0 no votes. yes voters: 12239bebe21b4f3cb325f1f3e9e24172, d41d163702de4c6d8bafbba156be95f9; no voters: 
I20260709 12:22:43.240428 29221 raft_consensus.cc:2749] T 4fc2d80f596f4ceab56e3f2fafa1a5ae P d41d163702de4c6d8bafbba156be95f9 [term 1 FOLLOWER]: Leader pre-election lost for term 1. Reason: could not achieve majority
I20260709 12:22:43.240412 29260 raft_consensus.cc:2804] T 3040aaea1f5e4247b7ca9993c43f7d73 P 12239bebe21b4f3cb325f1f3e9e24172 [term 0 FOLLOWER]: Leader pre-election won for term 1
I20260709 12:22:43.240681 29267 leader_election.cc:290] T 3040aaea1f5e4247b7ca9993c43f7d73 P 12239bebe21b4f3cb325f1f3e9e24172 [CANDIDATE]: Term 1 pre-election: Requested pre-vote from peers d41d163702de4c6d8bafbba156be95f9 (127.27.47.66:43207), a004567bf8c040138ff86a0d97bdd69c (127.27.47.67:39581)
I20260709 12:22:43.241714 29260 raft_consensus.cc:493] T 3040aaea1f5e4247b7ca9993c43f7d73 P 12239bebe21b4f3cb325f1f3e9e24172 [term 0 FOLLOWER]: Starting leader election (no leader contacted us within the election timeout)
I20260709 12:22:43.243141 29241 leader_election.cc:290] T 4fc2d80f596f4ceab56e3f2fafa1a5ae P 12239bebe21b4f3cb325f1f3e9e24172 [CANDIDATE]: Term 1 election: Requested vote from peers d41d163702de4c6d8bafbba156be95f9 (127.27.47.66:43207), a004567bf8c040138ff86a0d97bdd69c (127.27.47.67:39581)
I20260709 12:22:43.249194 29164 raft_consensus.cc:2468] T 1831f50b697c498493b4a55df71b487a P a004567bf8c040138ff86a0d97bdd69c [term 1 FOLLOWER]: Leader election vote request: Granting yes vote for candidate d41d163702de4c6d8bafbba156be95f9 in term 1.
I20260709 12:22:43.242316 29165 tablet_service.cc:1917] Received RequestConsensusVote() RPC: tablet_id: "3040aaea1f5e4247b7ca9993c43f7d73" candidate_uuid: "12239bebe21b4f3cb325f1f3e9e24172" candidate_term: 1 candidate_status { last_received { term: 0 index: 0 } } ignore_live_leader: false dest_uuid: "a004567bf8c040138ff86a0d97bdd69c" is_pre_election: true
I20260709 12:22:43.239656 29239 raft_consensus.cc:697] T ff3468380cdd4b849c886c64e933236e P 12239bebe21b4f3cb325f1f3e9e24172 [term 1 LEADER]: Becoming Leader. State: Replica: 12239bebe21b4f3cb325f1f3e9e24172, State: Running, Role: LEADER
W20260709 12:22:43.253073 28981 leader_election.cc:343] T 3040aaea1f5e4247b7ca9993c43f7d73 P 12239bebe21b4f3cb325f1f3e9e24172 [CANDIDATE]: Term 1 pre-election: Tablet error from VoteRequest() call to peer a004567bf8c040138ff86a0d97bdd69c (127.27.47.67:39581): Illegal state: must be running to vote when last-logged opid is not known
I20260709 12:22:43.255198 29090 tablet_service.cc:1917] Received RequestConsensusVote() RPC: tablet_id: "7df5a99913ea48e0ac0b252a94e7736f" candidate_uuid: "12239bebe21b4f3cb325f1f3e9e24172" candidate_term: 1 candidate_status { last_received { term: 0 index: 0 } } ignore_live_leader: false dest_uuid: "d41d163702de4c6d8bafbba156be95f9"
I20260709 12:22:43.255801 29090 raft_consensus.cc:3060] T 7df5a99913ea48e0ac0b252a94e7736f P d41d163702de4c6d8bafbba156be95f9 [term 0 FOLLOWER]: Advancing to term 1
I20260709 12:22:43.256440 29165 tablet_service.cc:1917] Received RequestConsensusVote() RPC: tablet_id: "7df5a99913ea48e0ac0b252a94e7736f" candidate_uuid: "12239bebe21b4f3cb325f1f3e9e24172" candidate_term: 1 candidate_status { last_received { term: 0 index: 0 } } ignore_live_leader: false dest_uuid: "a004567bf8c040138ff86a0d97bdd69c"
I20260709 12:22:43.257021 29165 raft_consensus.cc:3060] T 7df5a99913ea48e0ac0b252a94e7736f P a004567bf8c040138ff86a0d97bdd69c [term 0 FOLLOWER]: Advancing to term 1
I20260709 12:22:43.243300 29260 raft_consensus.cc:3060] T 3040aaea1f5e4247b7ca9993c43f7d73 P 12239bebe21b4f3cb325f1f3e9e24172 [term 0 FOLLOWER]: Advancing to term 1
I20260709 12:22:43.263971 29090 raft_consensus.cc:2468] T 7df5a99913ea48e0ac0b252a94e7736f P d41d163702de4c6d8bafbba156be95f9 [term 1 FOLLOWER]: Leader election vote request: Granting yes vote for candidate 12239bebe21b4f3cb325f1f3e9e24172 in term 1.
I20260709 12:22:43.265200 29165 raft_consensus.cc:2468] T 7df5a99913ea48e0ac0b252a94e7736f P a004567bf8c040138ff86a0d97bdd69c [term 1 FOLLOWER]: Leader election vote request: Granting yes vote for candidate 12239bebe21b4f3cb325f1f3e9e24172 in term 1.
I20260709 12:22:43.265271 28980 leader_election.cc:304] T 7df5a99913ea48e0ac0b252a94e7736f P 12239bebe21b4f3cb325f1f3e9e24172 [CANDIDATE]: Term 1 election: Election decided. Result: candidate won. Election summary: received 2 responses out of 3 voters: 2 yes votes; 0 no votes. yes voters: 12239bebe21b4f3cb325f1f3e9e24172, d41d163702de4c6d8bafbba156be95f9; no voters: 
I20260709 12:22:43.266132 29265 raft_consensus.cc:2804] T 7df5a99913ea48e0ac0b252a94e7736f P 12239bebe21b4f3cb325f1f3e9e24172 [term 1 FOLLOWER]: Leader election won for term 1
I20260709 12:22:43.253115 29239 consensus_queue.cc:237] T ff3468380cdd4b849c886c64e933236e P 12239bebe21b4f3cb325f1f3e9e24172 [LEADER]: Queue going to LEADER mode. State: All replicated index: 0, Majority replicated index: 0, Committed index: 0, Last appended: 0.0, Last appended by leader: 0, Current term: 1, Majority size: 2, State: 0, Mode: LEADER, active raft config: opid_index: -1 OBSOLETE_local: false peers { permanent_uuid: "12239bebe21b4f3cb325f1f3e9e24172" member_type: VOTER last_known_addr { host: "127.27.47.65" port: 33727 } } peers { permanent_uuid: "d41d163702de4c6d8bafbba156be95f9" member_type: VOTER last_known_addr { host: "127.27.47.66" port: 43207 } } peers { permanent_uuid: "a004567bf8c040138ff86a0d97bdd69c" member_type: VOTER last_known_addr { host: "127.27.47.67" port: 39581 } }
I20260709 12:22:43.266734 29265 raft_consensus.cc:697] T 7df5a99913ea48e0ac0b252a94e7736f P 12239bebe21b4f3cb325f1f3e9e24172 [term 1 LEADER]: Becoming Leader. State: Replica: 12239bebe21b4f3cb325f1f3e9e24172, State: Running, Role: LEADER
I20260709 12:22:43.267580 29265 consensus_queue.cc:237] T 7df5a99913ea48e0ac0b252a94e7736f P 12239bebe21b4f3cb325f1f3e9e24172 [LEADER]: Queue going to LEADER mode. State: All replicated index: 0, Majority replicated index: 0, Committed index: 0, Last appended: 0.0, Last appended by leader: 0, Current term: 1, Majority size: 2, State: 0, Mode: LEADER, active raft config: opid_index: -1 OBSOLETE_local: false peers { permanent_uuid: "12239bebe21b4f3cb325f1f3e9e24172" member_type: VOTER last_known_addr { host: "127.27.47.65" port: 33727 } } peers { permanent_uuid: "d41d163702de4c6d8bafbba156be95f9" member_type: VOTER last_known_addr { host: "127.27.47.66" port: 43207 } } peers { permanent_uuid: "a004567bf8c040138ff86a0d97bdd69c" member_type: VOTER last_known_addr { host: "127.27.47.67" port: 39581 } }
I20260709 12:22:43.270778 29206 ts_tablet_manager.cc:1434] T 3040aaea1f5e4247b7ca9993c43f7d73 P 12239bebe21b4f3cb325f1f3e9e24172: Time spent starting tablet: real 0.090s	user 0.017s	sys 0.010s
I20260709 12:22:43.261091 29213 leader_election.cc:290] T 7df5a99913ea48e0ac0b252a94e7736f P 12239bebe21b4f3cb325f1f3e9e24172 [CANDIDATE]: Term 1 election: Requested vote from peers d41d163702de4c6d8bafbba156be95f9 (127.27.47.66:43207), a004567bf8c040138ff86a0d97bdd69c (127.27.47.67:39581)
I20260709 12:22:43.271803 29206 tablet_bootstrap.cc:492] T cf9aebf109734657af3143e95e3d6364 P 12239bebe21b4f3cb325f1f3e9e24172: Bootstrap starting.
I20260709 12:22:43.273538 29207 tablet_bootstrap.cc:492] T ff3468380cdd4b849c886c64e933236e P d41d163702de4c6d8bafbba156be95f9: No bootstrap required, opened a new log
I20260709 12:22:43.273991 29207 ts_tablet_manager.cc:1403] T ff3468380cdd4b849c886c64e933236e P d41d163702de4c6d8bafbba156be95f9: Time spent bootstrapping tablet: real 0.067s	user 0.012s	sys 0.000s
I20260709 12:22:43.278638 29241 raft_consensus.cc:493] T 57e6b6d84bc140488631509b5b9392f0 P 12239bebe21b4f3cb325f1f3e9e24172 [term 0 FOLLOWER]: Starting pre-election (no leader contacted us within the election timeout)
I20260709 12:22:43.279544 29241 raft_consensus.cc:515] T 57e6b6d84bc140488631509b5b9392f0 P 12239bebe21b4f3cb325f1f3e9e24172 [term 0 FOLLOWER]: Starting pre-election with config: opid_index: -1 OBSOLETE_local: false peers { permanent_uuid: "12239bebe21b4f3cb325f1f3e9e24172" member_type: VOTER last_known_addr { host: "127.27.47.65" port: 33727 } } peers { permanent_uuid: "d41d163702de4c6d8bafbba156be95f9" member_type: VOTER last_known_addr { host: "127.27.47.66" port: 43207 } } peers { permanent_uuid: "a004567bf8c040138ff86a0d97bdd69c" member_type: VOTER last_known_addr { host: "127.27.47.67" port: 39581 } }
I20260709 12:22:43.281608 29241 leader_election.cc:290] T 57e6b6d84bc140488631509b5b9392f0 P 12239bebe21b4f3cb325f1f3e9e24172 [CANDIDATE]: Term 1 pre-election: Requested pre-vote from peers d41d163702de4c6d8bafbba156be95f9 (127.27.47.66:43207), a004567bf8c040138ff86a0d97bdd69c (127.27.47.67:39581)
I20260709 12:22:43.283320 29090 tablet_service.cc:1917] Received RequestConsensusVote() RPC: tablet_id: "57e6b6d84bc140488631509b5b9392f0" candidate_uuid: "12239bebe21b4f3cb325f1f3e9e24172" candidate_term: 1 candidate_status { last_received { term: 0 index: 0 } } ignore_live_leader: false dest_uuid: "d41d163702de4c6d8bafbba156be95f9" is_pre_election: true
I20260709 12:22:43.283480 29260 raft_consensus.cc:515] T 3040aaea1f5e4247b7ca9993c43f7d73 P 12239bebe21b4f3cb325f1f3e9e24172 [term 1 FOLLOWER]: Starting leader election with config: opid_index: -1 OBSOLETE_local: false peers { permanent_uuid: "12239bebe21b4f3cb325f1f3e9e24172" member_type: VOTER last_known_addr { host: "127.27.47.65" port: 33727 } } peers { permanent_uuid: "d41d163702de4c6d8bafbba156be95f9" member_type: VOTER last_known_addr { host: "127.27.47.66" port: 43207 } } peers { permanent_uuid: "a004567bf8c040138ff86a0d97bdd69c" member_type: VOTER last_known_addr { host: "127.27.47.67" port: 39581 } }
I20260709 12:22:43.284003 29090 raft_consensus.cc:2468] T 57e6b6d84bc140488631509b5b9392f0 P d41d163702de4c6d8bafbba156be95f9 [term 0 FOLLOWER]: Leader pre-election vote request: Granting yes vote for candidate 12239bebe21b4f3cb325f1f3e9e24172 in term 0.
I20260709 12:22:43.285295 28980 leader_election.cc:304] T 57e6b6d84bc140488631509b5b9392f0 P 12239bebe21b4f3cb325f1f3e9e24172 [CANDIDATE]: Term 1 pre-election: Election decided. Result: candidate won. Election summary: received 2 responses out of 3 voters: 2 yes votes; 0 no votes. yes voters: 12239bebe21b4f3cb325f1f3e9e24172, d41d163702de4c6d8bafbba156be95f9; no voters: 
I20260709 12:22:43.287045 29165 tablet_service.cc:1917] Received RequestConsensusVote() RPC: tablet_id: "57e6b6d84bc140488631509b5b9392f0" candidate_uuid: "12239bebe21b4f3cb325f1f3e9e24172" candidate_term: 1 candidate_status { last_received { term: 0 index: 0 } } ignore_live_leader: false dest_uuid: "a004567bf8c040138ff86a0d97bdd69c" is_pre_election: true
I20260709 12:22:43.287716 29165 raft_consensus.cc:2468] T 57e6b6d84bc140488631509b5b9392f0 P a004567bf8c040138ff86a0d97bdd69c [term 0 FOLLOWER]: Leader pre-election vote request: Granting yes vote for candidate 12239bebe21b4f3cb325f1f3e9e24172 in term 0.
I20260709 12:22:43.291023 29241 raft_consensus.cc:2804] T 57e6b6d84bc140488631509b5b9392f0 P 12239bebe21b4f3cb325f1f3e9e24172 [term 0 FOLLOWER]: Leader pre-election won for term 1
I20260709 12:22:43.291416 29241 raft_consensus.cc:493] T 57e6b6d84bc140488631509b5b9392f0 P 12239bebe21b4f3cb325f1f3e9e24172 [term 0 FOLLOWER]: Starting leader election (no leader contacted us within the election timeout)
I20260709 12:22:43.291749 29241 raft_consensus.cc:3060] T 57e6b6d84bc140488631509b5b9392f0 P 12239bebe21b4f3cb325f1f3e9e24172 [term 0 FOLLOWER]: Advancing to term 1
I20260709 12:22:43.293681 29165 tablet_service.cc:1917] Received RequestConsensusVote() RPC: tablet_id: "3040aaea1f5e4247b7ca9993c43f7d73" candidate_uuid: "12239bebe21b4f3cb325f1f3e9e24172" candidate_term: 1 candidate_status { last_received { term: 0 index: 0 } } ignore_live_leader: false dest_uuid: "a004567bf8c040138ff86a0d97bdd69c"
W20260709 12:22:43.294976 28981 leader_election.cc:343] T 3040aaea1f5e4247b7ca9993c43f7d73 P 12239bebe21b4f3cb325f1f3e9e24172 [CANDIDATE]: Term 1 election: Tablet error from VoteRequest() call to peer a004567bf8c040138ff86a0d97bdd69c (127.27.47.67:39581): Illegal state: must be running to vote when last-logged opid is not known
I20260709 12:22:43.295536 29260 leader_election.cc:290] T 3040aaea1f5e4247b7ca9993c43f7d73 P 12239bebe21b4f3cb325f1f3e9e24172 [CANDIDATE]: Term 1 election: Requested vote from peers d41d163702de4c6d8bafbba156be95f9 (127.27.47.66:43207), a004567bf8c040138ff86a0d97bdd69c (127.27.47.67:39581)
I20260709 12:22:43.291790 29207 raft_consensus.cc:359] T ff3468380cdd4b849c886c64e933236e P d41d163702de4c6d8bafbba156be95f9 [term 0 FOLLOWER]: Replica starting. Triggering 0 pending ops. Active config: opid_index: -1 OBSOLETE_local: false peers { permanent_uuid: "12239bebe21b4f3cb325f1f3e9e24172" member_type: VOTER last_known_addr { host: "127.27.47.65" port: 33727 } } peers { permanent_uuid: "d41d163702de4c6d8bafbba156be95f9" member_type: VOTER last_known_addr { host: "127.27.47.66" port: 43207 } } peers { permanent_uuid: "a004567bf8c040138ff86a0d97bdd69c" member_type: VOTER last_known_addr { host: "127.27.47.67" port: 39581 } }
I20260709 12:22:43.296685 29207 raft_consensus.cc:385] T ff3468380cdd4b849c886c64e933236e P d41d163702de4c6d8bafbba156be95f9 [term 0 FOLLOWER]: Consensus starting up: Expiring failure detector timer to make a prompt election more likely
I20260709 12:22:43.296895 29207 raft_consensus.cc:740] T ff3468380cdd4b849c886c64e933236e P d41d163702de4c6d8bafbba156be95f9 [term 0 FOLLOWER]: Becoming Follower/Learner. State: Replica: d41d163702de4c6d8bafbba156be95f9, State: Initialized, Role: FOLLOWER
I20260709 12:22:43.298126 29207 consensus_queue.cc:260] T ff3468380cdd4b849c886c64e933236e P d41d163702de4c6d8bafbba156be95f9 [NON_LEADER]: Queue going to NON_LEADER mode. State: All replicated index: 0, Majority replicated index: 0, Committed index: 0, Last appended: 0.0, Last appended by leader: 0, Current term: 0, Majority size: -1, State: 0, Mode: NON_LEADER, active raft config: opid_index: -1 OBSOLETE_local: false peers { permanent_uuid: "12239bebe21b4f3cb325f1f3e9e24172" member_type: VOTER last_known_addr { host: "127.27.47.65" port: 33727 } } peers { permanent_uuid: "d41d163702de4c6d8bafbba156be95f9" member_type: VOTER last_known_addr { host: "127.27.47.66" port: 43207 } } peers { permanent_uuid: "a004567bf8c040138ff86a0d97bdd69c" member_type: VOTER last_known_addr { host: "127.27.47.67" port: 39581 } }
I20260709 12:22:43.299639 29262 raft_consensus.cc:493] T 206ece6553b4487298a286afeec29f9e P d41d163702de4c6d8bafbba156be95f9 [term 0 FOLLOWER]: Starting pre-election (no leader contacted us within the election timeout)
I20260709 12:22:43.300058 29262 raft_consensus.cc:515] T 206ece6553b4487298a286afeec29f9e P d41d163702de4c6d8bafbba156be95f9 [term 0 FOLLOWER]: Starting pre-election with config: opid_index: -1 OBSOLETE_local: false peers { permanent_uuid: "a004567bf8c040138ff86a0d97bdd69c" member_type: VOTER last_known_addr { host: "127.27.47.67" port: 39581 } } peers { permanent_uuid: "12239bebe21b4f3cb325f1f3e9e24172" member_type: VOTER last_known_addr { host: "127.27.47.65" port: 33727 } } peers { permanent_uuid: "d41d163702de4c6d8bafbba156be95f9" member_type: VOTER last_known_addr { host: "127.27.47.66" port: 43207 } }
I20260709 12:22:43.301146 29205 tablet_bootstrap.cc:492] T 62a434ade2704304999b77399e5e7a70 P a004567bf8c040138ff86a0d97bdd69c: No bootstrap required, opened a new log
I20260709 12:22:43.301621 29205 ts_tablet_manager.cc:1403] T 62a434ade2704304999b77399e5e7a70 P a004567bf8c040138ff86a0d97bdd69c: Time spent bootstrapping tablet: real 0.183s	user 0.062s	sys 0.050s
I20260709 12:22:43.301921 29262 leader_election.cc:290] T 206ece6553b4487298a286afeec29f9e P d41d163702de4c6d8bafbba156be95f9 [CANDIDATE]: Term 1 pre-election: Requested pre-vote from peers a004567bf8c040138ff86a0d97bdd69c (127.27.47.67:39581), 12239bebe21b4f3cb325f1f3e9e24172 (127.27.47.65:33727)
I20260709 12:22:43.302371 29262 raft_consensus.cc:493] T a893bba39a1d451a8d5742197ff33e60 P d41d163702de4c6d8bafbba156be95f9 [term 0 FOLLOWER]: Starting pre-election (no leader contacted us within the election timeout)
I20260709 12:22:43.302129 29241 raft_consensus.cc:515] T 57e6b6d84bc140488631509b5b9392f0 P 12239bebe21b4f3cb325f1f3e9e24172 [term 1 FOLLOWER]: Starting leader election with config: opid_index: -1 OBSOLETE_local: false peers { permanent_uuid: "12239bebe21b4f3cb325f1f3e9e24172" member_type: VOTER last_known_addr { host: "127.27.47.65" port: 33727 } } peers { permanent_uuid: "d41d163702de4c6d8bafbba156be95f9" member_type: VOTER last_known_addr { host: "127.27.47.66" port: 43207 } } peers { permanent_uuid: "a004567bf8c040138ff86a0d97bdd69c" member_type: VOTER last_known_addr { host: "127.27.47.67" port: 39581 } }
I20260709 12:22:43.305157 29207 ts_tablet_manager.cc:1434] T ff3468380cdd4b849c886c64e933236e P d41d163702de4c6d8bafbba156be95f9: Time spent starting tablet: real 0.031s	user 0.007s	sys 0.000s
I20260709 12:22:43.306537 29165 tablet_service.cc:1917] Received RequestConsensusVote() RPC: tablet_id: "206ece6553b4487298a286afeec29f9e" candidate_uuid: "d41d163702de4c6d8bafbba156be95f9" candidate_term: 1 candidate_status { last_received { term: 0 index: 0 } } ignore_live_leader: false dest_uuid: "a004567bf8c040138ff86a0d97bdd69c" is_pre_election: true
I20260709 12:22:43.307108 29165 raft_consensus.cc:2468] T 206ece6553b4487298a286afeec29f9e P a004567bf8c040138ff86a0d97bdd69c [term 0 FOLLOWER]: Leader pre-election vote request: Granting yes vote for candidate d41d163702de4c6d8bafbba156be95f9 in term 0.
I20260709 12:22:43.307077 29205 raft_consensus.cc:359] T 62a434ade2704304999b77399e5e7a70 P a004567bf8c040138ff86a0d97bdd69c [term 0 FOLLOWER]: Replica starting. Triggering 0 pending ops. Active config: opid_index: -1 OBSOLETE_local: false peers { permanent_uuid: "12239bebe21b4f3cb325f1f3e9e24172" member_type: VOTER last_known_addr { host: "127.27.47.65" port: 33727 } } peers { permanent_uuid: "d41d163702de4c6d8bafbba156be95f9" member_type: VOTER last_known_addr { host: "127.27.47.66" port: 43207 } } peers { permanent_uuid: "a004567bf8c040138ff86a0d97bdd69c" member_type: VOTER last_known_addr { host: "127.27.47.67" port: 39581 } }
I20260709 12:22:43.307952 29205 raft_consensus.cc:385] T 62a434ade2704304999b77399e5e7a70 P a004567bf8c040138ff86a0d97bdd69c [term 0 FOLLOWER]: Consensus starting up: Expiring failure detector timer to make a prompt election more likely
I20260709 12:22:43.308279 29205 raft_consensus.cc:740] T 62a434ade2704304999b77399e5e7a70 P a004567bf8c040138ff86a0d97bdd69c [term 0 FOLLOWER]: Becoming Follower/Learner. State: Replica: a004567bf8c040138ff86a0d97bdd69c, State: Initialized, Role: FOLLOWER
I20260709 12:22:43.308418 29056 leader_election.cc:304] T 206ece6553b4487298a286afeec29f9e P d41d163702de4c6d8bafbba156be95f9 [CANDIDATE]: Term 1 pre-election: Election decided. Result: candidate won. Election summary: received 2 responses out of 3 voters: 2 yes votes; 0 no votes. yes voters: a004567bf8c040138ff86a0d97bdd69c, d41d163702de4c6d8bafbba156be95f9; no voters: 
I20260709 12:22:43.309221 29221 raft_consensus.cc:2804] T 206ece6553b4487298a286afeec29f9e P d41d163702de4c6d8bafbba156be95f9 [term 0 FOLLOWER]: Leader pre-election won for term 1
I20260709 12:22:43.309592 29015 tablet_service.cc:1917] Received RequestConsensusVote() RPC: tablet_id: "206ece6553b4487298a286afeec29f9e" candidate_uuid: "d41d163702de4c6d8bafbba156be95f9" candidate_term: 1 candidate_status { last_received { term: 0 index: 0 } } ignore_live_leader: false dest_uuid: "12239bebe21b4f3cb325f1f3e9e24172" is_pre_election: true
I20260709 12:22:43.302772 29262 raft_consensus.cc:515] T a893bba39a1d451a8d5742197ff33e60 P d41d163702de4c6d8bafbba156be95f9 [term 0 FOLLOWER]: Starting pre-election with config: opid_index: -1 OBSOLETE_local: false peers { permanent_uuid: "12239bebe21b4f3cb325f1f3e9e24172" member_type: VOTER last_known_addr { host: "127.27.47.65" port: 33727 } } peers { permanent_uuid: "d41d163702de4c6d8bafbba156be95f9" member_type: VOTER last_known_addr { host: "127.27.47.66" port: 43207 } } peers { permanent_uuid: "a004567bf8c040138ff86a0d97bdd69c" member_type: VOTER last_known_addr { host: "127.27.47.67" port: 39581 } }
I20260709 12:22:43.310283 29015 raft_consensus.cc:2468] T 206ece6553b4487298a286afeec29f9e P 12239bebe21b4f3cb325f1f3e9e24172 [term 0 FOLLOWER]: Leader pre-election vote request: Granting yes vote for candidate d41d163702de4c6d8bafbba156be95f9 in term 0.
I20260709 12:22:43.311789 29262 leader_election.cc:290] T a893bba39a1d451a8d5742197ff33e60 P d41d163702de4c6d8bafbba156be95f9 [CANDIDATE]: Term 1 pre-election: Requested pre-vote from peers 12239bebe21b4f3cb325f1f3e9e24172 (127.27.47.65:33727), a004567bf8c040138ff86a0d97bdd69c (127.27.47.67:39581)
I20260709 12:22:43.309587 29221 raft_consensus.cc:493] T 206ece6553b4487298a286afeec29f9e P d41d163702de4c6d8bafbba156be95f9 [term 0 FOLLOWER]: Starting leader election (no leader contacted us within the election timeout)
I20260709 12:22:43.312446 29221 raft_consensus.cc:3060] T 206ece6553b4487298a286afeec29f9e P d41d163702de4c6d8bafbba156be95f9 [term 0 FOLLOWER]: Advancing to term 1
I20260709 12:22:43.312237 29205 consensus_queue.cc:260] T 62a434ade2704304999b77399e5e7a70 P a004567bf8c040138ff86a0d97bdd69c [NON_LEADER]: Queue going to NON_LEADER mode. State: All replicated index: 0, Majority replicated index: 0, Committed index: 0, Last appended: 0.0, Last appended by leader: 0, Current term: 0, Majority size: -1, State: 0, Mode: NON_LEADER, active raft config: opid_index: -1 OBSOLETE_local: false peers { permanent_uuid: "12239bebe21b4f3cb325f1f3e9e24172" member_type: VOTER last_known_addr { host: "127.27.47.65" port: 33727 } } peers { permanent_uuid: "d41d163702de4c6d8bafbba156be95f9" member_type: VOTER last_known_addr { host: "127.27.47.66" port: 43207 } } peers { permanent_uuid: "a004567bf8c040138ff86a0d97bdd69c" member_type: VOTER last_known_addr { host: "127.27.47.67" port: 39581 } }
I20260709 12:22:43.314038 29090 tablet_service.cc:1917] Received RequestConsensusVote() RPC: tablet_id: "3040aaea1f5e4247b7ca9993c43f7d73" candidate_uuid: "12239bebe21b4f3cb325f1f3e9e24172" candidate_term: 1 candidate_status { last_received { term: 0 index: 0 } } ignore_live_leader: false dest_uuid: "d41d163702de4c6d8bafbba156be95f9"
I20260709 12:22:43.314468 29205 ts_tablet_manager.cc:1434] T 62a434ade2704304999b77399e5e7a70 P a004567bf8c040138ff86a0d97bdd69c: Time spent starting tablet: real 0.013s	user 0.006s	sys 0.000s
I20260709 12:22:43.314571 29090 raft_consensus.cc:3060] T 3040aaea1f5e4247b7ca9993c43f7d73 P d41d163702de4c6d8bafbba156be95f9 [term 0 FOLLOWER]: Advancing to term 1
I20260709 12:22:43.316092 29205 tablet_bootstrap.cc:492] T 6754a55c21944b4c8d84320c5d67cea2 P a004567bf8c040138ff86a0d97bdd69c: Bootstrap starting.
I20260709 12:22:43.323555 29090 raft_consensus.cc:2468] T 3040aaea1f5e4247b7ca9993c43f7d73 P d41d163702de4c6d8bafbba156be95f9 [term 1 FOLLOWER]: Leader election vote request: Granting yes vote for candidate 12239bebe21b4f3cb325f1f3e9e24172 in term 1.
I20260709 12:22:43.323801 29241 leader_election.cc:290] T 57e6b6d84bc140488631509b5b9392f0 P 12239bebe21b4f3cb325f1f3e9e24172 [CANDIDATE]: Term 1 election: Requested vote from peers d41d163702de4c6d8bafbba156be95f9 (127.27.47.66:43207), a004567bf8c040138ff86a0d97bdd69c (127.27.47.67:39581)
I20260709 12:22:43.324764 29091 tablet_service.cc:1917] Received RequestConsensusVote() RPC: tablet_id: "57e6b6d84bc140488631509b5b9392f0" candidate_uuid: "12239bebe21b4f3cb325f1f3e9e24172" candidate_term: 1 candidate_status { last_received { term: 0 index: 0 } } ignore_live_leader: false dest_uuid: "d41d163702de4c6d8bafbba156be95f9"
I20260709 12:22:43.324993 29015 tablet_service.cc:1917] Received RequestConsensusVote() RPC: tablet_id: "a893bba39a1d451a8d5742197ff33e60" candidate_uuid: "d41d163702de4c6d8bafbba156be95f9" candidate_term: 1 candidate_status { last_received { term: 0 index: 0 } } ignore_live_leader: false dest_uuid: "12239bebe21b4f3cb325f1f3e9e24172" is_pre_election: true
I20260709 12:22:43.325330 29091 raft_consensus.cc:3060] T 57e6b6d84bc140488631509b5b9392f0 P d41d163702de4c6d8bafbba156be95f9 [term 0 FOLLOWER]: Advancing to term 1
I20260709 12:22:43.326153 29165 tablet_service.cc:1917] Received RequestConsensusVote() RPC: tablet_id: "a893bba39a1d451a8d5742197ff33e60" candidate_uuid: "d41d163702de4c6d8bafbba156be95f9" candidate_term: 1 candidate_status { last_received { term: 0 index: 0 } } ignore_live_leader: false dest_uuid: "a004567bf8c040138ff86a0d97bdd69c" is_pre_election: true
I20260709 12:22:43.326879 29165 raft_consensus.cc:2393] T a893bba39a1d451a8d5742197ff33e60 P a004567bf8c040138ff86a0d97bdd69c [term 1 FOLLOWER]: Leader pre-election vote request: Denying vote to candidate d41d163702de4c6d8bafbba156be95f9 in current term 1: Already voted for candidate 12239bebe21b4f3cb325f1f3e9e24172 in this term.
I20260709 12:22:43.328979 29164 tablet_service.cc:1917] Received RequestConsensusVote() RPC: tablet_id: "57e6b6d84bc140488631509b5b9392f0" candidate_uuid: "12239bebe21b4f3cb325f1f3e9e24172" candidate_term: 1 candidate_status { last_received { term: 0 index: 0 } } ignore_live_leader: false dest_uuid: "a004567bf8c040138ff86a0d97bdd69c"
I20260709 12:22:43.329519 29164 raft_consensus.cc:3060] T 57e6b6d84bc140488631509b5b9392f0 P a004567bf8c040138ff86a0d97bdd69c [term 0 FOLLOWER]: Advancing to term 1
I20260709 12:22:43.329437 28912 catalog_manager.cc:5697] T ff3468380cdd4b849c886c64e933236e P 12239bebe21b4f3cb325f1f3e9e24172 reported cstate change: term changed from 0 to 1, leader changed from <none> to 12239bebe21b4f3cb325f1f3e9e24172 (127.27.47.65). New cstate: current_term: 1 leader_uuid: "12239bebe21b4f3cb325f1f3e9e24172" committed_config { opid_index: -1 OBSOLETE_local: false peers { permanent_uuid: "12239bebe21b4f3cb325f1f3e9e24172" member_type: VOTER last_known_addr { host: "127.27.47.65" port: 33727 } health_report { overall_health: HEALTHY } } peers { permanent_uuid: "d41d163702de4c6d8bafbba156be95f9" member_type: VOTER last_known_addr { host: "127.27.47.66" port: 43207 } health_report { overall_health: UNKNOWN } } peers { permanent_uuid: "a004567bf8c040138ff86a0d97bdd69c" member_type: VOTER last_known_addr { host: "127.27.47.67" port: 39581 } health_report { overall_health: UNKNOWN } } }
I20260709 12:22:43.331939 29221 raft_consensus.cc:515] T 206ece6553b4487298a286afeec29f9e P d41d163702de4c6d8bafbba156be95f9 [term 1 FOLLOWER]: Starting leader election with config: opid_index: -1 OBSOLETE_local: false peers { permanent_uuid: "a004567bf8c040138ff86a0d97bdd69c" member_type: VOTER last_known_addr { host: "127.27.47.67" port: 39581 } } peers { permanent_uuid: "12239bebe21b4f3cb325f1f3e9e24172" member_type: VOTER last_known_addr { host: "127.27.47.65" port: 33727 } } peers { permanent_uuid: "d41d163702de4c6d8bafbba156be95f9" member_type: VOTER last_known_addr { host: "127.27.47.66" port: 43207 } }
I20260709 12:22:43.334111 29221 leader_election.cc:290] T 206ece6553b4487298a286afeec29f9e P d41d163702de4c6d8bafbba156be95f9 [CANDIDATE]: Term 1 election: Requested vote from peers a004567bf8c040138ff86a0d97bdd69c (127.27.47.67:39581), 12239bebe21b4f3cb325f1f3e9e24172 (127.27.47.65:33727)
I20260709 12:22:43.337970 29205 tablet_bootstrap.cc:654] T 6754a55c21944b4c8d84320c5d67cea2 P a004567bf8c040138ff86a0d97bdd69c: Neither blocks nor log segments found. Creating new log.
I20260709 12:22:43.338848 29165 tablet_service.cc:1917] Received RequestConsensusVote() RPC: tablet_id: "206ece6553b4487298a286afeec29f9e" candidate_uuid: "d41d163702de4c6d8bafbba156be95f9" candidate_term: 1 candidate_status { last_received { term: 0 index: 0 } } ignore_live_leader: false dest_uuid: "a004567bf8c040138ff86a0d97bdd69c"
I20260709 12:22:43.339432 29165 raft_consensus.cc:3060] T 206ece6553b4487298a286afeec29f9e P a004567bf8c040138ff86a0d97bdd69c [term 0 FOLLOWER]: Advancing to term 1
I20260709 12:22:43.337765 29056 leader_election.cc:304] T a893bba39a1d451a8d5742197ff33e60 P d41d163702de4c6d8bafbba156be95f9 [CANDIDATE]: Term 1 pre-election: Election decided. Result: candidate lost. Election summary: received 3 responses out of 3 voters: 1 yes votes; 2 no votes. yes voters: d41d163702de4c6d8bafbba156be95f9; no voters: 12239bebe21b4f3cb325f1f3e9e24172, a004567bf8c040138ff86a0d97bdd69c
I20260709 12:22:43.342067 29015 tablet_service.cc:1917] Received RequestConsensusVote() RPC: tablet_id: "206ece6553b4487298a286afeec29f9e" candidate_uuid: "d41d163702de4c6d8bafbba156be95f9" candidate_term: 1 candidate_status { last_received { term: 0 index: 0 } } ignore_live_leader: false dest_uuid: "12239bebe21b4f3cb325f1f3e9e24172"
I20260709 12:22:43.345800 29015 raft_consensus.cc:3060] T 206ece6553b4487298a286afeec29f9e P 12239bebe21b4f3cb325f1f3e9e24172 [term 0 FOLLOWER]: Advancing to term 1
I20260709 12:22:43.346873 29165 raft_consensus.cc:2468] T 206ece6553b4487298a286afeec29f9e P a004567bf8c040138ff86a0d97bdd69c [term 1 FOLLOWER]: Leader election vote request: Granting yes vote for candidate d41d163702de4c6d8bafbba156be95f9 in term 1.
I20260709 12:22:43.347987 29056 leader_election.cc:304] T 206ece6553b4487298a286afeec29f9e P d41d163702de4c6d8bafbba156be95f9 [CANDIDATE]: Term 1 election: Election decided. Result: candidate won. Election summary: received 2 responses out of 3 voters: 2 yes votes; 0 no votes. yes voters: a004567bf8c040138ff86a0d97bdd69c, d41d163702de4c6d8bafbba156be95f9; no voters: 
I20260709 12:22:43.349119 29091 raft_consensus.cc:2468] T 57e6b6d84bc140488631509b5b9392f0 P d41d163702de4c6d8bafbba156be95f9 [term 1 FOLLOWER]: Leader election vote request: Granting yes vote for candidate 12239bebe21b4f3cb325f1f3e9e24172 in term 1.
I20260709 12:22:43.349606 29262 raft_consensus.cc:3060] T a893bba39a1d451a8d5742197ff33e60 P d41d163702de4c6d8bafbba156be95f9 [term 0 FOLLOWER]: Advancing to term 1
I20260709 12:22:43.352392 29164 raft_consensus.cc:2468] T 57e6b6d84bc140488631509b5b9392f0 P a004567bf8c040138ff86a0d97bdd69c [term 1 FOLLOWER]: Leader election vote request: Granting yes vote for candidate 12239bebe21b4f3cb325f1f3e9e24172 in term 1.
I20260709 12:22:43.353144 28980 leader_election.cc:304] T 57e6b6d84bc140488631509b5b9392f0 P 12239bebe21b4f3cb325f1f3e9e24172 [CANDIDATE]: Term 1 election: Election decided. Result: candidate won. Election summary: received 2 responses out of 3 voters: 2 yes votes; 0 no votes. yes voters: 12239bebe21b4f3cb325f1f3e9e24172, d41d163702de4c6d8bafbba156be95f9; no voters: 
I20260709 12:22:43.353518 29221 raft_consensus.cc:2804] T 206ece6553b4487298a286afeec29f9e P d41d163702de4c6d8bafbba156be95f9 [term 1 FOLLOWER]: Leader election won for term 1
I20260709 12:22:43.353945 29221 raft_consensus.cc:697] T 206ece6553b4487298a286afeec29f9e P d41d163702de4c6d8bafbba156be95f9 [term 1 LEADER]: Becoming Leader. State: Replica: d41d163702de4c6d8bafbba156be95f9, State: Running, Role: LEADER
I20260709 12:22:43.354058 29241 raft_consensus.cc:2804] T 57e6b6d84bc140488631509b5b9392f0 P 12239bebe21b4f3cb325f1f3e9e24172 [term 1 FOLLOWER]: Leader election won for term 1
I20260709 12:22:43.354498 29241 raft_consensus.cc:697] T 57e6b6d84bc140488631509b5b9392f0 P 12239bebe21b4f3cb325f1f3e9e24172 [term 1 LEADER]: Becoming Leader. State: Replica: 12239bebe21b4f3cb325f1f3e9e24172, State: Running, Role: LEADER
I20260709 12:22:43.354763 28980 leader_election.cc:304] T 3040aaea1f5e4247b7ca9993c43f7d73 P 12239bebe21b4f3cb325f1f3e9e24172 [CANDIDATE]: Term 1 election: Election decided. Result: candidate won. Election summary: received 3 responses out of 3 voters: 2 yes votes; 1 no votes. yes voters: 12239bebe21b4f3cb325f1f3e9e24172, d41d163702de4c6d8bafbba156be95f9; no voters: a004567bf8c040138ff86a0d97bdd69c
I20260709 12:22:43.355222 29265 raft_consensus.cc:493] T 8715f3af0c7a4ce7addd299526c734da P 12239bebe21b4f3cb325f1f3e9e24172 [term 0 FOLLOWER]: Starting pre-election (no leader contacted us within the election timeout)
I20260709 12:22:43.354763 29221 consensus_queue.cc:237] T 206ece6553b4487298a286afeec29f9e P d41d163702de4c6d8bafbba156be95f9 [LEADER]: Queue going to LEADER mode. State: All replicated index: 0, Majority replicated index: 0, Committed index: 0, Last appended: 0.0, Last appended by leader: 0, Current term: 1, Majority size: 2, State: 0, Mode: LEADER, active raft config: opid_index: -1 OBSOLETE_local: false peers { permanent_uuid: "a004567bf8c040138ff86a0d97bdd69c" member_type: VOTER last_known_addr { host: "127.27.47.67" port: 39581 } } peers { permanent_uuid: "12239bebe21b4f3cb325f1f3e9e24172" member_type: VOTER last_known_addr { host: "127.27.47.65" port: 33727 } } peers { permanent_uuid: "d41d163702de4c6d8bafbba156be95f9" member_type: VOTER last_known_addr { host: "127.27.47.66" port: 43207 } }
I20260709 12:22:43.359683 29207 tablet_bootstrap.cc:492] T aa16436f2cdb485cacb0e67dbe1e7c04 P d41d163702de4c6d8bafbba156be95f9: Bootstrap starting.
I20260709 12:22:43.355584 29241 consensus_queue.cc:237] T 57e6b6d84bc140488631509b5b9392f0 P 12239bebe21b4f3cb325f1f3e9e24172 [LEADER]: Queue going to LEADER mode. State: All replicated index: 0, Majority replicated index: 0, Committed index: 0, Last appended: 0.0, Last appended by leader: 0, Current term: 1, Majority size: 2, State: 0, Mode: LEADER, active raft config: opid_index: -1 OBSOLETE_local: false peers { permanent_uuid: "12239bebe21b4f3cb325f1f3e9e24172" member_type: VOTER last_known_addr { host: "127.27.47.65" port: 33727 } } peers { permanent_uuid: "d41d163702de4c6d8bafbba156be95f9" member_type: VOTER last_known_addr { host: "127.27.47.66" port: 43207 } } peers { permanent_uuid: "a004567bf8c040138ff86a0d97bdd69c" member_type: VOTER last_known_addr { host: "127.27.47.67" port: 39581 } }
I20260709 12:22:43.356457 29260 raft_consensus.cc:2804] T 3040aaea1f5e4247b7ca9993c43f7d73 P 12239bebe21b4f3cb325f1f3e9e24172 [term 1 FOLLOWER]: Leader election won for term 1
I20260709 12:22:43.362406 29260 raft_consensus.cc:697] T 3040aaea1f5e4247b7ca9993c43f7d73 P 12239bebe21b4f3cb325f1f3e9e24172 [term 1 LEADER]: Becoming Leader. State: Replica: 12239bebe21b4f3cb325f1f3e9e24172, State: Running, Role: LEADER
I20260709 12:22:43.363317 29260 consensus_queue.cc:237] T 3040aaea1f5e4247b7ca9993c43f7d73 P 12239bebe21b4f3cb325f1f3e9e24172 [LEADER]: Queue going to LEADER mode. State: All replicated index: 0, Majority replicated index: 0, Committed index: 0, Last appended: 0.0, Last appended by leader: 0, Current term: 1, Majority size: 2, State: 0, Mode: LEADER, active raft config: opid_index: -1 OBSOLETE_local: false peers { permanent_uuid: "12239bebe21b4f3cb325f1f3e9e24172" member_type: VOTER last_known_addr { host: "127.27.47.65" port: 33727 } } peers { permanent_uuid: "d41d163702de4c6d8bafbba156be95f9" member_type: VOTER last_known_addr { host: "127.27.47.66" port: 43207 } } peers { permanent_uuid: "a004567bf8c040138ff86a0d97bdd69c" member_type: VOTER last_known_addr { host: "127.27.47.67" port: 39581 } }
I20260709 12:22:43.359330 29265 raft_consensus.cc:515] T 8715f3af0c7a4ce7addd299526c734da P 12239bebe21b4f3cb325f1f3e9e24172 [term 0 FOLLOWER]: Starting pre-election with config: opid_index: -1 OBSOLETE_local: false peers { permanent_uuid: "12239bebe21b4f3cb325f1f3e9e24172" member_type: VOTER last_known_addr { host: "127.27.47.65" port: 33727 } } peers { permanent_uuid: "d41d163702de4c6d8bafbba156be95f9" member_type: VOTER last_known_addr { host: "127.27.47.66" port: 43207 } } peers { permanent_uuid: "a004567bf8c040138ff86a0d97bdd69c" member_type: VOTER last_known_addr { host: "127.27.47.67" port: 39581 } }
I20260709 12:22:43.366048 29265 leader_election.cc:290] T 8715f3af0c7a4ce7addd299526c734da P 12239bebe21b4f3cb325f1f3e9e24172 [CANDIDATE]: Term 1 pre-election: Requested pre-vote from peers d41d163702de4c6d8bafbba156be95f9 (127.27.47.66:43207), a004567bf8c040138ff86a0d97bdd69c (127.27.47.67:39581)
I20260709 12:22:43.367110 29235 raft_consensus.cc:493] T aa16436f2cdb485cacb0e67dbe1e7c04 P a004567bf8c040138ff86a0d97bdd69c [term 0 FOLLOWER]: Starting pre-election (no leader contacted us within the election timeout)
I20260709 12:22:43.367520 29235 raft_consensus.cc:515] T aa16436f2cdb485cacb0e67dbe1e7c04 P a004567bf8c040138ff86a0d97bdd69c [term 0 FOLLOWER]: Starting pre-election with config: opid_index: -1 OBSOLETE_local: false peers { permanent_uuid: "12239bebe21b4f3cb325f1f3e9e24172" member_type: VOTER last_known_addr { host: "127.27.47.65" port: 33727 } } peers { permanent_uuid: "d41d163702de4c6d8bafbba156be95f9" member_type: VOTER last_known_addr { host: "127.27.47.66" port: 43207 } } peers { permanent_uuid: "a004567bf8c040138ff86a0d97bdd69c" member_type: VOTER last_known_addr { host: "127.27.47.67" port: 39581 } }
I20260709 12:22:43.358701 28910 catalog_manager.cc:5697] T 7df5a99913ea48e0ac0b252a94e7736f P 12239bebe21b4f3cb325f1f3e9e24172 reported cstate change: term changed from 0 to 1, leader changed from <none> to 12239bebe21b4f3cb325f1f3e9e24172 (127.27.47.65). New cstate: current_term: 1 leader_uuid: "12239bebe21b4f3cb325f1f3e9e24172" committed_config { opid_index: -1 OBSOLETE_local: false peers { permanent_uuid: "12239bebe21b4f3cb325f1f3e9e24172" member_type: VOTER last_known_addr { host: "127.27.47.65" port: 33727 } health_report { overall_health: HEALTHY } } peers { permanent_uuid: "d41d163702de4c6d8bafbba156be95f9" member_type: VOTER last_known_addr { host: "127.27.47.66" port: 43207 } health_report { overall_health: UNKNOWN } } peers { permanent_uuid: "a004567bf8c040138ff86a0d97bdd69c" member_type: VOTER last_known_addr { host: "127.27.47.67" port: 39581 } health_report { overall_health: UNKNOWN } } }
I20260709 12:22:43.356487 29015 raft_consensus.cc:2468] T 206ece6553b4487298a286afeec29f9e P 12239bebe21b4f3cb325f1f3e9e24172 [term 1 FOLLOWER]: Leader election vote request: Granting yes vote for candidate d41d163702de4c6d8bafbba156be95f9 in term 1.
I20260709 12:22:43.369443 29235 leader_election.cc:290] T aa16436f2cdb485cacb0e67dbe1e7c04 P a004567bf8c040138ff86a0d97bdd69c [CANDIDATE]: Term 1 pre-election: Requested pre-vote from peers 12239bebe21b4f3cb325f1f3e9e24172 (127.27.47.65:33727), d41d163702de4c6d8bafbba156be95f9 (127.27.47.66:43207)
I20260709 12:22:43.370389 29091 tablet_service.cc:1917] Received RequestConsensusVote() RPC: tablet_id: "aa16436f2cdb485cacb0e67dbe1e7c04" candidate_uuid: "a004567bf8c040138ff86a0d97bdd69c" candidate_term: 1 candidate_status { last_received { term: 0 index: 0 } } ignore_live_leader: false dest_uuid: "d41d163702de4c6d8bafbba156be95f9" is_pre_election: true
I20260709 12:22:43.370508 29014 tablet_service.cc:1917] Received RequestConsensusVote() RPC: tablet_id: "aa16436f2cdb485cacb0e67dbe1e7c04" candidate_uuid: "a004567bf8c040138ff86a0d97bdd69c" candidate_term: 1 candidate_status { last_received { term: 0 index: 0 } } ignore_live_leader: false dest_uuid: "12239bebe21b4f3cb325f1f3e9e24172" is_pre_election: true
W20260709 12:22:43.371728 29130 leader_election.cc:343] T aa16436f2cdb485cacb0e67dbe1e7c04 P a004567bf8c040138ff86a0d97bdd69c [CANDIDATE]: Term 1 pre-election: Tablet error from VoteRequest() call to peer 12239bebe21b4f3cb325f1f3e9e24172 (127.27.47.65:33727): Illegal state: must be running to vote when last-logged opid is not known
W20260709 12:22:43.372344 29130 leader_election.cc:343] T aa16436f2cdb485cacb0e67dbe1e7c04 P a004567bf8c040138ff86a0d97bdd69c [CANDIDATE]: Term 1 pre-election: Tablet error from VoteRequest() call to peer d41d163702de4c6d8bafbba156be95f9 (127.27.47.66:43207): Illegal state: must be running to vote when last-logged opid is not known
I20260709 12:22:43.372718 29130 leader_election.cc:304] T aa16436f2cdb485cacb0e67dbe1e7c04 P a004567bf8c040138ff86a0d97bdd69c [CANDIDATE]: Term 1 pre-election: Election decided. Result: candidate lost. Election summary: received 3 responses out of 3 voters: 1 yes votes; 2 no votes. yes voters: a004567bf8c040138ff86a0d97bdd69c; no voters: 12239bebe21b4f3cb325f1f3e9e24172, d41d163702de4c6d8bafbba156be95f9
I20260709 12:22:43.373687 29235 raft_consensus.cc:2749] T aa16436f2cdb485cacb0e67dbe1e7c04 P a004567bf8c040138ff86a0d97bdd69c [term 0 FOLLOWER]: Leader pre-election lost for term 1. Reason: could not achieve majority
I20260709 12:22:43.368860 28910 catalog_manager.cc:5697] T 4fc2d80f596f4ceab56e3f2fafa1a5ae P 12239bebe21b4f3cb325f1f3e9e24172 reported cstate change: term changed from 0 to 1, leader changed from <none> to 12239bebe21b4f3cb325f1f3e9e24172 (127.27.47.65). New cstate: current_term: 1 leader_uuid: "12239bebe21b4f3cb325f1f3e9e24172" committed_config { opid_index: -1 OBSOLETE_local: false peers { permanent_uuid: "12239bebe21b4f3cb325f1f3e9e24172" member_type: VOTER last_known_addr { host: "127.27.47.65" port: 33727 } health_report { overall_health: HEALTHY } } peers { permanent_uuid: "d41d163702de4c6d8bafbba156be95f9" member_type: VOTER last_known_addr { host: "127.27.47.66" port: 43207 } health_report { overall_health: UNKNOWN } } peers { permanent_uuid: "a004567bf8c040138ff86a0d97bdd69c" member_type: VOTER last_known_addr { host: "127.27.47.67" port: 39581 } health_report { overall_health: UNKNOWN } } }
I20260709 12:22:43.374773 29090 tablet_service.cc:1917] Received RequestConsensusVote() RPC: tablet_id: "8715f3af0c7a4ce7addd299526c734da" candidate_uuid: "12239bebe21b4f3cb325f1f3e9e24172" candidate_term: 1 candidate_status { last_received { term: 0 index: 0 } } ignore_live_leader: false dest_uuid: "d41d163702de4c6d8bafbba156be95f9" is_pre_election: true
I20260709 12:22:43.375418 29090 raft_consensus.cc:2468] T 8715f3af0c7a4ce7addd299526c734da P d41d163702de4c6d8bafbba156be95f9 [term 0 FOLLOWER]: Leader pre-election vote request: Granting yes vote for candidate 12239bebe21b4f3cb325f1f3e9e24172 in term 0.
I20260709 12:22:43.382701 28980 leader_election.cc:304] T 8715f3af0c7a4ce7addd299526c734da P 12239bebe21b4f3cb325f1f3e9e24172 [CANDIDATE]: Term 1 pre-election: Election decided. Result: candidate won. Election summary: received 2 responses out of 3 voters: 2 yes votes; 0 no votes. yes voters: 12239bebe21b4f3cb325f1f3e9e24172, d41d163702de4c6d8bafbba156be95f9; no voters: 
I20260709 12:22:43.376744 29165 tablet_service.cc:1917] Received RequestConsensusVote() RPC: tablet_id: "8715f3af0c7a4ce7addd299526c734da" candidate_uuid: "12239bebe21b4f3cb325f1f3e9e24172" candidate_term: 1 candidate_status { last_received { term: 0 index: 0 } } ignore_live_leader: false dest_uuid: "a004567bf8c040138ff86a0d97bdd69c" is_pre_election: true
I20260709 12:22:43.383486 29260 raft_consensus.cc:2804] T 8715f3af0c7a4ce7addd299526c734da P 12239bebe21b4f3cb325f1f3e9e24172 [term 0 FOLLOWER]: Leader pre-election won for term 1
I20260709 12:22:43.383608 29165 raft_consensus.cc:2468] T 8715f3af0c7a4ce7addd299526c734da P a004567bf8c040138ff86a0d97bdd69c [term 0 FOLLOWER]: Leader pre-election vote request: Granting yes vote for candidate 12239bebe21b4f3cb325f1f3e9e24172 in term 0.
I20260709 12:22:43.383939 29260 raft_consensus.cc:493] T 8715f3af0c7a4ce7addd299526c734da P 12239bebe21b4f3cb325f1f3e9e24172 [term 0 FOLLOWER]: Starting leader election (no leader contacted us within the election timeout)
I20260709 12:22:43.384456 29260 raft_consensus.cc:3060] T 8715f3af0c7a4ce7addd299526c734da P 12239bebe21b4f3cb325f1f3e9e24172 [term 0 FOLLOWER]: Advancing to term 1
I20260709 12:22:43.359287 29206 tablet_bootstrap.cc:654] T cf9aebf109734657af3143e95e3d6364 P 12239bebe21b4f3cb325f1f3e9e24172: Neither blocks nor log segments found. Creating new log.
I20260709 12:22:43.377607 29205 tablet_bootstrap.cc:492] T 6754a55c21944b4c8d84320c5d67cea2 P a004567bf8c040138ff86a0d97bdd69c: No bootstrap required, opened a new log
I20260709 12:22:43.386521 29205 ts_tablet_manager.cc:1403] T 6754a55c21944b4c8d84320c5d67cea2 P a004567bf8c040138ff86a0d97bdd69c: Time spent bootstrapping tablet: real 0.071s	user 0.024s	sys 0.019s
I20260709 12:22:43.389066 29205 raft_consensus.cc:359] T 6754a55c21944b4c8d84320c5d67cea2 P a004567bf8c040138ff86a0d97bdd69c [term 0 FOLLOWER]: Replica starting. Triggering 0 pending ops. Active config: opid_index: -1 OBSOLETE_local: false peers { permanent_uuid: "12239bebe21b4f3cb325f1f3e9e24172" member_type: VOTER last_known_addr { host: "127.27.47.65" port: 33727 } } peers { permanent_uuid: "d41d163702de4c6d8bafbba156be95f9" member_type: VOTER last_known_addr { host: "127.27.47.66" port: 43207 } } peers { permanent_uuid: "a004567bf8c040138ff86a0d97bdd69c" member_type: VOTER last_known_addr { host: "127.27.47.67" port: 39581 } }
I20260709 12:22:43.389683 29205 raft_consensus.cc:385] T 6754a55c21944b4c8d84320c5d67cea2 P a004567bf8c040138ff86a0d97bdd69c [term 0 FOLLOWER]: Consensus starting up: Expiring failure detector timer to make a prompt election more likely
I20260709 12:22:43.389948 29205 raft_consensus.cc:740] T 6754a55c21944b4c8d84320c5d67cea2 P a004567bf8c040138ff86a0d97bdd69c [term 0 FOLLOWER]: Becoming Follower/Learner. State: Replica: a004567bf8c040138ff86a0d97bdd69c, State: Initialized, Role: FOLLOWER
I20260709 12:22:43.390550 29205 consensus_queue.cc:260] T 6754a55c21944b4c8d84320c5d67cea2 P a004567bf8c040138ff86a0d97bdd69c [NON_LEADER]: Queue going to NON_LEADER mode. State: All replicated index: 0, Majority replicated index: 0, Committed index: 0, Last appended: 0.0, Last appended by leader: 0, Current term: 0, Majority size: -1, State: 0, Mode: NON_LEADER, active raft config: opid_index: -1 OBSOLETE_local: false peers { permanent_uuid: "12239bebe21b4f3cb325f1f3e9e24172" member_type: VOTER last_known_addr { host: "127.27.47.65" port: 33727 } } peers { permanent_uuid: "d41d163702de4c6d8bafbba156be95f9" member_type: VOTER last_known_addr { host: "127.27.47.66" port: 43207 } } peers { permanent_uuid: "a004567bf8c040138ff86a0d97bdd69c" member_type: VOTER last_known_addr { host: "127.27.47.67" port: 39581 } }
I20260709 12:22:43.381385 29207 tablet_bootstrap.cc:654] T aa16436f2cdb485cacb0e67dbe1e7c04 P d41d163702de4c6d8bafbba156be95f9: Neither blocks nor log segments found. Creating new log.
