I20260709 12:22:46.928396 28912 catalog_manager.cc:5697] T 7f2bfc27aefd4adb9fc27df0848fca28 P a004567bf8c040138ff86a0d97bdd69c reported cstate change: term changed from 0 to 1, leader changed from <none> to a004567bf8c040138ff86a0d97bdd69c (127.27.47.67). New cstate: current_term: 1 leader_uuid: "a004567bf8c040138ff86a0d97bdd69c" committed_config { opid_index: -1 OBSOLETE_local: false peers { permanent_uuid: "12239bebe21b4f3cb325f1f3e9e24172" member_type: VOTER last_known_addr { host: "127.27.47.65" port: 33727 } health_report { overall_health: UNKNOWN } } peers { permanent_uuid: "d41d163702de4c6d8bafbba156be95f9" member_type: VOTER last_known_addr { host: "127.27.47.66" port: 43207 } health_report { overall_health: UNKNOWN } } peers { permanent_uuid: "a004567bf8c040138ff86a0d97bdd69c" member_type: VOTER last_known_addr { host: "127.27.47.67" port: 39581 } health_report { overall_health: HEALTHY } } }
I20260709 12:22:46.934358 29205 tablet_bootstrap.cc:654] T 9be208232b2e498baaf1d8383f6b39c5 P a004567bf8c040138ff86a0d97bdd69c: Neither blocks nor log segments found. Creating new log.
I20260709 12:22:46.953971 29205 tablet_bootstrap.cc:492] T 9be208232b2e498baaf1d8383f6b39c5 P a004567bf8c040138ff86a0d97bdd69c: No bootstrap required, opened a new log
I20260709 12:22:46.954387 29205 ts_tablet_manager.cc:1403] T 9be208232b2e498baaf1d8383f6b39c5 P a004567bf8c040138ff86a0d97bdd69c: Time spent bootstrapping tablet: real 0.040s	user 0.005s	sys 0.010s
I20260709 12:22:46.958841 29205 raft_consensus.cc:359] T 9be208232b2e498baaf1d8383f6b39c5 P a004567bf8c040138ff86a0d97bdd69c [term 0 FOLLOWER]: Replica starting. Triggering 0 pending ops. Active config: opid_index: -1 OBSOLETE_local: false peers { permanent_uuid: "12239bebe21b4f3cb325f1f3e9e24172" member_type: VOTER last_known_addr { host: "127.27.47.65" port: 33727 } } peers { permanent_uuid: "d41d163702de4c6d8bafbba156be95f9" member_type: VOTER last_known_addr { host: "127.27.47.66" port: 43207 } } peers { permanent_uuid: "a004567bf8c040138ff86a0d97bdd69c" member_type: VOTER last_known_addr { host: "127.27.47.67" port: 39581 } }
I20260709 12:22:46.959513 29205 raft_consensus.cc:385] T 9be208232b2e498baaf1d8383f6b39c5 P a004567bf8c040138ff86a0d97bdd69c [term 0 FOLLOWER]: Consensus starting up: Expiring failure detector timer to make a prompt election more likely
I20260709 12:22:46.959769 29205 raft_consensus.cc:740] T 9be208232b2e498baaf1d8383f6b39c5 P a004567bf8c040138ff86a0d97bdd69c [term 0 FOLLOWER]: Becoming Follower/Learner. State: Replica: a004567bf8c040138ff86a0d97bdd69c, State: Initialized, Role: FOLLOWER
I20260709 12:22:46.961967 29205 consensus_queue.cc:260] T 9be208232b2e498baaf1d8383f6b39c5 P a004567bf8c040138ff86a0d97bdd69c [NON_LEADER]: Queue going to NON_LEADER mode. State: All replicated index: 0, Majority replicated index: 0, Committed index: 0, Last appended: 0.0, Last appended by leader: 0, Current term: 0, Majority size: -1, State: 0, Mode: NON_LEADER, active raft config: opid_index: -1 OBSOLETE_local: false peers { permanent_uuid: "12239bebe21b4f3cb325f1f3e9e24172" member_type: VOTER last_known_addr { host: "127.27.47.65" port: 33727 } } peers { permanent_uuid: "d41d163702de4c6d8bafbba156be95f9" member_type: VOTER last_known_addr { host: "127.27.47.66" port: 43207 } } peers { permanent_uuid: "a004567bf8c040138ff86a0d97bdd69c" member_type: VOTER last_known_addr { host: "127.27.47.67" port: 39581 } }
I20260709 12:22:46.964314 29205 ts_tablet_manager.cc:1434] T 9be208232b2e498baaf1d8383f6b39c5 P a004567bf8c040138ff86a0d97bdd69c: Time spent starting tablet: real 0.010s	user 0.005s	sys 0.001s
I20260709 12:22:46.965484 29205 tablet_bootstrap.cc:492] T 4406ebbeea304c86905ed245488e7962 P a004567bf8c040138ff86a0d97bdd69c: Bootstrap starting.
I20260709 12:22:46.975907 29205 tablet_bootstrap.cc:654] T 4406ebbeea304c86905ed245488e7962 P a004567bf8c040138ff86a0d97bdd69c: Neither blocks nor log segments found. Creating new log.
I20260709 12:22:46.978298 29207 tablet_bootstrap.cc:492] T 5d959f50d42248cd8a41d40938f138f2 P d41d163702de4c6d8bafbba156be95f9: No bootstrap required, opened a new log
I20260709 12:22:46.978694 29207 ts_tablet_manager.cc:1403] T 5d959f50d42248cd8a41d40938f138f2 P d41d163702de4c6d8bafbba156be95f9: Time spent bootstrapping tablet: real 0.122s	user 0.026s	sys 0.034s
I20260709 12:22:46.980952 29207 raft_consensus.cc:359] T 5d959f50d42248cd8a41d40938f138f2 P d41d163702de4c6d8bafbba156be95f9 [term 0 FOLLOWER]: Replica starting. Triggering 0 pending ops. Active config: opid_index: -1 OBSOLETE_local: false peers { permanent_uuid: "12239bebe21b4f3cb325f1f3e9e24172" member_type: VOTER last_known_addr { host: "127.27.47.65" port: 33727 } } peers { permanent_uuid: "d41d163702de4c6d8bafbba156be95f9" member_type: VOTER last_known_addr { host: "127.27.47.66" port: 43207 } } peers { permanent_uuid: "a004567bf8c040138ff86a0d97bdd69c" member_type: VOTER last_known_addr { host: "127.27.47.67" port: 39581 } }
I20260709 12:22:46.981539 29207 raft_consensus.cc:385] T 5d959f50d42248cd8a41d40938f138f2 P d41d163702de4c6d8bafbba156be95f9 [term 0 FOLLOWER]: Consensus starting up: Expiring failure detector timer to make a prompt election more likely
I20260709 12:22:46.981782 29207 raft_consensus.cc:740] T 5d959f50d42248cd8a41d40938f138f2 P d41d163702de4c6d8bafbba156be95f9 [term 0 FOLLOWER]: Becoming Follower/Learner. State: Replica: d41d163702de4c6d8bafbba156be95f9, State: Initialized, Role: FOLLOWER
I20260709 12:22:46.982436 29207 consensus_queue.cc:260] T 5d959f50d42248cd8a41d40938f138f2 P d41d163702de4c6d8bafbba156be95f9 [NON_LEADER]: Queue going to NON_LEADER mode. State: All replicated index: 0, Majority replicated index: 0, Committed index: 0, Last appended: 0.0, Last appended by leader: 0, Current term: 0, Majority size: -1, State: 0, Mode: NON_LEADER, active raft config: opid_index: -1 OBSOLETE_local: false peers { permanent_uuid: "12239bebe21b4f3cb325f1f3e9e24172" member_type: VOTER last_known_addr { host: "127.27.47.65" port: 33727 } } peers { permanent_uuid: "d41d163702de4c6d8bafbba156be95f9" member_type: VOTER last_known_addr { host: "127.27.47.66" port: 43207 } } peers { permanent_uuid: "a004567bf8c040138ff86a0d97bdd69c" member_type: VOTER last_known_addr { host: "127.27.47.67" port: 39581 } }
I20260709 12:22:46.983796 29207 ts_tablet_manager.cc:1434] T 5d959f50d42248cd8a41d40938f138f2 P d41d163702de4c6d8bafbba156be95f9: Time spent starting tablet: real 0.005s	user 0.002s	sys 0.003s
I20260709 12:22:46.984570 29207 tablet_bootstrap.cc:492] T 36bf98041d4f4935870d35eaab8ee50b P d41d163702de4c6d8bafbba156be95f9: Bootstrap starting.
I20260709 12:22:46.987098 29205 tablet_bootstrap.cc:492] T 4406ebbeea304c86905ed245488e7962 P a004567bf8c040138ff86a0d97bdd69c: No bootstrap required, opened a new log
I20260709 12:22:46.987529 29205 ts_tablet_manager.cc:1403] T 4406ebbeea304c86905ed245488e7962 P a004567bf8c040138ff86a0d97bdd69c: Time spent bootstrapping tablet: real 0.022s	user 0.005s	sys 0.010s
I20260709 12:22:46.989286 29207 tablet_bootstrap.cc:654] T 36bf98041d4f4935870d35eaab8ee50b P d41d163702de4c6d8bafbba156be95f9: Neither blocks nor log segments found. Creating new log.
I20260709 12:22:46.990034 29205 raft_consensus.cc:359] T 4406ebbeea304c86905ed245488e7962 P a004567bf8c040138ff86a0d97bdd69c [term 0 FOLLOWER]: Replica starting. Triggering 0 pending ops. Active config: opid_index: -1 OBSOLETE_local: false peers { permanent_uuid: "12239bebe21b4f3cb325f1f3e9e24172" member_type: VOTER last_known_addr { host: "127.27.47.65" port: 33727 } } peers { permanent_uuid: "d41d163702de4c6d8bafbba156be95f9" member_type: VOTER last_known_addr { host: "127.27.47.66" port: 43207 } } peers { permanent_uuid: "a004567bf8c040138ff86a0d97bdd69c" member_type: VOTER last_known_addr { host: "127.27.47.67" port: 39581 } }
I20260709 12:22:46.990738 29205 raft_consensus.cc:385] T 4406ebbeea304c86905ed245488e7962 P a004567bf8c040138ff86a0d97bdd69c [term 0 FOLLOWER]: Consensus starting up: Expiring failure detector timer to make a prompt election more likely
I20260709 12:22:46.990994 29205 raft_consensus.cc:740] T 4406ebbeea304c86905ed245488e7962 P a004567bf8c040138ff86a0d97bdd69c [term 0 FOLLOWER]: Becoming Follower/Learner. State: Replica: a004567bf8c040138ff86a0d97bdd69c, State: Initialized, Role: FOLLOWER
I20260709 12:22:46.992156 29205 consensus_queue.cc:260] T 4406ebbeea304c86905ed245488e7962 P a004567bf8c040138ff86a0d97bdd69c [NON_LEADER]: Queue going to NON_LEADER mode. State: All replicated index: 0, Majority replicated index: 0, Committed index: 0, Last appended: 0.0, Last appended by leader: 0, Current term: 0, Majority size: -1, State: 0, Mode: NON_LEADER, active raft config: opid_index: -1 OBSOLETE_local: false peers { permanent_uuid: "12239bebe21b4f3cb325f1f3e9e24172" member_type: VOTER last_known_addr { host: "127.27.47.65" port: 33727 } } peers { permanent_uuid: "d41d163702de4c6d8bafbba156be95f9" member_type: VOTER last_known_addr { host: "127.27.47.66" port: 43207 } } peers { permanent_uuid: "a004567bf8c040138ff86a0d97bdd69c" member_type: VOTER last_known_addr { host: "127.27.47.67" port: 39581 } }
I20260709 12:22:46.993170 29207 tablet_bootstrap.cc:492] T 36bf98041d4f4935870d35eaab8ee50b P d41d163702de4c6d8bafbba156be95f9: No bootstrap required, opened a new log
I20260709 12:22:46.993567 29207 ts_tablet_manager.cc:1403] T 36bf98041d4f4935870d35eaab8ee50b P d41d163702de4c6d8bafbba156be95f9: Time spent bootstrapping tablet: real 0.009s	user 0.008s	sys 0.000s
I20260709 12:22:46.994153 29205 ts_tablet_manager.cc:1434] T 4406ebbeea304c86905ed245488e7962 P a004567bf8c040138ff86a0d97bdd69c: Time spent starting tablet: real 0.006s	user 0.006s	sys 0.000s
I20260709 12:22:46.995103 29205 tablet_bootstrap.cc:492] T 61a3c475a3a841488c42e96fabdb0795 P a004567bf8c040138ff86a0d97bdd69c: Bootstrap starting.
I20260709 12:22:46.996703 29207 raft_consensus.cc:359] T 36bf98041d4f4935870d35eaab8ee50b P d41d163702de4c6d8bafbba156be95f9 [term 0 FOLLOWER]: Replica starting. Triggering 0 pending ops. Active config: opid_index: -1 OBSOLETE_local: false peers { permanent_uuid: "12239bebe21b4f3cb325f1f3e9e24172" member_type: VOTER last_known_addr { host: "127.27.47.65" port: 33727 } } peers { permanent_uuid: "d41d163702de4c6d8bafbba156be95f9" member_type: VOTER last_known_addr { host: "127.27.47.66" port: 43207 } } peers { permanent_uuid: "a004567bf8c040138ff86a0d97bdd69c" member_type: VOTER last_known_addr { host: "127.27.47.67" port: 39581 } }
I20260709 12:22:46.997334 29207 raft_consensus.cc:385] T 36bf98041d4f4935870d35eaab8ee50b P d41d163702de4c6d8bafbba156be95f9 [term 0 FOLLOWER]: Consensus starting up: Expiring failure detector timer to make a prompt election more likely
I20260709 12:22:46.997570 29207 raft_consensus.cc:740] T 36bf98041d4f4935870d35eaab8ee50b P d41d163702de4c6d8bafbba156be95f9 [term 0 FOLLOWER]: Becoming Follower/Learner. State: Replica: d41d163702de4c6d8bafbba156be95f9, State: Initialized, Role: FOLLOWER
I20260709 12:22:46.998162 29207 consensus_queue.cc:260] T 36bf98041d4f4935870d35eaab8ee50b P d41d163702de4c6d8bafbba156be95f9 [NON_LEADER]: Queue going to NON_LEADER mode. State: All replicated index: 0, Majority replicated index: 0, Committed index: 0, Last appended: 0.0, Last appended by leader: 0, Current term: 0, Majority size: -1, State: 0, Mode: NON_LEADER, active raft config: opid_index: -1 OBSOLETE_local: false peers { permanent_uuid: "12239bebe21b4f3cb325f1f3e9e24172" member_type: VOTER last_known_addr { host: "127.27.47.65" port: 33727 } } peers { permanent_uuid: "d41d163702de4c6d8bafbba156be95f9" member_type: VOTER last_known_addr { host: "127.27.47.66" port: 43207 } } peers { permanent_uuid: "a004567bf8c040138ff86a0d97bdd69c" member_type: VOTER last_known_addr { host: "127.27.47.67" port: 39581 } }
I20260709 12:22:47.001144 29205 tablet_bootstrap.cc:654] T 61a3c475a3a841488c42e96fabdb0795 P a004567bf8c040138ff86a0d97bdd69c: Neither blocks nor log segments found. Creating new log.
I20260709 12:22:47.001456 29206 tablet_bootstrap.cc:492] T 6831693df33447b6a282c2fd4966970c P 12239bebe21b4f3cb325f1f3e9e24172: No bootstrap required, opened a new log
I20260709 12:22:47.001861 29206 ts_tablet_manager.cc:1403] T 6831693df33447b6a282c2fd4966970c P 12239bebe21b4f3cb325f1f3e9e24172: Time spent bootstrapping tablet: real 0.080s	user 0.030s	sys 0.014s
I20260709 12:22:47.006438 29206 raft_consensus.cc:359] T 6831693df33447b6a282c2fd4966970c P 12239bebe21b4f3cb325f1f3e9e24172 [term 0 FOLLOWER]: Replica starting. Triggering 0 pending ops. Active config: opid_index: -1 OBSOLETE_local: false peers { permanent_uuid: "12239bebe21b4f3cb325f1f3e9e24172" member_type: VOTER last_known_addr { host: "127.27.47.65" port: 33727 } } peers { permanent_uuid: "d41d163702de4c6d8bafbba156be95f9" member_type: VOTER last_known_addr { host: "127.27.47.66" port: 43207 } } peers { permanent_uuid: "a004567bf8c040138ff86a0d97bdd69c" member_type: VOTER last_known_addr { host: "127.27.47.67" port: 39581 } }
I20260709 12:22:47.006912 29206 raft_consensus.cc:385] T 6831693df33447b6a282c2fd4966970c P 12239bebe21b4f3cb325f1f3e9e24172 [term 0 FOLLOWER]: Consensus starting up: Expiring failure detector timer to make a prompt election more likely
I20260709 12:22:47.007167 29206 raft_consensus.cc:740] T 6831693df33447b6a282c2fd4966970c P 12239bebe21b4f3cb325f1f3e9e24172 [term 0 FOLLOWER]: Becoming Follower/Learner. State: Replica: 12239bebe21b4f3cb325f1f3e9e24172, State: Initialized, Role: FOLLOWER
I20260709 12:22:47.007977 29161 raft_consensus.cc:3060] T 338ed27f6b7d4e7b8ba503ee8a7f397a P a004567bf8c040138ff86a0d97bdd69c [term 0 FOLLOWER]: Advancing to term 1
I20260709 12:22:47.007789 29206 consensus_queue.cc:260] T 6831693df33447b6a282c2fd4966970c P 12239bebe21b4f3cb325f1f3e9e24172 [NON_LEADER]: Queue going to NON_LEADER mode. State: All replicated index: 0, Majority replicated index: 0, Committed index: 0, Last appended: 0.0, Last appended by leader: 0, Current term: 0, Majority size: -1, State: 0, Mode: NON_LEADER, active raft config: opid_index: -1 OBSOLETE_local: false peers { permanent_uuid: "12239bebe21b4f3cb325f1f3e9e24172" member_type: VOTER last_known_addr { host: "127.27.47.65" port: 33727 } } peers { permanent_uuid: "d41d163702de4c6d8bafbba156be95f9" member_type: VOTER last_known_addr { host: "127.27.47.66" port: 43207 } } peers { permanent_uuid: "a004567bf8c040138ff86a0d97bdd69c" member_type: VOTER last_known_addr { host: "127.27.47.67" port: 39581 } }
I20260709 12:22:47.010066 29206 ts_tablet_manager.cc:1434] T 6831693df33447b6a282c2fd4966970c P 12239bebe21b4f3cb325f1f3e9e24172: Time spent starting tablet: real 0.008s	user 0.006s	sys 0.000s
I20260709 12:22:47.011248 29207 ts_tablet_manager.cc:1434] T 36bf98041d4f4935870d35eaab8ee50b P d41d163702de4c6d8bafbba156be95f9: Time spent starting tablet: real 0.017s	user 0.002s	sys 0.004s
I20260709 12:22:47.012136 29207 tablet_bootstrap.cc:492] T 4a6a38ff480744bcb7878a04d03bdb02 P d41d163702de4c6d8bafbba156be95f9: Bootstrap starting.
I20260709 12:22:47.018181 29207 tablet_bootstrap.cc:654] T 4a6a38ff480744bcb7878a04d03bdb02 P d41d163702de4c6d8bafbba156be95f9: Neither blocks nor log segments found. Creating new log.
I20260709 12:22:47.019799 29262 consensus_queue.cc:1048] T 338ed27f6b7d4e7b8ba503ee8a7f397a P d41d163702de4c6d8bafbba156be95f9 [LEADER]: Connected to new peer: Peer: permanent_uuid: "a004567bf8c040138ff86a0d97bdd69c" member_type: VOTER last_known_addr { host: "127.27.47.67" port: 39581 }, Status: LMP_MISMATCH, Last received: 0.0, Next index: 1, Last known committed idx: 0, Time since last communication: 0.000s
I20260709 12:22:47.020545 29469 consensus_queue.cc:1048] T 5d959f50d42248cd8a41d40938f138f2 P a004567bf8c040138ff86a0d97bdd69c [LEADER]: Connected to new peer: Peer: permanent_uuid: "12239bebe21b4f3cb325f1f3e9e24172" member_type: VOTER last_known_addr { host: "127.27.47.65" port: 33727 }, Status: LMP_MISMATCH, Last received: 0.0, Next index: 1, Last known committed idx: 0, Time since last communication: 0.001s
I20260709 12:22:47.026010 29206 tablet_bootstrap.cc:492] T fbacc52be6254d858927a41925862791 P 12239bebe21b4f3cb325f1f3e9e24172: Bootstrap starting.
I20260709 12:22:47.030814 29207 tablet_bootstrap.cc:492] T 4a6a38ff480744bcb7878a04d03bdb02 P d41d163702de4c6d8bafbba156be95f9: No bootstrap required, opened a new log
I20260709 12:22:47.031435 29206 tablet_bootstrap.cc:654] T fbacc52be6254d858927a41925862791 P 12239bebe21b4f3cb325f1f3e9e24172: Neither blocks nor log segments found. Creating new log.
I20260709 12:22:47.031687 29207 ts_tablet_manager.cc:1403] T 4a6a38ff480744bcb7878a04d03bdb02 P d41d163702de4c6d8bafbba156be95f9: Time spent bootstrapping tablet: real 0.020s	user 0.012s	sys 0.004s
I20260709 12:22:47.034703 28910 catalog_manager.cc:5697] T 73cfd8563cee451e8d43d765e31b0c61 P a004567bf8c040138ff86a0d97bdd69c reported cstate change: term changed from 0 to 1, leader changed from <none> to a004567bf8c040138ff86a0d97bdd69c (127.27.47.67). New cstate: current_term: 1 leader_uuid: "a004567bf8c040138ff86a0d97bdd69c" committed_config { opid_index: -1 OBSOLETE_local: false peers { permanent_uuid: "12239bebe21b4f3cb325f1f3e9e24172" member_type: VOTER last_known_addr { host: "127.27.47.65" port: 33727 } health_report { overall_health: UNKNOWN } } peers { permanent_uuid: "d41d163702de4c6d8bafbba156be95f9" member_type: VOTER last_known_addr { host: "127.27.47.66" port: 43207 } health_report { overall_health: UNKNOWN } } peers { permanent_uuid: "a004567bf8c040138ff86a0d97bdd69c" member_type: VOTER last_known_addr { host: "127.27.47.67" port: 39581 } health_report { overall_health: HEALTHY } } }
I20260709 12:22:47.036914 29083 raft_consensus.cc:3060] T 5d959f50d42248cd8a41d40938f138f2 P d41d163702de4c6d8bafbba156be95f9 [term 0 FOLLOWER]: Advancing to term 1
I20260709 12:22:47.037366 29207 raft_consensus.cc:359] T 4a6a38ff480744bcb7878a04d03bdb02 P d41d163702de4c6d8bafbba156be95f9 [term 0 FOLLOWER]: Replica starting. Triggering 0 pending ops. Active config: opid_index: -1 OBSOLETE_local: false peers { permanent_uuid: "12239bebe21b4f3cb325f1f3e9e24172" member_type: VOTER last_known_addr { host: "127.27.47.65" port: 33727 } } peers { permanent_uuid: "d41d163702de4c6d8bafbba156be95f9" member_type: VOTER last_known_addr { host: "127.27.47.66" port: 43207 } } peers { permanent_uuid: "a004567bf8c040138ff86a0d97bdd69c" member_type: VOTER last_known_addr { host: "127.27.47.67" port: 39581 } }
I20260709 12:22:47.037966 29207 raft_consensus.cc:385] T 4a6a38ff480744bcb7878a04d03bdb02 P d41d163702de4c6d8bafbba156be95f9 [term 0 FOLLOWER]: Consensus starting up: Expiring failure detector timer to make a prompt election more likely
I20260709 12:22:47.038218 29207 raft_consensus.cc:740] T 4a6a38ff480744bcb7878a04d03bdb02 P d41d163702de4c6d8bafbba156be95f9 [term 0 FOLLOWER]: Becoming Follower/Learner. State: Replica: d41d163702de4c6d8bafbba156be95f9, State: Initialized, Role: FOLLOWER
I20260709 12:22:47.038822 29207 consensus_queue.cc:260] T 4a6a38ff480744bcb7878a04d03bdb02 P d41d163702de4c6d8bafbba156be95f9 [NON_LEADER]: Queue going to NON_LEADER mode. State: All replicated index: 0, Majority replicated index: 0, Committed index: 0, Last appended: 0.0, Last appended by leader: 0, Current term: 0, Majority size: -1, State: 0, Mode: NON_LEADER, active raft config: opid_index: -1 OBSOLETE_local: false peers { permanent_uuid: "12239bebe21b4f3cb325f1f3e9e24172" member_type: VOTER last_known_addr { host: "127.27.47.65" port: 33727 } } peers { permanent_uuid: "d41d163702de4c6d8bafbba156be95f9" member_type: VOTER last_known_addr { host: "127.27.47.66" port: 43207 } } peers { permanent_uuid: "a004567bf8c040138ff86a0d97bdd69c" member_type: VOTER last_known_addr { host: "127.27.47.67" port: 39581 } }
I20260709 12:22:47.041152 29207 ts_tablet_manager.cc:1434] T 4a6a38ff480744bcb7878a04d03bdb02 P d41d163702de4c6d8bafbba156be95f9: Time spent starting tablet: real 0.006s	user 0.005s	sys 0.000s
I20260709 12:22:47.041790 29479 raft_consensus.cc:493] T 4406ebbeea304c86905ed245488e7962 P a004567bf8c040138ff86a0d97bdd69c [term 0 FOLLOWER]: Starting pre-election (no leader contacted us within the election timeout)
I20260709 12:22:47.041929 29207 tablet_bootstrap.cc:492] T 5bd6bb44ddf04ed7b4a9ac9d41f5360f P d41d163702de4c6d8bafbba156be95f9: Bootstrap starting.
I20260709 12:22:47.042330 29479 raft_consensus.cc:515] T 4406ebbeea304c86905ed245488e7962 P a004567bf8c040138ff86a0d97bdd69c [term 0 FOLLOWER]: Starting pre-election with config: opid_index: -1 OBSOLETE_local: false peers { permanent_uuid: "12239bebe21b4f3cb325f1f3e9e24172" member_type: VOTER last_known_addr { host: "127.27.47.65" port: 33727 } } peers { permanent_uuid: "d41d163702de4c6d8bafbba156be95f9" member_type: VOTER last_known_addr { host: "127.27.47.66" port: 43207 } } peers { permanent_uuid: "a004567bf8c040138ff86a0d97bdd69c" member_type: VOTER last_known_addr { host: "127.27.47.67" port: 39581 } }
I20260709 12:22:47.044348 29479 leader_election.cc:290] T 4406ebbeea304c86905ed245488e7962 P a004567bf8c040138ff86a0d97bdd69c [CANDIDATE]: Term 1 pre-election: Requested pre-vote from peers 12239bebe21b4f3cb325f1f3e9e24172 (127.27.47.65:33727), d41d163702de4c6d8bafbba156be95f9 (127.27.47.66:43207)
I20260709 12:22:47.047381 29206 tablet_bootstrap.cc:492] T fbacc52be6254d858927a41925862791 P 12239bebe21b4f3cb325f1f3e9e24172: No bootstrap required, opened a new log
I20260709 12:22:47.047858 29207 tablet_bootstrap.cc:654] T 5bd6bb44ddf04ed7b4a9ac9d41f5360f P d41d163702de4c6d8bafbba156be95f9: Neither blocks nor log segments found. Creating new log.
I20260709 12:22:47.047868 29206 ts_tablet_manager.cc:1403] T fbacc52be6254d858927a41925862791 P 12239bebe21b4f3cb325f1f3e9e24172: Time spent bootstrapping tablet: real 0.022s	user 0.014s	sys 0.001s
I20260709 12:22:47.050933 29206 raft_consensus.cc:359] T fbacc52be6254d858927a41925862791 P 12239bebe21b4f3cb325f1f3e9e24172 [term 0 FOLLOWER]: Replica starting. Triggering 0 pending ops. Active config: opid_index: -1 OBSOLETE_local: false peers { permanent_uuid: "12239bebe21b4f3cb325f1f3e9e24172" member_type: VOTER last_known_addr { host: "127.27.47.65" port: 33727 } } peers { permanent_uuid: "d41d163702de4c6d8bafbba156be95f9" member_type: VOTER last_known_addr { host: "127.27.47.66" port: 43207 } } peers { permanent_uuid: "a004567bf8c040138ff86a0d97bdd69c" member_type: VOTER last_known_addr { host: "127.27.47.67" port: 39581 } }
I20260709 12:22:47.051565 29206 raft_consensus.cc:385] T fbacc52be6254d858927a41925862791 P 12239bebe21b4f3cb325f1f3e9e24172 [term 0 FOLLOWER]: Consensus starting up: Expiring failure detector timer to make a prompt election more likely
I20260709 12:22:47.051882 29206 raft_consensus.cc:740] T fbacc52be6254d858927a41925862791 P 12239bebe21b4f3cb325f1f3e9e24172 [term 0 FOLLOWER]: Becoming Follower/Learner. State: Replica: 12239bebe21b4f3cb325f1f3e9e24172, State: Initialized, Role: FOLLOWER
I20260709 12:22:47.052585 29206 consensus_queue.cc:260] T fbacc52be6254d858927a41925862791 P 12239bebe21b4f3cb325f1f3e9e24172 [NON_LEADER]: Queue going to NON_LEADER mode. State: All replicated index: 0, Majority replicated index: 0, Committed index: 0, Last appended: 0.0, Last appended by leader: 0, Current term: 0, Majority size: -1, State: 0, Mode: NON_LEADER, active raft config: opid_index: -1 OBSOLETE_local: false peers { permanent_uuid: "12239bebe21b4f3cb325f1f3e9e24172" member_type: VOTER last_known_addr { host: "127.27.47.65" port: 33727 } } peers { permanent_uuid: "d41d163702de4c6d8bafbba156be95f9" member_type: VOTER last_known_addr { host: "127.27.47.66" port: 43207 } } peers { permanent_uuid: "a004567bf8c040138ff86a0d97bdd69c" member_type: VOTER last_known_addr { host: "127.27.47.67" port: 39581 } }
I20260709 12:22:47.054057 29206 ts_tablet_manager.cc:1434] T fbacc52be6254d858927a41925862791 P 12239bebe21b4f3cb325f1f3e9e24172: Time spent starting tablet: real 0.006s	user 0.002s	sys 0.003s
I20260709 12:22:47.054911 29206 tablet_bootstrap.cc:492] T 1ad0f54d85d645fe8902443bba7d53b0 P 12239bebe21b4f3cb325f1f3e9e24172: Bootstrap starting.
I20260709 12:22:47.056437 29089 tablet_service.cc:1917] Received RequestConsensusVote() RPC: tablet_id: "4406ebbeea304c86905ed245488e7962" candidate_uuid: "a004567bf8c040138ff86a0d97bdd69c" candidate_term: 1 candidate_status { last_received { term: 0 index: 0 } } ignore_live_leader: false dest_uuid: "d41d163702de4c6d8bafbba156be95f9" is_pre_election: true
I20260709 12:22:47.056921 29011 tablet_service.cc:1917] Received RequestConsensusVote() RPC: tablet_id: "4406ebbeea304c86905ed245488e7962" candidate_uuid: "a004567bf8c040138ff86a0d97bdd69c" candidate_term: 1 candidate_status { last_received { term: 0 index: 0 } } ignore_live_leader: false dest_uuid: "12239bebe21b4f3cb325f1f3e9e24172" is_pre_election: true
I20260709 12:22:47.057516 29011 raft_consensus.cc:2468] T 4406ebbeea304c86905ed245488e7962 P 12239bebe21b4f3cb325f1f3e9e24172 [term 0 FOLLOWER]: Leader pre-election vote request: Granting yes vote for candidate a004567bf8c040138ff86a0d97bdd69c in term 0.
W20260709 12:22:47.061769 29130 leader_election.cc:343] T 4406ebbeea304c86905ed245488e7962 P a004567bf8c040138ff86a0d97bdd69c [CANDIDATE]: Term 1 pre-election: Tablet error from VoteRequest() call to peer d41d163702de4c6d8bafbba156be95f9 (127.27.47.66:43207): Illegal state: must be running to vote when last-logged opid is not known
I20260709 12:22:47.063614 29206 tablet_bootstrap.cc:654] T 1ad0f54d85d645fe8902443bba7d53b0 P 12239bebe21b4f3cb325f1f3e9e24172: Neither blocks nor log segments found. Creating new log.
I20260709 12:22:47.068023 29207 tablet_bootstrap.cc:492] T 5bd6bb44ddf04ed7b4a9ac9d41f5360f P d41d163702de4c6d8bafbba156be95f9: No bootstrap required, opened a new log
I20260709 12:22:47.068923 29207 ts_tablet_manager.cc:1403] T 5bd6bb44ddf04ed7b4a9ac9d41f5360f P d41d163702de4c6d8bafbba156be95f9: Time spent bootstrapping tablet: real 0.027s	user 0.007s	sys 0.005s
I20260709 12:22:47.069000 29130 leader_election.cc:304] T 4406ebbeea304c86905ed245488e7962 P a004567bf8c040138ff86a0d97bdd69c [CANDIDATE]: Term 1 pre-election: Election decided. Result: candidate won. Election summary: received 3 responses out of 3 voters: 2 yes votes; 1 no votes. yes voters: 12239bebe21b4f3cb325f1f3e9e24172, a004567bf8c040138ff86a0d97bdd69c; no voters: d41d163702de4c6d8bafbba156be95f9
I20260709 12:22:47.071331 29207 raft_consensus.cc:359] T 5bd6bb44ddf04ed7b4a9ac9d41f5360f P d41d163702de4c6d8bafbba156be95f9 [term 0 FOLLOWER]: Replica starting. Triggering 0 pending ops. Active config: opid_index: -1 OBSOLETE_local: false peers { permanent_uuid: "12239bebe21b4f3cb325f1f3e9e24172" member_type: VOTER last_known_addr { host: "127.27.47.65" port: 33727 } } peers { permanent_uuid: "d41d163702de4c6d8bafbba156be95f9" member_type: VOTER last_known_addr { host: "127.27.47.66" port: 43207 } } peers { permanent_uuid: "a004567bf8c040138ff86a0d97bdd69c" member_type: VOTER last_known_addr { host: "127.27.47.67" port: 39581 } }
I20260709 12:22:47.071962 29207 raft_consensus.cc:385] T 5bd6bb44ddf04ed7b4a9ac9d41f5360f P d41d163702de4c6d8bafbba156be95f9 [term 0 FOLLOWER]: Consensus starting up: Expiring failure detector timer to make a prompt election more likely
I20260709 12:22:47.072278 29206 tablet_bootstrap.cc:492] T 1ad0f54d85d645fe8902443bba7d53b0 P 12239bebe21b4f3cb325f1f3e9e24172: No bootstrap required, opened a new log
I20260709 12:22:47.072247 29207 raft_consensus.cc:740] T 5bd6bb44ddf04ed7b4a9ac9d41f5360f P d41d163702de4c6d8bafbba156be95f9 [term 0 FOLLOWER]: Becoming Follower/Learner. State: Replica: d41d163702de4c6d8bafbba156be95f9, State: Initialized, Role: FOLLOWER
I20260709 12:22:47.073426 29298 raft_consensus.cc:2804] T 4406ebbeea304c86905ed245488e7962 P a004567bf8c040138ff86a0d97bdd69c [term 0 FOLLOWER]: Leader pre-election won for term 1
I20260709 12:22:47.074972 29298 raft_consensus.cc:493] T 4406ebbeea304c86905ed245488e7962 P a004567bf8c040138ff86a0d97bdd69c [term 0 FOLLOWER]: Starting leader election (no leader contacted us within the election timeout)
I20260709 12:22:47.075305 29298 raft_consensus.cc:3060] T 4406ebbeea304c86905ed245488e7962 P a004567bf8c040138ff86a0d97bdd69c [term 0 FOLLOWER]: Advancing to term 1
I20260709 12:22:47.080088 29479 consensus_queue.cc:1048] T 5d959f50d42248cd8a41d40938f138f2 P a004567bf8c040138ff86a0d97bdd69c [LEADER]: Connected to new peer: Peer: permanent_uuid: "d41d163702de4c6d8bafbba156be95f9" member_type: VOTER last_known_addr { host: "127.27.47.66" port: 43207 }, Status: LMP_MISMATCH, Last received: 0.0, Next index: 1, Last known committed idx: 0, Time since last communication: 0.000s
I20260709 12:22:47.080955 29298 raft_consensus.cc:515] T 4406ebbeea304c86905ed245488e7962 P a004567bf8c040138ff86a0d97bdd69c [term 1 FOLLOWER]: Starting leader election with config: opid_index: -1 OBSOLETE_local: false peers { permanent_uuid: "12239bebe21b4f3cb325f1f3e9e24172" member_type: VOTER last_known_addr { host: "127.27.47.65" port: 33727 } } peers { permanent_uuid: "d41d163702de4c6d8bafbba156be95f9" member_type: VOTER last_known_addr { host: "127.27.47.66" port: 43207 } } peers { permanent_uuid: "a004567bf8c040138ff86a0d97bdd69c" member_type: VOTER last_known_addr { host: "127.27.47.67" port: 39581 } }
I20260709 12:22:47.054410 28910 catalog_manager.cc:5697] T 52a00aa78afd40bd99bcb83b34a43819 P a004567bf8c040138ff86a0d97bdd69c reported cstate change: term changed from 0 to 1, leader changed from <none> to a004567bf8c040138ff86a0d97bdd69c (127.27.47.67). New cstate: current_term: 1 leader_uuid: "a004567bf8c040138ff86a0d97bdd69c" committed_config { opid_index: -1 OBSOLETE_local: false peers { permanent_uuid: "12239bebe21b4f3cb325f1f3e9e24172" member_type: VOTER last_known_addr { host: "127.27.47.65" port: 33727 } health_report { overall_health: UNKNOWN } } peers { permanent_uuid: "d41d163702de4c6d8bafbba156be95f9" member_type: VOTER last_known_addr { host: "127.27.47.66" port: 43207 } health_report { overall_health: UNKNOWN } } peers { permanent_uuid: "a004567bf8c040138ff86a0d97bdd69c" member_type: VOTER last_known_addr { host: "127.27.47.67" port: 39581 } health_report { overall_health: HEALTHY } } }
I20260709 12:22:47.082711 29298 leader_election.cc:290] T 4406ebbeea304c86905ed245488e7962 P a004567bf8c040138ff86a0d97bdd69c [CANDIDATE]: Term 1 election: Requested vote from peers 12239bebe21b4f3cb325f1f3e9e24172 (127.27.47.65:33727), d41d163702de4c6d8bafbba156be95f9 (127.27.47.66:43207)
I20260709 12:22:47.073774 29205 tablet_bootstrap.cc:492] T 61a3c475a3a841488c42e96fabdb0795 P a004567bf8c040138ff86a0d97bdd69c: No bootstrap required, opened a new log
I20260709 12:22:47.083345 29205 ts_tablet_manager.cc:1403] T 61a3c475a3a841488c42e96fabdb0795 P a004567bf8c040138ff86a0d97bdd69c: Time spent bootstrapping tablet: real 0.088s	user 0.010s	sys 0.000s
I20260709 12:22:47.074613 29206 ts_tablet_manager.cc:1403] T 1ad0f54d85d645fe8902443bba7d53b0 P 12239bebe21b4f3cb325f1f3e9e24172: Time spent bootstrapping tablet: real 0.020s	user 0.006s	sys 0.005s
I20260709 12:22:47.086553 29205 raft_consensus.cc:359] T 61a3c475a3a841488c42e96fabdb0795 P a004567bf8c040138ff86a0d97bdd69c [term 0 FOLLOWER]: Replica starting. Triggering 0 pending ops. Active config: opid_index: -1 OBSOLETE_local: false peers { permanent_uuid: "12239bebe21b4f3cb325f1f3e9e24172" member_type: VOTER last_known_addr { host: "127.27.47.65" port: 33727 } } peers { permanent_uuid: "d41d163702de4c6d8bafbba156be95f9" member_type: VOTER last_known_addr { host: "127.27.47.66" port: 43207 } } peers { permanent_uuid: "a004567bf8c040138ff86a0d97bdd69c" member_type: VOTER last_known_addr { host: "127.27.47.67" port: 39581 } }
I20260709 12:22:47.087152 29205 raft_consensus.cc:385] T 61a3c475a3a841488c42e96fabdb0795 P a004567bf8c040138ff86a0d97bdd69c [term 0 FOLLOWER]: Consensus starting up: Expiring failure detector timer to make a prompt election more likely
I20260709 12:22:47.087391 29205 raft_consensus.cc:740] T 61a3c475a3a841488c42e96fabdb0795 P a004567bf8c040138ff86a0d97bdd69c [term 0 FOLLOWER]: Becoming Follower/Learner. State: Replica: a004567bf8c040138ff86a0d97bdd69c, State: Initialized, Role: FOLLOWER
I20260709 12:22:47.088114 29205 consensus_queue.cc:260] T 61a3c475a3a841488c42e96fabdb0795 P a004567bf8c040138ff86a0d97bdd69c [NON_LEADER]: Queue going to NON_LEADER mode. State: All replicated index: 0, Majority replicated index: 0, Committed index: 0, Last appended: 0.0, Last appended by leader: 0, Current term: 0, Majority size: -1, State: 0, Mode: NON_LEADER, active raft config: opid_index: -1 OBSOLETE_local: false peers { permanent_uuid: "12239bebe21b4f3cb325f1f3e9e24172" member_type: VOTER last_known_addr { host: "127.27.47.65" port: 33727 } } peers { permanent_uuid: "d41d163702de4c6d8bafbba156be95f9" member_type: VOTER last_known_addr { host: "127.27.47.66" port: 43207 } } peers { permanent_uuid: "a004567bf8c040138ff86a0d97bdd69c" member_type: VOTER last_known_addr { host: "127.27.47.67" port: 39581 } }
I20260709 12:22:47.088606 29262 consensus_queue.cc:1048] T 338ed27f6b7d4e7b8ba503ee8a7f397a P d41d163702de4c6d8bafbba156be95f9 [LEADER]: Connected to new peer: Peer: permanent_uuid: "12239bebe21b4f3cb325f1f3e9e24172" member_type: VOTER last_known_addr { host: "127.27.47.65" port: 33727 }, Status: LMP_MISMATCH, Last received: 0.0, Next index: 1, Last known committed idx: 0, Time since last communication: 0.000s
I20260709 12:22:47.090159 29205 ts_tablet_manager.cc:1434] T 61a3c475a3a841488c42e96fabdb0795 P a004567bf8c040138ff86a0d97bdd69c: Time spent starting tablet: real 0.007s	user 0.005s	sys 0.000s
I20260709 12:22:47.090956 29205 tablet_bootstrap.cc:492] T 826a7b56008540adbb137734d1a09681 P a004567bf8c040138ff86a0d97bdd69c: Bootstrap starting.
I20260709 12:22:47.092206 29207 consensus_queue.cc:260] T 5bd6bb44ddf04ed7b4a9ac9d41f5360f P d41d163702de4c6d8bafbba156be95f9 [NON_LEADER]: Queue going to NON_LEADER mode. State: All replicated index: 0, Majority replicated index: 0, Committed index: 0, Last appended: 0.0, Last appended by leader: 0, Current term: 0, Majority size: -1, State: 0, Mode: NON_LEADER, active raft config: opid_index: -1 OBSOLETE_local: false peers { permanent_uuid: "12239bebe21b4f3cb325f1f3e9e24172" member_type: VOTER last_known_addr { host: "127.27.47.65" port: 33727 } } peers { permanent_uuid: "d41d163702de4c6d8bafbba156be95f9" member_type: VOTER last_known_addr { host: "127.27.47.66" port: 43207 } } peers { permanent_uuid: "a004567bf8c040138ff86a0d97bdd69c" member_type: VOTER last_known_addr { host: "127.27.47.67" port: 39581 } }
I20260709 12:22:47.092801 29206 raft_consensus.cc:359] T 1ad0f54d85d645fe8902443bba7d53b0 P 12239bebe21b4f3cb325f1f3e9e24172 [term 0 FOLLOWER]: Replica starting. Triggering 0 pending ops. Active config: opid_index: -1 OBSOLETE_local: false peers { permanent_uuid: "12239bebe21b4f3cb325f1f3e9e24172" member_type: VOTER last_known_addr { host: "127.27.47.65" port: 33727 } } peers { permanent_uuid: "d41d163702de4c6d8bafbba156be95f9" member_type: VOTER last_known_addr { host: "127.27.47.66" port: 43207 } } peers { permanent_uuid: "a004567bf8c040138ff86a0d97bdd69c" member_type: VOTER last_known_addr { host: "127.27.47.67" port: 39581 } }
I20260709 12:22:47.093531 29206 raft_consensus.cc:385] T 1ad0f54d85d645fe8902443bba7d53b0 P 12239bebe21b4f3cb325f1f3e9e24172 [term 0 FOLLOWER]: Consensus starting up: Expiring failure detector timer to make a prompt election more likely
I20260709 12:22:47.093870 29206 raft_consensus.cc:740] T 1ad0f54d85d645fe8902443bba7d53b0 P 12239bebe21b4f3cb325f1f3e9e24172 [term 0 FOLLOWER]: Becoming Follower/Learner. State: Replica: 12239bebe21b4f3cb325f1f3e9e24172, State: Initialized, Role: FOLLOWER
I20260709 12:22:47.094244 29207 ts_tablet_manager.cc:1434] T 5bd6bb44ddf04ed7b4a9ac9d41f5360f P d41d163702de4c6d8bafbba156be95f9: Time spent starting tablet: real 0.025s	user 0.004s	sys 0.000s
I20260709 12:22:47.095098 29207 tablet_bootstrap.cc:492] T 73cfd8563cee451e8d43d765e31b0c61 P d41d163702de4c6d8bafbba156be95f9: Bootstrap starting.
I20260709 12:22:47.097378 29086 tablet_service.cc:1917] Received RequestConsensusVote() RPC: tablet_id: "4406ebbeea304c86905ed245488e7962" candidate_uuid: "a004567bf8c040138ff86a0d97bdd69c" candidate_term: 1 candidate_status { last_received { term: 0 index: 0 } } ignore_live_leader: false dest_uuid: "d41d163702de4c6d8bafbba156be95f9"
I20260709 12:22:47.098513 29322 raft_consensus.cc:493] T 4a6a38ff480744bcb7878a04d03bdb02 P d41d163702de4c6d8bafbba156be95f9 [term 0 FOLLOWER]: Starting pre-election (no leader contacted us within the election timeout)
I20260709 12:22:47.098942 29322 raft_consensus.cc:515] T 4a6a38ff480744bcb7878a04d03bdb02 P d41d163702de4c6d8bafbba156be95f9 [term 0 FOLLOWER]: Starting pre-election with config: opid_index: -1 OBSOLETE_local: false peers { permanent_uuid: "12239bebe21b4f3cb325f1f3e9e24172" member_type: VOTER last_known_addr { host: "127.27.47.65" port: 33727 } } peers { permanent_uuid: "d41d163702de4c6d8bafbba156be95f9" member_type: VOTER last_known_addr { host: "127.27.47.66" port: 43207 } } peers { permanent_uuid: "a004567bf8c040138ff86a0d97bdd69c" member_type: VOTER last_known_addr { host: "127.27.47.67" port: 39581 } }
I20260709 12:22:47.101240 29206 consensus_queue.cc:260] T 1ad0f54d85d645fe8902443bba7d53b0 P 12239bebe21b4f3cb325f1f3e9e24172 [NON_LEADER]: Queue going to NON_LEADER mode. State: All replicated index: 0, Majority replicated index: 0, Committed index: 0, Last appended: 0.0, Last appended by leader: 0, Current term: 0, Majority size: -1, State: 0, Mode: NON_LEADER, active raft config: opid_index: -1 OBSOLETE_local: false peers { permanent_uuid: "12239bebe21b4f3cb325f1f3e9e24172" member_type: VOTER last_known_addr { host: "127.27.47.65" port: 33727 } } peers { permanent_uuid: "d41d163702de4c6d8bafbba156be95f9" member_type: VOTER last_known_addr { host: "127.27.47.66" port: 43207 } } peers { permanent_uuid: "a004567bf8c040138ff86a0d97bdd69c" member_type: VOTER last_known_addr { host: "127.27.47.67" port: 39581 } }
I20260709 12:22:47.101805 29322 leader_election.cc:290] T 4a6a38ff480744bcb7878a04d03bdb02 P d41d163702de4c6d8bafbba156be95f9 [CANDIDATE]: Term 1 pre-election: Requested pre-vote from peers 12239bebe21b4f3cb325f1f3e9e24172 (127.27.47.65:33727), a004567bf8c040138ff86a0d97bdd69c (127.27.47.67:39581)
I20260709 12:22:47.103060 29012 tablet_service.cc:1917] Received RequestConsensusVote() RPC: tablet_id: "4a6a38ff480744bcb7878a04d03bdb02" candidate_uuid: "d41d163702de4c6d8bafbba156be95f9" candidate_term: 1 candidate_status { last_received { term: 0 index: 0 } } ignore_live_leader: false dest_uuid: "12239bebe21b4f3cb325f1f3e9e24172" is_pre_election: true
I20260709 12:22:47.103508 29206 ts_tablet_manager.cc:1434] T 1ad0f54d85d645fe8902443bba7d53b0 P 12239bebe21b4f3cb325f1f3e9e24172: Time spent starting tablet: real 0.018s	user 0.005s	sys 0.000s
I20260709 12:22:47.105072 29012 tablet_service.cc:1917] Received RequestConsensusVote() RPC: tablet_id: "4406ebbeea304c86905ed245488e7962" candidate_uuid: "a004567bf8c040138ff86a0d97bdd69c" candidate_term: 1 candidate_status { last_received { term: 0 index: 0 } } ignore_live_leader: false dest_uuid: "12239bebe21b4f3cb325f1f3e9e24172"
I20260709 12:22:47.105381 29161 tablet_service.cc:1917] Received RequestConsensusVote() RPC: tablet_id: "4a6a38ff480744bcb7878a04d03bdb02" candidate_uuid: "d41d163702de4c6d8bafbba156be95f9" candidate_term: 1 candidate_status { last_received { term: 0 index: 0 } } ignore_live_leader: false dest_uuid: "a004567bf8c040138ff86a0d97bdd69c" is_pre_election: true
I20260709 12:22:47.105664 29012 raft_consensus.cc:3060] T 4406ebbeea304c86905ed245488e7962 P 12239bebe21b4f3cb325f1f3e9e24172 [term 0 FOLLOWER]: Advancing to term 1
I20260709 12:22:47.106760 29056 leader_election.cc:304] T 4a6a38ff480744bcb7878a04d03bdb02 P d41d163702de4c6d8bafbba156be95f9 [CANDIDATE]: Term 1 pre-election: Election decided. Result: candidate lost. Election summary: received 3 responses out of 3 voters: 1 yes votes; 2 no votes. yes voters: d41d163702de4c6d8bafbba156be95f9; no voters: 12239bebe21b4f3cb325f1f3e9e24172, a004567bf8c040138ff86a0d97bdd69c
W20260709 12:22:47.109783 29130 leader_election.cc:343] T 4406ebbeea304c86905ed245488e7962 P a004567bf8c040138ff86a0d97bdd69c [CANDIDATE]: Term 1 election: Tablet error from VoteRequest() call to peer d41d163702de4c6d8bafbba156be95f9 (127.27.47.66:43207): Illegal state: must be running to vote when last-logged opid is not known
I20260709 12:22:47.109083 29322 raft_consensus.cc:2749] T 4a6a38ff480744bcb7878a04d03bdb02 P d41d163702de4c6d8bafbba156be95f9 [term 0 FOLLOWER]: Leader pre-election lost for term 1. Reason: could not achieve majority
I20260709 12:22:47.111387 29206 tablet_bootstrap.cc:492] T b707cec88d0342e19fb8984a3f8249bd P 12239bebe21b4f3cb325f1f3e9e24172: Bootstrap starting.
I20260709 12:22:47.112969 29012 raft_consensus.cc:2468] T 4406ebbeea304c86905ed245488e7962 P 12239bebe21b4f3cb325f1f3e9e24172 [term 1 FOLLOWER]: Leader election vote request: Granting yes vote for candidate a004567bf8c040138ff86a0d97bdd69c in term 1.
I20260709 12:22:47.116897 29206 tablet_bootstrap.cc:654] T b707cec88d0342e19fb8984a3f8249bd P 12239bebe21b4f3cb325f1f3e9e24172: Neither blocks nor log segments found. Creating new log.
I20260709 12:22:47.118991 29130 leader_election.cc:304] T 4406ebbeea304c86905ed245488e7962 P a004567bf8c040138ff86a0d97bdd69c [CANDIDATE]: Term 1 election: Election decided. Result: candidate won. Election summary: received 3 responses out of 3 voters: 2 yes votes; 1 no votes. yes voters: 12239bebe21b4f3cb325f1f3e9e24172, a004567bf8c040138ff86a0d97bdd69c; no voters: d41d163702de4c6d8bafbba156be95f9
I20260709 12:22:47.121994 29469 raft_consensus.cc:2804] T 4406ebbeea304c86905ed245488e7962 P a004567bf8c040138ff86a0d97bdd69c [term 1 FOLLOWER]: Leader election won for term 1
I20260709 12:22:47.122467 29469 raft_consensus.cc:697] T 4406ebbeea304c86905ed245488e7962 P a004567bf8c040138ff86a0d97bdd69c [term 1 LEADER]: Becoming Leader. State: Replica: a004567bf8c040138ff86a0d97bdd69c, State: Running, Role: LEADER
I20260709 12:22:47.123198 29469 consensus_queue.cc:237] T 4406ebbeea304c86905ed245488e7962 P a004567bf8c040138ff86a0d97bdd69c [LEADER]: Queue going to LEADER mode. State: All replicated index: 0, Majority replicated index: 0, Committed index: 0, Last appended: 0.0, Last appended by leader: 0, Current term: 1, Majority size: 2, State: 0, Mode: LEADER, active raft config: opid_index: -1 OBSOLETE_local: false peers { permanent_uuid: "12239bebe21b4f3cb325f1f3e9e24172" member_type: VOTER last_known_addr { host: "127.27.47.65" port: 33727 } } peers { permanent_uuid: "d41d163702de4c6d8bafbba156be95f9" member_type: VOTER last_known_addr { host: "127.27.47.66" port: 43207 } } peers { permanent_uuid: "a004567bf8c040138ff86a0d97bdd69c" member_type: VOTER last_known_addr { host: "127.27.47.67" port: 39581 } }
I20260709 12:22:47.123775 29206 tablet_bootstrap.cc:492] T b707cec88d0342e19fb8984a3f8249bd P 12239bebe21b4f3cb325f1f3e9e24172: No bootstrap required, opened a new log
I20260709 12:22:47.124225 29206 ts_tablet_manager.cc:1403] T b707cec88d0342e19fb8984a3f8249bd P 12239bebe21b4f3cb325f1f3e9e24172: Time spent bootstrapping tablet: real 0.013s	user 0.004s	sys 0.008s
I20260709 12:22:47.126931 29207 tablet_bootstrap.cc:654] T 73cfd8563cee451e8d43d765e31b0c61 P d41d163702de4c6d8bafbba156be95f9: Neither blocks nor log segments found. Creating new log.
I20260709 12:22:47.126670 29206 raft_consensus.cc:359] T b707cec88d0342e19fb8984a3f8249bd P 12239bebe21b4f3cb325f1f3e9e24172 [term 0 FOLLOWER]: Replica starting. Triggering 0 pending ops. Active config: opid_index: -1 OBSOLETE_local: false peers { permanent_uuid: "12239bebe21b4f3cb325f1f3e9e24172" member_type: VOTER last_known_addr { host: "127.27.47.65" port: 33727 } } peers { permanent_uuid: "d41d163702de4c6d8bafbba156be95f9" member_type: VOTER last_known_addr { host: "127.27.47.66" port: 43207 } } peers { permanent_uuid: "a004567bf8c040138ff86a0d97bdd69c" member_type: VOTER last_known_addr { host: "127.27.47.67" port: 39581 } }
I20260709 12:22:47.127383 29206 raft_consensus.cc:385] T b707cec88d0342e19fb8984a3f8249bd P 12239bebe21b4f3cb325f1f3e9e24172 [term 0 FOLLOWER]: Consensus starting up: Expiring failure detector timer to make a prompt election more likely
I20260709 12:22:47.127651 29206 raft_consensus.cc:740] T b707cec88d0342e19fb8984a3f8249bd P 12239bebe21b4f3cb325f1f3e9e24172 [term 0 FOLLOWER]: Becoming Follower/Learner. State: Replica: 12239bebe21b4f3cb325f1f3e9e24172, State: Initialized, Role: FOLLOWER
I20260709 12:22:47.128257 29206 consensus_queue.cc:260] T b707cec88d0342e19fb8984a3f8249bd P 12239bebe21b4f3cb325f1f3e9e24172 [NON_LEADER]: Queue going to NON_LEADER mode. State: All replicated index: 0, Majority replicated index: 0, Committed index: 0, Last appended: 0.0, Last appended by leader: 0, Current term: 0, Majority size: -1, State: 0, Mode: NON_LEADER, active raft config: opid_index: -1 OBSOLETE_local: false peers { permanent_uuid: "12239bebe21b4f3cb325f1f3e9e24172" member_type: VOTER last_known_addr { host: "127.27.47.65" port: 33727 } } peers { permanent_uuid: "d41d163702de4c6d8bafbba156be95f9" member_type: VOTER last_known_addr { host: "127.27.47.66" port: 43207 } } peers { permanent_uuid: "a004567bf8c040138ff86a0d97bdd69c" member_type: VOTER last_known_addr { host: "127.27.47.67" port: 39581 } }
I20260709 12:22:47.116961 29205 tablet_bootstrap.cc:654] T 826a7b56008540adbb137734d1a09681 P a004567bf8c040138ff86a0d97bdd69c: Neither blocks nor log segments found. Creating new log.
I20260709 12:22:47.130398 29206 ts_tablet_manager.cc:1434] T b707cec88d0342e19fb8984a3f8249bd P 12239bebe21b4f3cb325f1f3e9e24172: Time spent starting tablet: real 0.006s	user 0.002s	sys 0.003s
I20260709 12:22:47.131240 29206 tablet_bootstrap.cc:492] T 36bf98041d4f4935870d35eaab8ee50b P 12239bebe21b4f3cb325f1f3e9e24172: Bootstrap starting.
I20260709 12:22:47.137109 29207 tablet_bootstrap.cc:492] T 73cfd8563cee451e8d43d765e31b0c61 P d41d163702de4c6d8bafbba156be95f9: No bootstrap required, opened a new log
I20260709 12:22:47.137506 29207 ts_tablet_manager.cc:1403] T 73cfd8563cee451e8d43d765e31b0c61 P d41d163702de4c6d8bafbba156be95f9: Time spent bootstrapping tablet: real 0.043s	user 0.004s	sys 0.006s
I20260709 12:22:47.137727 29206 tablet_bootstrap.cc:654] T 36bf98041d4f4935870d35eaab8ee50b P 12239bebe21b4f3cb325f1f3e9e24172: Neither blocks nor log segments found. Creating new log.
I20260709 12:22:47.139799 29207 raft_consensus.cc:359] T 73cfd8563cee451e8d43d765e31b0c61 P d41d163702de4c6d8bafbba156be95f9 [term 0 FOLLOWER]: Replica starting. Triggering 0 pending ops. Active config: opid_index: -1 OBSOLETE_local: false peers { permanent_uuid: "12239bebe21b4f3cb325f1f3e9e24172" member_type: VOTER last_known_addr { host: "127.27.47.65" port: 33727 } } peers { permanent_uuid: "d41d163702de4c6d8bafbba156be95f9" member_type: VOTER last_known_addr { host: "127.27.47.66" port: 43207 } } peers { permanent_uuid: "a004567bf8c040138ff86a0d97bdd69c" member_type: VOTER last_known_addr { host: "127.27.47.67" port: 39581 } }
I20260709 12:22:47.140427 29207 raft_consensus.cc:385] T 73cfd8563cee451e8d43d765e31b0c61 P d41d163702de4c6d8bafbba156be95f9 [term 0 FOLLOWER]: Consensus starting up: Expiring failure detector timer to make a prompt election more likely
I20260709 12:22:47.140705 29207 raft_consensus.cc:740] T 73cfd8563cee451e8d43d765e31b0c61 P d41d163702de4c6d8bafbba156be95f9 [term 0 FOLLOWER]: Becoming Follower/Learner. State: Replica: d41d163702de4c6d8bafbba156be95f9, State: Initialized, Role: FOLLOWER
I20260709 12:22:47.141294 29207 consensus_queue.cc:260] T 73cfd8563cee451e8d43d765e31b0c61 P d41d163702de4c6d8bafbba156be95f9 [NON_LEADER]: Queue going to NON_LEADER mode. State: All replicated index: 0, Majority replicated index: 0, Committed index: 0, Last appended: 0.0, Last appended by leader: 0, Current term: 0, Majority size: -1, State: 0, Mode: NON_LEADER, active raft config: opid_index: -1 OBSOLETE_local: false peers { permanent_uuid: "12239bebe21b4f3cb325f1f3e9e24172" member_type: VOTER last_known_addr { host: "127.27.47.65" port: 33727 } } peers { permanent_uuid: "d41d163702de4c6d8bafbba156be95f9" member_type: VOTER last_known_addr { host: "127.27.47.66" port: 43207 } } peers { permanent_uuid: "a004567bf8c040138ff86a0d97bdd69c" member_type: VOTER last_known_addr { host: "127.27.47.67" port: 39581 } }
I20260709 12:22:47.143291 29207 ts_tablet_manager.cc:1434] T 73cfd8563cee451e8d43d765e31b0c61 P d41d163702de4c6d8bafbba156be95f9: Time spent starting tablet: real 0.006s	user 0.004s	sys 0.000s
I20260709 12:22:47.148629 29298 raft_consensus.cc:493] T 5bd6bb44ddf04ed7b4a9ac9d41f5360f P a004567bf8c040138ff86a0d97bdd69c [term 0 FOLLOWER]: Starting pre-election (no leader contacted us within the election timeout)
I20260709 12:22:47.149108 29298 raft_consensus.cc:515] T 5bd6bb44ddf04ed7b4a9ac9d41f5360f P a004567bf8c040138ff86a0d97bdd69c [term 0 FOLLOWER]: Starting pre-election with config: opid_index: -1 OBSOLETE_local: false peers { permanent_uuid: "12239bebe21b4f3cb325f1f3e9e24172" member_type: VOTER last_known_addr { host: "127.27.47.65" port: 33727 } } peers { permanent_uuid: "d41d163702de4c6d8bafbba156be95f9" member_type: VOTER last_known_addr { host: "127.27.47.66" port: 43207 } } peers { permanent_uuid: "a004567bf8c040138ff86a0d97bdd69c" member_type: VOTER last_known_addr { host: "127.27.47.67" port: 39581 } }
I20260709 12:22:47.149677 29207 tablet_bootstrap.cc:492] T 826a7b56008540adbb137734d1a09681 P d41d163702de4c6d8bafbba156be95f9: Bootstrap starting.
I20260709 12:22:47.150815 29298 leader_election.cc:290] T 5bd6bb44ddf04ed7b4a9ac9d41f5360f P a004567bf8c040138ff86a0d97bdd69c [CANDIDATE]: Term 1 pre-election: Requested pre-vote from peers 12239bebe21b4f3cb325f1f3e9e24172 (127.27.47.65:33727), d41d163702de4c6d8bafbba156be95f9 (127.27.47.66:43207)
