I20260709 12:22:41.948634  8601 leader_election.cc:304] T 644a3ee48fc3492db9bc9d51a577fc45 P f4834db0bf8e4cab829d2ff6b977fc6b [CANDIDATE]: Term 1 pre-election: Election decided. Result: candidate lost. Election summary: received 3 responses out of 3 voters: 1 yes votes; 2 no votes. yes voters: f4834db0bf8e4cab829d2ff6b977fc6b; no voters: 9cecbf423e244c1abba18cc9d5c44241, e532be3d806b4fedb13319cfc737e273
I20260709 12:22:41.949802  8759 tablet_bootstrap.cc:492] T 881ede5d1a0f43c1ae46ba6873d0095a P f4834db0bf8e4cab829d2ff6b977fc6b: Bootstrap starting.
I20260709 12:22:41.949945  8797 raft_consensus.cc:2749] T 644a3ee48fc3492db9bc9d51a577fc45 P f4834db0bf8e4cab829d2ff6b977fc6b [term 0 FOLLOWER]: Leader pre-election lost for term 1. Reason: could not achieve majority
I20260709 12:22:41.955415  8786 raft_consensus.cc:493] T 692558a4e65742689a23cdee39a9c8a3 P e532be3d806b4fedb13319cfc737e273 [term 0 FOLLOWER]: Starting pre-election (no leader contacted us within the election timeout)
I20260709 12:22:41.955910  8786 raft_consensus.cc:515] T 692558a4e65742689a23cdee39a9c8a3 P e532be3d806b4fedb13319cfc737e273 [term 0 FOLLOWER]: Starting pre-election with config: opid_index: -1 OBSOLETE_local: false peers { permanent_uuid: "9cecbf423e244c1abba18cc9d5c44241" member_type: VOTER last_known_addr { host: "127.7.52.193" port: 36661 } } peers { permanent_uuid: "f4834db0bf8e4cab829d2ff6b977fc6b" member_type: VOTER last_known_addr { host: "127.7.52.194" port: 37149 } } peers { permanent_uuid: "e532be3d806b4fedb13319cfc737e273" member_type: VOTER last_known_addr { host: "127.7.52.195" port: 32937 } }
I20260709 12:22:41.956820  8702 tablet_service.cc:1511] Processing CreateTablet for tablet 4ff7362b3a4e470dbc2c1afb2bd3d91a (DEFAULT_TABLE table=test-workload [id=992e291aef574705b32bfc751ca80b18]), partition=RANGE (key) PARTITION 1965493458 <= VALUES < 2001891485
I20260709 12:22:41.957968  8786 leader_election.cc:290] T 692558a4e65742689a23cdee39a9c8a3 P e532be3d806b4fedb13319cfc737e273 [CANDIDATE]: Term 1 pre-election: Requested pre-vote from peers 9cecbf423e244c1abba18cc9d5c44241 (127.7.52.193:36661), f4834db0bf8e4cab829d2ff6b977fc6b (127.7.52.194:37149)
I20260709 12:22:41.958169  8702 data_dirs.cc:400] Could only allocate 1 dirs of requested 3 for tablet 4ff7362b3a4e470dbc2c1afb2bd3d91a. 1 dirs total, 0 dirs full, 0 dirs failed
I20260709 12:22:41.959110  8641 tablet_service.cc:1917] Received RequestConsensusVote() RPC: tablet_id: "692558a4e65742689a23cdee39a9c8a3" candidate_uuid: "e532be3d806b4fedb13319cfc737e273" candidate_term: 1 candidate_status { last_received { term: 0 index: 0 } } ignore_live_leader: false dest_uuid: "f4834db0bf8e4cab829d2ff6b977fc6b" is_pre_election: true
I20260709 12:22:41.959717  8562 tablet_service.cc:1917] Received RequestConsensusVote() RPC: tablet_id: "692558a4e65742689a23cdee39a9c8a3" candidate_uuid: "e532be3d806b4fedb13319cfc737e273" candidate_term: 1 candidate_status { last_received { term: 0 index: 0 } } ignore_live_leader: false dest_uuid: "9cecbf423e244c1abba18cc9d5c44241" is_pre_election: true
I20260709 12:22:41.960381  8562 raft_consensus.cc:2468] T 692558a4e65742689a23cdee39a9c8a3 P 9cecbf423e244c1abba18cc9d5c44241 [term 0 FOLLOWER]: Leader pre-election vote request: Granting yes vote for candidate e532be3d806b4fedb13319cfc737e273 in term 0.
W20260709 12:22:41.960494  8682 leader_election.cc:343] T 692558a4e65742689a23cdee39a9c8a3 P e532be3d806b4fedb13319cfc737e273 [CANDIDATE]: Term 1 pre-election: Tablet error from VoteRequest() call to peer f4834db0bf8e4cab829d2ff6b977fc6b (127.7.52.194:37149): Illegal state: must be running to vote when last-logged opid is not known
I20260709 12:22:41.961716  8681 leader_election.cc:304] T 692558a4e65742689a23cdee39a9c8a3 P e532be3d806b4fedb13319cfc737e273 [CANDIDATE]: Term 1 pre-election: Election decided. Result: candidate won. Election summary: received 3 responses out of 3 voters: 2 yes votes; 1 no votes. yes voters: 9cecbf423e244c1abba18cc9d5c44241, e532be3d806b4fedb13319cfc737e273; no voters: f4834db0bf8e4cab829d2ff6b977fc6b
I20260709 12:22:41.964035  8786 raft_consensus.cc:2804] T 692558a4e65742689a23cdee39a9c8a3 P e532be3d806b4fedb13319cfc737e273 [term 0 FOLLOWER]: Leader pre-election won for term 1
I20260709 12:22:41.964471  8786 raft_consensus.cc:493] T 692558a4e65742689a23cdee39a9c8a3 P e532be3d806b4fedb13319cfc737e273 [term 0 FOLLOWER]: Starting leader election (no leader contacted us within the election timeout)
I20260709 12:22:41.964859  8786 raft_consensus.cc:3060] T 692558a4e65742689a23cdee39a9c8a3 P e532be3d806b4fedb13319cfc737e273 [term 0 FOLLOWER]: Advancing to term 1
I20260709 12:22:41.966415  8623 tablet_service.cc:1511] Processing CreateTablet for tablet 7f237bafccb94ab293585d06a260b2c9 (DEFAULT_TABLE table=test-workload [id=992e291aef574705b32bfc751ca80b18]), partition=RANGE (key) PARTITION 2038289512 <= VALUES < 2074687539
I20260709 12:22:41.968927  8546 tablet_service.cc:1511] Processing CreateTablet for tablet 7f237bafccb94ab293585d06a260b2c9 (DEFAULT_TABLE table=test-workload [id=992e291aef574705b32bfc751ca80b18]), partition=RANGE (key) PARTITION 2038289512 <= VALUES < 2074687539
I20260709 12:22:41.977180  8760 tablet_bootstrap.cc:492] T 3d6ab6c789834a73a73562fa04b17a52 P e532be3d806b4fedb13319cfc737e273: No bootstrap required, opened a new log
I20260709 12:22:41.971017  8622 tablet_service.cc:1511] Processing CreateTablet for tablet 9ab36bb0711243d48e38faa91c0af1b9 (DEFAULT_TABLE table=test-workload [id=992e291aef574705b32bfc751ca80b18]), partition=RANGE (key) PARTITION 2074687539 <= VALUES < 2111085566
I20260709 12:22:41.962767  8706 tablet_service.cc:1511] Processing CreateTablet for tablet 0f076e8f01144399849e924818ba83ec (DEFAULT_TABLE table=test-workload [id=992e291aef574705b32bfc751ca80b18]), partition=RANGE (key) PARTITION 2001891485 <= VALUES < 2038289512
I20260709 12:22:41.974404  8763 raft_consensus.cc:359] T 26ee5ceb3d174ce9b0ae97c67262fd16 P 9cecbf423e244c1abba18cc9d5c44241 [term 0 FOLLOWER]: Replica starting. Triggering 0 pending ops. Active config: opid_index: -1 OBSOLETE_local: false peers { permanent_uuid: "9cecbf423e244c1abba18cc9d5c44241" member_type: VOTER last_known_addr { host: "127.7.52.193" port: 36661 } } peers { permanent_uuid: "f4834db0bf8e4cab829d2ff6b977fc6b" member_type: VOTER last_known_addr { host: "127.7.52.194" port: 37149 } } peers { permanent_uuid: "e532be3d806b4fedb13319cfc737e273" member_type: VOTER last_known_addr { host: "127.7.52.195" port: 32937 } }
I20260709 12:22:41.978377  8763 raft_consensus.cc:385] T 26ee5ceb3d174ce9b0ae97c67262fd16 P 9cecbf423e244c1abba18cc9d5c44241 [term 0 FOLLOWER]: Consensus starting up: Expiring failure detector timer to make a prompt election more likely
I20260709 12:22:41.977257  8546 data_dirs.cc:400] Could only allocate 1 dirs of requested 3 for tablet 7f237bafccb94ab293585d06a260b2c9. 1 dirs total, 0 dirs full, 0 dirs failed
I20260709 12:22:41.978904  8708 tablet_service.cc:1511] Processing CreateTablet for tablet 7f237bafccb94ab293585d06a260b2c9 (DEFAULT_TABLE table=test-workload [id=992e291aef574705b32bfc751ca80b18]), partition=RANGE (key) PARTITION 2038289512 <= VALUES < 2074687539
I20260709 12:22:41.980224  8708 data_dirs.cc:400] Could only allocate 1 dirs of requested 3 for tablet 7f237bafccb94ab293585d06a260b2c9. 1 dirs total, 0 dirs full, 0 dirs failed
I20260709 12:22:41.982508  8706 data_dirs.cc:400] Could only allocate 1 dirs of requested 3 for tablet 0f076e8f01144399849e924818ba83ec. 1 dirs total, 0 dirs full, 0 dirs failed
I20260709 12:22:41.978829  8763 raft_consensus.cc:740] T 26ee5ceb3d174ce9b0ae97c67262fd16 P 9cecbf423e244c1abba18cc9d5c44241 [term 0 FOLLOWER]: Becoming Follower/Learner. State: Replica: 9cecbf423e244c1abba18cc9d5c44241, State: Initialized, Role: FOLLOWER
I20260709 12:22:41.984313  8705 tablet_service.cc:1511] Processing CreateTablet for tablet 9ab36bb0711243d48e38faa91c0af1b9 (DEFAULT_TABLE table=test-workload [id=992e291aef574705b32bfc751ca80b18]), partition=RANGE (key) PARTITION 2074687539 <= VALUES < 2111085566
I20260709 12:22:41.984972  8623 data_dirs.cc:400] Could only allocate 1 dirs of requested 3 for tablet 7f237bafccb94ab293585d06a260b2c9. 1 dirs total, 0 dirs full, 0 dirs failed
I20260709 12:22:41.985414  8705 data_dirs.cc:400] Could only allocate 1 dirs of requested 3 for tablet 9ab36bb0711243d48e38faa91c0af1b9. 1 dirs total, 0 dirs full, 0 dirs failed
I20260709 12:22:41.985883  8622 data_dirs.cc:400] Could only allocate 1 dirs of requested 3 for tablet 9ab36bb0711243d48e38faa91c0af1b9. 1 dirs total, 0 dirs full, 0 dirs failed
I20260709 12:22:41.977705  8760 ts_tablet_manager.cc:1403] T 3d6ab6c789834a73a73562fa04b17a52 P e532be3d806b4fedb13319cfc737e273: Time spent bootstrapping tablet: real 0.296s	user 0.022s	sys 0.023s
I20260709 12:22:41.990182  8760 raft_consensus.cc:359] T 3d6ab6c789834a73a73562fa04b17a52 P e532be3d806b4fedb13319cfc737e273 [term 0 FOLLOWER]: Replica starting. Triggering 0 pending ops. Active config: opid_index: -1 OBSOLETE_local: false peers { permanent_uuid: "9cecbf423e244c1abba18cc9d5c44241" member_type: VOTER last_known_addr { host: "127.7.52.193" port: 36661 } } peers { permanent_uuid: "f4834db0bf8e4cab829d2ff6b977fc6b" member_type: VOTER last_known_addr { host: "127.7.52.194" port: 37149 } } peers { permanent_uuid: "e532be3d806b4fedb13319cfc737e273" member_type: VOTER last_known_addr { host: "127.7.52.195" port: 32937 } }
I20260709 12:22:41.990813  8760 raft_consensus.cc:385] T 3d6ab6c789834a73a73562fa04b17a52 P e532be3d806b4fedb13319cfc737e273 [term 0 FOLLOWER]: Consensus starting up: Expiring failure detector timer to make a prompt election more likely
I20260709 12:22:41.985013  8763 consensus_queue.cc:260] T 26ee5ceb3d174ce9b0ae97c67262fd16 P 9cecbf423e244c1abba18cc9d5c44241 [NON_LEADER]: Queue going to NON_LEADER mode. State: All replicated index: 0, Majority replicated index: 0, Committed index: 0, Last appended: 0.0, Last appended by leader: 0, Current term: 0, Majority size: -1, State: 0, Mode: NON_LEADER, active raft config: opid_index: -1 OBSOLETE_local: false peers { permanent_uuid: "9cecbf423e244c1abba18cc9d5c44241" member_type: VOTER last_known_addr { host: "127.7.52.193" port: 36661 } } peers { permanent_uuid: "f4834db0bf8e4cab829d2ff6b977fc6b" member_type: VOTER last_known_addr { host: "127.7.52.194" port: 37149 } } peers { permanent_uuid: "e532be3d806b4fedb13319cfc737e273" member_type: VOTER last_known_addr { host: "127.7.52.195" port: 32937 } }
I20260709 12:22:41.994325  8763 ts_tablet_manager.cc:1434] T 26ee5ceb3d174ce9b0ae97c67262fd16 P 9cecbf423e244c1abba18cc9d5c44241: Time spent starting tablet: real 0.061s	user 0.005s	sys 0.001s
I20260709 12:22:41.995405  8763 tablet_bootstrap.cc:492] T 3d6ab6c789834a73a73562fa04b17a52 P 9cecbf423e244c1abba18cc9d5c44241: Bootstrap starting.
I20260709 12:22:41.996655  8630 tablet_service.cc:1511] Processing CreateTablet for tablet fac42d90d94e4e6eb1f0839c8fd0483f (DEFAULT_TABLE table=test-workload [id=992e291aef574705b32bfc751ca80b18]), partition=RANGE (key) PARTITION 2111085566 <= VALUES
I20260709 12:22:42.000636  8759 tablet_bootstrap.cc:654] T 881ede5d1a0f43c1ae46ba6873d0095a P f4834db0bf8e4cab829d2ff6b977fc6b: Neither blocks nor log segments found. Creating new log.
I20260709 12:22:41.992058  8625 data_dirs.cc:400] Could only allocate 1 dirs of requested 3 for tablet 4ff7362b3a4e470dbc2c1afb2bd3d91a. 1 dirs total, 0 dirs full, 0 dirs failed
I20260709 12:22:42.015679  8630 data_dirs.cc:400] Could only allocate 1 dirs of requested 3 for tablet fac42d90d94e4e6eb1f0839c8fd0483f. 1 dirs total, 0 dirs full, 0 dirs failed
I20260709 12:22:42.007633  8550 tablet_service.cc:1511] Processing CreateTablet for tablet 9ab36bb0711243d48e38faa91c0af1b9 (DEFAULT_TABLE table=test-workload [id=992e291aef574705b32bfc751ca80b18]), partition=RANGE (key) PARTITION 2074687539 <= VALUES < 2111085566
I20260709 12:22:42.024554  8550 data_dirs.cc:400] Could only allocate 1 dirs of requested 3 for tablet 9ab36bb0711243d48e38faa91c0af1b9. 1 dirs total, 0 dirs full, 0 dirs failed
I20260709 12:22:42.031010  8562 raft_consensus.cc:3060] T 0d160520b6cb4ebbae5eabb6110d3331 P 9cecbf423e244c1abba18cc9d5c44241 [term 0 FOLLOWER]: Advancing to term 1
I20260709 12:22:42.031364  8545 tablet_service.cc:1511] Processing CreateTablet for tablet fac42d90d94e4e6eb1f0839c8fd0483f (DEFAULT_TABLE table=test-workload [id=992e291aef574705b32bfc751ca80b18]), partition=RANGE (key) PARTITION 2111085566 <= VALUES
I20260709 12:22:42.035626  8545 data_dirs.cc:400] Could only allocate 1 dirs of requested 3 for tablet fac42d90d94e4e6eb1f0839c8fd0483f. 1 dirs total, 0 dirs full, 0 dirs failed
I20260709 12:22:42.039844  8763 tablet_bootstrap.cc:654] T 3d6ab6c789834a73a73562fa04b17a52 P 9cecbf423e244c1abba18cc9d5c44241: Neither blocks nor log segments found. Creating new log.
I20260709 12:22:42.045334  8767 consensus_queue.cc:1048] T 0d160520b6cb4ebbae5eabb6110d3331 P e532be3d806b4fedb13319cfc737e273 [LEADER]: Connected to new peer: Peer: permanent_uuid: "f4834db0bf8e4cab829d2ff6b977fc6b" member_type: VOTER last_known_addr { host: "127.7.52.194" port: 37149 }, Status: LMP_MISMATCH, Last received: 0.0, Next index: 1, Last known committed idx: 0, Time since last communication: 0.000s
I20260709 12:22:42.050376  8794 raft_consensus.cc:493] T 0d160520b6cb4ebbae5eabb6110d3331 P 9cecbf423e244c1abba18cc9d5c44241 [term 1 FOLLOWER]: Starting pre-election (no leader contacted us within the election timeout)
I20260709 12:22:42.050886  8794 raft_consensus.cc:515] T 0d160520b6cb4ebbae5eabb6110d3331 P 9cecbf423e244c1abba18cc9d5c44241 [term 1 FOLLOWER]: Starting pre-election with config: opid_index: -1 OBSOLETE_local: false peers { permanent_uuid: "9cecbf423e244c1abba18cc9d5c44241" member_type: VOTER last_known_addr { host: "127.7.52.193" port: 36661 } } peers { permanent_uuid: "f4834db0bf8e4cab829d2ff6b977fc6b" member_type: VOTER last_known_addr { host: "127.7.52.194" port: 37149 } } peers { permanent_uuid: "e532be3d806b4fedb13319cfc737e273" member_type: VOTER last_known_addr { host: "127.7.52.195" port: 32937 } }
I20260709 12:22:42.060567  8794 leader_election.cc:290] T 0d160520b6cb4ebbae5eabb6110d3331 P 9cecbf423e244c1abba18cc9d5c44241 [CANDIDATE]: Term 2 pre-election: Requested pre-vote from peers f4834db0bf8e4cab829d2ff6b977fc6b (127.7.52.194:37149), e532be3d806b4fedb13319cfc737e273 (127.7.52.195:32937)
I20260709 12:22:42.062129  8802 consensus_queue.cc:1048] T 0d160520b6cb4ebbae5eabb6110d3331 P e532be3d806b4fedb13319cfc737e273 [LEADER]: Connected to new peer: Peer: permanent_uuid: "9cecbf423e244c1abba18cc9d5c44241" member_type: VOTER last_known_addr { host: "127.7.52.193" port: 36661 }, Status: LMP_MISMATCH, Last received: 0.0, Next index: 1, Last known committed idx: 0, Time since last communication: 0.000s
I20260709 12:22:42.063014  8639 tablet_service.cc:1917] Received RequestConsensusVote() RPC: tablet_id: "0d160520b6cb4ebbae5eabb6110d3331" candidate_uuid: "9cecbf423e244c1abba18cc9d5c44241" candidate_term: 2 candidate_status { last_received { term: 0 index: 0 } } ignore_live_leader: false dest_uuid: "f4834db0bf8e4cab829d2ff6b977fc6b" is_pre_election: true
I20260709 12:22:41.975823  8786 raft_consensus.cc:515] T 692558a4e65742689a23cdee39a9c8a3 P e532be3d806b4fedb13319cfc737e273 [term 1 FOLLOWER]: Starting leader election with config: opid_index: -1 OBSOLETE_local: false peers { permanent_uuid: "9cecbf423e244c1abba18cc9d5c44241" member_type: VOTER last_known_addr { host: "127.7.52.193" port: 36661 } } peers { permanent_uuid: "f4834db0bf8e4cab829d2ff6b977fc6b" member_type: VOTER last_known_addr { host: "127.7.52.194" port: 37149 } } peers { permanent_uuid: "e532be3d806b4fedb13319cfc737e273" member_type: VOTER last_known_addr { host: "127.7.52.195" port: 32937 } }
I20260709 12:22:42.062326  8719 tablet_service.cc:1917] Received RequestConsensusVote() RPC: tablet_id: "0d160520b6cb4ebbae5eabb6110d3331" candidate_uuid: "9cecbf423e244c1abba18cc9d5c44241" candidate_term: 2 candidate_status { last_received { term: 0 index: 0 } } ignore_live_leader: false dest_uuid: "e532be3d806b4fedb13319cfc737e273" is_pre_election: true
I20260709 12:22:41.991086  8760 raft_consensus.cc:740] T 3d6ab6c789834a73a73562fa04b17a52 P e532be3d806b4fedb13319cfc737e273 [term 0 FOLLOWER]: Becoming Follower/Learner. State: Replica: e532be3d806b4fedb13319cfc737e273, State: Initialized, Role: FOLLOWER
I20260709 12:22:42.069443  8760 consensus_queue.cc:260] T 3d6ab6c789834a73a73562fa04b17a52 P e532be3d806b4fedb13319cfc737e273 [NON_LEADER]: Queue going to NON_LEADER mode. State: All replicated index: 0, Majority replicated index: 0, Committed index: 0, Last appended: 0.0, Last appended by leader: 0, Current term: 0, Majority size: -1, State: 0, Mode: NON_LEADER, active raft config: opid_index: -1 OBSOLETE_local: false peers { permanent_uuid: "9cecbf423e244c1abba18cc9d5c44241" member_type: VOTER last_known_addr { host: "127.7.52.193" port: 36661 } } peers { permanent_uuid: "f4834db0bf8e4cab829d2ff6b977fc6b" member_type: VOTER last_known_addr { host: "127.7.52.194" port: 37149 } } peers { permanent_uuid: "e532be3d806b4fedb13319cfc737e273" member_type: VOTER last_known_addr { host: "127.7.52.195" port: 32937 } }
I20260709 12:22:42.071564  8760 ts_tablet_manager.cc:1434] T 3d6ab6c789834a73a73562fa04b17a52 P e532be3d806b4fedb13319cfc737e273: Time spent starting tablet: real 0.084s	user 0.004s	sys 0.000s
I20260709 12:22:42.071857  8701 tablet_service.cc:1511] Processing CreateTablet for tablet fac42d90d94e4e6eb1f0839c8fd0483f (DEFAULT_TABLE table=test-workload [id=992e291aef574705b32bfc751ca80b18]), partition=RANGE (key) PARTITION 2111085566 <= VALUES
I20260709 12:22:42.072515  8760 tablet_bootstrap.cc:492] T 26ee5ceb3d174ce9b0ae97c67262fd16 P e532be3d806b4fedb13319cfc737e273: Bootstrap starting.
I20260709 12:22:42.073136  8701 data_dirs.cc:400] Could only allocate 1 dirs of requested 3 for tablet fac42d90d94e4e6eb1f0839c8fd0483f. 1 dirs total, 0 dirs full, 0 dirs failed
I20260709 12:22:42.076936  8759 tablet_bootstrap.cc:492] T 881ede5d1a0f43c1ae46ba6873d0095a P f4834db0bf8e4cab829d2ff6b977fc6b: No bootstrap required, opened a new log
I20260709 12:22:42.078326  8760 tablet_bootstrap.cc:654] T 26ee5ceb3d174ce9b0ae97c67262fd16 P e532be3d806b4fedb13319cfc737e273: Neither blocks nor log segments found. Creating new log.
I20260709 12:22:42.083917  8786 leader_election.cc:290] T 692558a4e65742689a23cdee39a9c8a3 P e532be3d806b4fedb13319cfc737e273 [CANDIDATE]: Term 1 election: Requested vote from peers 9cecbf423e244c1abba18cc9d5c44241 (127.7.52.193:36661), f4834db0bf8e4cab829d2ff6b977fc6b (127.7.52.194:37149)
I20260709 12:22:42.084616  8561 tablet_service.cc:1917] Received RequestConsensusVote() RPC: tablet_id: "692558a4e65742689a23cdee39a9c8a3" candidate_uuid: "e532be3d806b4fedb13319cfc737e273" candidate_term: 1 candidate_status { last_received { term: 0 index: 0 } } ignore_live_leader: false dest_uuid: "9cecbf423e244c1abba18cc9d5c44241"
I20260709 12:22:42.089530  8561 raft_consensus.cc:3060] T 692558a4e65742689a23cdee39a9c8a3 P 9cecbf423e244c1abba18cc9d5c44241 [term 0 FOLLOWER]: Advancing to term 1
I20260709 12:22:42.078275  8529 leader_election.cc:304] T 0d160520b6cb4ebbae5eabb6110d3331 P 9cecbf423e244c1abba18cc9d5c44241 [CANDIDATE]: Term 2 pre-election: Election decided. Result: candidate lost. Election summary: received 3 responses out of 3 voters: 1 yes votes; 2 no votes. yes voters: 9cecbf423e244c1abba18cc9d5c44241; no voters: e532be3d806b4fedb13319cfc737e273, f4834db0bf8e4cab829d2ff6b977fc6b
I20260709 12:22:42.084942  8759 ts_tablet_manager.cc:1403] T 881ede5d1a0f43c1ae46ba6873d0095a P f4834db0bf8e4cab829d2ff6b977fc6b: Time spent bootstrapping tablet: real 0.135s	user 0.008s	sys 0.007s
I20260709 12:22:42.077056  8763 tablet_bootstrap.cc:492] T 3d6ab6c789834a73a73562fa04b17a52 P 9cecbf423e244c1abba18cc9d5c44241: No bootstrap required, opened a new log
I20260709 12:22:42.099980  8763 ts_tablet_manager.cc:1403] T 3d6ab6c789834a73a73562fa04b17a52 P 9cecbf423e244c1abba18cc9d5c44241: Time spent bootstrapping tablet: real 0.105s	user 0.022s	sys 0.003s
I20260709 12:22:42.107951  8763 raft_consensus.cc:359] T 3d6ab6c789834a73a73562fa04b17a52 P 9cecbf423e244c1abba18cc9d5c44241 [term 0 FOLLOWER]: Replica starting. Triggering 0 pending ops. Active config: opid_index: -1 OBSOLETE_local: false peers { permanent_uuid: "9cecbf423e244c1abba18cc9d5c44241" member_type: VOTER last_known_addr { host: "127.7.52.193" port: 36661 } } peers { permanent_uuid: "f4834db0bf8e4cab829d2ff6b977fc6b" member_type: VOTER last_known_addr { host: "127.7.52.194" port: 37149 } } peers { permanent_uuid: "e532be3d806b4fedb13319cfc737e273" member_type: VOTER last_known_addr { host: "127.7.52.195" port: 32937 } }
I20260709 12:22:42.108685  8763 raft_consensus.cc:385] T 3d6ab6c789834a73a73562fa04b17a52 P 9cecbf423e244c1abba18cc9d5c44241 [term 0 FOLLOWER]: Consensus starting up: Expiring failure detector timer to make a prompt election more likely
I20260709 12:22:42.109005  8763 raft_consensus.cc:740] T 3d6ab6c789834a73a73562fa04b17a52 P 9cecbf423e244c1abba18cc9d5c44241 [term 0 FOLLOWER]: Becoming Follower/Learner. State: Replica: 9cecbf423e244c1abba18cc9d5c44241, State: Initialized, Role: FOLLOWER
I20260709 12:22:42.109752  8763 consensus_queue.cc:260] T 3d6ab6c789834a73a73562fa04b17a52 P 9cecbf423e244c1abba18cc9d5c44241 [NON_LEADER]: Queue going to NON_LEADER mode. State: All replicated index: 0, Majority replicated index: 0, Committed index: 0, Last appended: 0.0, Last appended by leader: 0, Current term: 0, Majority size: -1, State: 0, Mode: NON_LEADER, active raft config: opid_index: -1 OBSOLETE_local: false peers { permanent_uuid: "9cecbf423e244c1abba18cc9d5c44241" member_type: VOTER last_known_addr { host: "127.7.52.193" port: 36661 } } peers { permanent_uuid: "f4834db0bf8e4cab829d2ff6b977fc6b" member_type: VOTER last_known_addr { host: "127.7.52.194" port: 37149 } } peers { permanent_uuid: "e532be3d806b4fedb13319cfc737e273" member_type: VOTER last_known_addr { host: "127.7.52.195" port: 32937 } }
I20260709 12:22:42.104846  8640 tablet_service.cc:1917] Received RequestConsensusVote() RPC: tablet_id: "692558a4e65742689a23cdee39a9c8a3" candidate_uuid: "e532be3d806b4fedb13319cfc737e273" candidate_term: 1 candidate_status { last_received { term: 0 index: 0 } } ignore_live_leader: false dest_uuid: "f4834db0bf8e4cab829d2ff6b977fc6b"
W20260709 12:22:42.112512  8682 leader_election.cc:343] T 692558a4e65742689a23cdee39a9c8a3 P e532be3d806b4fedb13319cfc737e273 [CANDIDATE]: Term 1 election: Tablet error from VoteRequest() call to peer f4834db0bf8e4cab829d2ff6b977fc6b (127.7.52.194:37149): Illegal state: must be running to vote when last-logged opid is not known
I20260709 12:22:42.115850  8759 raft_consensus.cc:359] T 881ede5d1a0f43c1ae46ba6873d0095a P f4834db0bf8e4cab829d2ff6b977fc6b [term 0 FOLLOWER]: Replica starting. Triggering 0 pending ops. Active config: opid_index: -1 OBSOLETE_local: false peers { permanent_uuid: "9cecbf423e244c1abba18cc9d5c44241" member_type: VOTER last_known_addr { host: "127.7.52.193" port: 36661 } } peers { permanent_uuid: "f4834db0bf8e4cab829d2ff6b977fc6b" member_type: VOTER last_known_addr { host: "127.7.52.194" port: 37149 } } peers { permanent_uuid: "e532be3d806b4fedb13319cfc737e273" member_type: VOTER last_known_addr { host: "127.7.52.195" port: 32937 } }
I20260709 12:22:42.116658  8759 raft_consensus.cc:385] T 881ede5d1a0f43c1ae46ba6873d0095a P f4834db0bf8e4cab829d2ff6b977fc6b [term 0 FOLLOWER]: Consensus starting up: Expiring failure detector timer to make a prompt election more likely
I20260709 12:22:42.116984  8759 raft_consensus.cc:740] T 881ede5d1a0f43c1ae46ba6873d0095a P f4834db0bf8e4cab829d2ff6b977fc6b [term 0 FOLLOWER]: Becoming Follower/Learner. State: Replica: f4834db0bf8e4cab829d2ff6b977fc6b, State: Initialized, Role: FOLLOWER
I20260709 12:22:42.118574  8561 raft_consensus.cc:2468] T 692558a4e65742689a23cdee39a9c8a3 P 9cecbf423e244c1abba18cc9d5c44241 [term 1 FOLLOWER]: Leader election vote request: Granting yes vote for candidate e532be3d806b4fedb13319cfc737e273 in term 1.
I20260709 12:22:42.119913  8681 leader_election.cc:304] T 692558a4e65742689a23cdee39a9c8a3 P e532be3d806b4fedb13319cfc737e273 [CANDIDATE]: Term 1 election: Election decided. Result: candidate won. Election summary: received 3 responses out of 3 voters: 2 yes votes; 1 no votes. yes voters: 9cecbf423e244c1abba18cc9d5c44241, e532be3d806b4fedb13319cfc737e273; no voters: f4834db0bf8e4cab829d2ff6b977fc6b
I20260709 12:22:42.121130  8767 raft_consensus.cc:2804] T 692558a4e65742689a23cdee39a9c8a3 P e532be3d806b4fedb13319cfc737e273 [term 1 FOLLOWER]: Leader election won for term 1
I20260709 12:22:42.121649  8767 raft_consensus.cc:697] T 692558a4e65742689a23cdee39a9c8a3 P e532be3d806b4fedb13319cfc737e273 [term 1 LEADER]: Becoming Leader. State: Replica: e532be3d806b4fedb13319cfc737e273, State: Running, Role: LEADER
I20260709 12:22:42.122570  8767 consensus_queue.cc:237] T 692558a4e65742689a23cdee39a9c8a3 P e532be3d806b4fedb13319cfc737e273 [LEADER]: Queue going to LEADER mode. State: All replicated index: 0, Majority replicated index: 0, Committed index: 0, Last appended: 0.0, Last appended by leader: 0, Current term: 1, Majority size: 2, State: 0, Mode: LEADER, active raft config: opid_index: -1 OBSOLETE_local: false peers { permanent_uuid: "9cecbf423e244c1abba18cc9d5c44241" member_type: VOTER last_known_addr { host: "127.7.52.193" port: 36661 } } peers { permanent_uuid: "f4834db0bf8e4cab829d2ff6b977fc6b" member_type: VOTER last_known_addr { host: "127.7.52.194" port: 37149 } } peers { permanent_uuid: "e532be3d806b4fedb13319cfc737e273" member_type: VOTER last_known_addr { host: "127.7.52.195" port: 32937 } }
I20260709 12:22:42.125144  8794 raft_consensus.cc:2749] T 0d160520b6cb4ebbae5eabb6110d3331 P 9cecbf423e244c1abba18cc9d5c44241 [term 1 FOLLOWER]: Leader pre-election lost for term 2. Reason: could not achieve majority
I20260709 12:22:42.124100  8759 consensus_queue.cc:260] T 881ede5d1a0f43c1ae46ba6873d0095a P f4834db0bf8e4cab829d2ff6b977fc6b [NON_LEADER]: Queue going to NON_LEADER mode. State: All replicated index: 0, Majority replicated index: 0, Committed index: 0, Last appended: 0.0, Last appended by leader: 0, Current term: 0, Majority size: -1, State: 0, Mode: NON_LEADER, active raft config: opid_index: -1 OBSOLETE_local: false peers { permanent_uuid: "9cecbf423e244c1abba18cc9d5c44241" member_type: VOTER last_known_addr { host: "127.7.52.193" port: 36661 } } peers { permanent_uuid: "f4834db0bf8e4cab829d2ff6b977fc6b" member_type: VOTER last_known_addr { host: "127.7.52.194" port: 37149 } } peers { permanent_uuid: "e532be3d806b4fedb13319cfc737e273" member_type: VOTER last_known_addr { host: "127.7.52.195" port: 32937 } }
I20260709 12:22:42.128011  8759 ts_tablet_manager.cc:1434] T 881ede5d1a0f43c1ae46ba6873d0095a P f4834db0bf8e4cab829d2ff6b977fc6b: Time spent starting tablet: real 0.032s	user 0.005s	sys 0.004s
I20260709 12:22:42.129320  8759 tablet_bootstrap.cc:492] T 26ee5ceb3d174ce9b0ae97c67262fd16 P f4834db0bf8e4cab829d2ff6b977fc6b: Bootstrap starting.
I20260709 12:22:42.134233  8760 tablet_bootstrap.cc:492] T 26ee5ceb3d174ce9b0ae97c67262fd16 P e532be3d806b4fedb13319cfc737e273: No bootstrap required, opened a new log
I20260709 12:22:42.134686  8760 ts_tablet_manager.cc:1403] T 26ee5ceb3d174ce9b0ae97c67262fd16 P e532be3d806b4fedb13319cfc737e273: Time spent bootstrapping tablet: real 0.062s	user 0.006s	sys 0.012s
I20260709 12:22:42.137317  8760 raft_consensus.cc:359] T 26ee5ceb3d174ce9b0ae97c67262fd16 P e532be3d806b4fedb13319cfc737e273 [term 0 FOLLOWER]: Replica starting. Triggering 0 pending ops. Active config: opid_index: -1 OBSOLETE_local: false peers { permanent_uuid: "9cecbf423e244c1abba18cc9d5c44241" member_type: VOTER last_known_addr { host: "127.7.52.193" port: 36661 } } peers { permanent_uuid: "f4834db0bf8e4cab829d2ff6b977fc6b" member_type: VOTER last_known_addr { host: "127.7.52.194" port: 37149 } } peers { permanent_uuid: "e532be3d806b4fedb13319cfc737e273" member_type: VOTER last_known_addr { host: "127.7.52.195" port: 32937 } }
I20260709 12:22:42.137965  8760 raft_consensus.cc:385] T 26ee5ceb3d174ce9b0ae97c67262fd16 P e532be3d806b4fedb13319cfc737e273 [term 0 FOLLOWER]: Consensus starting up: Expiring failure detector timer to make a prompt election more likely
I20260709 12:22:42.138233  8760 raft_consensus.cc:740] T 26ee5ceb3d174ce9b0ae97c67262fd16 P e532be3d806b4fedb13319cfc737e273 [term 0 FOLLOWER]: Becoming Follower/Learner. State: Replica: e532be3d806b4fedb13319cfc737e273, State: Initialized, Role: FOLLOWER
I20260709 12:22:42.138876  8760 consensus_queue.cc:260] T 26ee5ceb3d174ce9b0ae97c67262fd16 P e532be3d806b4fedb13319cfc737e273 [NON_LEADER]: Queue going to NON_LEADER mode. State: All replicated index: 0, Majority replicated index: 0, Committed index: 0, Last appended: 0.0, Last appended by leader: 0, Current term: 0, Majority size: -1, State: 0, Mode: NON_LEADER, active raft config: opid_index: -1 OBSOLETE_local: false peers { permanent_uuid: "9cecbf423e244c1abba18cc9d5c44241" member_type: VOTER last_known_addr { host: "127.7.52.193" port: 36661 } } peers { permanent_uuid: "f4834db0bf8e4cab829d2ff6b977fc6b" member_type: VOTER last_known_addr { host: "127.7.52.194" port: 37149 } } peers { permanent_uuid: "e532be3d806b4fedb13319cfc737e273" member_type: VOTER last_known_addr { host: "127.7.52.195" port: 32937 } }
I20260709 12:22:42.147780  8759 tablet_bootstrap.cc:654] T 26ee5ceb3d174ce9b0ae97c67262fd16 P f4834db0bf8e4cab829d2ff6b977fc6b: Neither blocks nor log segments found. Creating new log.
I20260709 12:22:42.150290  8760 ts_tablet_manager.cc:1434] T 26ee5ceb3d174ce9b0ae97c67262fd16 P e532be3d806b4fedb13319cfc737e273: Time spent starting tablet: real 0.015s	user 0.005s	sys 0.001s
I20260709 12:22:42.149596  8763 ts_tablet_manager.cc:1434] T 3d6ab6c789834a73a73562fa04b17a52 P 9cecbf423e244c1abba18cc9d5c44241: Time spent starting tablet: real 0.047s	user 0.010s	sys 0.004s
I20260709 12:22:42.151515  8763 tablet_bootstrap.cc:492] T 89bbffd45aa549f892f8117c2fea32d0 P 9cecbf423e244c1abba18cc9d5c44241: Bootstrap starting.
I20260709 12:22:42.151626  8760 tablet_bootstrap.cc:492] T e9cd1cbd4c624a6588104fa1cafd8e7f P e532be3d806b4fedb13319cfc737e273: Bootstrap starting.
I20260709 12:22:42.160250  8763 tablet_bootstrap.cc:654] T 89bbffd45aa549f892f8117c2fea32d0 P 9cecbf423e244c1abba18cc9d5c44241: Neither blocks nor log segments found. Creating new log.
I20260709 12:22:42.162186  8760 tablet_bootstrap.cc:654] T e9cd1cbd4c624a6588104fa1cafd8e7f P e532be3d806b4fedb13319cfc737e273: Neither blocks nor log segments found. Creating new log.
I20260709 12:22:42.166679  8458 catalog_manager.cc:5697] T 692558a4e65742689a23cdee39a9c8a3 P e532be3d806b4fedb13319cfc737e273 reported cstate change: term changed from 0 to 1, leader changed from <none> to e532be3d806b4fedb13319cfc737e273 (127.7.52.195). New cstate: current_term: 1 leader_uuid: "e532be3d806b4fedb13319cfc737e273" committed_config { opid_index: -1 OBSOLETE_local: false peers { permanent_uuid: "9cecbf423e244c1abba18cc9d5c44241" member_type: VOTER last_known_addr { host: "127.7.52.193" port: 36661 } health_report { overall_health: UNKNOWN } } peers { permanent_uuid: "f4834db0bf8e4cab829d2ff6b977fc6b" member_type: VOTER last_known_addr { host: "127.7.52.194" port: 37149 } health_report { overall_health: UNKNOWN } } peers { permanent_uuid: "e532be3d806b4fedb13319cfc737e273" member_type: VOTER last_known_addr { host: "127.7.52.195" port: 32937 } health_report { overall_health: HEALTHY } } }
W20260709 12:22:42.173439  8601 consensus_peers.cc:597] T 55fab47cf12b471685b4589b1debc0a4 P f4834db0bf8e4cab829d2ff6b977fc6b -> Peer 9cecbf423e244c1abba18cc9d5c44241 (127.7.52.193:36661): Couldn't send request to peer 9cecbf423e244c1abba18cc9d5c44241. Error code: TABLET_NOT_RUNNING (12). Status: Illegal state: Tablet not RUNNING: INITIALIZED. This is attempt 1: this message will repeat every 5th retry.
I20260709 12:22:42.174657  8763 tablet_bootstrap.cc:492] T 89bbffd45aa549f892f8117c2fea32d0 P 9cecbf423e244c1abba18cc9d5c44241: No bootstrap required, opened a new log
I20260709 12:22:42.175341  8763 ts_tablet_manager.cc:1403] T 89bbffd45aa549f892f8117c2fea32d0 P 9cecbf423e244c1abba18cc9d5c44241: Time spent bootstrapping tablet: real 0.024s	user 0.011s	sys 0.000s
I20260709 12:22:42.179040  8763 raft_consensus.cc:359] T 89bbffd45aa549f892f8117c2fea32d0 P 9cecbf423e244c1abba18cc9d5c44241 [term 0 FOLLOWER]: Replica starting. Triggering 0 pending ops. Active config: opid_index: -1 OBSOLETE_local: false peers { permanent_uuid: "9cecbf423e244c1abba18cc9d5c44241" member_type: VOTER last_known_addr { host: "127.7.52.193" port: 36661 } } peers { permanent_uuid: "f4834db0bf8e4cab829d2ff6b977fc6b" member_type: VOTER last_known_addr { host: "127.7.52.194" port: 37149 } } peers { permanent_uuid: "e532be3d806b4fedb13319cfc737e273" member_type: VOTER last_known_addr { host: "127.7.52.195" port: 32937 } }
I20260709 12:22:42.180105  8763 raft_consensus.cc:385] T 89bbffd45aa549f892f8117c2fea32d0 P 9cecbf423e244c1abba18cc9d5c44241 [term 0 FOLLOWER]: Consensus starting up: Expiring failure detector timer to make a prompt election more likely
I20260709 12:22:42.180509  8763 raft_consensus.cc:740] T 89bbffd45aa549f892f8117c2fea32d0 P 9cecbf423e244c1abba18cc9d5c44241 [term 0 FOLLOWER]: Becoming Follower/Learner. State: Replica: 9cecbf423e244c1abba18cc9d5c44241, State: Initialized, Role: FOLLOWER
I20260709 12:22:42.181470  8763 consensus_queue.cc:260] T 89bbffd45aa549f892f8117c2fea32d0 P 9cecbf423e244c1abba18cc9d5c44241 [NON_LEADER]: Queue going to NON_LEADER mode. State: All replicated index: 0, Majority replicated index: 0, Committed index: 0, Last appended: 0.0, Last appended by leader: 0, Current term: 0, Majority size: -1, State: 0, Mode: NON_LEADER, active raft config: opid_index: -1 OBSOLETE_local: false peers { permanent_uuid: "9cecbf423e244c1abba18cc9d5c44241" member_type: VOTER last_known_addr { host: "127.7.52.193" port: 36661 } } peers { permanent_uuid: "f4834db0bf8e4cab829d2ff6b977fc6b" member_type: VOTER last_known_addr { host: "127.7.52.194" port: 37149 } } peers { permanent_uuid: "e532be3d806b4fedb13319cfc737e273" member_type: VOTER last_known_addr { host: "127.7.52.195" port: 32937 } }
I20260709 12:22:42.184389  8763 ts_tablet_manager.cc:1434] T 89bbffd45aa549f892f8117c2fea32d0 P 9cecbf423e244c1abba18cc9d5c44241: Time spent starting tablet: real 0.009s	user 0.010s	sys 0.000s
I20260709 12:22:42.185638  8763 tablet_bootstrap.cc:492] T 55fab47cf12b471685b4589b1debc0a4 P 9cecbf423e244c1abba18cc9d5c44241: Bootstrap starting.
I20260709 12:22:42.194144  8763 tablet_bootstrap.cc:654] T 55fab47cf12b471685b4589b1debc0a4 P 9cecbf423e244c1abba18cc9d5c44241: Neither blocks nor log segments found. Creating new log.
I20260709 12:22:42.207192  8641 raft_consensus.cc:3060] T 881ede5d1a0f43c1ae46ba6873d0095a P f4834db0bf8e4cab829d2ff6b977fc6b [term 0 FOLLOWER]: Advancing to term 1
I20260709 12:22:42.212182  8763 tablet_bootstrap.cc:492] T 55fab47cf12b471685b4589b1debc0a4 P 9cecbf423e244c1abba18cc9d5c44241: No bootstrap required, opened a new log
I20260709 12:22:42.212277  8760 tablet_bootstrap.cc:492] T e9cd1cbd4c624a6588104fa1cafd8e7f P e532be3d806b4fedb13319cfc737e273: No bootstrap required, opened a new log
I20260709 12:22:42.212786  8763 ts_tablet_manager.cc:1403] T 55fab47cf12b471685b4589b1debc0a4 P 9cecbf423e244c1abba18cc9d5c44241: Time spent bootstrapping tablet: real 0.027s	user 0.019s	sys 0.005s
I20260709 12:22:42.212823  8760 ts_tablet_manager.cc:1403] T e9cd1cbd4c624a6588104fa1cafd8e7f P e532be3d806b4fedb13319cfc737e273: Time spent bootstrapping tablet: real 0.061s	user 0.029s	sys 0.023s
I20260709 12:22:42.213236  8759 tablet_bootstrap.cc:492] T 26ee5ceb3d174ce9b0ae97c67262fd16 P f4834db0bf8e4cab829d2ff6b977fc6b: No bootstrap required, opened a new log
W20260709 12:22:42.213335  8682 consensus_peers.cc:597] T 5b5900638f0344cbaf301bec4c304fb7 P e532be3d806b4fedb13319cfc737e273 -> Peer f4834db0bf8e4cab829d2ff6b977fc6b (127.7.52.194:37149): Couldn't send request to peer f4834db0bf8e4cab829d2ff6b977fc6b. Error code: TABLET_NOT_RUNNING (12). Status: Illegal state: Tablet not RUNNING: INITIALIZED. This is attempt 1: this message will repeat every 5th retry.
I20260709 12:22:42.213860  8759 ts_tablet_manager.cc:1403] T 26ee5ceb3d174ce9b0ae97c67262fd16 P f4834db0bf8e4cab829d2ff6b977fc6b: Time spent bootstrapping tablet: real 0.085s	user 0.016s	sys 0.037s
I20260709 12:22:42.215662  8760 raft_consensus.cc:359] T e9cd1cbd4c624a6588104fa1cafd8e7f P e532be3d806b4fedb13319cfc737e273 [term 0 FOLLOWER]: Replica starting. Triggering 0 pending ops. Active config: opid_index: -1 OBSOLETE_local: false peers { permanent_uuid: "9cecbf423e244c1abba18cc9d5c44241" member_type: VOTER last_known_addr { host: "127.7.52.193" port: 36661 } } peers { permanent_uuid: "f4834db0bf8e4cab829d2ff6b977fc6b" member_type: VOTER last_known_addr { host: "127.7.52.194" port: 37149 } } peers { permanent_uuid: "e532be3d806b4fedb13319cfc737e273" member_type: VOTER last_known_addr { host: "127.7.52.195" port: 32937 } }
I20260709 12:22:42.216385  8760 raft_consensus.cc:385] T e9cd1cbd4c624a6588104fa1cafd8e7f P e532be3d806b4fedb13319cfc737e273 [term 0 FOLLOWER]: Consensus starting up: Expiring failure detector timer to make a prompt election more likely
I20260709 12:22:42.216049  8763 raft_consensus.cc:359] T 55fab47cf12b471685b4589b1debc0a4 P 9cecbf423e244c1abba18cc9d5c44241 [term 0 FOLLOWER]: Replica starting. Triggering 0 pending ops. Active config: opid_index: -1 OBSOLETE_local: false peers { permanent_uuid: "9cecbf423e244c1abba18cc9d5c44241" member_type: VOTER last_known_addr { host: "127.7.52.193" port: 36661 } } peers { permanent_uuid: "f4834db0bf8e4cab829d2ff6b977fc6b" member_type: VOTER last_known_addr { host: "127.7.52.194" port: 37149 } } peers { permanent_uuid: "e532be3d806b4fedb13319cfc737e273" member_type: VOTER last_known_addr { host: "127.7.52.195" port: 32937 } }
I20260709 12:22:42.216683  8760 raft_consensus.cc:740] T e9cd1cbd4c624a6588104fa1cafd8e7f P e532be3d806b4fedb13319cfc737e273 [term 0 FOLLOWER]: Becoming Follower/Learner. State: Replica: e532be3d806b4fedb13319cfc737e273, State: Initialized, Role: FOLLOWER
I20260709 12:22:42.216812  8763 raft_consensus.cc:385] T 55fab47cf12b471685b4589b1debc0a4 P 9cecbf423e244c1abba18cc9d5c44241 [term 0 FOLLOWER]: Consensus starting up: Expiring failure detector timer to make a prompt election more likely
I20260709 12:22:42.217290  8763 raft_consensus.cc:740] T 55fab47cf12b471685b4589b1debc0a4 P 9cecbf423e244c1abba18cc9d5c44241 [term 0 FOLLOWER]: Becoming Follower/Learner. State: Replica: 9cecbf423e244c1abba18cc9d5c44241, State: Initialized, Role: FOLLOWER
I20260709 12:22:42.217038  8759 raft_consensus.cc:359] T 26ee5ceb3d174ce9b0ae97c67262fd16 P f4834db0bf8e4cab829d2ff6b977fc6b [term 0 FOLLOWER]: Replica starting. Triggering 0 pending ops. Active config: opid_index: -1 OBSOLETE_local: false peers { permanent_uuid: "9cecbf423e244c1abba18cc9d5c44241" member_type: VOTER last_known_addr { host: "127.7.52.193" port: 36661 } } peers { permanent_uuid: "f4834db0bf8e4cab829d2ff6b977fc6b" member_type: VOTER last_known_addr { host: "127.7.52.194" port: 37149 } } peers { permanent_uuid: "e532be3d806b4fedb13319cfc737e273" member_type: VOTER last_known_addr { host: "127.7.52.195" port: 32937 } }
I20260709 12:22:42.217549  8760 consensus_queue.cc:260] T e9cd1cbd4c624a6588104fa1cafd8e7f P e532be3d806b4fedb13319cfc737e273 [NON_LEADER]: Queue going to NON_LEADER mode. State: All replicated index: 0, Majority replicated index: 0, Committed index: 0, Last appended: 0.0, Last appended by leader: 0, Current term: 0, Majority size: -1, State: 0, Mode: NON_LEADER, active raft config: opid_index: -1 OBSOLETE_local: false peers { permanent_uuid: "9cecbf423e244c1abba18cc9d5c44241" member_type: VOTER last_known_addr { host: "127.7.52.193" port: 36661 } } peers { permanent_uuid: "f4834db0bf8e4cab829d2ff6b977fc6b" member_type: VOTER last_known_addr { host: "127.7.52.194" port: 37149 } } peers { permanent_uuid: "e532be3d806b4fedb13319cfc737e273" member_type: VOTER last_known_addr { host: "127.7.52.195" port: 32937 } }
I20260709 12:22:42.217932  8759 raft_consensus.cc:385] T 26ee5ceb3d174ce9b0ae97c67262fd16 P f4834db0bf8e4cab829d2ff6b977fc6b [term 0 FOLLOWER]: Consensus starting up: Expiring failure detector timer to make a prompt election more likely
I20260709 12:22:42.218430  8759 raft_consensus.cc:740] T 26ee5ceb3d174ce9b0ae97c67262fd16 P f4834db0bf8e4cab829d2ff6b977fc6b [term 0 FOLLOWER]: Becoming Follower/Learner. State: Replica: f4834db0bf8e4cab829d2ff6b977fc6b, State: Initialized, Role: FOLLOWER
I20260709 12:22:42.219460  8759 consensus_queue.cc:260] T 26ee5ceb3d174ce9b0ae97c67262fd16 P f4834db0bf8e4cab829d2ff6b977fc6b [NON_LEADER]: Queue going to NON_LEADER mode. State: All replicated index: 0, Majority replicated index: 0, Committed index: 0, Last appended: 0.0, Last appended by leader: 0, Current term: 0, Majority size: -1, State: 0, Mode: NON_LEADER, active raft config: opid_index: -1 OBSOLETE_local: false peers { permanent_uuid: "9cecbf423e244c1abba18cc9d5c44241" member_type: VOTER last_known_addr { host: "127.7.52.193" port: 36661 } } peers { permanent_uuid: "f4834db0bf8e4cab829d2ff6b977fc6b" member_type: VOTER last_known_addr { host: "127.7.52.194" port: 37149 } } peers { permanent_uuid: "e532be3d806b4fedb13319cfc737e273" member_type: VOTER last_known_addr { host: "127.7.52.195" port: 32937 } }
I20260709 12:22:42.221984  8759 ts_tablet_manager.cc:1434] T 26ee5ceb3d174ce9b0ae97c67262fd16 P f4834db0bf8e4cab829d2ff6b977fc6b: Time spent starting tablet: real 0.008s	user 0.006s	sys 0.000s
I20260709 12:22:42.222967  8759 tablet_bootstrap.cc:492] T 692558a4e65742689a23cdee39a9c8a3 P f4834db0bf8e4cab829d2ff6b977fc6b: Bootstrap starting.
I20260709 12:22:42.219980  8760 ts_tablet_manager.cc:1434] T e9cd1cbd4c624a6588104fa1cafd8e7f P e532be3d806b4fedb13319cfc737e273: Time spent starting tablet: real 0.007s	user 0.007s	sys 0.000s
I20260709 12:22:42.224910  8760 tablet_bootstrap.cc:492] T 727fe04d0adc49eab2aecc52bf2c5241 P e532be3d806b4fedb13319cfc737e273: Bootstrap starting.
I20260709 12:22:42.230010  8759 tablet_bootstrap.cc:654] T 692558a4e65742689a23cdee39a9c8a3 P f4834db0bf8e4cab829d2ff6b977fc6b: Neither blocks nor log segments found. Creating new log.
I20260709 12:22:42.218210  8763 consensus_queue.cc:260] T 55fab47cf12b471685b4589b1debc0a4 P 9cecbf423e244c1abba18cc9d5c44241 [NON_LEADER]: Queue going to NON_LEADER mode. State: All replicated index: 0, Majority replicated index: 0, Committed index: 0, Last appended: 0.0, Last appended by leader: 0, Current term: 0, Majority size: -1, State: 0, Mode: NON_LEADER, active raft config: opid_index: -1 OBSOLETE_local: false peers { permanent_uuid: "9cecbf423e244c1abba18cc9d5c44241" member_type: VOTER last_known_addr { host: "127.7.52.193" port: 36661 } } peers { permanent_uuid: "f4834db0bf8e4cab829d2ff6b977fc6b" member_type: VOTER last_known_addr { host: "127.7.52.194" port: 37149 } } peers { permanent_uuid: "e532be3d806b4fedb13319cfc737e273" member_type: VOTER last_known_addr { host: "127.7.52.195" port: 32937 } }
I20260709 12:22:42.232435  8763 ts_tablet_manager.cc:1434] T 55fab47cf12b471685b4589b1debc0a4 P 9cecbf423e244c1abba18cc9d5c44241: Time spent starting tablet: real 0.019s	user 0.007s	sys 0.000s
I20260709 12:22:42.235150  8760 tablet_bootstrap.cc:654] T 727fe04d0adc49eab2aecc52bf2c5241 P e532be3d806b4fedb13319cfc737e273: Neither blocks nor log segments found. Creating new log.
I20260709 12:22:42.249491  8561 raft_consensus.cc:3060] T 89bbffd45aa549f892f8117c2fea32d0 P 9cecbf423e244c1abba18cc9d5c44241 [term 0 FOLLOWER]: Advancing to term 1
I20260709 12:22:42.257007  8763 tablet_bootstrap.cc:492] T 727fe04d0adc49eab2aecc52bf2c5241 P 9cecbf423e244c1abba18cc9d5c44241: Bootstrap starting.
I20260709 12:22:42.263460  8797 consensus_queue.cc:1048] T 55fab47cf12b471685b4589b1debc0a4 P f4834db0bf8e4cab829d2ff6b977fc6b [LEADER]: Connected to new peer: Peer: permanent_uuid: "e532be3d806b4fedb13319cfc737e273" member_type: VOTER last_known_addr { host: "127.7.52.195" port: 32937 }, Status: LMP_MISMATCH, Last received: 0.0, Next index: 1, Last known committed idx: 0, Time since last communication: 0.001s
I20260709 12:22:42.265771  8763 tablet_bootstrap.cc:654] T 727fe04d0adc49eab2aecc52bf2c5241 P 9cecbf423e244c1abba18cc9d5c44241: Neither blocks nor log segments found. Creating new log.
I20260709 12:22:42.271456  8759 tablet_bootstrap.cc:492] T 692558a4e65742689a23cdee39a9c8a3 P f4834db0bf8e4cab829d2ff6b977fc6b: No bootstrap required, opened a new log
I20260709 12:22:42.272083  8759 ts_tablet_manager.cc:1403] T 692558a4e65742689a23cdee39a9c8a3 P f4834db0bf8e4cab829d2ff6b977fc6b: Time spent bootstrapping tablet: real 0.049s	user 0.018s	sys 0.030s
I20260709 12:22:42.275556  8759 raft_consensus.cc:359] T 692558a4e65742689a23cdee39a9c8a3 P f4834db0bf8e4cab829d2ff6b977fc6b [term 0 FOLLOWER]: Replica starting. Triggering 0 pending ops. Active config: opid_index: -1 OBSOLETE_local: false peers { permanent_uuid: "9cecbf423e244c1abba18cc9d5c44241" member_type: VOTER last_known_addr { host: "127.7.52.193" port: 36661 } } peers { permanent_uuid: "f4834db0bf8e4cab829d2ff6b977fc6b" member_type: VOTER last_known_addr { host: "127.7.52.194" port: 37149 } } peers { permanent_uuid: "e532be3d806b4fedb13319cfc737e273" member_type: VOTER last_known_addr { host: "127.7.52.195" port: 32937 } }
I20260709 12:22:42.276525  8759 raft_consensus.cc:385] T 692558a4e65742689a23cdee39a9c8a3 P f4834db0bf8e4cab829d2ff6b977fc6b [term 0 FOLLOWER]: Consensus starting up: Expiring failure detector timer to make a prompt election more likely
I20260709 12:22:42.276877  8759 raft_consensus.cc:740] T 692558a4e65742689a23cdee39a9c8a3 P f4834db0bf8e4cab829d2ff6b977fc6b [term 0 FOLLOWER]: Becoming Follower/Learner. State: Replica: f4834db0bf8e4cab829d2ff6b977fc6b, State: Initialized, Role: FOLLOWER
I20260709 12:22:42.277765  8759 consensus_queue.cc:260] T 692558a4e65742689a23cdee39a9c8a3 P f4834db0bf8e4cab829d2ff6b977fc6b [NON_LEADER]: Queue going to NON_LEADER mode. State: All replicated index: 0, Majority replicated index: 0, Committed index: 0, Last appended: 0.0, Last appended by leader: 0, Current term: 0, Majority size: -1, State: 0, Mode: NON_LEADER, active raft config: opid_index: -1 OBSOLETE_local: false peers { permanent_uuid: "9cecbf423e244c1abba18cc9d5c44241" member_type: VOTER last_known_addr { host: "127.7.52.193" port: 36661 } } peers { permanent_uuid: "f4834db0bf8e4cab829d2ff6b977fc6b" member_type: VOTER last_known_addr { host: "127.7.52.194" port: 37149 } } peers { permanent_uuid: "e532be3d806b4fedb13319cfc737e273" member_type: VOTER last_known_addr { host: "127.7.52.195" port: 32937 } }
I20260709 12:22:42.280405  8759 ts_tablet_manager.cc:1434] T 692558a4e65742689a23cdee39a9c8a3 P f4834db0bf8e4cab829d2ff6b977fc6b: Time spent starting tablet: real 0.008s	user 0.007s	sys 0.001s
I20260709 12:22:42.281263  8759 tablet_bootstrap.cc:492] T 5b5900638f0344cbaf301bec4c304fb7 P f4834db0bf8e4cab829d2ff6b977fc6b: Bootstrap starting.
I20260709 12:22:42.281395  8763 tablet_bootstrap.cc:492] T 727fe04d0adc49eab2aecc52bf2c5241 P 9cecbf423e244c1abba18cc9d5c44241: No bootstrap required, opened a new log
I20260709 12:22:42.281963  8763 ts_tablet_manager.cc:1403] T 727fe04d0adc49eab2aecc52bf2c5241 P 9cecbf423e244c1abba18cc9d5c44241: Time spent bootstrapping tablet: real 0.025s	user 0.019s	sys 0.004s
I20260709 12:22:42.290216  8763 raft_consensus.cc:359] T 727fe04d0adc49eab2aecc52bf2c5241 P 9cecbf423e244c1abba18cc9d5c44241 [term 0 FOLLOWER]: Replica starting. Triggering 0 pending ops. Active config: opid_index: -1 OBSOLETE_local: false peers { permanent_uuid: "9cecbf423e244c1abba18cc9d5c44241" member_type: VOTER last_known_addr { host: "127.7.52.193" port: 36661 } } peers { permanent_uuid: "f4834db0bf8e4cab829d2ff6b977fc6b" member_type: VOTER last_known_addr { host: "127.7.52.194" port: 37149 } } peers { permanent_uuid: "e532be3d806b4fedb13319cfc737e273" member_type: VOTER last_known_addr { host: "127.7.52.195" port: 32937 } }
I20260709 12:22:42.291052  8763 raft_consensus.cc:385] T 727fe04d0adc49eab2aecc52bf2c5241 P 9cecbf423e244c1abba18cc9d5c44241 [term 0 FOLLOWER]: Consensus starting up: Expiring failure detector timer to make a prompt election more likely
I20260709 12:22:42.291105  8759 tablet_bootstrap.cc:654] T 5b5900638f0344cbaf301bec4c304fb7 P f4834db0bf8e4cab829d2ff6b977fc6b: Neither blocks nor log segments found. Creating new log.
I20260709 12:22:42.291553  8763 raft_consensus.cc:740] T 727fe04d0adc49eab2aecc52bf2c5241 P 9cecbf423e244c1abba18cc9d5c44241 [term 0 FOLLOWER]: Becoming Follower/Learner. State: Replica: 9cecbf423e244c1abba18cc9d5c44241, State: Initialized, Role: FOLLOWER
I20260709 12:22:42.295346  8818 raft_consensus.cc:493] T 89bbffd45aa549f892f8117c2fea32d0 P 9cecbf423e244c1abba18cc9d5c44241 [term 1 FOLLOWER]: Starting pre-election (detected failure of leader e532be3d806b4fedb13319cfc737e273)
I20260709 12:22:42.296046  8818 raft_consensus.cc:515] T 89bbffd45aa549f892f8117c2fea32d0 P 9cecbf423e244c1abba18cc9d5c44241 [term 1 FOLLOWER]: Starting pre-election with config: opid_index: -1 OBSOLETE_local: false peers { permanent_uuid: "9cecbf423e244c1abba18cc9d5c44241" member_type: VOTER last_known_addr { host: "127.7.52.193" port: 36661 } } peers { permanent_uuid: "f4834db0bf8e4cab829d2ff6b977fc6b" member_type: VOTER last_known_addr { host: "127.7.52.194" port: 37149 } } peers { permanent_uuid: "e532be3d806b4fedb13319cfc737e273" member_type: VOTER last_known_addr { host: "127.7.52.195" port: 32937 } }
