I20260709 12:22:15.514415  8178 raft_consensus.cc:515] T d0854ac4d00c42409c33e8fb185ae0c9 P f4ccc265235645909b9039aa8cc54d37 [term 3 FOLLOWER]: Starting forced leader election with config: opid_index: -1 OBSOLETE_local: false peers { permanent_uuid: "9b618071ac3047a086dc2c67e2b2917c" member_type: VOTER last_known_addr { host: "127.7.52.193" port: 34355 } } peers { permanent_uuid: "6e5e1aadee6a4698a0d87b3248fa1dee" member_type: VOTER last_known_addr { host: "127.7.52.194" port: 43415 } } peers { permanent_uuid: "f4ccc265235645909b9039aa8cc54d37" member_type: VOTER last_known_addr { host: "127.7.52.195" port: 40345 } }
I20260709 12:22:15.515774  8178 leader_election.cc:290] T d0854ac4d00c42409c33e8fb185ae0c9 P f4ccc265235645909b9039aa8cc54d37 [CANDIDATE]: Term 3 election: Requested vote from peers 9b618071ac3047a086dc2c67e2b2917c (127.7.52.193:34355), 6e5e1aadee6a4698a0d87b3248fa1dee (127.7.52.194:43415)
I20260709 12:22:15.516727  8027 tablet_service.cc:1917] Received RequestConsensusVote() RPC: tablet_id: "d0854ac4d00c42409c33e8fb185ae0c9" candidate_uuid: "f4ccc265235645909b9039aa8cc54d37" candidate_term: 3 candidate_status { last_received { term: 2 index: 2 } } ignore_live_leader: true dest_uuid: "9b618071ac3047a086dc2c67e2b2917c"
I20260709 12:22:15.516782  8103 tablet_service.cc:1917] Received RequestConsensusVote() RPC: tablet_id: "d0854ac4d00c42409c33e8fb185ae0c9" candidate_uuid: "f4ccc265235645909b9039aa8cc54d37" candidate_term: 3 candidate_status { last_received { term: 2 index: 2 } } ignore_live_leader: true dest_uuid: "6e5e1aadee6a4698a0d87b3248fa1dee"
I20260709 12:22:15.517418  8027 raft_consensus.cc:3055] T d0854ac4d00c42409c33e8fb185ae0c9 P 9b618071ac3047a086dc2c67e2b2917c [term 2 LEADER]: Stepping down as leader of term 2
I20260709 12:22:15.517447  8103 raft_consensus.cc:3060] T d0854ac4d00c42409c33e8fb185ae0c9 P 6e5e1aadee6a4698a0d87b3248fa1dee [term 2 FOLLOWER]: Advancing to term 3
I20260709 12:22:15.517891  8027 raft_consensus.cc:740] T d0854ac4d00c42409c33e8fb185ae0c9 P 9b618071ac3047a086dc2c67e2b2917c [term 2 LEADER]: Becoming Follower/Learner. State: Replica: 9b618071ac3047a086dc2c67e2b2917c, State: Running, Role: LEADER
I20260709 12:22:15.518632  8027 consensus_queue.cc:260] T d0854ac4d00c42409c33e8fb185ae0c9 P 9b618071ac3047a086dc2c67e2b2917c [NON_LEADER]: Queue going to NON_LEADER mode. State: All replicated index: 0, Majority replicated index: 2, Committed index: 2, Last appended: 2.2, Last appended by leader: 2, Current term: 2, Majority size: -1, State: 0, Mode: NON_LEADER, active raft config: opid_index: -1 OBSOLETE_local: false peers { permanent_uuid: "9b618071ac3047a086dc2c67e2b2917c" member_type: VOTER last_known_addr { host: "127.7.52.193" port: 34355 } } peers { permanent_uuid: "6e5e1aadee6a4698a0d87b3248fa1dee" member_type: VOTER last_known_addr { host: "127.7.52.194" port: 43415 } } peers { permanent_uuid: "f4ccc265235645909b9039aa8cc54d37" member_type: VOTER last_known_addr { host: "127.7.52.195" port: 40345 } }
I20260709 12:22:15.519711  8027 raft_consensus.cc:3060] T d0854ac4d00c42409c33e8fb185ae0c9 P 9b618071ac3047a086dc2c67e2b2917c [term 2 FOLLOWER]: Advancing to term 3
I20260709 12:22:15.524380  8103 raft_consensus.cc:2468] T d0854ac4d00c42409c33e8fb185ae0c9 P 6e5e1aadee6a4698a0d87b3248fa1dee [term 3 FOLLOWER]: Leader election vote request: Granting yes vote for candidate f4ccc265235645909b9039aa8cc54d37 in term 3.
I20260709 12:22:15.525511  8141 leader_election.cc:304] T d0854ac4d00c42409c33e8fb185ae0c9 P f4ccc265235645909b9039aa8cc54d37 [CANDIDATE]: Term 3 election: Election decided. Result: candidate won. Election summary: received 2 responses out of 3 voters: 2 yes votes; 0 no votes. yes voters: 6e5e1aadee6a4698a0d87b3248fa1dee, f4ccc265235645909b9039aa8cc54d37; no voters: 
I20260709 12:22:15.525731  8027 raft_consensus.cc:2468] T d0854ac4d00c42409c33e8fb185ae0c9 P 9b618071ac3047a086dc2c67e2b2917c [term 3 FOLLOWER]: Leader election vote request: Granting yes vote for candidate f4ccc265235645909b9039aa8cc54d37 in term 3.
I20260709 12:22:15.526216  8326 raft_consensus.cc:2804] T d0854ac4d00c42409c33e8fb185ae0c9 P f4ccc265235645909b9039aa8cc54d37 [term 3 FOLLOWER]: Leader election won for term 3
I20260709 12:22:15.526723  8326 raft_consensus.cc:697] T d0854ac4d00c42409c33e8fb185ae0c9 P f4ccc265235645909b9039aa8cc54d37 [term 3 LEADER]: Becoming Leader. State: Replica: f4ccc265235645909b9039aa8cc54d37, State: Running, Role: LEADER
I20260709 12:22:15.527410  8326 consensus_queue.cc:237] T d0854ac4d00c42409c33e8fb185ae0c9 P f4ccc265235645909b9039aa8cc54d37 [LEADER]: Queue going to LEADER mode. State: All replicated index: 0, Majority replicated index: 2, Committed index: 2, Last appended: 2.2, Last appended by leader: 2, Current term: 3, Majority size: 2, State: 0, Mode: LEADER, active raft config: opid_index: -1 OBSOLETE_local: false peers { permanent_uuid: "9b618071ac3047a086dc2c67e2b2917c" member_type: VOTER last_known_addr { host: "127.7.52.193" port: 34355 } } peers { permanent_uuid: "6e5e1aadee6a4698a0d87b3248fa1dee" member_type: VOTER last_known_addr { host: "127.7.52.194" port: 43415 } } peers { permanent_uuid: "f4ccc265235645909b9039aa8cc54d37" member_type: VOTER last_known_addr { host: "127.7.52.195" port: 40345 } }
I20260709 12:22:15.533936  7924 catalog_manager.cc:5697] T d0854ac4d00c42409c33e8fb185ae0c9 P f4ccc265235645909b9039aa8cc54d37 reported cstate change: term changed from 2 to 3, leader changed from 9b618071ac3047a086dc2c67e2b2917c (127.7.52.193) to f4ccc265235645909b9039aa8cc54d37 (127.7.52.195). New cstate: current_term: 3 leader_uuid: "f4ccc265235645909b9039aa8cc54d37" committed_config { opid_index: -1 OBSOLETE_local: false peers { permanent_uuid: "9b618071ac3047a086dc2c67e2b2917c" member_type: VOTER last_known_addr { host: "127.7.52.193" port: 34355 } health_report { overall_health: UNKNOWN } } peers { permanent_uuid: "6e5e1aadee6a4698a0d87b3248fa1dee" member_type: VOTER last_known_addr { host: "127.7.52.194" port: 43415 } health_report { overall_health: UNKNOWN } } peers { permanent_uuid: "f4ccc265235645909b9039aa8cc54d37" member_type: VOTER last_known_addr { host: "127.7.52.195" port: 40345 } health_report { overall_health: HEALTHY } } }
I20260709 12:22:15.710584  8027 raft_consensus.cc:1275] T 3219eb439af645f1b78c6fcbd5a8403b P 9b618071ac3047a086dc2c67e2b2917c [term 3 FOLLOWER]: Refusing update from remote peer f4ccc265235645909b9039aa8cc54d37: Log matching property violated. Preceding OpId in replica: term: 2 index: 2. Preceding OpId from leader: term: 3 index: 3. (index mismatch)
I20260709 12:22:15.711789  8326 consensus_queue.cc:1048] T 3219eb439af645f1b78c6fcbd5a8403b P f4ccc265235645909b9039aa8cc54d37 [LEADER]: Connected to new peer: Peer: permanent_uuid: "9b618071ac3047a086dc2c67e2b2917c" member_type: VOTER last_known_addr { host: "127.7.52.193" port: 34355 }, Status: LMP_MISMATCH, Last received: 0.0, Next index: 3, Last known committed idx: 2, Time since last communication: 0.000s
I20260709 12:22:15.720552  8103 raft_consensus.cc:1275] T 3219eb439af645f1b78c6fcbd5a8403b P 6e5e1aadee6a4698a0d87b3248fa1dee [term 3 FOLLOWER]: Refusing update from remote peer f4ccc265235645909b9039aa8cc54d37: Log matching property violated. Preceding OpId in replica: term: 2 index: 2. Preceding OpId from leader: term: 3 index: 3. (index mismatch)
I20260709 12:22:15.722447  8326 consensus_queue.cc:1048] T 3219eb439af645f1b78c6fcbd5a8403b P f4ccc265235645909b9039aa8cc54d37 [LEADER]: Connected to new peer: Peer: permanent_uuid: "6e5e1aadee6a4698a0d87b3248fa1dee" member_type: VOTER last_known_addr { host: "127.7.52.194" port: 43415 }, Status: LMP_MISMATCH, Last received: 0.0, Next index: 3, Last known committed idx: 2, Time since last communication: 0.000s
I20260709 12:22:15.918643  7379 auto_leader_rebalancer.cc:141] leader rebalance for table test-workload
I20260709 12:22:15.923859  7379 auto_leader_rebalancer.cc:440] table: test-workload, leader rebalance finish, leader transfer count: 0
I20260709 12:22:15.924273  7379 auto_leader_rebalancer.cc:515] All tables' leader rebalancing finished this round
I20260709 12:22:16.024261  8026 raft_consensus.cc:1275] T d0854ac4d00c42409c33e8fb185ae0c9 P 9b618071ac3047a086dc2c67e2b2917c [term 3 FOLLOWER]: Refusing update from remote peer f4ccc265235645909b9039aa8cc54d37: Log matching property violated. Preceding OpId in replica: term: 2 index: 2. Preceding OpId from leader: term: 3 index: 3. (index mismatch)
I20260709 12:22:16.025625  8326 consensus_queue.cc:1048] T d0854ac4d00c42409c33e8fb185ae0c9 P f4ccc265235645909b9039aa8cc54d37 [LEADER]: Connected to new peer: Peer: permanent_uuid: "9b618071ac3047a086dc2c67e2b2917c" member_type: VOTER last_known_addr { host: "127.7.52.193" port: 34355 }, Status: LMP_MISMATCH, Last received: 0.0, Next index: 3, Last known committed idx: 2, Time since last communication: 0.000s
I20260709 12:22:16.034137  8103 raft_consensus.cc:1275] T d0854ac4d00c42409c33e8fb185ae0c9 P 6e5e1aadee6a4698a0d87b3248fa1dee [term 3 FOLLOWER]: Refusing update from remote peer f4ccc265235645909b9039aa8cc54d37: Log matching property violated. Preceding OpId in replica: term: 2 index: 2. Preceding OpId from leader: term: 3 index: 3. (index mismatch)
I20260709 12:22:16.035554  8330 consensus_queue.cc:1048] T d0854ac4d00c42409c33e8fb185ae0c9 P f4ccc265235645909b9039aa8cc54d37 [LEADER]: Connected to new peer: Peer: permanent_uuid: "6e5e1aadee6a4698a0d87b3248fa1dee" member_type: VOTER last_known_addr { host: "127.7.52.194" port: 43415 }, Status: LMP_MISMATCH, Last received: 0.0, Next index: 3, Last known committed idx: 2, Time since last communication: 0.000s
I20260709 12:22:16.925213  7379 auto_leader_rebalancer.cc:141] leader rebalance for table test-workload
I20260709 12:22:16.930540  7379 auto_leader_rebalancer.cc:440] table: test-workload, leader rebalance finish, leader transfer count: 0
I20260709 12:22:16.931007  7379 auto_leader_rebalancer.cc:515] All tables' leader rebalancing finished this round
I20260709 12:22:17.931948  7379 auto_leader_rebalancer.cc:141] leader rebalance for table test-workload
I20260709 12:22:17.937476  7379 auto_leader_rebalancer.cc:440] table: test-workload, leader rebalance finish, leader transfer count: 0
I20260709 12:22:17.937891  7379 auto_leader_rebalancer.cc:515] All tables' leader rebalancing finished this round
I20260709 12:22:18.938849  7379 auto_leader_rebalancer.cc:141] leader rebalance for table test-workload
I20260709 12:22:18.943979  7379 auto_leader_rebalancer.cc:440] table: test-workload, leader rebalance finish, leader transfer count: 0
I20260709 12:22:18.944308  7379 auto_leader_rebalancer.cc:515] All tables' leader rebalancing finished this round
I20260709 12:22:19.945672  7379 auto_leader_rebalancer.cc:141] leader rebalance for table test-workload
I20260709 12:22:19.952515  7379 auto_leader_rebalancer.cc:440] table: test-workload, leader rebalance finish, leader transfer count: 0
I20260709 12:22:19.953047  7379 auto_leader_rebalancer.cc:515] All tables' leader rebalancing finished this round
I20260709 12:22:20.954053  7379 auto_leader_rebalancer.cc:141] leader rebalance for table test-workload
I20260709 12:22:20.960669  7379 auto_leader_rebalancer.cc:440] table: test-workload, leader rebalance finish, leader transfer count: 0
I20260709 12:22:20.961198  7379 auto_leader_rebalancer.cc:515] All tables' leader rebalancing finished this round
I20260709 12:22:21.962087  7379 auto_leader_rebalancer.cc:141] leader rebalance for table test-workload
I20260709 12:22:21.968353  7379 auto_leader_rebalancer.cc:440] table: test-workload, leader rebalance finish, leader transfer count: 0
I20260709 12:22:21.968864  7379 auto_leader_rebalancer.cc:515] All tables' leader rebalancing finished this round
I20260709 12:22:22.969910  7379 auto_leader_rebalancer.cc:141] leader rebalance for table test-workload
I20260709 12:22:22.975330  7379 auto_leader_rebalancer.cc:440] table: test-workload, leader rebalance finish, leader transfer count: 0
I20260709 12:22:22.975840  7379 auto_leader_rebalancer.cc:515] All tables' leader rebalancing finished this round
I20260709 12:22:23.976763  7379 auto_leader_rebalancer.cc:141] leader rebalance for table test-workload
I20260709 12:22:23.983163  7379 auto_leader_rebalancer.cc:440] table: test-workload, leader rebalance finish, leader transfer count: 0
I20260709 12:22:23.983532  7379 auto_leader_rebalancer.cc:515] All tables' leader rebalancing finished this round
I20260709 12:22:25.015089  7379 auto_leader_rebalancer-test.cc:384] The leader distribution is 
I20260709 12:22:25.021752  8178 tablet_service.cc:2072] Received LeaderStepDown RPC: tablet_id: "d0854ac4d00c42409c33e8fb185ae0c9"
dest_uuid: "f4ccc265235645909b9039aa8cc54d37"
mode: GRACEFUL
new_leader_uuid: "9b618071ac3047a086dc2c67e2b2917c"
 from {username='slave'} at 127.0.0.1:46956
I20260709 12:22:25.022385  8178 raft_consensus.cc:606] T d0854ac4d00c42409c33e8fb185ae0c9 P f4ccc265235645909b9039aa8cc54d37 [term 3 LEADER]: Received request to transfer leadership to TS 9b618071ac3047a086dc2c67e2b2917c
I20260709 12:22:25.028923  8178 tablet_service.cc:2072] Received LeaderStepDown RPC: tablet_id: "3219eb439af645f1b78c6fcbd5a8403b"
dest_uuid: "f4ccc265235645909b9039aa8cc54d37"
mode: GRACEFUL
new_leader_uuid: "9b618071ac3047a086dc2c67e2b2917c"
 from {username='slave'} at 127.0.0.1:46956
I20260709 12:22:25.029423  8178 raft_consensus.cc:606] T 3219eb439af645f1b78c6fcbd5a8403b P f4ccc265235645909b9039aa8cc54d37 [term 3 LEADER]: Received request to transfer leadership to TS 9b618071ac3047a086dc2c67e2b2917c
I20260709 12:22:25.035974  8103 tablet_service.cc:2072] Received LeaderStepDown RPC: tablet_id: "c3f2a4b664714497874b9439ac53ab3b"
dest_uuid: "6e5e1aadee6a4698a0d87b3248fa1dee"
mode: GRACEFUL
new_leader_uuid: "9b618071ac3047a086dc2c67e2b2917c"
 from {username='slave'} at 127.0.0.1:48494
I20260709 12:22:25.036465  8103 raft_consensus.cc:606] T c3f2a4b664714497874b9439ac53ab3b P 6e5e1aadee6a4698a0d87b3248fa1dee [term 2 LEADER]: Received request to transfer leadership to TS 9b618071ac3047a086dc2c67e2b2917c
I20260709 12:22:25.041071  8103 tablet_service.cc:2072] Received LeaderStepDown RPC: tablet_id: "ca7c5548b182491bbdf61e25758b47ba"
dest_uuid: "6e5e1aadee6a4698a0d87b3248fa1dee"
mode: GRACEFUL
new_leader_uuid: "9b618071ac3047a086dc2c67e2b2917c"
 from {username='slave'} at 127.0.0.1:48494
I20260709 12:22:25.041520  8103 raft_consensus.cc:606] T ca7c5548b182491bbdf61e25758b47ba P 6e5e1aadee6a4698a0d87b3248fa1dee [term 2 LEADER]: Received request to transfer leadership to TS 9b618071ac3047a086dc2c67e2b2917c
I20260709 12:22:25.046146  8103 tablet_service.cc:2072] Received LeaderStepDown RPC: tablet_id: "79803a7a702e4aa3948a2334d14d3294"
dest_uuid: "6e5e1aadee6a4698a0d87b3248fa1dee"
mode: GRACEFUL
new_leader_uuid: "9b618071ac3047a086dc2c67e2b2917c"
 from {username='slave'} at 127.0.0.1:48494
I20260709 12:22:25.046587  8103 raft_consensus.cc:606] T 79803a7a702e4aa3948a2334d14d3294 P 6e5e1aadee6a4698a0d87b3248fa1dee [term 2 LEADER]: Received request to transfer leadership to TS 9b618071ac3047a086dc2c67e2b2917c
I20260709 12:22:25.150010  8361 raft_consensus.cc:993] T c3f2a4b664714497874b9439ac53ab3b P 6e5e1aadee6a4698a0d87b3248fa1dee: : Instructing follower 9b618071ac3047a086dc2c67e2b2917c to start an election
I20260709 12:22:25.150630  8347 raft_consensus.cc:1081] T c3f2a4b664714497874b9439ac53ab3b P 6e5e1aadee6a4698a0d87b3248fa1dee [term 2 LEADER]: Signalling peer 9b618071ac3047a086dc2c67e2b2917c to start an election
I20260709 12:22:25.152351  8027 tablet_service.cc:2044] Received Run Leader Election RPC: tablet_id: "c3f2a4b664714497874b9439ac53ab3b"
dest_uuid: "9b618071ac3047a086dc2c67e2b2917c"
 from {username='slave'} at 127.0.0.1:45060
I20260709 12:22:25.152835  8027 raft_consensus.cc:493] T c3f2a4b664714497874b9439ac53ab3b P 9b618071ac3047a086dc2c67e2b2917c [term 2 FOLLOWER]: Starting forced leader election (received explicit request)
I20260709 12:22:25.153157  8027 raft_consensus.cc:3060] T c3f2a4b664714497874b9439ac53ab3b P 9b618071ac3047a086dc2c67e2b2917c [term 2 FOLLOWER]: Advancing to term 3
I20260709 12:22:25.158603  8027 raft_consensus.cc:515] T c3f2a4b664714497874b9439ac53ab3b P 9b618071ac3047a086dc2c67e2b2917c [term 3 FOLLOWER]: Starting forced leader election with config: opid_index: -1 OBSOLETE_local: false peers { permanent_uuid: "9b618071ac3047a086dc2c67e2b2917c" member_type: VOTER last_known_addr { host: "127.7.52.193" port: 34355 } } peers { permanent_uuid: "6e5e1aadee6a4698a0d87b3248fa1dee" member_type: VOTER last_known_addr { host: "127.7.52.194" port: 43415 } } peers { permanent_uuid: "f4ccc265235645909b9039aa8cc54d37" member_type: VOTER last_known_addr { host: "127.7.52.195" port: 40345 } }
I20260709 12:22:25.160369  8027 leader_election.cc:290] T c3f2a4b664714497874b9439ac53ab3b P 9b618071ac3047a086dc2c67e2b2917c [CANDIDATE]: Term 3 election: Requested vote from peers 6e5e1aadee6a4698a0d87b3248fa1dee (127.7.52.194:43415), f4ccc265235645909b9039aa8cc54d37 (127.7.52.195:40345)
I20260709 12:22:25.161556  8103 tablet_service.cc:1917] Received RequestConsensusVote() RPC: tablet_id: "c3f2a4b664714497874b9439ac53ab3b" candidate_uuid: "9b618071ac3047a086dc2c67e2b2917c" candidate_term: 3 candidate_status { last_received { term: 2 index: 2 } } ignore_live_leader: true dest_uuid: "6e5e1aadee6a4698a0d87b3248fa1dee"
I20260709 12:22:25.161537  8178 tablet_service.cc:1917] Received RequestConsensusVote() RPC: tablet_id: "c3f2a4b664714497874b9439ac53ab3b" candidate_uuid: "9b618071ac3047a086dc2c67e2b2917c" candidate_term: 3 candidate_status { last_received { term: 2 index: 2 } } ignore_live_leader: true dest_uuid: "f4ccc265235645909b9039aa8cc54d37"
I20260709 12:22:25.162528  8178 raft_consensus.cc:3060] T c3f2a4b664714497874b9439ac53ab3b P f4ccc265235645909b9039aa8cc54d37 [term 2 FOLLOWER]: Advancing to term 3
I20260709 12:22:25.163600  8362 raft_consensus.cc:993] T d0854ac4d00c42409c33e8fb185ae0c9 P f4ccc265235645909b9039aa8cc54d37: : Instructing follower 9b618071ac3047a086dc2c67e2b2917c to start an election
I20260709 12:22:25.163522  8103 raft_consensus.cc:3055] T c3f2a4b664714497874b9439ac53ab3b P 6e5e1aadee6a4698a0d87b3248fa1dee [term 2 LEADER]: Stepping down as leader of term 2
I20260709 12:22:25.164047  8103 raft_consensus.cc:740] T c3f2a4b664714497874b9439ac53ab3b P 6e5e1aadee6a4698a0d87b3248fa1dee [term 2 LEADER]: Becoming Follower/Learner. State: Replica: 6e5e1aadee6a4698a0d87b3248fa1dee, State: Running, Role: LEADER
I20260709 12:22:25.164342  8349 raft_consensus.cc:1081] T d0854ac4d00c42409c33e8fb185ae0c9 P f4ccc265235645909b9039aa8cc54d37 [term 3 LEADER]: Signalling peer 9b618071ac3047a086dc2c67e2b2917c to start an election
I20260709 12:22:25.164908  8103 consensus_queue.cc:260] T c3f2a4b664714497874b9439ac53ab3b P 6e5e1aadee6a4698a0d87b3248fa1dee [NON_LEADER]: Queue going to NON_LEADER mode. State: All replicated index: 0, Majority replicated index: 2, Committed index: 2, Last appended: 2.2, Last appended by leader: 2, Current term: 2, Majority size: -1, State: 0, Mode: NON_LEADER, active raft config: opid_index: -1 OBSOLETE_local: false peers { permanent_uuid: "9b618071ac3047a086dc2c67e2b2917c" member_type: VOTER last_known_addr { host: "127.7.52.193" port: 34355 } } peers { permanent_uuid: "6e5e1aadee6a4698a0d87b3248fa1dee" member_type: VOTER last_known_addr { host: "127.7.52.194" port: 43415 } } peers { permanent_uuid: "f4ccc265235645909b9039aa8cc54d37" member_type: VOTER last_known_addr { host: "127.7.52.195" port: 40345 } }
I20260709 12:22:25.166251  8026 tablet_service.cc:2044] Received Run Leader Election RPC: tablet_id: "d0854ac4d00c42409c33e8fb185ae0c9"
dest_uuid: "9b618071ac3047a086dc2c67e2b2917c"
 from {username='slave'} at 127.0.0.1:45068
I20260709 12:22:25.166896  8026 raft_consensus.cc:493] T d0854ac4d00c42409c33e8fb185ae0c9 P 9b618071ac3047a086dc2c67e2b2917c [term 3 FOLLOWER]: Starting forced leader election (received explicit request)
I20260709 12:22:25.167186  8026 raft_consensus.cc:3060] T d0854ac4d00c42409c33e8fb185ae0c9 P 9b618071ac3047a086dc2c67e2b2917c [term 3 FOLLOWER]: Advancing to term 4
I20260709 12:22:25.169144  8178 raft_consensus.cc:2468] T c3f2a4b664714497874b9439ac53ab3b P f4ccc265235645909b9039aa8cc54d37 [term 3 FOLLOWER]: Leader election vote request: Granting yes vote for candidate 9b618071ac3047a086dc2c67e2b2917c in term 3.
I20260709 12:22:25.170367  8103 raft_consensus.cc:3060] T c3f2a4b664714497874b9439ac53ab3b P 6e5e1aadee6a4698a0d87b3248fa1dee [term 2 FOLLOWER]: Advancing to term 3
I20260709 12:22:25.170629  7991 leader_election.cc:304] T c3f2a4b664714497874b9439ac53ab3b P 9b618071ac3047a086dc2c67e2b2917c [CANDIDATE]: Term 3 election: Election decided. Result: candidate won. Election summary: received 2 responses out of 3 voters: 2 yes votes; 0 no votes. yes voters: 9b618071ac3047a086dc2c67e2b2917c, f4ccc265235645909b9039aa8cc54d37; no voters: 
I20260709 12:22:25.171609  8351 raft_consensus.cc:2804] T c3f2a4b664714497874b9439ac53ab3b P 9b618071ac3047a086dc2c67e2b2917c [term 3 FOLLOWER]: Leader election won for term 3
I20260709 12:22:25.172732  8351 raft_consensus.cc:697] T c3f2a4b664714497874b9439ac53ab3b P 9b618071ac3047a086dc2c67e2b2917c [term 3 LEADER]: Becoming Leader. State: Replica: 9b618071ac3047a086dc2c67e2b2917c, State: Running, Role: LEADER
I20260709 12:22:25.174057  8026 raft_consensus.cc:515] T d0854ac4d00c42409c33e8fb185ae0c9 P 9b618071ac3047a086dc2c67e2b2917c [term 4 FOLLOWER]: Starting forced leader election with config: opid_index: -1 OBSOLETE_local: false peers { permanent_uuid: "9b618071ac3047a086dc2c67e2b2917c" member_type: VOTER last_known_addr { host: "127.7.52.193" port: 34355 } } peers { permanent_uuid: "6e5e1aadee6a4698a0d87b3248fa1dee" member_type: VOTER last_known_addr { host: "127.7.52.194" port: 43415 } } peers { permanent_uuid: "f4ccc265235645909b9039aa8cc54d37" member_type: VOTER last_known_addr { host: "127.7.52.195" port: 40345 } }
I20260709 12:22:25.174194  8351 consensus_queue.cc:237] T c3f2a4b664714497874b9439ac53ab3b P 9b618071ac3047a086dc2c67e2b2917c [LEADER]: Queue going to LEADER mode. State: All replicated index: 0, Majority replicated index: 2, Committed index: 2, Last appended: 2.2, Last appended by leader: 2, Current term: 3, Majority size: 2, State: 0, Mode: LEADER, active raft config: opid_index: -1 OBSOLETE_local: false peers { permanent_uuid: "9b618071ac3047a086dc2c67e2b2917c" member_type: VOTER last_known_addr { host: "127.7.52.193" port: 34355 } } peers { permanent_uuid: "6e5e1aadee6a4698a0d87b3248fa1dee" member_type: VOTER last_known_addr { host: "127.7.52.194" port: 43415 } } peers { permanent_uuid: "f4ccc265235645909b9039aa8cc54d37" member_type: VOTER last_known_addr { host: "127.7.52.195" port: 40345 } }
I20260709 12:22:25.176864  8104 tablet_service.cc:1917] Received RequestConsensusVote() RPC: tablet_id: "d0854ac4d00c42409c33e8fb185ae0c9" candidate_uuid: "9b618071ac3047a086dc2c67e2b2917c" candidate_term: 4 candidate_status { last_received { term: 3 index: 3 } } ignore_live_leader: true dest_uuid: "6e5e1aadee6a4698a0d87b3248fa1dee"
I20260709 12:22:25.177083  8178 tablet_service.cc:1917] Received RequestConsensusVote() RPC: tablet_id: "d0854ac4d00c42409c33e8fb185ae0c9" candidate_uuid: "9b618071ac3047a086dc2c67e2b2917c" candidate_term: 4 candidate_status { last_received { term: 3 index: 3 } } ignore_live_leader: true dest_uuid: "f4ccc265235645909b9039aa8cc54d37"
I20260709 12:22:25.177475  8104 raft_consensus.cc:3060] T d0854ac4d00c42409c33e8fb185ae0c9 P 6e5e1aadee6a4698a0d87b3248fa1dee [term 3 FOLLOWER]: Advancing to term 4
I20260709 12:22:25.177700  8178 raft_consensus.cc:3055] T d0854ac4d00c42409c33e8fb185ae0c9 P f4ccc265235645909b9039aa8cc54d37 [term 3 LEADER]: Stepping down as leader of term 3
I20260709 12:22:25.177659  8103 raft_consensus.cc:2468] T c3f2a4b664714497874b9439ac53ab3b P 6e5e1aadee6a4698a0d87b3248fa1dee [term 3 FOLLOWER]: Leader election vote request: Granting yes vote for candidate 9b618071ac3047a086dc2c67e2b2917c in term 3.
I20260709 12:22:25.178166  8178 raft_consensus.cc:740] T d0854ac4d00c42409c33e8fb185ae0c9 P f4ccc265235645909b9039aa8cc54d37 [term 3 LEADER]: Becoming Follower/Learner. State: Replica: f4ccc265235645909b9039aa8cc54d37, State: Running, Role: LEADER
I20260709 12:22:25.179407  8178 consensus_queue.cc:260] T d0854ac4d00c42409c33e8fb185ae0c9 P f4ccc265235645909b9039aa8cc54d37 [NON_LEADER]: Queue going to NON_LEADER mode. State: All replicated index: 0, Majority replicated index: 3, Committed index: 3, Last appended: 3.3, Last appended by leader: 3, Current term: 3, Majority size: -1, State: 0, Mode: NON_LEADER, active raft config: opid_index: -1 OBSOLETE_local: false peers { permanent_uuid: "9b618071ac3047a086dc2c67e2b2917c" member_type: VOTER last_known_addr { host: "127.7.52.193" port: 34355 } } peers { permanent_uuid: "6e5e1aadee6a4698a0d87b3248fa1dee" member_type: VOTER last_known_addr { host: "127.7.52.194" port: 43415 } } peers { permanent_uuid: "f4ccc265235645909b9039aa8cc54d37" member_type: VOTER last_known_addr { host: "127.7.52.195" port: 40345 } }
I20260709 12:22:25.180747  8178 raft_consensus.cc:3060] T d0854ac4d00c42409c33e8fb185ae0c9 P f4ccc265235645909b9039aa8cc54d37 [term 3 FOLLOWER]: Advancing to term 4
I20260709 12:22:25.182035  8026 leader_election.cc:290] T d0854ac4d00c42409c33e8fb185ae0c9 P 9b618071ac3047a086dc2c67e2b2917c [CANDIDATE]: Term 4 election: Requested vote from peers 6e5e1aadee6a4698a0d87b3248fa1dee (127.7.52.194:43415), f4ccc265235645909b9039aa8cc54d37 (127.7.52.195:40345)
I20260709 12:22:25.185186  8104 raft_consensus.cc:2468] T d0854ac4d00c42409c33e8fb185ae0c9 P 6e5e1aadee6a4698a0d87b3248fa1dee [term 4 FOLLOWER]: Leader election vote request: Granting yes vote for candidate 9b618071ac3047a086dc2c67e2b2917c in term 4.
I20260709 12:22:25.184990  7924 catalog_manager.cc:5697] T c3f2a4b664714497874b9439ac53ab3b P 9b618071ac3047a086dc2c67e2b2917c reported cstate change: term changed from 2 to 3, leader changed from 6e5e1aadee6a4698a0d87b3248fa1dee (127.7.52.194) to 9b618071ac3047a086dc2c67e2b2917c (127.7.52.193). New cstate: current_term: 3 leader_uuid: "9b618071ac3047a086dc2c67e2b2917c" committed_config { opid_index: -1 OBSOLETE_local: false peers { permanent_uuid: "9b618071ac3047a086dc2c67e2b2917c" member_type: VOTER last_known_addr { host: "127.7.52.193" port: 34355 } health_report { overall_health: HEALTHY } } peers { permanent_uuid: "6e5e1aadee6a4698a0d87b3248fa1dee" member_type: VOTER last_known_addr { host: "127.7.52.194" port: 43415 } health_report { overall_health: UNKNOWN } } peers { permanent_uuid: "f4ccc265235645909b9039aa8cc54d37" member_type: VOTER last_known_addr { host: "127.7.52.195" port: 40345 } health_report { overall_health: UNKNOWN } } }
I20260709 12:22:25.186462  7991 leader_election.cc:304] T d0854ac4d00c42409c33e8fb185ae0c9 P 9b618071ac3047a086dc2c67e2b2917c [CANDIDATE]: Term 4 election: Election decided. Result: candidate won. Election summary: received 2 responses out of 3 voters: 2 yes votes; 0 no votes. yes voters: 6e5e1aadee6a4698a0d87b3248fa1dee, 9b618071ac3047a086dc2c67e2b2917c; no voters: 
I20260709 12:22:25.187116  8351 raft_consensus.cc:2804] T d0854ac4d00c42409c33e8fb185ae0c9 P 9b618071ac3047a086dc2c67e2b2917c [term 4 FOLLOWER]: Leader election won for term 4
I20260709 12:22:25.187646  8351 raft_consensus.cc:697] T d0854ac4d00c42409c33e8fb185ae0c9 P 9b618071ac3047a086dc2c67e2b2917c [term 4 LEADER]: Becoming Leader. State: Replica: 9b618071ac3047a086dc2c67e2b2917c, State: Running, Role: LEADER
I20260709 12:22:25.189322  8178 raft_consensus.cc:2468] T d0854ac4d00c42409c33e8fb185ae0c9 P f4ccc265235645909b9039aa8cc54d37 [term 4 FOLLOWER]: Leader election vote request: Granting yes vote for candidate 9b618071ac3047a086dc2c67e2b2917c in term 4.
I20260709 12:22:25.188666  8351 consensus_queue.cc:237] T d0854ac4d00c42409c33e8fb185ae0c9 P 9b618071ac3047a086dc2c67e2b2917c [LEADER]: Queue going to LEADER mode. State: All replicated index: 0, Majority replicated index: 3, Committed index: 3, Last appended: 3.3, Last appended by leader: 3, Current term: 4, Majority size: 2, State: 0, Mode: LEADER, active raft config: opid_index: -1 OBSOLETE_local: false peers { permanent_uuid: "9b618071ac3047a086dc2c67e2b2917c" member_type: VOTER last_known_addr { host: "127.7.52.193" port: 34355 } } peers { permanent_uuid: "6e5e1aadee6a4698a0d87b3248fa1dee" member_type: VOTER last_known_addr { host: "127.7.52.194" port: 43415 } } peers { permanent_uuid: "f4ccc265235645909b9039aa8cc54d37" member_type: VOTER last_known_addr { host: "127.7.52.195" port: 40345 } }
I20260709 12:22:25.206462  7924 catalog_manager.cc:5697] T d0854ac4d00c42409c33e8fb185ae0c9 P 9b618071ac3047a086dc2c67e2b2917c reported cstate change: term changed from 3 to 4, leader changed from f4ccc265235645909b9039aa8cc54d37 (127.7.52.195) to 9b618071ac3047a086dc2c67e2b2917c (127.7.52.193). New cstate: current_term: 4 leader_uuid: "9b618071ac3047a086dc2c67e2b2917c" committed_config { opid_index: -1 OBSOLETE_local: false peers { permanent_uuid: "9b618071ac3047a086dc2c67e2b2917c" member_type: VOTER last_known_addr { host: "127.7.52.193" port: 34355 } health_report { overall_health: HEALTHY } } peers { permanent_uuid: "6e5e1aadee6a4698a0d87b3248fa1dee" member_type: VOTER last_known_addr { host: "127.7.52.194" port: 43415 } health_report { overall_health: UNKNOWN } } peers { permanent_uuid: "f4ccc265235645909b9039aa8cc54d37" member_type: VOTER last_known_addr { host: "127.7.52.195" port: 40345 } health_report { overall_health: UNKNOWN } } }
I20260709 12:22:25.307559  8361 raft_consensus.cc:993] T 79803a7a702e4aa3948a2334d14d3294 P 6e5e1aadee6a4698a0d87b3248fa1dee: : Instructing follower 9b618071ac3047a086dc2c67e2b2917c to start an election
I20260709 12:22:25.308049  8347 raft_consensus.cc:1081] T 79803a7a702e4aa3948a2334d14d3294 P 6e5e1aadee6a4698a0d87b3248fa1dee [term 2 LEADER]: Signalling peer 9b618071ac3047a086dc2c67e2b2917c to start an election
I20260709 12:22:25.309449  8026 tablet_service.cc:2044] Received Run Leader Election RPC: tablet_id: "79803a7a702e4aa3948a2334d14d3294"
dest_uuid: "9b618071ac3047a086dc2c67e2b2917c"
 from {username='slave'} at 127.0.0.1:45060
I20260709 12:22:25.309938  8026 raft_consensus.cc:493] T 79803a7a702e4aa3948a2334d14d3294 P 9b618071ac3047a086dc2c67e2b2917c [term 2 FOLLOWER]: Starting forced leader election (received explicit request)
I20260709 12:22:25.310246  8026 raft_consensus.cc:3060] T 79803a7a702e4aa3948a2334d14d3294 P 9b618071ac3047a086dc2c67e2b2917c [term 2 FOLLOWER]: Advancing to term 3
I20260709 12:22:25.315169  8026 raft_consensus.cc:515] T 79803a7a702e4aa3948a2334d14d3294 P 9b618071ac3047a086dc2c67e2b2917c [term 3 FOLLOWER]: Starting forced leader election with config: opid_index: -1 OBSOLETE_local: false peers { permanent_uuid: "9b618071ac3047a086dc2c67e2b2917c" member_type: VOTER last_known_addr { host: "127.7.52.193" port: 34355 } } peers { permanent_uuid: "6e5e1aadee6a4698a0d87b3248fa1dee" member_type: VOTER last_known_addr { host: "127.7.52.194" port: 43415 } } peers { permanent_uuid: "f4ccc265235645909b9039aa8cc54d37" member_type: VOTER last_known_addr { host: "127.7.52.195" port: 40345 } }
I20260709 12:22:25.316781  8026 leader_election.cc:290] T 79803a7a702e4aa3948a2334d14d3294 P 9b618071ac3047a086dc2c67e2b2917c [CANDIDATE]: Term 3 election: Requested vote from peers 6e5e1aadee6a4698a0d87b3248fa1dee (127.7.52.194:43415), f4ccc265235645909b9039aa8cc54d37 (127.7.52.195:40345)
I20260709 12:22:25.317747  8104 tablet_service.cc:1917] Received RequestConsensusVote() RPC: tablet_id: "79803a7a702e4aa3948a2334d14d3294" candidate_uuid: "9b618071ac3047a086dc2c67e2b2917c" candidate_term: 3 candidate_status { last_received { term: 2 index: 2 } } ignore_live_leader: true dest_uuid: "6e5e1aadee6a4698a0d87b3248fa1dee"
I20260709 12:22:25.318027  8178 tablet_service.cc:1917] Received RequestConsensusVote() RPC: tablet_id: "79803a7a702e4aa3948a2334d14d3294" candidate_uuid: "9b618071ac3047a086dc2c67e2b2917c" candidate_term: 3 candidate_status { last_received { term: 2 index: 2 } } ignore_live_leader: true dest_uuid: "f4ccc265235645909b9039aa8cc54d37"
I20260709 12:22:25.318286  8104 raft_consensus.cc:3055] T 79803a7a702e4aa3948a2334d14d3294 P 6e5e1aadee6a4698a0d87b3248fa1dee [term 2 LEADER]: Stepping down as leader of term 2
I20260709 12:22:25.318571  8178 raft_consensus.cc:3060] T 79803a7a702e4aa3948a2334d14d3294 P f4ccc265235645909b9039aa8cc54d37 [term 2 FOLLOWER]: Advancing to term 3
I20260709 12:22:25.318636  8104 raft_consensus.cc:740] T 79803a7a702e4aa3948a2334d14d3294 P 6e5e1aadee6a4698a0d87b3248fa1dee [term 2 LEADER]: Becoming Follower/Learner. State: Replica: 6e5e1aadee6a4698a0d87b3248fa1dee, State: Running, Role: LEADER
I20260709 12:22:25.319428  8104 consensus_queue.cc:260] T 79803a7a702e4aa3948a2334d14d3294 P 6e5e1aadee6a4698a0d87b3248fa1dee [NON_LEADER]: Queue going to NON_LEADER mode. State: All replicated index: 0, Majority replicated index: 2, Committed index: 2, Last appended: 2.2, Last appended by leader: 2, Current term: 2, Majority size: -1, State: 0, Mode: NON_LEADER, active raft config: opid_index: -1 OBSOLETE_local: false peers { permanent_uuid: "9b618071ac3047a086dc2c67e2b2917c" member_type: VOTER last_known_addr { host: "127.7.52.193" port: 34355 } } peers { permanent_uuid: "6e5e1aadee6a4698a0d87b3248fa1dee" member_type: VOTER last_known_addr { host: "127.7.52.194" port: 43415 } } peers { permanent_uuid: "f4ccc265235645909b9039aa8cc54d37" member_type: VOTER last_known_addr { host: "127.7.52.195" port: 40345 } }
I20260709 12:22:25.320393  8104 raft_consensus.cc:3060] T 79803a7a702e4aa3948a2334d14d3294 P 6e5e1aadee6a4698a0d87b3248fa1dee [term 2 FOLLOWER]: Advancing to term 3
I20260709 12:22:25.323276  8178 raft_consensus.cc:2468] T 79803a7a702e4aa3948a2334d14d3294 P f4ccc265235645909b9039aa8cc54d37 [term 3 FOLLOWER]: Leader election vote request: Granting yes vote for candidate 9b618071ac3047a086dc2c67e2b2917c in term 3.
I20260709 12:22:25.324350  7991 leader_election.cc:304] T 79803a7a702e4aa3948a2334d14d3294 P 9b618071ac3047a086dc2c67e2b2917c [CANDIDATE]: Term 3 election: Election decided. Result: candidate won. Election summary: received 2 responses out of 3 voters: 2 yes votes; 0 no votes. yes voters: 9b618071ac3047a086dc2c67e2b2917c, f4ccc265235645909b9039aa8cc54d37; no voters: 
I20260709 12:22:25.324641  8104 raft_consensus.cc:2468] T 79803a7a702e4aa3948a2334d14d3294 P 6e5e1aadee6a4698a0d87b3248fa1dee [term 3 FOLLOWER]: Leader election vote request: Granting yes vote for candidate 9b618071ac3047a086dc2c67e2b2917c in term 3.
I20260709 12:22:25.325184  8351 raft_consensus.cc:2804] T 79803a7a702e4aa3948a2334d14d3294 P 9b618071ac3047a086dc2c67e2b2917c [term 3 FOLLOWER]: Leader election won for term 3
I20260709 12:22:25.326017  8351 raft_consensus.cc:697] T 79803a7a702e4aa3948a2334d14d3294 P 9b618071ac3047a086dc2c67e2b2917c [term 3 LEADER]: Becoming Leader. State: Replica: 9b618071ac3047a086dc2c67e2b2917c, State: Running, Role: LEADER
I20260709 12:22:25.326891  8351 consensus_queue.cc:237] T 79803a7a702e4aa3948a2334d14d3294 P 9b618071ac3047a086dc2c67e2b2917c [LEADER]: Queue going to LEADER mode. State: All replicated index: 0, Majority replicated index: 2, Committed index: 2, Last appended: 2.2, Last appended by leader: 2, Current term: 3, Majority size: 2, State: 0, Mode: LEADER, active raft config: opid_index: -1 OBSOLETE_local: false peers { permanent_uuid: "9b618071ac3047a086dc2c67e2b2917c" member_type: VOTER last_known_addr { host: "127.7.52.193" port: 34355 } } peers { permanent_uuid: "6e5e1aadee6a4698a0d87b3248fa1dee" member_type: VOTER last_known_addr { host: "127.7.52.194" port: 43415 } } peers { permanent_uuid: "f4ccc265235645909b9039aa8cc54d37" member_type: VOTER last_known_addr { host: "127.7.52.195" port: 40345 } }
I20260709 12:22:25.333806  7924 catalog_manager.cc:5697] T 79803a7a702e4aa3948a2334d14d3294 P 9b618071ac3047a086dc2c67e2b2917c reported cstate change: term changed from 2 to 3, leader changed from 6e5e1aadee6a4698a0d87b3248fa1dee (127.7.52.194) to 9b618071ac3047a086dc2c67e2b2917c (127.7.52.193). New cstate: current_term: 3 leader_uuid: "9b618071ac3047a086dc2c67e2b2917c" committed_config { opid_index: -1 OBSOLETE_local: false peers { permanent_uuid: "9b618071ac3047a086dc2c67e2b2917c" member_type: VOTER last_known_addr { host: "127.7.52.193" port: 34355 } health_report { overall_health: HEALTHY } } peers { permanent_uuid: "6e5e1aadee6a4698a0d87b3248fa1dee" member_type: VOTER last_known_addr { host: "127.7.52.194" port: 43415 } health_report { overall_health: UNKNOWN } } peers { permanent_uuid: "f4ccc265235645909b9039aa8cc54d37" member_type: VOTER last_known_addr { host: "127.7.52.195" port: 40345 } health_report { overall_health: UNKNOWN } } }
I20260709 12:22:25.392850  8361 raft_consensus.cc:993] T ca7c5548b182491bbdf61e25758b47ba P 6e5e1aadee6a4698a0d87b3248fa1dee: : Instructing follower 9b618071ac3047a086dc2c67e2b2917c to start an election
I20260709 12:22:25.393258  8347 raft_consensus.cc:1081] T ca7c5548b182491bbdf61e25758b47ba P 6e5e1aadee6a4698a0d87b3248fa1dee [term 2 LEADER]: Signalling peer 9b618071ac3047a086dc2c67e2b2917c to start an election
I20260709 12:22:25.394549  8026 tablet_service.cc:2044] Received Run Leader Election RPC: tablet_id: "ca7c5548b182491bbdf61e25758b47ba"
dest_uuid: "9b618071ac3047a086dc2c67e2b2917c"
 from {username='slave'} at 127.0.0.1:45060
I20260709 12:22:25.395028  8026 raft_consensus.cc:493] T ca7c5548b182491bbdf61e25758b47ba P 9b618071ac3047a086dc2c67e2b2917c [term 2 FOLLOWER]: Starting forced leader election (received explicit request)
I20260709 12:22:25.395350  8026 raft_consensus.cc:3060] T ca7c5548b182491bbdf61e25758b47ba P 9b618071ac3047a086dc2c67e2b2917c [term 2 FOLLOWER]: Advancing to term 3
I20260709 12:22:25.399871  8026 raft_consensus.cc:515] T ca7c5548b182491bbdf61e25758b47ba P 9b618071ac3047a086dc2c67e2b2917c [term 3 FOLLOWER]: Starting forced leader election with config: opid_index: -1 OBSOLETE_local: false peers { permanent_uuid: "9b618071ac3047a086dc2c67e2b2917c" member_type: VOTER last_known_addr { host: "127.7.52.193" port: 34355 } } peers { permanent_uuid: "6e5e1aadee6a4698a0d87b3248fa1dee" member_type: VOTER last_known_addr { host: "127.7.52.194" port: 43415 } } peers { permanent_uuid: "f4ccc265235645909b9039aa8cc54d37" member_type: VOTER last_known_addr { host: "127.7.52.195" port: 40345 } }
I20260709 12:22:25.401481  8026 leader_election.cc:290] T ca7c5548b182491bbdf61e25758b47ba P 9b618071ac3047a086dc2c67e2b2917c [CANDIDATE]: Term 3 election: Requested vote from peers 6e5e1aadee6a4698a0d87b3248fa1dee (127.7.52.194:43415), f4ccc265235645909b9039aa8cc54d37 (127.7.52.195:40345)
I20260709 12:22:25.402232  8103 tablet_service.cc:1917] Received RequestConsensusVote() RPC: tablet_id: "ca7c5548b182491bbdf61e25758b47ba" candidate_uuid: "9b618071ac3047a086dc2c67e2b2917c" candidate_term: 3 candidate_status { last_received { term: 2 index: 2 } } ignore_live_leader: true dest_uuid: "6e5e1aadee6a4698a0d87b3248fa1dee"
I20260709 12:22:25.402820  8103 raft_consensus.cc:3055] T ca7c5548b182491bbdf61e25758b47ba P 6e5e1aadee6a4698a0d87b3248fa1dee [term 2 LEADER]: Stepping down as leader of term 2
I20260709 12:22:25.403072  8103 raft_consensus.cc:740] T ca7c5548b182491bbdf61e25758b47ba P 6e5e1aadee6a4698a0d87b3248fa1dee [term 2 LEADER]: Becoming Follower/Learner. State: Replica: 6e5e1aadee6a4698a0d87b3248fa1dee, State: Running, Role: LEADER
I20260709 12:22:25.403687  8103 consensus_queue.cc:260] T ca7c5548b182491bbdf61e25758b47ba P 6e5e1aadee6a4698a0d87b3248fa1dee [NON_LEADER]: Queue going to NON_LEADER mode. State: All replicated index: 0, Majority replicated index: 2, Committed index: 2, Last appended: 2.2, Last appended by leader: 2, Current term: 2, Majority size: -1, State: 0, Mode: NON_LEADER, active raft config: opid_index: -1 OBSOLETE_local: false peers { permanent_uuid: "9b618071ac3047a086dc2c67e2b2917c" member_type: VOTER last_known_addr { host: "127.7.52.193" port: 34355 } } peers { permanent_uuid: "6e5e1aadee6a4698a0d87b3248fa1dee" member_type: VOTER last_known_addr { host: "127.7.52.194" port: 43415 } } peers { permanent_uuid: "f4ccc265235645909b9039aa8cc54d37" member_type: VOTER last_known_addr { host: "127.7.52.195" port: 40345 } }
I20260709 12:22:25.402338  8178 tablet_service.cc:1917] Received RequestConsensusVote() RPC: tablet_id: "ca7c5548b182491bbdf61e25758b47ba" candidate_uuid: "9b618071ac3047a086dc2c67e2b2917c" candidate_term: 3 candidate_status { last_received { term: 2 index: 2 } } ignore_live_leader: true dest_uuid: "f4ccc265235645909b9039aa8cc54d37"
I20260709 12:22:25.404369  8178 raft_consensus.cc:3060] T ca7c5548b182491bbdf61e25758b47ba P f4ccc265235645909b9039aa8cc54d37 [term 2 FOLLOWER]: Advancing to term 3
I20260709 12:22:25.404769  8103 raft_consensus.cc:3060] T ca7c5548b182491bbdf61e25758b47ba P 6e5e1aadee6a4698a0d87b3248fa1dee [term 2 FOLLOWER]: Advancing to term 3
I20260709 12:22:25.410436  8103 raft_consensus.cc:2468] T ca7c5548b182491bbdf61e25758b47ba P 6e5e1aadee6a4698a0d87b3248fa1dee [term 3 FOLLOWER]: Leader election vote request: Granting yes vote for candidate 9b618071ac3047a086dc2c67e2b2917c in term 3.
I20260709 12:22:25.410436  8178 raft_consensus.cc:2468] T ca7c5548b182491bbdf61e25758b47ba P f4ccc265235645909b9039aa8cc54d37 [term 3 FOLLOWER]: Leader election vote request: Granting yes vote for candidate 9b618071ac3047a086dc2c67e2b2917c in term 3.
I20260709 12:22:25.411659  7991 leader_election.cc:304] T ca7c5548b182491bbdf61e25758b47ba P 9b618071ac3047a086dc2c67e2b2917c [CANDIDATE]: Term 3 election: Election decided. Result: candidate won. Election summary: received 2 responses out of 3 voters: 2 yes votes; 0 no votes. yes voters: 9b618071ac3047a086dc2c67e2b2917c, f4ccc265235645909b9039aa8cc54d37; no voters: 
I20260709 12:22:25.412297  8351 raft_consensus.cc:2804] T ca7c5548b182491bbdf61e25758b47ba P 9b618071ac3047a086dc2c67e2b2917c [term 3 FOLLOWER]: Leader election won for term 3
I20260709 12:22:25.412688  8351 raft_consensus.cc:697] T ca7c5548b182491bbdf61e25758b47ba P 9b618071ac3047a086dc2c67e2b2917c [term 3 LEADER]: Becoming Leader. State: Replica: 9b618071ac3047a086dc2c67e2b2917c, State: Running, Role: LEADER
I20260709 12:22:25.413362  8351 consensus_queue.cc:237] T ca7c5548b182491bbdf61e25758b47ba P 9b618071ac3047a086dc2c67e2b2917c [LEADER]: Queue going to LEADER mode. State: All replicated index: 0, Majority replicated index: 2, Committed index: 2, Last appended: 2.2, Last appended by leader: 2, Current term: 3, Majority size: 2, State: 0, Mode: LEADER, active raft config: opid_index: -1 OBSOLETE_local: false peers { permanent_uuid: "9b618071ac3047a086dc2c67e2b2917c" member_type: VOTER last_known_addr { host: "127.7.52.193" port: 34355 } } peers { permanent_uuid: "6e5e1aadee6a4698a0d87b3248fa1dee" member_type: VOTER last_known_addr { host: "127.7.52.194" port: 43415 } } peers { permanent_uuid: "f4ccc265235645909b9039aa8cc54d37" member_type: VOTER last_known_addr { host: "127.7.52.195" port: 40345 } }
I20260709 12:22:25.420130  7924 catalog_manager.cc:5697] T ca7c5548b182491bbdf61e25758b47ba P 9b618071ac3047a086dc2c67e2b2917c reported cstate change: term changed from 2 to 3, leader changed from 6e5e1aadee6a4698a0d87b3248fa1dee (127.7.52.194) to 9b618071ac3047a086dc2c67e2b2917c (127.7.52.193). New cstate: current_term: 3 leader_uuid: "9b618071ac3047a086dc2c67e2b2917c" committed_config { opid_index: -1 OBSOLETE_local: false peers { permanent_uuid: "9b618071ac3047a086dc2c67e2b2917c" member_type: VOTER last_known_addr { host: "127.7.52.193" port: 34355 } health_report { overall_health: HEALTHY } } peers { permanent_uuid: "6e5e1aadee6a4698a0d87b3248fa1dee" member_type: VOTER last_known_addr { host: "127.7.52.194" port: 43415 } health_report { overall_health: UNKNOWN } } peers { permanent_uuid: "f4ccc265235645909b9039aa8cc54d37" member_type: VOTER last_known_addr { host: "127.7.52.195" port: 40345 } health_report { overall_health: UNKNOWN } } }
I20260709 12:22:25.539495  8362 raft_consensus.cc:993] T 3219eb439af645f1b78c6fcbd5a8403b P f4ccc265235645909b9039aa8cc54d37: : Instructing follower 9b618071ac3047a086dc2c67e2b2917c to start an election
I20260709 12:22:25.539958  8362 raft_consensus.cc:1081] T 3219eb439af645f1b78c6fcbd5a8403b P f4ccc265235645909b9039aa8cc54d37 [term 3 LEADER]: Signalling peer 9b618071ac3047a086dc2c67e2b2917c to start an election
I20260709 12:22:25.541330  8026 tablet_service.cc:2044] Received Run Leader Election RPC: tablet_id: "3219eb439af645f1b78c6fcbd5a8403b"
dest_uuid: "9b618071ac3047a086dc2c67e2b2917c"
 from {username='slave'} at 127.0.0.1:45068
I20260709 12:22:25.541841  8026 raft_consensus.cc:493] T 3219eb439af645f1b78c6fcbd5a8403b P 9b618071ac3047a086dc2c67e2b2917c [term 3 FOLLOWER]: Starting forced leader election (received explicit request)
I20260709 12:22:25.542230  8026 raft_consensus.cc:3060] T 3219eb439af645f1b78c6fcbd5a8403b P 9b618071ac3047a086dc2c67e2b2917c [term 3 FOLLOWER]: Advancing to term 4
I20260709 12:22:25.546914  8026 raft_consensus.cc:515] T 3219eb439af645f1b78c6fcbd5a8403b P 9b618071ac3047a086dc2c67e2b2917c [term 4 FOLLOWER]: Starting forced leader election with config: opid_index: -1 OBSOLETE_local: false peers { permanent_uuid: "9b618071ac3047a086dc2c67e2b2917c" member_type: VOTER last_known_addr { host: "127.7.52.193" port: 34355 } } peers { permanent_uuid: "6e5e1aadee6a4698a0d87b3248fa1dee" member_type: VOTER last_known_addr { host: "127.7.52.194" port: 43415 } } peers { permanent_uuid: "f4ccc265235645909b9039aa8cc54d37" member_type: VOTER last_known_addr { host: "127.7.52.195" port: 40345 } }
I20260709 12:22:25.548493  8026 leader_election.cc:290] T 3219eb439af645f1b78c6fcbd5a8403b P 9b618071ac3047a086dc2c67e2b2917c [CANDIDATE]: Term 4 election: Requested vote from peers 6e5e1aadee6a4698a0d87b3248fa1dee (127.7.52.194:43415), f4ccc265235645909b9039aa8cc54d37 (127.7.52.195:40345)
I20260709 12:22:25.549628  8178 tablet_service.cc:1917] Received RequestConsensusVote() RPC: tablet_id: "3219eb439af645f1b78c6fcbd5a8403b" candidate_uuid: "9b618071ac3047a086dc2c67e2b2917c" candidate_term: 4 candidate_status { last_received { term: 3 index: 3 } } ignore_live_leader: true dest_uuid: "f4ccc265235645909b9039aa8cc54d37"
I20260709 12:22:25.549628  8103 tablet_service.cc:1917] Received RequestConsensusVote() RPC: tablet_id: "3219eb439af645f1b78c6fcbd5a8403b" candidate_uuid: "9b618071ac3047a086dc2c67e2b2917c" candidate_term: 4 candidate_status { last_received { term: 3 index: 3 } } ignore_live_leader: true dest_uuid: "6e5e1aadee6a4698a0d87b3248fa1dee"
I20260709 12:22:25.550359  8178 raft_consensus.cc:3055] T 3219eb439af645f1b78c6fcbd5a8403b P f4ccc265235645909b9039aa8cc54d37 [term 3 LEADER]: Stepping down as leader of term 3
I20260709 12:22:25.550414  8103 raft_consensus.cc:3060] T 3219eb439af645f1b78c6fcbd5a8403b P 6e5e1aadee6a4698a0d87b3248fa1dee [term 3 FOLLOWER]: Advancing to term 4
I20260709 12:22:25.550750  8178 raft_consensus.cc:740] T 3219eb439af645f1b78c6fcbd5a8403b P f4ccc265235645909b9039aa8cc54d37 [term 3 LEADER]: Becoming Follower/Learner. State: Replica: f4ccc265235645909b9039aa8cc54d37, State: Running, Role: LEADER
I20260709 12:22:25.551487  8178 consensus_queue.cc:260] T 3219eb439af645f1b78c6fcbd5a8403b P f4ccc265235645909b9039aa8cc54d37 [NON_LEADER]: Queue going to NON_LEADER mode. State: All replicated index: 0, Majority replicated index: 3, Committed index: 3, Last appended: 3.3, Last appended by leader: 3, Current term: 3, Majority size: -1, State: 0, Mode: NON_LEADER, active raft config: opid_index: -1 OBSOLETE_local: false peers { permanent_uuid: "9b618071ac3047a086dc2c67e2b2917c" member_type: VOTER last_known_addr { host: "127.7.52.193" port: 34355 } } peers { permanent_uuid: "6e5e1aadee6a4698a0d87b3248fa1dee" member_type: VOTER last_known_addr { host: "127.7.52.194" port: 43415 } } peers { permanent_uuid: "f4ccc265235645909b9039aa8cc54d37" member_type: VOTER last_known_addr { host: "127.7.52.195" port: 40345 } }
I20260709 12:22:25.552644  8178 raft_consensus.cc:3060] T 3219eb439af645f1b78c6fcbd5a8403b P f4ccc265235645909b9039aa8cc54d37 [term 3 FOLLOWER]: Advancing to term 4
I20260709 12:22:25.556730  8103 raft_consensus.cc:2468] T 3219eb439af645f1b78c6fcbd5a8403b P 6e5e1aadee6a4698a0d87b3248fa1dee [term 4 FOLLOWER]: Leader election vote request: Granting yes vote for candidate 9b618071ac3047a086dc2c67e2b2917c in term 4.
I20260709 12:22:25.557727  7991 leader_election.cc:304] T 3219eb439af645f1b78c6fcbd5a8403b P 9b618071ac3047a086dc2c67e2b2917c [CANDIDATE]: Term 4 election: Election decided. Result: candidate won. Election summary: received 2 responses out of 3 voters: 2 yes votes; 0 no votes. yes voters: 6e5e1aadee6a4698a0d87b3248fa1dee, 9b618071ac3047a086dc2c67e2b2917c; no voters: 
I20260709 12:22:25.558435  8351 raft_consensus.cc:2804] T 3219eb439af645f1b78c6fcbd5a8403b P 9b618071ac3047a086dc2c67e2b2917c [term 4 FOLLOWER]: Leader election won for term 4
I20260709 12:22:25.558773  8178 raft_consensus.cc:2468] T 3219eb439af645f1b78c6fcbd5a8403b P f4ccc265235645909b9039aa8cc54d37 [term 4 FOLLOWER]: Leader election vote request: Granting yes vote for candidate 9b618071ac3047a086dc2c67e2b2917c in term 4.
I20260709 12:22:25.558812  8351 raft_consensus.cc:697] T 3219eb439af645f1b78c6fcbd5a8403b P 9b618071ac3047a086dc2c67e2b2917c [term 4 LEADER]: Becoming Leader. State: Replica: 9b618071ac3047a086dc2c67e2b2917c, State: Running, Role: LEADER
