I20260709 12:22:27.792265  1641 raft_consensus.cc:515] T 0a58a60d12c84d49b99f136e6f3a1ec3 P fda34ced24134027b47ef74f90be7fff [term 0 FOLLOWER]: Starting pre-election with config: opid_index: -1 OBSOLETE_local: false peers { permanent_uuid: "7c2490c67496419da545edc825b0a8d6" member_type: VOTER last_known_addr { host: "127.31.238.129" port: 46105 } } peers { permanent_uuid: "fda34ced24134027b47ef74f90be7fff" member_type: VOTER last_known_addr { host: "127.31.238.130" port: 40623 } } peers { permanent_uuid: "78ae6d139f4c460492ce8bd4e26263df" member_type: VOTER last_known_addr { host: "127.31.238.131" port: 41645 } }
I20260709 12:22:27.793327  1631 tablet_bootstrap.cc:492] T 10cb59e97d5542b39044eafaf23d612d P 7c2490c67496419da545edc825b0a8d6: Bootstrap starting.
I20260709 12:22:27.794003  1641 leader_election.cc:290] T 0a58a60d12c84d49b99f136e6f3a1ec3 P fda34ced24134027b47ef74f90be7fff [CANDIDATE]: Term 1 pre-election: Requested pre-vote from peers 7c2490c67496419da545edc825b0a8d6 (127.31.238.129:46105), 78ae6d139f4c460492ce8bd4e26263df (127.31.238.131:41645)
I20260709 12:22:27.795047  1589 tablet_service.cc:1917] Received RequestConsensusVote() RPC: tablet_id: "0a58a60d12c84d49b99f136e6f3a1ec3" candidate_uuid: "fda34ced24134027b47ef74f90be7fff" candidate_term: 1 candidate_status { last_received { term: 0 index: 0 } } ignore_live_leader: false dest_uuid: "78ae6d139f4c460492ce8bd4e26263df" is_pre_election: true
I20260709 12:22:27.795696  1589 raft_consensus.cc:2468] T 0a58a60d12c84d49b99f136e6f3a1ec3 P 78ae6d139f4c460492ce8bd4e26263df [term 0 FOLLOWER]: Leader pre-election vote request: Granting yes vote for candidate fda34ced24134027b47ef74f90be7fff in term 0.
I20260709 12:22:27.796936  1483 leader_election.cc:304] T 0a58a60d12c84d49b99f136e6f3a1ec3 P fda34ced24134027b47ef74f90be7fff [CANDIDATE]: Term 1 pre-election: Election decided. Result: candidate won. Election summary: received 2 responses out of 3 voters: 2 yes votes; 0 no votes. yes voters: 78ae6d139f4c460492ce8bd4e26263df, fda34ced24134027b47ef74f90be7fff; no voters: 
I20260709 12:22:27.798101  1822 raft_consensus.cc:2804] T 0a58a60d12c84d49b99f136e6f3a1ec3 P fda34ced24134027b47ef74f90be7fff [term 0 FOLLOWER]: Leader pre-election won for term 1
I20260709 12:22:27.798506  1822 raft_consensus.cc:493] T 0a58a60d12c84d49b99f136e6f3a1ec3 P fda34ced24134027b47ef74f90be7fff [term 0 FOLLOWER]: Starting leader election (no leader contacted us within the election timeout)
I20260709 12:22:27.798652  1441 tablet_service.cc:1917] Received RequestConsensusVote() RPC: tablet_id: "0a58a60d12c84d49b99f136e6f3a1ec3" candidate_uuid: "fda34ced24134027b47ef74f90be7fff" candidate_term: 1 candidate_status { last_received { term: 0 index: 0 } } ignore_live_leader: false dest_uuid: "7c2490c67496419da545edc825b0a8d6" is_pre_election: true
I20260709 12:22:27.798867  1822 raft_consensus.cc:3060] T 0a58a60d12c84d49b99f136e6f3a1ec3 P fda34ced24134027b47ef74f90be7fff [term 0 FOLLOWER]: Advancing to term 1
W20260709 12:22:27.799914  1482 leader_election.cc:343] T 0a58a60d12c84d49b99f136e6f3a1ec3 P fda34ced24134027b47ef74f90be7fff [CANDIDATE]: Term 1 pre-election: Tablet error from VoteRequest() call to peer 7c2490c67496419da545edc825b0a8d6 (127.31.238.129:46105): Illegal state: must be running to vote when last-logged opid is not known
I20260709 12:22:27.802467  1631 tablet_bootstrap.cc:654] T 10cb59e97d5542b39044eafaf23d612d P 7c2490c67496419da545edc825b0a8d6: Neither blocks nor log segments found. Creating new log.
I20260709 12:22:27.810207  1822 raft_consensus.cc:515] T 0a58a60d12c84d49b99f136e6f3a1ec3 P fda34ced24134027b47ef74f90be7fff [term 1 FOLLOWER]: Starting leader election with config: opid_index: -1 OBSOLETE_local: false peers { permanent_uuid: "7c2490c67496419da545edc825b0a8d6" member_type: VOTER last_known_addr { host: "127.31.238.129" port: 46105 } } peers { permanent_uuid: "fda34ced24134027b47ef74f90be7fff" member_type: VOTER last_known_addr { host: "127.31.238.130" port: 40623 } } peers { permanent_uuid: "78ae6d139f4c460492ce8bd4e26263df" member_type: VOTER last_known_addr { host: "127.31.238.131" port: 41645 } }
I20260709 12:22:27.813871  1631 tablet_bootstrap.cc:492] T 10cb59e97d5542b39044eafaf23d612d P 7c2490c67496419da545edc825b0a8d6: No bootstrap required, opened a new log
I20260709 12:22:27.814421  1631 ts_tablet_manager.cc:1403] T 10cb59e97d5542b39044eafaf23d612d P 7c2490c67496419da545edc825b0a8d6: Time spent bootstrapping tablet: real 0.021s	user 0.010s	sys 0.000s
I20260709 12:22:27.817173  1631 raft_consensus.cc:359] T 10cb59e97d5542b39044eafaf23d612d P 7c2490c67496419da545edc825b0a8d6 [term 0 FOLLOWER]: Replica starting. Triggering 0 pending ops. Active config: opid_index: -1 OBSOLETE_local: false peers { permanent_uuid: "7c2490c67496419da545edc825b0a8d6" member_type: VOTER last_known_addr { host: "127.31.238.129" port: 46105 } } peers { permanent_uuid: "fda34ced24134027b47ef74f90be7fff" member_type: VOTER last_known_addr { host: "127.31.238.130" port: 40623 } } peers { permanent_uuid: "78ae6d139f4c460492ce8bd4e26263df" member_type: VOTER last_known_addr { host: "127.31.238.131" port: 41645 } }
I20260709 12:22:27.817885  1631 raft_consensus.cc:385] T 10cb59e97d5542b39044eafaf23d612d P 7c2490c67496419da545edc825b0a8d6 [term 0 FOLLOWER]: Consensus starting up: Expiring failure detector timer to make a prompt election more likely
I20260709 12:22:27.818217  1631 raft_consensus.cc:740] T 10cb59e97d5542b39044eafaf23d612d P 7c2490c67496419da545edc825b0a8d6 [term 0 FOLLOWER]: Becoming Follower/Learner. State: Replica: 7c2490c67496419da545edc825b0a8d6, State: Initialized, Role: FOLLOWER
I20260709 12:22:27.819237  1631 consensus_queue.cc:260] T 10cb59e97d5542b39044eafaf23d612d P 7c2490c67496419da545edc825b0a8d6 [NON_LEADER]: Queue going to NON_LEADER mode. State: All replicated index: 0, Majority replicated index: 0, Committed index: 0, Last appended: 0.0, Last appended by leader: 0, Current term: 0, Majority size: -1, State: 0, Mode: NON_LEADER, active raft config: opid_index: -1 OBSOLETE_local: false peers { permanent_uuid: "7c2490c67496419da545edc825b0a8d6" member_type: VOTER last_known_addr { host: "127.31.238.129" port: 46105 } } peers { permanent_uuid: "fda34ced24134027b47ef74f90be7fff" member_type: VOTER last_known_addr { host: "127.31.238.130" port: 40623 } } peers { permanent_uuid: "78ae6d139f4c460492ce8bd4e26263df" member_type: VOTER last_known_addr { host: "127.31.238.131" port: 41645 } }
I20260709 12:22:27.818075  1589 tablet_service.cc:1917] Received RequestConsensusVote() RPC: tablet_id: "0a58a60d12c84d49b99f136e6f3a1ec3" candidate_uuid: "fda34ced24134027b47ef74f90be7fff" candidate_term: 1 candidate_status { last_received { term: 0 index: 0 } } ignore_live_leader: false dest_uuid: "78ae6d139f4c460492ce8bd4e26263df"
I20260709 12:22:27.821513  1589 raft_consensus.cc:3060] T 0a58a60d12c84d49b99f136e6f3a1ec3 P 78ae6d139f4c460492ce8bd4e26263df [term 0 FOLLOWER]: Advancing to term 1
I20260709 12:22:27.821899  1631 ts_tablet_manager.cc:1434] T 10cb59e97d5542b39044eafaf23d612d P 7c2490c67496419da545edc825b0a8d6: Time spent starting tablet: real 0.007s	user 0.001s	sys 0.005s
I20260709 12:22:27.823356  1631 tablet_bootstrap.cc:492] T 0a58a60d12c84d49b99f136e6f3a1ec3 P 7c2490c67496419da545edc825b0a8d6: Bootstrap starting.
I20260709 12:22:27.825008  1441 tablet_service.cc:1917] Received RequestConsensusVote() RPC: tablet_id: "0a58a60d12c84d49b99f136e6f3a1ec3" candidate_uuid: "fda34ced24134027b47ef74f90be7fff" candidate_term: 1 candidate_status { last_received { term: 0 index: 0 } } ignore_live_leader: false dest_uuid: "7c2490c67496419da545edc825b0a8d6"
W20260709 12:22:27.827138  1482 leader_election.cc:343] T 0a58a60d12c84d49b99f136e6f3a1ec3 P fda34ced24134027b47ef74f90be7fff [CANDIDATE]: Term 1 election: Tablet error from VoteRequest() call to peer 7c2490c67496419da545edc825b0a8d6 (127.31.238.129:46105): Illegal state: must be running to vote when last-logged opid is not known
I20260709 12:22:27.834213  1631 tablet_bootstrap.cc:654] T 0a58a60d12c84d49b99f136e6f3a1ec3 P 7c2490c67496419da545edc825b0a8d6: Neither blocks nor log segments found. Creating new log.
I20260709 12:22:27.841439  1823 consensus_queue.cc:1048] T e0c6be1bbe344ac5b4d3bab4e168c005 P fda34ced24134027b47ef74f90be7fff [LEADER]: Connected to new peer: Peer: permanent_uuid: "78ae6d139f4c460492ce8bd4e26263df" member_type: VOTER last_known_addr { host: "127.31.238.131" port: 41645 }, Status: LMP_MISMATCH, Last received: 0.0, Next index: 1, Last known committed idx: 0, Time since last communication: 0.000s
I20260709 12:22:27.844095  1910 raft_consensus.cc:493] T 514fc63221fd414b8de9b620687ec3ed P 7c2490c67496419da545edc825b0a8d6 [term 0 FOLLOWER]: Starting pre-election (no leader contacted us within the election timeout)
I20260709 12:22:27.844636  1910 raft_consensus.cc:515] T 514fc63221fd414b8de9b620687ec3ed P 7c2490c67496419da545edc825b0a8d6 [term 0 FOLLOWER]: Starting pre-election with config: opid_index: -1 OBSOLETE_local: false peers { permanent_uuid: "7c2490c67496419da545edc825b0a8d6" member_type: VOTER last_known_addr { host: "127.31.238.129" port: 46105 } } peers { permanent_uuid: "fda34ced24134027b47ef74f90be7fff" member_type: VOTER last_known_addr { host: "127.31.238.130" port: 40623 } } peers { permanent_uuid: "78ae6d139f4c460492ce8bd4e26263df" member_type: VOTER last_known_addr { host: "127.31.238.131" port: 41645 } }
I20260709 12:22:27.847625  1910 leader_election.cc:290] T 514fc63221fd414b8de9b620687ec3ed P 7c2490c67496419da545edc825b0a8d6 [CANDIDATE]: Term 1 pre-election: Requested pre-vote from peers fda34ced24134027b47ef74f90be7fff (127.31.238.130:40623), 78ae6d139f4c460492ce8bd4e26263df (127.31.238.131:41645)
I20260709 12:22:27.849211  1588 tablet_service.cc:1917] Received RequestConsensusVote() RPC: tablet_id: "514fc63221fd414b8de9b620687ec3ed" candidate_uuid: "7c2490c67496419da545edc825b0a8d6" candidate_term: 1 candidate_status { last_received { term: 0 index: 0 } } ignore_live_leader: false dest_uuid: "78ae6d139f4c460492ce8bd4e26263df" is_pre_election: true
I20260709 12:22:27.849891  1588 raft_consensus.cc:2468] T 514fc63221fd414b8de9b620687ec3ed P 78ae6d139f4c460492ce8bd4e26263df [term 0 FOLLOWER]: Leader pre-election vote request: Granting yes vote for candidate 7c2490c67496419da545edc825b0a8d6 in term 0.
I20260709 12:22:27.850579  1631 tablet_bootstrap.cc:492] T 0a58a60d12c84d49b99f136e6f3a1ec3 P 7c2490c67496419da545edc825b0a8d6: No bootstrap required, opened a new log
I20260709 12:22:27.851099  1631 ts_tablet_manager.cc:1403] T 0a58a60d12c84d49b99f136e6f3a1ec3 P 7c2490c67496419da545edc825b0a8d6: Time spent bootstrapping tablet: real 0.028s	user 0.010s	sys 0.007s
I20260709 12:22:27.850936  1408 leader_election.cc:304] T 514fc63221fd414b8de9b620687ec3ed P 7c2490c67496419da545edc825b0a8d6 [CANDIDATE]: Term 1 pre-election: Election decided. Result: candidate won. Election summary: received 2 responses out of 3 voters: 2 yes votes; 0 no votes. yes voters: 78ae6d139f4c460492ce8bd4e26263df, 7c2490c67496419da545edc825b0a8d6; no voters: 
I20260709 12:22:27.851884  1515 tablet_service.cc:1917] Received RequestConsensusVote() RPC: tablet_id: "514fc63221fd414b8de9b620687ec3ed" candidate_uuid: "7c2490c67496419da545edc825b0a8d6" candidate_term: 1 candidate_status { last_received { term: 0 index: 0 } } ignore_live_leader: false dest_uuid: "fda34ced24134027b47ef74f90be7fff" is_pre_election: true
I20260709 12:22:27.852581  1515 raft_consensus.cc:2468] T 514fc63221fd414b8de9b620687ec3ed P fda34ced24134027b47ef74f90be7fff [term 0 FOLLOWER]: Leader pre-election vote request: Granting yes vote for candidate 7c2490c67496419da545edc825b0a8d6 in term 0.
I20260709 12:22:27.854620  1631 raft_consensus.cc:359] T 0a58a60d12c84d49b99f136e6f3a1ec3 P 7c2490c67496419da545edc825b0a8d6 [term 0 FOLLOWER]: Replica starting. Triggering 0 pending ops. Active config: opid_index: -1 OBSOLETE_local: false peers { permanent_uuid: "7c2490c67496419da545edc825b0a8d6" member_type: VOTER last_known_addr { host: "127.31.238.129" port: 46105 } } peers { permanent_uuid: "fda34ced24134027b47ef74f90be7fff" member_type: VOTER last_known_addr { host: "127.31.238.130" port: 40623 } } peers { permanent_uuid: "78ae6d139f4c460492ce8bd4e26263df" member_type: VOTER last_known_addr { host: "127.31.238.131" port: 41645 } }
I20260709 12:22:27.851850  1910 raft_consensus.cc:2804] T 514fc63221fd414b8de9b620687ec3ed P 7c2490c67496419da545edc825b0a8d6 [term 0 FOLLOWER]: Leader pre-election won for term 1
I20260709 12:22:27.855700  1910 raft_consensus.cc:493] T 514fc63221fd414b8de9b620687ec3ed P 7c2490c67496419da545edc825b0a8d6 [term 0 FOLLOWER]: Starting leader election (no leader contacted us within the election timeout)
I20260709 12:22:27.856092  1910 raft_consensus.cc:3060] T 514fc63221fd414b8de9b620687ec3ed P 7c2490c67496419da545edc825b0a8d6 [term 0 FOLLOWER]: Advancing to term 1
I20260709 12:22:27.850963  1589 raft_consensus.cc:2468] T 0a58a60d12c84d49b99f136e6f3a1ec3 P 78ae6d139f4c460492ce8bd4e26263df [term 1 FOLLOWER]: Leader election vote request: Granting yes vote for candidate fda34ced24134027b47ef74f90be7fff in term 1.
I20260709 12:22:27.860968  1631 raft_consensus.cc:385] T 0a58a60d12c84d49b99f136e6f3a1ec3 P 7c2490c67496419da545edc825b0a8d6 [term 0 FOLLOWER]: Consensus starting up: Expiring failure detector timer to make a prompt election more likely
I20260709 12:22:27.865522  1631 raft_consensus.cc:740] T 0a58a60d12c84d49b99f136e6f3a1ec3 P 7c2490c67496419da545edc825b0a8d6 [term 0 FOLLOWER]: Becoming Follower/Learner. State: Replica: 7c2490c67496419da545edc825b0a8d6, State: Initialized, Role: FOLLOWER
I20260709 12:22:27.866359  1631 consensus_queue.cc:260] T 0a58a60d12c84d49b99f136e6f3a1ec3 P 7c2490c67496419da545edc825b0a8d6 [NON_LEADER]: Queue going to NON_LEADER mode. State: All replicated index: 0, Majority replicated index: 0, Committed index: 0, Last appended: 0.0, Last appended by leader: 0, Current term: 0, Majority size: -1, State: 0, Mode: NON_LEADER, active raft config: opid_index: -1 OBSOLETE_local: false peers { permanent_uuid: "7c2490c67496419da545edc825b0a8d6" member_type: VOTER last_known_addr { host: "127.31.238.129" port: 46105 } } peers { permanent_uuid: "fda34ced24134027b47ef74f90be7fff" member_type: VOTER last_known_addr { host: "127.31.238.130" port: 40623 } } peers { permanent_uuid: "78ae6d139f4c460492ce8bd4e26263df" member_type: VOTER last_known_addr { host: "127.31.238.131" port: 41645 } }
I20260709 12:22:27.868896  1631 ts_tablet_manager.cc:1434] T 0a58a60d12c84d49b99f136e6f3a1ec3 P 7c2490c67496419da545edc825b0a8d6: Time spent starting tablet: real 0.017s	user 0.004s	sys 0.000s
I20260709 12:22:27.870308  1631 tablet_bootstrap.cc:492] T d5711d8de4de473ba3097c289b1bf677 P 7c2490c67496419da545edc825b0a8d6: Bootstrap starting.
I20260709 12:22:27.872560  1822 leader_election.cc:290] T 0a58a60d12c84d49b99f136e6f3a1ec3 P fda34ced24134027b47ef74f90be7fff [CANDIDATE]: Term 1 election: Requested vote from peers 7c2490c67496419da545edc825b0a8d6 (127.31.238.129:46105), 78ae6d139f4c460492ce8bd4e26263df (127.31.238.131:41645)
I20260709 12:22:27.872721  1634 tablet_bootstrap.cc:492] T 36fefa65ac874ce5bc24b9512eb6184d P fda34ced24134027b47ef74f90be7fff: No bootstrap required, opened a new log
I20260709 12:22:27.873183  1634 ts_tablet_manager.cc:1403] T 36fefa65ac874ce5bc24b9512eb6184d P fda34ced24134027b47ef74f90be7fff: Time spent bootstrapping tablet: real 0.135s	user 0.026s	sys 0.046s
I20260709 12:22:27.864833  1910 raft_consensus.cc:515] T 514fc63221fd414b8de9b620687ec3ed P 7c2490c67496419da545edc825b0a8d6 [term 1 FOLLOWER]: Starting leader election with config: opid_index: -1 OBSOLETE_local: false peers { permanent_uuid: "7c2490c67496419da545edc825b0a8d6" member_type: VOTER last_known_addr { host: "127.31.238.129" port: 46105 } } peers { permanent_uuid: "fda34ced24134027b47ef74f90be7fff" member_type: VOTER last_known_addr { host: "127.31.238.130" port: 40623 } } peers { permanent_uuid: "78ae6d139f4c460492ce8bd4e26263df" member_type: VOTER last_known_addr { host: "127.31.238.131" port: 41645 } }
I20260709 12:22:27.862125  1483 leader_election.cc:304] T 0a58a60d12c84d49b99f136e6f3a1ec3 P fda34ced24134027b47ef74f90be7fff [CANDIDATE]: Term 1 election: Election decided. Result: candidate won. Election summary: received 3 responses out of 3 voters: 2 yes votes; 1 no votes. yes voters: 78ae6d139f4c460492ce8bd4e26263df, fda34ced24134027b47ef74f90be7fff; no voters: 7c2490c67496419da545edc825b0a8d6
I20260709 12:22:27.875160  1632 tablet_bootstrap.cc:654] T a7252cdffdd04885a8f19d53ee7b9294 P 78ae6d139f4c460492ce8bd4e26263df: Neither blocks nor log segments found. Creating new log.
I20260709 12:22:27.875579  1634 raft_consensus.cc:359] T 36fefa65ac874ce5bc24b9512eb6184d P fda34ced24134027b47ef74f90be7fff [term 0 FOLLOWER]: Replica starting. Triggering 0 pending ops. Active config: opid_index: -1 OBSOLETE_local: false peers { permanent_uuid: "7c2490c67496419da545edc825b0a8d6" member_type: VOTER last_known_addr { host: "127.31.238.129" port: 46105 } } peers { permanent_uuid: "fda34ced24134027b47ef74f90be7fff" member_type: VOTER last_known_addr { host: "127.31.238.130" port: 40623 } } peers { permanent_uuid: "78ae6d139f4c460492ce8bd4e26263df" member_type: VOTER last_known_addr { host: "127.31.238.131" port: 41645 } }
I20260709 12:22:27.876212  1634 raft_consensus.cc:385] T 36fefa65ac874ce5bc24b9512eb6184d P fda34ced24134027b47ef74f90be7fff [term 0 FOLLOWER]: Consensus starting up: Expiring failure detector timer to make a prompt election more likely
I20260709 12:22:27.876474  1634 raft_consensus.cc:740] T 36fefa65ac874ce5bc24b9512eb6184d P fda34ced24134027b47ef74f90be7fff [term 0 FOLLOWER]: Becoming Follower/Learner. State: Replica: fda34ced24134027b47ef74f90be7fff, State: Initialized, Role: FOLLOWER
W20260709 12:22:27.876899  1482 consensus_peers.cc:597] T e0c6be1bbe344ac5b4d3bab4e168c005 P fda34ced24134027b47ef74f90be7fff -> Peer 7c2490c67496419da545edc825b0a8d6 (127.31.238.129:46105): Couldn't send request to peer 7c2490c67496419da545edc825b0a8d6. Error code: TABLET_NOT_RUNNING (12). Status: Illegal state: Tablet not RUNNING: INITIALIZED. This is attempt 1: this message will repeat every 5th retry.
I20260709 12:22:27.877048  1634 consensus_queue.cc:260] T 36fefa65ac874ce5bc24b9512eb6184d P fda34ced24134027b47ef74f90be7fff [NON_LEADER]: Queue going to NON_LEADER mode. State: All replicated index: 0, Majority replicated index: 0, Committed index: 0, Last appended: 0.0, Last appended by leader: 0, Current term: 0, Majority size: -1, State: 0, Mode: NON_LEADER, active raft config: opid_index: -1 OBSOLETE_local: false peers { permanent_uuid: "7c2490c67496419da545edc825b0a8d6" member_type: VOTER last_known_addr { host: "127.31.238.129" port: 46105 } } peers { permanent_uuid: "fda34ced24134027b47ef74f90be7fff" member_type: VOTER last_known_addr { host: "127.31.238.130" port: 40623 } } peers { permanent_uuid: "78ae6d139f4c460492ce8bd4e26263df" member_type: VOTER last_known_addr { host: "127.31.238.131" port: 41645 } }
I20260709 12:22:27.877756  1641 raft_consensus.cc:2804] T 0a58a60d12c84d49b99f136e6f3a1ec3 P fda34ced24134027b47ef74f90be7fff [term 1 FOLLOWER]: Leader election won for term 1
I20260709 12:22:27.878592  1641 raft_consensus.cc:697] T 0a58a60d12c84d49b99f136e6f3a1ec3 P fda34ced24134027b47ef74f90be7fff [term 1 LEADER]: Becoming Leader. State: Replica: fda34ced24134027b47ef74f90be7fff, State: Running, Role: LEADER
I20260709 12:22:27.879050  1634 ts_tablet_manager.cc:1434] T 36fefa65ac874ce5bc24b9512eb6184d P fda34ced24134027b47ef74f90be7fff: Time spent starting tablet: real 0.006s	user 0.004s	sys 0.000s
I20260709 12:22:27.880105  1641 consensus_queue.cc:237] T 0a58a60d12c84d49b99f136e6f3a1ec3 P fda34ced24134027b47ef74f90be7fff [LEADER]: Queue going to LEADER mode. State: All replicated index: 0, Majority replicated index: 0, Committed index: 0, Last appended: 0.0, Last appended by leader: 0, Current term: 1, Majority size: 2, State: 0, Mode: LEADER, active raft config: opid_index: -1 OBSOLETE_local: false peers { permanent_uuid: "7c2490c67496419da545edc825b0a8d6" member_type: VOTER last_known_addr { host: "127.31.238.129" port: 46105 } } peers { permanent_uuid: "fda34ced24134027b47ef74f90be7fff" member_type: VOTER last_known_addr { host: "127.31.238.130" port: 40623 } } peers { permanent_uuid: "78ae6d139f4c460492ce8bd4e26263df" member_type: VOTER last_known_addr { host: "127.31.238.131" port: 41645 } }
I20260709 12:22:27.882157  1591 tablet_service.cc:1917] Received RequestConsensusVote() RPC: tablet_id: "514fc63221fd414b8de9b620687ec3ed" candidate_uuid: "7c2490c67496419da545edc825b0a8d6" candidate_term: 1 candidate_status { last_received { term: 0 index: 0 } } ignore_live_leader: false dest_uuid: "78ae6d139f4c460492ce8bd4e26263df"
I20260709 12:22:27.882687  1591 raft_consensus.cc:3060] T 514fc63221fd414b8de9b620687ec3ed P 78ae6d139f4c460492ce8bd4e26263df [term 0 FOLLOWER]: Advancing to term 1
I20260709 12:22:27.882015  1910 leader_election.cc:290] T 514fc63221fd414b8de9b620687ec3ed P 7c2490c67496419da545edc825b0a8d6 [CANDIDATE]: Term 1 election: Requested vote from peers fda34ced24134027b47ef74f90be7fff (127.31.238.130:40623), 78ae6d139f4c460492ce8bd4e26263df (127.31.238.131:41645)
I20260709 12:22:27.888716  1634 tablet_bootstrap.cc:492] T deeb48b5ac8a47a5bb04fc7b39d0b1fc P fda34ced24134027b47ef74f90be7fff: Bootstrap starting.
I20260709 12:22:27.888526  1515 tablet_service.cc:1917] Received RequestConsensusVote() RPC: tablet_id: "514fc63221fd414b8de9b620687ec3ed" candidate_uuid: "7c2490c67496419da545edc825b0a8d6" candidate_term: 1 candidate_status { last_received { term: 0 index: 0 } } ignore_live_leader: false dest_uuid: "fda34ced24134027b47ef74f90be7fff"
I20260709 12:22:27.889467  1515 raft_consensus.cc:3060] T 514fc63221fd414b8de9b620687ec3ed P fda34ced24134027b47ef74f90be7fff [term 0 FOLLOWER]: Advancing to term 1
I20260709 12:22:27.892076  1837 raft_consensus.cc:493] T 0bb2de0aac4c4a658dd2eca52894ebee P 78ae6d139f4c460492ce8bd4e26263df [term 0 FOLLOWER]: Starting pre-election (no leader contacted us within the election timeout)
I20260709 12:22:27.892581  1631 tablet_bootstrap.cc:654] T d5711d8de4de473ba3097c289b1bf677 P 7c2490c67496419da545edc825b0a8d6: Neither blocks nor log segments found. Creating new log.
I20260709 12:22:27.895864  1591 raft_consensus.cc:2468] T 514fc63221fd414b8de9b620687ec3ed P 78ae6d139f4c460492ce8bd4e26263df [term 1 FOLLOWER]: Leader election vote request: Granting yes vote for candidate 7c2490c67496419da545edc825b0a8d6 in term 1.
I20260709 12:22:27.892521  1837 raft_consensus.cc:515] T 0bb2de0aac4c4a658dd2eca52894ebee P 78ae6d139f4c460492ce8bd4e26263df [term 0 FOLLOWER]: Starting pre-election with config: opid_index: -1 OBSOLETE_local: false peers { permanent_uuid: "7c2490c67496419da545edc825b0a8d6" member_type: VOTER last_known_addr { host: "127.31.238.129" port: 46105 } } peers { permanent_uuid: "fda34ced24134027b47ef74f90be7fff" member_type: VOTER last_known_addr { host: "127.31.238.130" port: 40623 } } peers { permanent_uuid: "78ae6d139f4c460492ce8bd4e26263df" member_type: VOTER last_known_addr { host: "127.31.238.131" port: 41645 } }
I20260709 12:22:27.897043  1408 leader_election.cc:304] T 514fc63221fd414b8de9b620687ec3ed P 7c2490c67496419da545edc825b0a8d6 [CANDIDATE]: Term 1 election: Election decided. Result: candidate won. Election summary: received 2 responses out of 3 voters: 2 yes votes; 0 no votes. yes voters: 78ae6d139f4c460492ce8bd4e26263df, 7c2490c67496419da545edc825b0a8d6; no voters: 
I20260709 12:22:27.898576  1837 leader_election.cc:290] T 0bb2de0aac4c4a658dd2eca52894ebee P 78ae6d139f4c460492ce8bd4e26263df [CANDIDATE]: Term 1 pre-election: Requested pre-vote from peers 7c2490c67496419da545edc825b0a8d6 (127.31.238.129:46105), fda34ced24134027b47ef74f90be7fff (127.31.238.130:40623)
I20260709 12:22:27.900213  1512 tablet_service.cc:1917] Received RequestConsensusVote() RPC: tablet_id: "0bb2de0aac4c4a658dd2eca52894ebee" candidate_uuid: "78ae6d139f4c460492ce8bd4e26263df" candidate_term: 1 candidate_status { last_received { term: 0 index: 0 } } ignore_live_leader: false dest_uuid: "fda34ced24134027b47ef74f90be7fff" is_pre_election: true
I20260709 12:22:27.898854  1910 raft_consensus.cc:2804] T 514fc63221fd414b8de9b620687ec3ed P 7c2490c67496419da545edc825b0a8d6 [term 1 FOLLOWER]: Leader election won for term 1
W20260709 12:22:27.901754  1555 leader_election.cc:343] T 0bb2de0aac4c4a658dd2eca52894ebee P 78ae6d139f4c460492ce8bd4e26263df [CANDIDATE]: Term 1 pre-election: Tablet error from VoteRequest() call to peer fda34ced24134027b47ef74f90be7fff (127.31.238.130:40623): Illegal state: must be running to vote when last-logged opid is not known
I20260709 12:22:27.901939  1910 raft_consensus.cc:697] T 514fc63221fd414b8de9b620687ec3ed P 7c2490c67496419da545edc825b0a8d6 [term 1 LEADER]: Becoming Leader. State: Replica: 7c2490c67496419da545edc825b0a8d6, State: Running, Role: LEADER
I20260709 12:22:27.903076  1440 tablet_service.cc:1917] Received RequestConsensusVote() RPC: tablet_id: "0bb2de0aac4c4a658dd2eca52894ebee" candidate_uuid: "78ae6d139f4c460492ce8bd4e26263df" candidate_term: 1 candidate_status { last_received { term: 0 index: 0 } } ignore_live_leader: false dest_uuid: "7c2490c67496419da545edc825b0a8d6" is_pre_election: true
I20260709 12:22:27.902874  1910 consensus_queue.cc:237] T 514fc63221fd414b8de9b620687ec3ed P 7c2490c67496419da545edc825b0a8d6 [LEADER]: Queue going to LEADER mode. State: All replicated index: 0, Majority replicated index: 0, Committed index: 0, Last appended: 0.0, Last appended by leader: 0, Current term: 1, Majority size: 2, State: 0, Mode: LEADER, active raft config: opid_index: -1 OBSOLETE_local: false peers { permanent_uuid: "7c2490c67496419da545edc825b0a8d6" member_type: VOTER last_known_addr { host: "127.31.238.129" port: 46105 } } peers { permanent_uuid: "fda34ced24134027b47ef74f90be7fff" member_type: VOTER last_known_addr { host: "127.31.238.130" port: 40623 } } peers { permanent_uuid: "78ae6d139f4c460492ce8bd4e26263df" member_type: VOTER last_known_addr { host: "127.31.238.131" port: 41645 } }
I20260709 12:22:27.903775  1440 raft_consensus.cc:2468] T 0bb2de0aac4c4a658dd2eca52894ebee P 7c2490c67496419da545edc825b0a8d6 [term 0 FOLLOWER]: Leader pre-election vote request: Granting yes vote for candidate 78ae6d139f4c460492ce8bd4e26263df in term 0.
I20260709 12:22:27.909880  1823 raft_consensus.cc:493] T 36fefa65ac874ce5bc24b9512eb6184d P fda34ced24134027b47ef74f90be7fff [term 0 FOLLOWER]: Starting pre-election (no leader contacted us within the election timeout)
I20260709 12:22:27.910344  1823 raft_consensus.cc:515] T 36fefa65ac874ce5bc24b9512eb6184d P fda34ced24134027b47ef74f90be7fff [term 0 FOLLOWER]: Starting pre-election with config: opid_index: -1 OBSOLETE_local: false peers { permanent_uuid: "7c2490c67496419da545edc825b0a8d6" member_type: VOTER last_known_addr { host: "127.31.238.129" port: 46105 } } peers { permanent_uuid: "fda34ced24134027b47ef74f90be7fff" member_type: VOTER last_known_addr { host: "127.31.238.130" port: 40623 } } peers { permanent_uuid: "78ae6d139f4c460492ce8bd4e26263df" member_type: VOTER last_known_addr { host: "127.31.238.131" port: 41645 } }
I20260709 12:22:27.918313  1634 tablet_bootstrap.cc:654] T deeb48b5ac8a47a5bb04fc7b39d0b1fc P fda34ced24134027b47ef74f90be7fff: Neither blocks nor log segments found. Creating new log.
I20260709 12:22:27.918527  1556 leader_election.cc:304] T 0bb2de0aac4c4a658dd2eca52894ebee P 78ae6d139f4c460492ce8bd4e26263df [CANDIDATE]: Term 1 pre-election: Election decided. Result: candidate won. Election summary: received 3 responses out of 3 voters: 2 yes votes; 1 no votes. yes voters: 78ae6d139f4c460492ce8bd4e26263df, 7c2490c67496419da545edc825b0a8d6; no voters: fda34ced24134027b47ef74f90be7fff
I20260709 12:22:27.919515  1823 leader_election.cc:290] T 36fefa65ac874ce5bc24b9512eb6184d P fda34ced24134027b47ef74f90be7fff [CANDIDATE]: Term 1 pre-election: Requested pre-vote from peers 7c2490c67496419da545edc825b0a8d6 (127.31.238.129:46105), 78ae6d139f4c460492ce8bd4e26263df (127.31.238.131:41645)
I20260709 12:22:27.919589  1837 raft_consensus.cc:2804] T 0bb2de0aac4c4a658dd2eca52894ebee P 78ae6d139f4c460492ce8bd4e26263df [term 0 FOLLOWER]: Leader pre-election won for term 1
I20260709 12:22:27.920893  1837 raft_consensus.cc:493] T 0bb2de0aac4c4a658dd2eca52894ebee P 78ae6d139f4c460492ce8bd4e26263df [term 0 FOLLOWER]: Starting leader election (no leader contacted us within the election timeout)
I20260709 12:22:27.921252  1837 raft_consensus.cc:3060] T 0bb2de0aac4c4a658dd2eca52894ebee P 78ae6d139f4c460492ce8bd4e26263df [term 0 FOLLOWER]: Advancing to term 1
I20260709 12:22:27.935784  1515 raft_consensus.cc:2468] T 514fc63221fd414b8de9b620687ec3ed P fda34ced24134027b47ef74f90be7fff [term 1 FOLLOWER]: Leader election vote request: Granting yes vote for candidate 7c2490c67496419da545edc825b0a8d6 in term 1.
I20260709 12:22:27.921063  1591 tablet_service.cc:1917] Received RequestConsensusVote() RPC: tablet_id: "36fefa65ac874ce5bc24b9512eb6184d" candidate_uuid: "fda34ced24134027b47ef74f90be7fff" candidate_term: 1 candidate_status { last_received { term: 0 index: 0 } } ignore_live_leader: false dest_uuid: "78ae6d139f4c460492ce8bd4e26263df" is_pre_election: true
I20260709 12:22:27.940296  1591 raft_consensus.cc:2468] T 36fefa65ac874ce5bc24b9512eb6184d P 78ae6d139f4c460492ce8bd4e26263df [term 0 FOLLOWER]: Leader pre-election vote request: Granting yes vote for candidate fda34ced24134027b47ef74f90be7fff in term 0.
I20260709 12:22:27.941402  1483 leader_election.cc:304] T 36fefa65ac874ce5bc24b9512eb6184d P fda34ced24134027b47ef74f90be7fff [CANDIDATE]: Term 1 pre-election: Election decided. Result: candidate won. Election summary: received 2 responses out of 3 voters: 2 yes votes; 0 no votes. yes voters: 78ae6d139f4c460492ce8bd4e26263df, fda34ced24134027b47ef74f90be7fff; no voters: 
I20260709 12:22:27.942147  1822 raft_consensus.cc:2804] T 36fefa65ac874ce5bc24b9512eb6184d P fda34ced24134027b47ef74f90be7fff [term 0 FOLLOWER]: Leader pre-election won for term 1
I20260709 12:22:27.942479  1822 raft_consensus.cc:493] T 36fefa65ac874ce5bc24b9512eb6184d P fda34ced24134027b47ef74f90be7fff [term 0 FOLLOWER]: Starting leader election (no leader contacted us within the election timeout)
I20260709 12:22:27.942809  1822 raft_consensus.cc:3060] T 36fefa65ac874ce5bc24b9512eb6184d P fda34ced24134027b47ef74f90be7fff [term 0 FOLLOWER]: Advancing to term 1
I20260709 12:22:27.943674  1338 catalog_manager.cc:5697] T 0a58a60d12c84d49b99f136e6f3a1ec3 P fda34ced24134027b47ef74f90be7fff reported cstate change: term changed from 0 to 1, leader changed from <none> to fda34ced24134027b47ef74f90be7fff (127.31.238.130). New cstate: current_term: 1 leader_uuid: "fda34ced24134027b47ef74f90be7fff" committed_config { opid_index: -1 OBSOLETE_local: false peers { permanent_uuid: "7c2490c67496419da545edc825b0a8d6" member_type: VOTER last_known_addr { host: "127.31.238.129" port: 46105 } health_report { overall_health: UNKNOWN } } peers { permanent_uuid: "fda34ced24134027b47ef74f90be7fff" member_type: VOTER last_known_addr { host: "127.31.238.130" port: 40623 } health_report { overall_health: HEALTHY } } peers { permanent_uuid: "78ae6d139f4c460492ce8bd4e26263df" member_type: VOTER last_known_addr { host: "127.31.238.131" port: 41645 } health_report { overall_health: UNKNOWN } } }
I20260709 12:22:27.953435  1884 consensus_queue.cc:1048] T a720e20dfd1c421ba7b45169575abbce P 7c2490c67496419da545edc825b0a8d6 [LEADER]: Connected to new peer: Peer: permanent_uuid: "78ae6d139f4c460492ce8bd4e26263df" member_type: VOTER last_known_addr { host: "127.31.238.131" port: 41645 }, Status: LMP_MISMATCH, Last received: 0.0, Next index: 1, Last known committed idx: 0, Time since last communication: 0.000s
I20260709 12:22:27.954789  1440 tablet_service.cc:1917] Received RequestConsensusVote() RPC: tablet_id: "36fefa65ac874ce5bc24b9512eb6184d" candidate_uuid: "fda34ced24134027b47ef74f90be7fff" candidate_term: 1 candidate_status { last_received { term: 0 index: 0 } } ignore_live_leader: false dest_uuid: "7c2490c67496419da545edc825b0a8d6" is_pre_election: true
I20260709 12:22:27.957962  1440 raft_consensus.cc:2468] T 36fefa65ac874ce5bc24b9512eb6184d P 7c2490c67496419da545edc825b0a8d6 [term 0 FOLLOWER]: Leader pre-election vote request: Granting yes vote for candidate fda34ced24134027b47ef74f90be7fff in term 0.
I20260709 12:22:27.961987  1632 tablet_bootstrap.cc:492] T a7252cdffdd04885a8f19d53ee7b9294 P 78ae6d139f4c460492ce8bd4e26263df: No bootstrap required, opened a new log
I20260709 12:22:27.962512  1632 ts_tablet_manager.cc:1403] T a7252cdffdd04885a8f19d53ee7b9294 P 78ae6d139f4c460492ce8bd4e26263df: Time spent bootstrapping tablet: real 0.171s	user 0.011s	sys 0.009s
I20260709 12:22:27.968935  1632 raft_consensus.cc:359] T a7252cdffdd04885a8f19d53ee7b9294 P 78ae6d139f4c460492ce8bd4e26263df [term 0 FOLLOWER]: Replica starting. Triggering 0 pending ops. Active config: opid_index: -1 OBSOLETE_local: false peers { permanent_uuid: "7c2490c67496419da545edc825b0a8d6" member_type: VOTER last_known_addr { host: "127.31.238.129" port: 46105 } } peers { permanent_uuid: "fda34ced24134027b47ef74f90be7fff" member_type: VOTER last_known_addr { host: "127.31.238.130" port: 40623 } } peers { permanent_uuid: "78ae6d139f4c460492ce8bd4e26263df" member_type: VOTER last_known_addr { host: "127.31.238.131" port: 41645 } }
I20260709 12:22:27.969568  1632 raft_consensus.cc:385] T a7252cdffdd04885a8f19d53ee7b9294 P 78ae6d139f4c460492ce8bd4e26263df [term 0 FOLLOWER]: Consensus starting up: Expiring failure detector timer to make a prompt election more likely
I20260709 12:22:27.969828  1632 raft_consensus.cc:740] T a7252cdffdd04885a8f19d53ee7b9294 P 78ae6d139f4c460492ce8bd4e26263df [term 0 FOLLOWER]: Becoming Follower/Learner. State: Replica: 78ae6d139f4c460492ce8bd4e26263df, State: Initialized, Role: FOLLOWER
I20260709 12:22:27.970597  1632 consensus_queue.cc:260] T a7252cdffdd04885a8f19d53ee7b9294 P 78ae6d139f4c460492ce8bd4e26263df [NON_LEADER]: Queue going to NON_LEADER mode. State: All replicated index: 0, Majority replicated index: 0, Committed index: 0, Last appended: 0.0, Last appended by leader: 0, Current term: 0, Majority size: -1, State: 0, Mode: NON_LEADER, active raft config: opid_index: -1 OBSOLETE_local: false peers { permanent_uuid: "7c2490c67496419da545edc825b0a8d6" member_type: VOTER last_known_addr { host: "127.31.238.129" port: 46105 } } peers { permanent_uuid: "fda34ced24134027b47ef74f90be7fff" member_type: VOTER last_known_addr { host: "127.31.238.130" port: 40623 } } peers { permanent_uuid: "78ae6d139f4c460492ce8bd4e26263df" member_type: VOTER last_known_addr { host: "127.31.238.131" port: 41645 } }
I20260709 12:22:27.973013  1632 ts_tablet_manager.cc:1434] T a7252cdffdd04885a8f19d53ee7b9294 P 78ae6d139f4c460492ce8bd4e26263df: Time spent starting tablet: real 0.010s	user 0.005s	sys 0.001s
I20260709 12:22:27.974920  1632 tablet_bootstrap.cc:492] T a9e990cfaeb54953a0f127419df5a33c P 78ae6d139f4c460492ce8bd4e26263df: Bootstrap starting.
I20260709 12:22:27.969825  1837 raft_consensus.cc:515] T 0bb2de0aac4c4a658dd2eca52894ebee P 78ae6d139f4c460492ce8bd4e26263df [term 1 FOLLOWER]: Starting leader election with config: opid_index: -1 OBSOLETE_local: false peers { permanent_uuid: "7c2490c67496419da545edc825b0a8d6" member_type: VOTER last_known_addr { host: "127.31.238.129" port: 46105 } } peers { permanent_uuid: "fda34ced24134027b47ef74f90be7fff" member_type: VOTER last_known_addr { host: "127.31.238.130" port: 40623 } } peers { permanent_uuid: "78ae6d139f4c460492ce8bd4e26263df" member_type: VOTER last_known_addr { host: "127.31.238.131" port: 41645 } }
I20260709 12:22:27.978765  1837 leader_election.cc:290] T 0bb2de0aac4c4a658dd2eca52894ebee P 78ae6d139f4c460492ce8bd4e26263df [CANDIDATE]: Term 1 election: Requested vote from peers 7c2490c67496419da545edc825b0a8d6 (127.31.238.129:46105), fda34ced24134027b47ef74f90be7fff (127.31.238.130:40623)
I20260709 12:22:27.979876  1512 tablet_service.cc:1917] Received RequestConsensusVote() RPC: tablet_id: "0bb2de0aac4c4a658dd2eca52894ebee" candidate_uuid: "78ae6d139f4c460492ce8bd4e26263df" candidate_term: 1 candidate_status { last_received { term: 0 index: 0 } } ignore_live_leader: false dest_uuid: "fda34ced24134027b47ef74f90be7fff"
I20260709 12:22:27.979315  1440 tablet_service.cc:1917] Received RequestConsensusVote() RPC: tablet_id: "0bb2de0aac4c4a658dd2eca52894ebee" candidate_uuid: "78ae6d139f4c460492ce8bd4e26263df" candidate_term: 1 candidate_status { last_received { term: 0 index: 0 } } ignore_live_leader: false dest_uuid: "7c2490c67496419da545edc825b0a8d6"
I20260709 12:22:27.976366  1340 catalog_manager.cc:5697] T 514fc63221fd414b8de9b620687ec3ed P 7c2490c67496419da545edc825b0a8d6 reported cstate change: term changed from 0 to 1, leader changed from <none> to 7c2490c67496419da545edc825b0a8d6 (127.31.238.129). New cstate: current_term: 1 leader_uuid: "7c2490c67496419da545edc825b0a8d6" committed_config { opid_index: -1 OBSOLETE_local: false peers { permanent_uuid: "7c2490c67496419da545edc825b0a8d6" member_type: VOTER last_known_addr { host: "127.31.238.129" port: 46105 } health_report { overall_health: HEALTHY } } peers { permanent_uuid: "fda34ced24134027b47ef74f90be7fff" member_type: VOTER last_known_addr { host: "127.31.238.130" port: 40623 } health_report { overall_health: UNKNOWN } } peers { permanent_uuid: "78ae6d139f4c460492ce8bd4e26263df" member_type: VOTER last_known_addr { host: "127.31.238.131" port: 41645 } health_report { overall_health: UNKNOWN } } }
I20260709 12:22:27.980602  1440 raft_consensus.cc:3060] T 0bb2de0aac4c4a658dd2eca52894ebee P 7c2490c67496419da545edc825b0a8d6 [term 0 FOLLOWER]: Advancing to term 1
W20260709 12:22:27.981375  1555 leader_election.cc:343] T 0bb2de0aac4c4a658dd2eca52894ebee P 78ae6d139f4c460492ce8bd4e26263df [CANDIDATE]: Term 1 election: Tablet error from VoteRequest() call to peer fda34ced24134027b47ef74f90be7fff (127.31.238.130:40623): Illegal state: must be running to vote when last-logged opid is not known
I20260709 12:22:27.981613  1822 raft_consensus.cc:515] T 36fefa65ac874ce5bc24b9512eb6184d P fda34ced24134027b47ef74f90be7fff [term 1 FOLLOWER]: Starting leader election with config: opid_index: -1 OBSOLETE_local: false peers { permanent_uuid: "7c2490c67496419da545edc825b0a8d6" member_type: VOTER last_known_addr { host: "127.31.238.129" port: 46105 } } peers { permanent_uuid: "fda34ced24134027b47ef74f90be7fff" member_type: VOTER last_known_addr { host: "127.31.238.130" port: 40623 } } peers { permanent_uuid: "78ae6d139f4c460492ce8bd4e26263df" member_type: VOTER last_known_addr { host: "127.31.238.131" port: 41645 } }
I20260709 12:22:27.983070  1631 tablet_bootstrap.cc:492] T d5711d8de4de473ba3097c289b1bf677 P 7c2490c67496419da545edc825b0a8d6: No bootstrap required, opened a new log
I20260709 12:22:27.983548  1631 ts_tablet_manager.cc:1403] T d5711d8de4de473ba3097c289b1bf677 P 7c2490c67496419da545edc825b0a8d6: Time spent bootstrapping tablet: real 0.114s	user 0.017s	sys 0.000s
I20260709 12:22:27.985293  1441 tablet_service.cc:1917] Received RequestConsensusVote() RPC: tablet_id: "36fefa65ac874ce5bc24b9512eb6184d" candidate_uuid: "fda34ced24134027b47ef74f90be7fff" candidate_term: 1 candidate_status { last_received { term: 0 index: 0 } } ignore_live_leader: false dest_uuid: "7c2490c67496419da545edc825b0a8d6"
I20260709 12:22:27.985833  1441 raft_consensus.cc:3060] T 36fefa65ac874ce5bc24b9512eb6184d P 7c2490c67496419da545edc825b0a8d6 [term 0 FOLLOWER]: Advancing to term 1
I20260709 12:22:27.986716  1822 leader_election.cc:290] T 36fefa65ac874ce5bc24b9512eb6184d P fda34ced24134027b47ef74f90be7fff [CANDIDATE]: Term 1 election: Requested vote from peers 7c2490c67496419da545edc825b0a8d6 (127.31.238.129:46105), 78ae6d139f4c460492ce8bd4e26263df (127.31.238.131:41645)
I20260709 12:22:27.991873  1589 tablet_service.cc:1917] Received RequestConsensusVote() RPC: tablet_id: "36fefa65ac874ce5bc24b9512eb6184d" candidate_uuid: "fda34ced24134027b47ef74f90be7fff" candidate_term: 1 candidate_status { last_received { term: 0 index: 0 } } ignore_live_leader: false dest_uuid: "78ae6d139f4c460492ce8bd4e26263df"
I20260709 12:22:27.993201  1589 raft_consensus.cc:3060] T 36fefa65ac874ce5bc24b9512eb6184d P 78ae6d139f4c460492ce8bd4e26263df [term 0 FOLLOWER]: Advancing to term 1
I20260709 12:22:27.993937  1441 raft_consensus.cc:2468] T 36fefa65ac874ce5bc24b9512eb6184d P 7c2490c67496419da545edc825b0a8d6 [term 1 FOLLOWER]: Leader election vote request: Granting yes vote for candidate fda34ced24134027b47ef74f90be7fff in term 1.
I20260709 12:22:27.998201  1440 raft_consensus.cc:2468] T 0bb2de0aac4c4a658dd2eca52894ebee P 7c2490c67496419da545edc825b0a8d6 [term 1 FOLLOWER]: Leader election vote request: Granting yes vote for candidate 78ae6d139f4c460492ce8bd4e26263df in term 1.
I20260709 12:22:27.999354  1556 leader_election.cc:304] T 0bb2de0aac4c4a658dd2eca52894ebee P 78ae6d139f4c460492ce8bd4e26263df [CANDIDATE]: Term 1 election: Election decided. Result: candidate won. Election summary: received 3 responses out of 3 voters: 2 yes votes; 1 no votes. yes voters: 78ae6d139f4c460492ce8bd4e26263df, 7c2490c67496419da545edc825b0a8d6; no voters: fda34ced24134027b47ef74f90be7fff
I20260709 12:22:28.000335  1847 raft_consensus.cc:2804] T 0bb2de0aac4c4a658dd2eca52894ebee P 78ae6d139f4c460492ce8bd4e26263df [term 1 FOLLOWER]: Leader election won for term 1
I20260709 12:22:28.000818  1847 raft_consensus.cc:697] T 0bb2de0aac4c4a658dd2eca52894ebee P 78ae6d139f4c460492ce8bd4e26263df [term 1 LEADER]: Becoming Leader. State: Replica: 78ae6d139f4c460492ce8bd4e26263df, State: Running, Role: LEADER
I20260709 12:22:28.001597  1847 consensus_queue.cc:237] T 0bb2de0aac4c4a658dd2eca52894ebee P 78ae6d139f4c460492ce8bd4e26263df [LEADER]: Queue going to LEADER mode. State: All replicated index: 0, Majority replicated index: 0, Committed index: 0, Last appended: 0.0, Last appended by leader: 0, Current term: 1, Majority size: 2, State: 0, Mode: LEADER, active raft config: opid_index: -1 OBSOLETE_local: false peers { permanent_uuid: "7c2490c67496419da545edc825b0a8d6" member_type: VOTER last_known_addr { host: "127.31.238.129" port: 46105 } } peers { permanent_uuid: "fda34ced24134027b47ef74f90be7fff" member_type: VOTER last_known_addr { host: "127.31.238.130" port: 40623 } } peers { permanent_uuid: "78ae6d139f4c460492ce8bd4e26263df" member_type: VOTER last_known_addr { host: "127.31.238.131" port: 41645 } }
I20260709 12:22:28.005548  1589 raft_consensus.cc:2468] T 36fefa65ac874ce5bc24b9512eb6184d P 78ae6d139f4c460492ce8bd4e26263df [term 1 FOLLOWER]: Leader election vote request: Granting yes vote for candidate fda34ced24134027b47ef74f90be7fff in term 1.
I20260709 12:22:28.007680  1631 raft_consensus.cc:359] T d5711d8de4de473ba3097c289b1bf677 P 7c2490c67496419da545edc825b0a8d6 [term 0 FOLLOWER]: Replica starting. Triggering 0 pending ops. Active config: opid_index: -1 OBSOLETE_local: false peers { permanent_uuid: "7c2490c67496419da545edc825b0a8d6" member_type: VOTER last_known_addr { host: "127.31.238.129" port: 46105 } } peers { permanent_uuid: "fda34ced24134027b47ef74f90be7fff" member_type: VOTER last_known_addr { host: "127.31.238.130" port: 40623 } } peers { permanent_uuid: "78ae6d139f4c460492ce8bd4e26263df" member_type: VOTER last_known_addr { host: "127.31.238.131" port: 41645 } }
I20260709 12:22:28.008699  1631 raft_consensus.cc:385] T d5711d8de4de473ba3097c289b1bf677 P 7c2490c67496419da545edc825b0a8d6 [term 0 FOLLOWER]: Consensus starting up: Expiring failure detector timer to make a prompt election more likely
I20260709 12:22:28.008994  1631 raft_consensus.cc:740] T d5711d8de4de473ba3097c289b1bf677 P 7c2490c67496419da545edc825b0a8d6 [term 0 FOLLOWER]: Becoming Follower/Learner. State: Replica: 7c2490c67496419da545edc825b0a8d6, State: Initialized, Role: FOLLOWER
I20260709 12:22:28.008273  1798 raft_consensus.cc:493] T e1036cd6b7814df3b4793a71ee14c49b P 78ae6d139f4c460492ce8bd4e26263df [term 0 FOLLOWER]: Starting pre-election (no leader contacted us within the election timeout)
I20260709 12:22:28.010358  1483 leader_election.cc:304] T 36fefa65ac874ce5bc24b9512eb6184d P fda34ced24134027b47ef74f90be7fff [CANDIDATE]: Term 1 election: Election decided. Result: candidate won. Election summary: received 2 responses out of 3 voters: 2 yes votes; 0 no votes. yes voters: 78ae6d139f4c460492ce8bd4e26263df, fda34ced24134027b47ef74f90be7fff; no voters: 
I20260709 12:22:28.011691  1822 raft_consensus.cc:2804] T 36fefa65ac874ce5bc24b9512eb6184d P fda34ced24134027b47ef74f90be7fff [term 1 FOLLOWER]: Leader election won for term 1
I20260709 12:22:28.011314  1798 raft_consensus.cc:515] T e1036cd6b7814df3b4793a71ee14c49b P 78ae6d139f4c460492ce8bd4e26263df [term 0 FOLLOWER]: Starting pre-election with config: opid_index: -1 OBSOLETE_local: false peers { permanent_uuid: "7c2490c67496419da545edc825b0a8d6" member_type: VOTER last_known_addr { host: "127.31.238.129" port: 46105 } } peers { permanent_uuid: "fda34ced24134027b47ef74f90be7fff" member_type: VOTER last_known_addr { host: "127.31.238.130" port: 40623 } } peers { permanent_uuid: "78ae6d139f4c460492ce8bd4e26263df" member_type: VOTER last_known_addr { host: "127.31.238.131" port: 41645 } }
I20260709 12:22:28.012303  1822 raft_consensus.cc:697] T 36fefa65ac874ce5bc24b9512eb6184d P fda34ced24134027b47ef74f90be7fff [term 1 LEADER]: Becoming Leader. State: Replica: fda34ced24134027b47ef74f90be7fff, State: Running, Role: LEADER
I20260709 12:22:28.013073  1822 consensus_queue.cc:237] T 36fefa65ac874ce5bc24b9512eb6184d P fda34ced24134027b47ef74f90be7fff [LEADER]: Queue going to LEADER mode. State: All replicated index: 0, Majority replicated index: 0, Committed index: 0, Last appended: 0.0, Last appended by leader: 0, Current term: 1, Majority size: 2, State: 0, Mode: LEADER, active raft config: opid_index: -1 OBSOLETE_local: false peers { permanent_uuid: "7c2490c67496419da545edc825b0a8d6" member_type: VOTER last_known_addr { host: "127.31.238.129" port: 46105 } } peers { permanent_uuid: "fda34ced24134027b47ef74f90be7fff" member_type: VOTER last_known_addr { host: "127.31.238.130" port: 40623 } } peers { permanent_uuid: "78ae6d139f4c460492ce8bd4e26263df" member_type: VOTER last_known_addr { host: "127.31.238.131" port: 41645 } }
I20260709 12:22:28.014047  1798 leader_election.cc:290] T e1036cd6b7814df3b4793a71ee14c49b P 78ae6d139f4c460492ce8bd4e26263df [CANDIDATE]: Term 1 pre-election: Requested pre-vote from peers 7c2490c67496419da545edc825b0a8d6 (127.31.238.129:46105), fda34ced24134027b47ef74f90be7fff (127.31.238.130:40623)
I20260709 12:22:28.014650  1439 tablet_service.cc:1917] Received RequestConsensusVote() RPC: tablet_id: "e1036cd6b7814df3b4793a71ee14c49b" candidate_uuid: "78ae6d139f4c460492ce8bd4e26263df" candidate_term: 1 candidate_status { last_received { term: 0 index: 0 } } ignore_live_leader: false dest_uuid: "7c2490c67496419da545edc825b0a8d6" is_pre_election: true
I20260709 12:22:28.015327  1632 tablet_bootstrap.cc:654] T a9e990cfaeb54953a0f127419df5a33c P 78ae6d139f4c460492ce8bd4e26263df: Neither blocks nor log segments found. Creating new log.
I20260709 12:22:28.009660  1631 consensus_queue.cc:260] T d5711d8de4de473ba3097c289b1bf677 P 7c2490c67496419da545edc825b0a8d6 [NON_LEADER]: Queue going to NON_LEADER mode. State: All replicated index: 0, Majority replicated index: 0, Committed index: 0, Last appended: 0.0, Last appended by leader: 0, Current term: 0, Majority size: -1, State: 0, Mode: NON_LEADER, active raft config: opid_index: -1 OBSOLETE_local: false peers { permanent_uuid: "7c2490c67496419da545edc825b0a8d6" member_type: VOTER last_known_addr { host: "127.31.238.129" port: 46105 } } peers { permanent_uuid: "fda34ced24134027b47ef74f90be7fff" member_type: VOTER last_known_addr { host: "127.31.238.130" port: 40623 } } peers { permanent_uuid: "78ae6d139f4c460492ce8bd4e26263df" member_type: VOTER last_known_addr { host: "127.31.238.131" port: 41645 } }
W20260709 12:22:28.015973  1556 leader_election.cc:343] T e1036cd6b7814df3b4793a71ee14c49b P 78ae6d139f4c460492ce8bd4e26263df [CANDIDATE]: Term 1 pre-election: Tablet error from VoteRequest() call to peer 7c2490c67496419da545edc825b0a8d6 (127.31.238.129:46105): Illegal state: must be running to vote when last-logged opid is not known
I20260709 12:22:28.019636  1631 ts_tablet_manager.cc:1434] T d5711d8de4de473ba3097c289b1bf677 P 7c2490c67496419da545edc825b0a8d6: Time spent starting tablet: real 0.036s	user 0.007s	sys 0.000s
I20260709 12:22:28.020934  1631 tablet_bootstrap.cc:492] T e0c6be1bbe344ac5b4d3bab4e168c005 P 7c2490c67496419da545edc825b0a8d6: Bootstrap starting.
I20260709 12:22:28.023603  1441 raft_consensus.cc:3060] T 10cb59e97d5542b39044eafaf23d612d P 7c2490c67496419da545edc825b0a8d6 [term 0 FOLLOWER]: Advancing to term 1
I20260709 12:22:28.025523  1634 tablet_bootstrap.cc:492] T deeb48b5ac8a47a5bb04fc7b39d0b1fc P fda34ced24134027b47ef74f90be7fff: No bootstrap required, opened a new log
I20260709 12:22:28.026007  1634 ts_tablet_manager.cc:1403] T deeb48b5ac8a47a5bb04fc7b39d0b1fc P fda34ced24134027b47ef74f90be7fff: Time spent bootstrapping tablet: real 0.137s	user 0.033s	sys 0.043s
I20260709 12:22:28.028564  1634 raft_consensus.cc:359] T deeb48b5ac8a47a5bb04fc7b39d0b1fc P fda34ced24134027b47ef74f90be7fff [term 0 FOLLOWER]: Replica starting. Triggering 0 pending ops. Active config: opid_index: -1 OBSOLETE_local: false peers { permanent_uuid: "7c2490c67496419da545edc825b0a8d6" member_type: VOTER last_known_addr { host: "127.31.238.129" port: 46105 } } peers { permanent_uuid: "fda34ced24134027b47ef74f90be7fff" member_type: VOTER last_known_addr { host: "127.31.238.130" port: 40623 } } peers { permanent_uuid: "78ae6d139f4c460492ce8bd4e26263df" member_type: VOTER last_known_addr { host: "127.31.238.131" port: 41645 } }
