I20260709 12:21:38.826436 26154 raft_consensus.cc:3060] T 8829b21168a84eb4b7b1bb6ab88b706d P c069701d969e431da0a1a22b80031da1 [term 1 FOLLOWER]: Advancing to term 2
I20260709 12:21:38.829309 26228 raft_consensus.cc:2468] T 8829b21168a84eb4b7b1bb6ab88b706d P d2761018372844e28389dc7047b2ca74 [term 2 FOLLOWER]: Leader election vote request: Granting yes vote for candidate c4de20bfb9a646818384de2d6f9d051f in term 2.
I20260709 12:21:38.830448 26043 leader_election.cc:304] T 8829b21168a84eb4b7b1bb6ab88b706d P c4de20bfb9a646818384de2d6f9d051f [CANDIDATE]: Term 2 election: Election decided. Result: candidate won. Election summary: received 2 responses out of 3 voters: 2 yes votes; 0 no votes. yes voters: c4de20bfb9a646818384de2d6f9d051f, d2761018372844e28389dc7047b2ca74; no voters: 
I20260709 12:21:38.830958 26154 raft_consensus.cc:2468] T 8829b21168a84eb4b7b1bb6ab88b706d P c069701d969e431da0a1a22b80031da1 [term 2 FOLLOWER]: Leader election vote request: Granting yes vote for candidate c4de20bfb9a646818384de2d6f9d051f in term 2.
I20260709 12:21:38.832063 26449 raft_consensus.cc:2804] T 8829b21168a84eb4b7b1bb6ab88b706d P c4de20bfb9a646818384de2d6f9d051f [term 2 FOLLOWER]: Leader election won for term 2
I20260709 12:21:38.832917 26449 raft_consensus.cc:697] T 8829b21168a84eb4b7b1bb6ab88b706d P c4de20bfb9a646818384de2d6f9d051f [term 2 LEADER]: Becoming Leader. State: Replica: c4de20bfb9a646818384de2d6f9d051f, State: Running, Role: LEADER
I20260709 12:21:38.833811 26449 consensus_queue.cc:237] T 8829b21168a84eb4b7b1bb6ab88b706d P c4de20bfb9a646818384de2d6f9d051f [LEADER]: Queue going to LEADER mode. State: All replicated index: 0, Majority replicated index: 1, Committed index: 1, Last appended: 1.1, Last appended by leader: 1, Current term: 2, Majority size: 2, State: 0, Mode: LEADER, active raft config: opid_index: -1 OBSOLETE_local: false peers { permanent_uuid: "c4de20bfb9a646818384de2d6f9d051f" member_type: VOTER last_known_addr { host: "127.25.86.1" port: 37977 } } peers { permanent_uuid: "c069701d969e431da0a1a22b80031da1" member_type: VOTER last_known_addr { host: "127.25.86.2" port: 42339 } } peers { permanent_uuid: "d2761018372844e28389dc7047b2ca74" member_type: VOTER last_known_addr { host: "127.25.86.3" port: 44745 } }
I20260709 12:21:38.840246 25975 catalog_manager.cc:5697] T 8829b21168a84eb4b7b1bb6ab88b706d P c4de20bfb9a646818384de2d6f9d051f reported cstate change: term changed from 1 to 2, leader changed from c069701d969e431da0a1a22b80031da1 (127.25.86.2) to c4de20bfb9a646818384de2d6f9d051f (127.25.86.1). New cstate: current_term: 2 leader_uuid: "c4de20bfb9a646818384de2d6f9d051f" committed_config { opid_index: -1 OBSOLETE_local: false peers { permanent_uuid: "c4de20bfb9a646818384de2d6f9d051f" member_type: VOTER last_known_addr { host: "127.25.86.1" port: 37977 } health_report { overall_health: HEALTHY } } peers { permanent_uuid: "c069701d969e431da0a1a22b80031da1" member_type: VOTER last_known_addr { host: "127.25.86.2" port: 42339 } health_report { overall_health: UNKNOWN } } peers { permanent_uuid: "d2761018372844e28389dc7047b2ca74" member_type: VOTER last_known_addr { host: "127.25.86.3" port: 44745 } health_report { overall_health: UNKNOWN } } }
I20260709 12:21:38.846312 26390 raft_consensus.cc:993] T cf622a81961644e197655b9a08efa4a9 P c069701d969e431da0a1a22b80031da1: : Instructing follower d2761018372844e28389dc7047b2ca74 to start an election
I20260709 12:21:38.846720 26390 raft_consensus.cc:1081] T cf622a81961644e197655b9a08efa4a9 P c069701d969e431da0a1a22b80031da1 [term 3 LEADER]: Signalling peer d2761018372844e28389dc7047b2ca74 to start an election
I20260709 12:21:38.848232 26228 tablet_service.cc:2044] Received Run Leader Election RPC: tablet_id: "cf622a81961644e197655b9a08efa4a9"
dest_uuid: "d2761018372844e28389dc7047b2ca74"
 from {username='slave'} at 127.0.0.1:49666
I20260709 12:21:38.848819 26228 raft_consensus.cc:493] T cf622a81961644e197655b9a08efa4a9 P d2761018372844e28389dc7047b2ca74 [term 3 FOLLOWER]: Starting forced leader election (received explicit request)
I20260709 12:21:38.849169 26228 raft_consensus.cc:3060] T cf622a81961644e197655b9a08efa4a9 P d2761018372844e28389dc7047b2ca74 [term 3 FOLLOWER]: Advancing to term 4
I20260709 12:21:38.854777 26228 raft_consensus.cc:515] T cf622a81961644e197655b9a08efa4a9 P d2761018372844e28389dc7047b2ca74 [term 4 FOLLOWER]: Starting forced leader election with config: opid_index: -1 OBSOLETE_local: false peers { permanent_uuid: "c4de20bfb9a646818384de2d6f9d051f" member_type: VOTER last_known_addr { host: "127.25.86.1" port: 37977 } } peers { permanent_uuid: "c069701d969e431da0a1a22b80031da1" member_type: VOTER last_known_addr { host: "127.25.86.2" port: 42339 } } peers { permanent_uuid: "d2761018372844e28389dc7047b2ca74" member_type: VOTER last_known_addr { host: "127.25.86.3" port: 44745 } }
I20260709 12:21:38.856446 26228 leader_election.cc:290] T cf622a81961644e197655b9a08efa4a9 P d2761018372844e28389dc7047b2ca74 [CANDIDATE]: Term 4 election: Requested vote from peers c4de20bfb9a646818384de2d6f9d051f (127.25.86.1:37977), c069701d969e431da0a1a22b80031da1 (127.25.86.2:42339)
I20260709 12:21:38.857264 26076 tablet_service.cc:1917] Received RequestConsensusVote() RPC: tablet_id: "cf622a81961644e197655b9a08efa4a9" candidate_uuid: "d2761018372844e28389dc7047b2ca74" candidate_term: 4 candidate_status { last_received { term: 3 index: 3 } } ignore_live_leader: true dest_uuid: "c4de20bfb9a646818384de2d6f9d051f"
I20260709 12:21:38.857502 26154 tablet_service.cc:1917] Received RequestConsensusVote() RPC: tablet_id: "cf622a81961644e197655b9a08efa4a9" candidate_uuid: "d2761018372844e28389dc7047b2ca74" candidate_term: 4 candidate_status { last_received { term: 3 index: 3 } } ignore_live_leader: true dest_uuid: "c069701d969e431da0a1a22b80031da1"
I20260709 12:21:38.857820 26076 raft_consensus.cc:3060] T cf622a81961644e197655b9a08efa4a9 P c4de20bfb9a646818384de2d6f9d051f [term 3 FOLLOWER]: Advancing to term 4
I20260709 12:21:38.857987 26154 raft_consensus.cc:3055] T cf622a81961644e197655b9a08efa4a9 P c069701d969e431da0a1a22b80031da1 [term 3 LEADER]: Stepping down as leader of term 3
I20260709 12:21:38.858283 26154 raft_consensus.cc:740] T cf622a81961644e197655b9a08efa4a9 P c069701d969e431da0a1a22b80031da1 [term 3 LEADER]: Becoming Follower/Learner. State: Replica: c069701d969e431da0a1a22b80031da1, State: Running, Role: LEADER
I20260709 12:21:38.858907 26154 consensus_queue.cc:260] T cf622a81961644e197655b9a08efa4a9 P c069701d969e431da0a1a22b80031da1 [NON_LEADER]: Queue going to NON_LEADER mode. State: All replicated index: 0, Majority replicated index: 3, Committed index: 3, Last appended: 3.3, Last appended by leader: 3, Current term: 3, Majority size: -1, State: 0, Mode: NON_LEADER, active raft config: opid_index: -1 OBSOLETE_local: false peers { permanent_uuid: "c4de20bfb9a646818384de2d6f9d051f" member_type: VOTER last_known_addr { host: "127.25.86.1" port: 37977 } } peers { permanent_uuid: "c069701d969e431da0a1a22b80031da1" member_type: VOTER last_known_addr { host: "127.25.86.2" port: 42339 } } peers { permanent_uuid: "d2761018372844e28389dc7047b2ca74" member_type: VOTER last_known_addr { host: "127.25.86.3" port: 44745 } }
I20260709 12:21:38.859740 26154 raft_consensus.cc:3060] T cf622a81961644e197655b9a08efa4a9 P c069701d969e431da0a1a22b80031da1 [term 3 FOLLOWER]: Advancing to term 4
I20260709 12:21:38.862097 26076 raft_consensus.cc:2468] T cf622a81961644e197655b9a08efa4a9 P c4de20bfb9a646818384de2d6f9d051f [term 4 FOLLOWER]: Leader election vote request: Granting yes vote for candidate d2761018372844e28389dc7047b2ca74 in term 4.
I20260709 12:21:38.863160 26192 leader_election.cc:304] T cf622a81961644e197655b9a08efa4a9 P d2761018372844e28389dc7047b2ca74 [CANDIDATE]: Term 4 election: Election decided. Result: candidate won. Election summary: received 2 responses out of 3 voters: 2 yes votes; 0 no votes. yes voters: c4de20bfb9a646818384de2d6f9d051f, d2761018372844e28389dc7047b2ca74; no voters: 
I20260709 12:21:38.863744 26154 raft_consensus.cc:2468] T cf622a81961644e197655b9a08efa4a9 P c069701d969e431da0a1a22b80031da1 [term 4 FOLLOWER]: Leader election vote request: Granting yes vote for candidate d2761018372844e28389dc7047b2ca74 in term 4.
I20260709 12:21:38.863953 26428 raft_consensus.cc:2804] T cf622a81961644e197655b9a08efa4a9 P d2761018372844e28389dc7047b2ca74 [term 4 FOLLOWER]: Leader election won for term 4
I20260709 12:21:38.865186 26428 raft_consensus.cc:697] T cf622a81961644e197655b9a08efa4a9 P d2761018372844e28389dc7047b2ca74 [term 4 LEADER]: Becoming Leader. State: Replica: d2761018372844e28389dc7047b2ca74, State: Running, Role: LEADER
I20260709 12:21:38.866007 26428 consensus_queue.cc:237] T cf622a81961644e197655b9a08efa4a9 P d2761018372844e28389dc7047b2ca74 [LEADER]: Queue going to LEADER mode. State: All replicated index: 0, Majority replicated index: 3, Committed index: 3, Last appended: 3.3, Last appended by leader: 3, Current term: 4, Majority size: 2, State: 0, Mode: LEADER, active raft config: opid_index: -1 OBSOLETE_local: false peers { permanent_uuid: "c4de20bfb9a646818384de2d6f9d051f" member_type: VOTER last_known_addr { host: "127.25.86.1" port: 37977 } } peers { permanent_uuid: "c069701d969e431da0a1a22b80031da1" member_type: VOTER last_known_addr { host: "127.25.86.2" port: 42339 } } peers { permanent_uuid: "d2761018372844e28389dc7047b2ca74" member_type: VOTER last_known_addr { host: "127.25.86.3" port: 44745 } }
I20260709 12:21:38.872884 25975 catalog_manager.cc:5697] T cf622a81961644e197655b9a08efa4a9 P d2761018372844e28389dc7047b2ca74 reported cstate change: term changed from 3 to 4, leader changed from c069701d969e431da0a1a22b80031da1 (127.25.86.2) to d2761018372844e28389dc7047b2ca74 (127.25.86.3). New cstate: current_term: 4 leader_uuid: "d2761018372844e28389dc7047b2ca74" committed_config { opid_index: -1 OBSOLETE_local: false peers { permanent_uuid: "c4de20bfb9a646818384de2d6f9d051f" member_type: VOTER last_known_addr { host: "127.25.86.1" port: 37977 } health_report { overall_health: UNKNOWN } } peers { permanent_uuid: "c069701d969e431da0a1a22b80031da1" member_type: VOTER last_known_addr { host: "127.25.86.2" port: 42339 } health_report { overall_health: UNKNOWN } } peers { permanent_uuid: "d2761018372844e28389dc7047b2ca74" member_type: VOTER last_known_addr { host: "127.25.86.3" port: 44745 } health_report { overall_health: HEALTHY } } }
I20260709 12:21:38.899770 26421 raft_consensus.cc:993] T 30b37d60624447c6873e80d57c0b10d0 P c069701d969e431da0a1a22b80031da1: : Instructing follower c4de20bfb9a646818384de2d6f9d051f to start an election
I20260709 12:21:38.900189 26390 raft_consensus.cc:1081] T 30b37d60624447c6873e80d57c0b10d0 P c069701d969e431da0a1a22b80031da1 [term 3 LEADER]: Signalling peer c4de20bfb9a646818384de2d6f9d051f to start an election
I20260709 12:21:38.901398 26076 tablet_service.cc:2044] Received Run Leader Election RPC: tablet_id: "30b37d60624447c6873e80d57c0b10d0"
dest_uuid: "c4de20bfb9a646818384de2d6f9d051f"
 from {username='slave'} at 127.0.0.1:33104
I20260709 12:21:38.901844 26076 raft_consensus.cc:493] T 30b37d60624447c6873e80d57c0b10d0 P c4de20bfb9a646818384de2d6f9d051f [term 3 FOLLOWER]: Starting forced leader election (received explicit request)
I20260709 12:21:38.902102 26076 raft_consensus.cc:3060] T 30b37d60624447c6873e80d57c0b10d0 P c4de20bfb9a646818384de2d6f9d051f [term 3 FOLLOWER]: Advancing to term 4
I20260709 12:21:38.906265 26076 raft_consensus.cc:515] T 30b37d60624447c6873e80d57c0b10d0 P c4de20bfb9a646818384de2d6f9d051f [term 4 FOLLOWER]: Starting forced leader election with config: opid_index: -1 OBSOLETE_local: false peers { permanent_uuid: "c069701d969e431da0a1a22b80031da1" member_type: VOTER last_known_addr { host: "127.25.86.2" port: 42339 } } peers { permanent_uuid: "c4de20bfb9a646818384de2d6f9d051f" member_type: VOTER last_known_addr { host: "127.25.86.1" port: 37977 } } peers { permanent_uuid: "d2761018372844e28389dc7047b2ca74" member_type: VOTER last_known_addr { host: "127.25.86.3" port: 44745 } }
I20260709 12:21:38.907743 26076 leader_election.cc:290] T 30b37d60624447c6873e80d57c0b10d0 P c4de20bfb9a646818384de2d6f9d051f [CANDIDATE]: Term 4 election: Requested vote from peers c069701d969e431da0a1a22b80031da1 (127.25.86.2:42339), d2761018372844e28389dc7047b2ca74 (127.25.86.3:44745)
I20260709 12:21:38.908429 26154 tablet_service.cc:1917] Received RequestConsensusVote() RPC: tablet_id: "30b37d60624447c6873e80d57c0b10d0" candidate_uuid: "c4de20bfb9a646818384de2d6f9d051f" candidate_term: 4 candidate_status { last_received { term: 3 index: 3 } } ignore_live_leader: true dest_uuid: "c069701d969e431da0a1a22b80031da1"
I20260709 12:21:38.908631 26228 tablet_service.cc:1917] Received RequestConsensusVote() RPC: tablet_id: "30b37d60624447c6873e80d57c0b10d0" candidate_uuid: "c4de20bfb9a646818384de2d6f9d051f" candidate_term: 4 candidate_status { last_received { term: 3 index: 3 } } ignore_live_leader: true dest_uuid: "d2761018372844e28389dc7047b2ca74"
I20260709 12:21:38.908990 26154 raft_consensus.cc:3055] T 30b37d60624447c6873e80d57c0b10d0 P c069701d969e431da0a1a22b80031da1 [term 3 LEADER]: Stepping down as leader of term 3
I20260709 12:21:38.909071 26228 raft_consensus.cc:3060] T 30b37d60624447c6873e80d57c0b10d0 P d2761018372844e28389dc7047b2ca74 [term 3 FOLLOWER]: Advancing to term 4
I20260709 12:21:38.909359 26154 raft_consensus.cc:740] T 30b37d60624447c6873e80d57c0b10d0 P c069701d969e431da0a1a22b80031da1 [term 3 LEADER]: Becoming Follower/Learner. State: Replica: c069701d969e431da0a1a22b80031da1, State: Running, Role: LEADER
I20260709 12:21:38.910048 26154 consensus_queue.cc:260] T 30b37d60624447c6873e80d57c0b10d0 P c069701d969e431da0a1a22b80031da1 [NON_LEADER]: Queue going to NON_LEADER mode. State: All replicated index: 0, Majority replicated index: 3, Committed index: 3, Last appended: 3.3, Last appended by leader: 3, Current term: 3, Majority size: -1, State: 0, Mode: NON_LEADER, active raft config: opid_index: -1 OBSOLETE_local: false peers { permanent_uuid: "c069701d969e431da0a1a22b80031da1" member_type: VOTER last_known_addr { host: "127.25.86.2" port: 42339 } } peers { permanent_uuid: "c4de20bfb9a646818384de2d6f9d051f" member_type: VOTER last_known_addr { host: "127.25.86.1" port: 37977 } } peers { permanent_uuid: "d2761018372844e28389dc7047b2ca74" member_type: VOTER last_known_addr { host: "127.25.86.3" port: 44745 } }
I20260709 12:21:38.911118 26154 raft_consensus.cc:3060] T 30b37d60624447c6873e80d57c0b10d0 P c069701d969e431da0a1a22b80031da1 [term 3 FOLLOWER]: Advancing to term 4
I20260709 12:21:38.914983 26228 raft_consensus.cc:2468] T 30b37d60624447c6873e80d57c0b10d0 P d2761018372844e28389dc7047b2ca74 [term 4 FOLLOWER]: Leader election vote request: Granting yes vote for candidate c4de20bfb9a646818384de2d6f9d051f in term 4.
I20260709 12:21:38.915974 26043 leader_election.cc:304] T 30b37d60624447c6873e80d57c0b10d0 P c4de20bfb9a646818384de2d6f9d051f [CANDIDATE]: Term 4 election: Election decided. Result: candidate won. Election summary: received 2 responses out of 3 voters: 2 yes votes; 0 no votes. yes voters: c4de20bfb9a646818384de2d6f9d051f, d2761018372844e28389dc7047b2ca74; no voters: 
I20260709 12:21:38.916652 26449 raft_consensus.cc:2804] T 30b37d60624447c6873e80d57c0b10d0 P c4de20bfb9a646818384de2d6f9d051f [term 4 FOLLOWER]: Leader election won for term 4
I20260709 12:21:38.916792 26154 raft_consensus.cc:2468] T 30b37d60624447c6873e80d57c0b10d0 P c069701d969e431da0a1a22b80031da1 [term 4 FOLLOWER]: Leader election vote request: Granting yes vote for candidate c4de20bfb9a646818384de2d6f9d051f in term 4.
I20260709 12:21:38.917129 26449 raft_consensus.cc:697] T 30b37d60624447c6873e80d57c0b10d0 P c4de20bfb9a646818384de2d6f9d051f [term 4 LEADER]: Becoming Leader. State: Replica: c4de20bfb9a646818384de2d6f9d051f, State: Running, Role: LEADER
I20260709 12:21:38.917863 26449 consensus_queue.cc:237] T 30b37d60624447c6873e80d57c0b10d0 P c4de20bfb9a646818384de2d6f9d051f [LEADER]: Queue going to LEADER mode. State: All replicated index: 0, Majority replicated index: 3, Committed index: 3, Last appended: 3.3, Last appended by leader: 3, Current term: 4, Majority size: 2, State: 0, Mode: LEADER, active raft config: opid_index: -1 OBSOLETE_local: false peers { permanent_uuid: "c069701d969e431da0a1a22b80031da1" member_type: VOTER last_known_addr { host: "127.25.86.2" port: 42339 } } peers { permanent_uuid: "c4de20bfb9a646818384de2d6f9d051f" member_type: VOTER last_known_addr { host: "127.25.86.1" port: 37977 } } peers { permanent_uuid: "d2761018372844e28389dc7047b2ca74" member_type: VOTER last_known_addr { host: "127.25.86.3" port: 44745 } }
I20260709 12:21:38.924031 25975 catalog_manager.cc:5697] T 30b37d60624447c6873e80d57c0b10d0 P c4de20bfb9a646818384de2d6f9d051f reported cstate change: term changed from 3 to 4, leader changed from c069701d969e431da0a1a22b80031da1 (127.25.86.2) to c4de20bfb9a646818384de2d6f9d051f (127.25.86.1). New cstate: current_term: 4 leader_uuid: "c4de20bfb9a646818384de2d6f9d051f" committed_config { opid_index: -1 OBSOLETE_local: false peers { permanent_uuid: "c069701d969e431da0a1a22b80031da1" member_type: VOTER last_known_addr { host: "127.25.86.2" port: 42339 } health_report { overall_health: UNKNOWN } } peers { permanent_uuid: "c4de20bfb9a646818384de2d6f9d051f" member_type: VOTER last_known_addr { host: "127.25.86.1" port: 37977 } health_report { overall_health: HEALTHY } } peers { permanent_uuid: "d2761018372844e28389dc7047b2ca74" member_type: VOTER last_known_addr { host: "127.25.86.3" port: 44745 } health_report { overall_health: UNKNOWN } } }
I20260709 12:21:38.949316 26421 raft_consensus.cc:993] T 5e4c7b6b2aab4789b63009414180890f P c069701d969e431da0a1a22b80031da1: : Instructing follower d2761018372844e28389dc7047b2ca74 to start an election
I20260709 12:21:38.949728 26390 raft_consensus.cc:1081] T 5e4c7b6b2aab4789b63009414180890f P c069701d969e431da0a1a22b80031da1 [term 4 LEADER]: Signalling peer d2761018372844e28389dc7047b2ca74 to start an election
I20260709 12:21:38.950984 26228 tablet_service.cc:2044] Received Run Leader Election RPC: tablet_id: "5e4c7b6b2aab4789b63009414180890f"
dest_uuid: "d2761018372844e28389dc7047b2ca74"
 from {username='slave'} at 127.0.0.1:49666
I20260709 12:21:38.951418 26228 raft_consensus.cc:493] T 5e4c7b6b2aab4789b63009414180890f P d2761018372844e28389dc7047b2ca74 [term 4 FOLLOWER]: Starting forced leader election (received explicit request)
I20260709 12:21:38.951686 26228 raft_consensus.cc:3060] T 5e4c7b6b2aab4789b63009414180890f P d2761018372844e28389dc7047b2ca74 [term 4 FOLLOWER]: Advancing to term 5
I20260709 12:21:38.955641 26228 raft_consensus.cc:515] T 5e4c7b6b2aab4789b63009414180890f P d2761018372844e28389dc7047b2ca74 [term 5 FOLLOWER]: Starting forced leader election with config: opid_index: -1 OBSOLETE_local: false peers { permanent_uuid: "c4de20bfb9a646818384de2d6f9d051f" member_type: VOTER last_known_addr { host: "127.25.86.1" port: 37977 } } peers { permanent_uuid: "c069701d969e431da0a1a22b80031da1" member_type: VOTER last_known_addr { host: "127.25.86.2" port: 42339 } } peers { permanent_uuid: "d2761018372844e28389dc7047b2ca74" member_type: VOTER last_known_addr { host: "127.25.86.3" port: 44745 } }
I20260709 12:21:38.957181 26228 leader_election.cc:290] T 5e4c7b6b2aab4789b63009414180890f P d2761018372844e28389dc7047b2ca74 [CANDIDATE]: Term 5 election: Requested vote from peers c4de20bfb9a646818384de2d6f9d051f (127.25.86.1:37977), c069701d969e431da0a1a22b80031da1 (127.25.86.2:42339)
I20260709 12:21:38.957921 26076 tablet_service.cc:1917] Received RequestConsensusVote() RPC: tablet_id: "5e4c7b6b2aab4789b63009414180890f" candidate_uuid: "d2761018372844e28389dc7047b2ca74" candidate_term: 5 candidate_status { last_received { term: 4 index: 4 } } ignore_live_leader: true dest_uuid: "c4de20bfb9a646818384de2d6f9d051f"
I20260709 12:21:38.958222 26154 tablet_service.cc:1917] Received RequestConsensusVote() RPC: tablet_id: "5e4c7b6b2aab4789b63009414180890f" candidate_uuid: "d2761018372844e28389dc7047b2ca74" candidate_term: 5 candidate_status { last_received { term: 4 index: 4 } } ignore_live_leader: true dest_uuid: "c069701d969e431da0a1a22b80031da1"
I20260709 12:21:38.958451 26076 raft_consensus.cc:3060] T 5e4c7b6b2aab4789b63009414180890f P c4de20bfb9a646818384de2d6f9d051f [term 4 FOLLOWER]: Advancing to term 5
I20260709 12:21:38.958730 26154 raft_consensus.cc:3055] T 5e4c7b6b2aab4789b63009414180890f P c069701d969e431da0a1a22b80031da1 [term 4 LEADER]: Stepping down as leader of term 4
I20260709 12:21:38.958981 26154 raft_consensus.cc:740] T 5e4c7b6b2aab4789b63009414180890f P c069701d969e431da0a1a22b80031da1 [term 4 LEADER]: Becoming Follower/Learner. State: Replica: c069701d969e431da0a1a22b80031da1, State: Running, Role: LEADER
I20260709 12:21:38.959518 26154 consensus_queue.cc:260] T 5e4c7b6b2aab4789b63009414180890f P c069701d969e431da0a1a22b80031da1 [NON_LEADER]: Queue going to NON_LEADER mode. State: All replicated index: 0, Majority replicated index: 4, Committed index: 4, Last appended: 4.4, Last appended by leader: 4, Current term: 4, Majority size: -1, State: 0, Mode: NON_LEADER, active raft config: opid_index: -1 OBSOLETE_local: false peers { permanent_uuid: "c4de20bfb9a646818384de2d6f9d051f" member_type: VOTER last_known_addr { host: "127.25.86.1" port: 37977 } } peers { permanent_uuid: "c069701d969e431da0a1a22b80031da1" member_type: VOTER last_known_addr { host: "127.25.86.2" port: 42339 } } peers { permanent_uuid: "d2761018372844e28389dc7047b2ca74" member_type: VOTER last_known_addr { host: "127.25.86.3" port: 44745 } }
I20260709 12:21:38.960330 26154 raft_consensus.cc:3060] T 5e4c7b6b2aab4789b63009414180890f P c069701d969e431da0a1a22b80031da1 [term 4 FOLLOWER]: Advancing to term 5
I20260709 12:21:38.962618 26076 raft_consensus.cc:2468] T 5e4c7b6b2aab4789b63009414180890f P c4de20bfb9a646818384de2d6f9d051f [term 5 FOLLOWER]: Leader election vote request: Granting yes vote for candidate d2761018372844e28389dc7047b2ca74 in term 5.
I20260709 12:21:38.963491 26192 leader_election.cc:304] T 5e4c7b6b2aab4789b63009414180890f P d2761018372844e28389dc7047b2ca74 [CANDIDATE]: Term 5 election: Election decided. Result: candidate won. Election summary: received 2 responses out of 3 voters: 2 yes votes; 0 no votes. yes voters: c4de20bfb9a646818384de2d6f9d051f, d2761018372844e28389dc7047b2ca74; no voters: 
I20260709 12:21:38.964272 26428 raft_consensus.cc:2804] T 5e4c7b6b2aab4789b63009414180890f P d2761018372844e28389dc7047b2ca74 [term 5 FOLLOWER]: Leader election won for term 5
I20260709 12:21:38.964629 26154 raft_consensus.cc:2468] T 5e4c7b6b2aab4789b63009414180890f P c069701d969e431da0a1a22b80031da1 [term 5 FOLLOWER]: Leader election vote request: Granting yes vote for candidate d2761018372844e28389dc7047b2ca74 in term 5.
I20260709 12:21:38.964691 26428 raft_consensus.cc:697] T 5e4c7b6b2aab4789b63009414180890f P d2761018372844e28389dc7047b2ca74 [term 5 LEADER]: Becoming Leader. State: Replica: d2761018372844e28389dc7047b2ca74, State: Running, Role: LEADER
I20260709 12:21:38.965627 26428 consensus_queue.cc:237] T 5e4c7b6b2aab4789b63009414180890f P d2761018372844e28389dc7047b2ca74 [LEADER]: Queue going to LEADER mode. State: All replicated index: 0, Majority replicated index: 4, Committed index: 4, Last appended: 4.4, Last appended by leader: 4, Current term: 5, Majority size: 2, State: 0, Mode: LEADER, active raft config: opid_index: -1 OBSOLETE_local: false peers { permanent_uuid: "c4de20bfb9a646818384de2d6f9d051f" member_type: VOTER last_known_addr { host: "127.25.86.1" port: 37977 } } peers { permanent_uuid: "c069701d969e431da0a1a22b80031da1" member_type: VOTER last_known_addr { host: "127.25.86.2" port: 42339 } } peers { permanent_uuid: "d2761018372844e28389dc7047b2ca74" member_type: VOTER last_known_addr { host: "127.25.86.3" port: 44745 } }
I20260709 12:21:38.972630 25975 catalog_manager.cc:5697] T 5e4c7b6b2aab4789b63009414180890f P d2761018372844e28389dc7047b2ca74 reported cstate change: term changed from 4 to 5, leader changed from c069701d969e431da0a1a22b80031da1 (127.25.86.2) to d2761018372844e28389dc7047b2ca74 (127.25.86.3). New cstate: current_term: 5 leader_uuid: "d2761018372844e28389dc7047b2ca74" committed_config { opid_index: -1 OBSOLETE_local: false peers { permanent_uuid: "c4de20bfb9a646818384de2d6f9d051f" member_type: VOTER last_known_addr { host: "127.25.86.1" port: 37977 } health_report { overall_health: UNKNOWN } } peers { permanent_uuid: "c069701d969e431da0a1a22b80031da1" member_type: VOTER last_known_addr { host: "127.25.86.2" port: 42339 } health_report { overall_health: UNKNOWN } } peers { permanent_uuid: "d2761018372844e28389dc7047b2ca74" member_type: VOTER last_known_addr { host: "127.25.86.3" port: 44745 } health_report { overall_health: HEALTHY } } }
I20260709 12:21:39.057340 26421 raft_consensus.cc:993] T 00a3b74b96a44fdd8eab88bd0e86b8d3 P c069701d969e431da0a1a22b80031da1: : Instructing follower c4de20bfb9a646818384de2d6f9d051f to start an election
I20260709 12:21:39.057904 26390 raft_consensus.cc:1081] T 00a3b74b96a44fdd8eab88bd0e86b8d3 P c069701d969e431da0a1a22b80031da1 [term 2 LEADER]: Signalling peer c4de20bfb9a646818384de2d6f9d051f to start an election
I20260709 12:21:39.059127 26076 tablet_service.cc:2044] Received Run Leader Election RPC: tablet_id: "00a3b74b96a44fdd8eab88bd0e86b8d3"
dest_uuid: "c4de20bfb9a646818384de2d6f9d051f"
 from {username='slave'} at 127.0.0.1:33104
I20260709 12:21:39.059576 26076 raft_consensus.cc:493] T 00a3b74b96a44fdd8eab88bd0e86b8d3 P c4de20bfb9a646818384de2d6f9d051f [term 2 FOLLOWER]: Starting forced leader election (received explicit request)
I20260709 12:21:39.059859 26076 raft_consensus.cc:3060] T 00a3b74b96a44fdd8eab88bd0e86b8d3 P c4de20bfb9a646818384de2d6f9d051f [term 2 FOLLOWER]: Advancing to term 3
I20260709 12:21:39.064620 26076 raft_consensus.cc:515] T 00a3b74b96a44fdd8eab88bd0e86b8d3 P c4de20bfb9a646818384de2d6f9d051f [term 3 FOLLOWER]: Starting forced leader election with config: opid_index: -1 OBSOLETE_local: false peers { permanent_uuid: "c4de20bfb9a646818384de2d6f9d051f" member_type: VOTER last_known_addr { host: "127.25.86.1" port: 37977 } } peers { permanent_uuid: "c069701d969e431da0a1a22b80031da1" member_type: VOTER last_known_addr { host: "127.25.86.2" port: 42339 } } peers { permanent_uuid: "d2761018372844e28389dc7047b2ca74" member_type: VOTER last_known_addr { host: "127.25.86.3" port: 44745 } }
I20260709 12:21:39.066147 26076 leader_election.cc:290] T 00a3b74b96a44fdd8eab88bd0e86b8d3 P c4de20bfb9a646818384de2d6f9d051f [CANDIDATE]: Term 3 election: Requested vote from peers c069701d969e431da0a1a22b80031da1 (127.25.86.2:42339), d2761018372844e28389dc7047b2ca74 (127.25.86.3:44745)
I20260709 12:21:39.066895 26154 tablet_service.cc:1917] Received RequestConsensusVote() RPC: tablet_id: "00a3b74b96a44fdd8eab88bd0e86b8d3" candidate_uuid: "c4de20bfb9a646818384de2d6f9d051f" candidate_term: 3 candidate_status { last_received { term: 2 index: 2 } } ignore_live_leader: true dest_uuid: "c069701d969e431da0a1a22b80031da1"
I20260709 12:21:39.067008 26228 tablet_service.cc:1917] Received RequestConsensusVote() RPC: tablet_id: "00a3b74b96a44fdd8eab88bd0e86b8d3" candidate_uuid: "c4de20bfb9a646818384de2d6f9d051f" candidate_term: 3 candidate_status { last_received { term: 2 index: 2 } } ignore_live_leader: true dest_uuid: "d2761018372844e28389dc7047b2ca74"
I20260709 12:21:39.067449 26228 raft_consensus.cc:3060] T 00a3b74b96a44fdd8eab88bd0e86b8d3 P d2761018372844e28389dc7047b2ca74 [term 2 FOLLOWER]: Advancing to term 3
I20260709 12:21:39.067447 26154 raft_consensus.cc:3055] T 00a3b74b96a44fdd8eab88bd0e86b8d3 P c069701d969e431da0a1a22b80031da1 [term 2 LEADER]: Stepping down as leader of term 2
I20260709 12:21:39.067963 26154 raft_consensus.cc:740] T 00a3b74b96a44fdd8eab88bd0e86b8d3 P c069701d969e431da0a1a22b80031da1 [term 2 LEADER]: Becoming Follower/Learner. State: Replica: c069701d969e431da0a1a22b80031da1, State: Running, Role: LEADER
I20260709 12:21:39.068722 26154 consensus_queue.cc:260] T 00a3b74b96a44fdd8eab88bd0e86b8d3 P c069701d969e431da0a1a22b80031da1 [NON_LEADER]: Queue going to NON_LEADER mode. State: All replicated index: 0, Majority replicated index: 2, Committed index: 2, Last appended: 2.2, Last appended by leader: 2, Current term: 2, Majority size: -1, State: 0, Mode: NON_LEADER, active raft config: opid_index: -1 OBSOLETE_local: false peers { permanent_uuid: "c4de20bfb9a646818384de2d6f9d051f" member_type: VOTER last_known_addr { host: "127.25.86.1" port: 37977 } } peers { permanent_uuid: "c069701d969e431da0a1a22b80031da1" member_type: VOTER last_known_addr { host: "127.25.86.2" port: 42339 } } peers { permanent_uuid: "d2761018372844e28389dc7047b2ca74" member_type: VOTER last_known_addr { host: "127.25.86.3" port: 44745 } }
I20260709 12:21:39.069759 26154 raft_consensus.cc:3060] T 00a3b74b96a44fdd8eab88bd0e86b8d3 P c069701d969e431da0a1a22b80031da1 [term 2 FOLLOWER]: Advancing to term 3
I20260709 12:21:39.073586 26228 raft_consensus.cc:2468] T 00a3b74b96a44fdd8eab88bd0e86b8d3 P d2761018372844e28389dc7047b2ca74 [term 3 FOLLOWER]: Leader election vote request: Granting yes vote for candidate c4de20bfb9a646818384de2d6f9d051f in term 3.
I20260709 12:21:39.074555 26043 leader_election.cc:304] T 00a3b74b96a44fdd8eab88bd0e86b8d3 P c4de20bfb9a646818384de2d6f9d051f [CANDIDATE]: Term 3 election: Election decided. Result: candidate won. Election summary: received 2 responses out of 3 voters: 2 yes votes; 0 no votes. yes voters: c4de20bfb9a646818384de2d6f9d051f, d2761018372844e28389dc7047b2ca74; no voters: 
I20260709 12:21:39.075201 26449 raft_consensus.cc:2804] T 00a3b74b96a44fdd8eab88bd0e86b8d3 P c4de20bfb9a646818384de2d6f9d051f [term 3 FOLLOWER]: Leader election won for term 3
I20260709 12:21:39.075299 26154 raft_consensus.cc:2468] T 00a3b74b96a44fdd8eab88bd0e86b8d3 P c069701d969e431da0a1a22b80031da1 [term 3 FOLLOWER]: Leader election vote request: Granting yes vote for candidate c4de20bfb9a646818384de2d6f9d051f in term 3.
I20260709 12:21:39.075693 26449 raft_consensus.cc:697] T 00a3b74b96a44fdd8eab88bd0e86b8d3 P c4de20bfb9a646818384de2d6f9d051f [term 3 LEADER]: Becoming Leader. State: Replica: c4de20bfb9a646818384de2d6f9d051f, State: Running, Role: LEADER
I20260709 12:21:39.076576 26449 consensus_queue.cc:237] T 00a3b74b96a44fdd8eab88bd0e86b8d3 P c4de20bfb9a646818384de2d6f9d051f [LEADER]: Queue going to LEADER mode. State: All replicated index: 0, Majority replicated index: 2, Committed index: 2, Last appended: 2.2, Last appended by leader: 2, Current term: 3, Majority size: 2, State: 0, Mode: LEADER, active raft config: opid_index: -1 OBSOLETE_local: false peers { permanent_uuid: "c4de20bfb9a646818384de2d6f9d051f" member_type: VOTER last_known_addr { host: "127.25.86.1" port: 37977 } } peers { permanent_uuid: "c069701d969e431da0a1a22b80031da1" member_type: VOTER last_known_addr { host: "127.25.86.2" port: 42339 } } peers { permanent_uuid: "d2761018372844e28389dc7047b2ca74" member_type: VOTER last_known_addr { host: "127.25.86.3" port: 44745 } }
I20260709 12:21:39.083712 25975 catalog_manager.cc:5697] T 00a3b74b96a44fdd8eab88bd0e86b8d3 P c4de20bfb9a646818384de2d6f9d051f reported cstate change: term changed from 2 to 3, leader changed from c069701d969e431da0a1a22b80031da1 (127.25.86.2) to c4de20bfb9a646818384de2d6f9d051f (127.25.86.1). New cstate: current_term: 3 leader_uuid: "c4de20bfb9a646818384de2d6f9d051f" committed_config { opid_index: -1 OBSOLETE_local: false peers { permanent_uuid: "c4de20bfb9a646818384de2d6f9d051f" member_type: VOTER last_known_addr { host: "127.25.86.1" port: 37977 } health_report { overall_health: HEALTHY } } peers { permanent_uuid: "c069701d969e431da0a1a22b80031da1" member_type: VOTER last_known_addr { host: "127.25.86.2" port: 42339 } health_report { overall_health: UNKNOWN } } peers { permanent_uuid: "d2761018372844e28389dc7047b2ca74" member_type: VOTER last_known_addr { host: "127.25.86.3" port: 44745 } health_report { overall_health: UNKNOWN } } }
I20260709 12:21:39.255234 26154 raft_consensus.cc:1275] T 8829b21168a84eb4b7b1bb6ab88b706d P c069701d969e431da0a1a22b80031da1 [term 2 FOLLOWER]: Refusing update from remote peer c4de20bfb9a646818384de2d6f9d051f: Log matching property violated. Preceding OpId in replica: term: 1 index: 1. Preceding OpId from leader: term: 2 index: 2. (index mismatch)
I20260709 12:21:39.256296 26449 consensus_queue.cc:1048] T 8829b21168a84eb4b7b1bb6ab88b706d P c4de20bfb9a646818384de2d6f9d051f [LEADER]: Connected to new peer: Peer: permanent_uuid: "c069701d969e431da0a1a22b80031da1" member_type: VOTER last_known_addr { host: "127.25.86.2" port: 42339 }, Status: LMP_MISMATCH, Last received: 0.0, Next index: 2, Last known committed idx: 1, Time since last communication: 0.000s
I20260709 12:21:39.266532 26228 raft_consensus.cc:1275] T 8829b21168a84eb4b7b1bb6ab88b706d P d2761018372844e28389dc7047b2ca74 [term 2 FOLLOWER]: Refusing update from remote peer c4de20bfb9a646818384de2d6f9d051f: Log matching property violated. Preceding OpId in replica: term: 1 index: 1. Preceding OpId from leader: term: 2 index: 2. (index mismatch)
I20260709 12:21:39.268117 26449 consensus_queue.cc:1048] T 8829b21168a84eb4b7b1bb6ab88b706d P c4de20bfb9a646818384de2d6f9d051f [LEADER]: Connected to new peer: Peer: permanent_uuid: "d2761018372844e28389dc7047b2ca74" member_type: VOTER last_known_addr { host: "127.25.86.3" port: 44745 }, Status: LMP_MISMATCH, Last received: 0.0, Next index: 2, Last known committed idx: 1, Time since last communication: 0.000s
I20260709 12:21:39.388381 26154 raft_consensus.cc:1275] T 5e4c7b6b2aab4789b63009414180890f P c069701d969e431da0a1a22b80031da1 [term 5 FOLLOWER]: Refusing update from remote peer d2761018372844e28389dc7047b2ca74: Log matching property violated. Preceding OpId in replica: term: 4 index: 4. Preceding OpId from leader: term: 5 index: 5. (index mismatch)
I20260709 12:21:39.389580 26428 consensus_queue.cc:1048] T 5e4c7b6b2aab4789b63009414180890f P d2761018372844e28389dc7047b2ca74 [LEADER]: Connected to new peer: Peer: permanent_uuid: "c069701d969e431da0a1a22b80031da1" member_type: VOTER last_known_addr { host: "127.25.86.2" port: 42339 }, Status: LMP_MISMATCH, Last received: 0.0, Next index: 5, Last known committed idx: 4, Time since last communication: 0.000s
I20260709 12:21:39.399838 26076 raft_consensus.cc:1275] T 5e4c7b6b2aab4789b63009414180890f P c4de20bfb9a646818384de2d6f9d051f [term 5 FOLLOWER]: Refusing update from remote peer d2761018372844e28389dc7047b2ca74: Log matching property violated. Preceding OpId in replica: term: 4 index: 4. Preceding OpId from leader: term: 5 index: 5. (index mismatch)
I20260709 12:21:39.401051 26456 consensus_queue.cc:1048] T 5e4c7b6b2aab4789b63009414180890f P d2761018372844e28389dc7047b2ca74 [LEADER]: Connected to new peer: Peer: permanent_uuid: "c4de20bfb9a646818384de2d6f9d051f" member_type: VOTER last_known_addr { host: "127.25.86.1" port: 37977 }, Status: LMP_MISMATCH, Last received: 0.0, Next index: 5, Last known committed idx: 4, Time since last communication: 0.000s
I20260709 12:21:39.424292 26154 raft_consensus.cc:1275] T cf622a81961644e197655b9a08efa4a9 P c069701d969e431da0a1a22b80031da1 [term 4 FOLLOWER]: Refusing update from remote peer d2761018372844e28389dc7047b2ca74: Log matching property violated. Preceding OpId in replica: term: 3 index: 3. Preceding OpId from leader: term: 4 index: 4. (index mismatch)
I20260709 12:21:39.425580 26456 consensus_queue.cc:1048] T cf622a81961644e197655b9a08efa4a9 P d2761018372844e28389dc7047b2ca74 [LEADER]: Connected to new peer: Peer: permanent_uuid: "c069701d969e431da0a1a22b80031da1" member_type: VOTER last_known_addr { host: "127.25.86.2" port: 42339 }, Status: LMP_MISMATCH, Last received: 0.0, Next index: 4, Last known committed idx: 3, Time since last communication: 0.000s
I20260709 12:21:39.434751 26076 raft_consensus.cc:1275] T cf622a81961644e197655b9a08efa4a9 P c4de20bfb9a646818384de2d6f9d051f [term 4 FOLLOWER]: Refusing update from remote peer d2761018372844e28389dc7047b2ca74: Log matching property violated. Preceding OpId in replica: term: 3 index: 3. Preceding OpId from leader: term: 4 index: 4. (index mismatch)
I20260709 12:21:39.436335 26467 consensus_queue.cc:1048] T cf622a81961644e197655b9a08efa4a9 P d2761018372844e28389dc7047b2ca74 [LEADER]: Connected to new peer: Peer: permanent_uuid: "c4de20bfb9a646818384de2d6f9d051f" member_type: VOTER last_known_addr { host: "127.25.86.1" port: 37977 }, Status: LMP_MISMATCH, Last received: 0.0, Next index: 4, Last known committed idx: 3, Time since last communication: 0.001s
I20260709 12:21:39.463845 26228 raft_consensus.cc:1275] T 30b37d60624447c6873e80d57c0b10d0 P d2761018372844e28389dc7047b2ca74 [term 4 FOLLOWER]: Refusing update from remote peer c4de20bfb9a646818384de2d6f9d051f: Log matching property violated. Preceding OpId in replica: term: 3 index: 3. Preceding OpId from leader: term: 4 index: 4. (index mismatch)
I20260709 12:21:39.465003 26449 consensus_queue.cc:1048] T 30b37d60624447c6873e80d57c0b10d0 P c4de20bfb9a646818384de2d6f9d051f [LEADER]: Connected to new peer: Peer: permanent_uuid: "d2761018372844e28389dc7047b2ca74" member_type: VOTER last_known_addr { host: "127.25.86.3" port: 44745 }, Status: LMP_MISMATCH, Last received: 0.0, Next index: 4, Last known committed idx: 3, Time since last communication: 0.000s
I20260709 12:21:39.473531 26154 raft_consensus.cc:1275] T 30b37d60624447c6873e80d57c0b10d0 P c069701d969e431da0a1a22b80031da1 [term 4 FOLLOWER]: Refusing update from remote peer c4de20bfb9a646818384de2d6f9d051f: Log matching property violated. Preceding OpId in replica: term: 3 index: 3. Preceding OpId from leader: term: 4 index: 4. (index mismatch)
I20260709 12:21:39.474933 26449 consensus_queue.cc:1048] T 30b37d60624447c6873e80d57c0b10d0 P c4de20bfb9a646818384de2d6f9d051f [LEADER]: Connected to new peer: Peer: permanent_uuid: "c069701d969e431da0a1a22b80031da1" member_type: VOTER last_known_addr { host: "127.25.86.2" port: 42339 }, Status: LMP_MISMATCH, Last received: 0.0, Next index: 4, Last known committed idx: 3, Time since last communication: 0.000s
I20260709 12:21:39.534080 26228 raft_consensus.cc:1275] T 00a3b74b96a44fdd8eab88bd0e86b8d3 P d2761018372844e28389dc7047b2ca74 [term 3 FOLLOWER]: Refusing update from remote peer c4de20bfb9a646818384de2d6f9d051f: Log matching property violated. Preceding OpId in replica: term: 2 index: 2. Preceding OpId from leader: term: 3 index: 3. (index mismatch)
I20260709 12:21:39.535084 26449 consensus_queue.cc:1048] T 00a3b74b96a44fdd8eab88bd0e86b8d3 P c4de20bfb9a646818384de2d6f9d051f [LEADER]: Connected to new peer: Peer: permanent_uuid: "d2761018372844e28389dc7047b2ca74" member_type: VOTER last_known_addr { host: "127.25.86.3" port: 44745 }, Status: LMP_MISMATCH, Last received: 0.0, Next index: 3, Last known committed idx: 2, Time since last communication: 0.000s
I20260709 12:21:39.547649 26154 raft_consensus.cc:1275] T 00a3b74b96a44fdd8eab88bd0e86b8d3 P c069701d969e431da0a1a22b80031da1 [term 3 FOLLOWER]: Refusing update from remote peer c4de20bfb9a646818384de2d6f9d051f: Log matching property violated. Preceding OpId in replica: term: 2 index: 2. Preceding OpId from leader: term: 3 index: 3. (index mismatch)
I20260709 12:21:39.549484 26449 consensus_queue.cc:1048] T 00a3b74b96a44fdd8eab88bd0e86b8d3 P c4de20bfb9a646818384de2d6f9d051f [LEADER]: Connected to new peer: Peer: permanent_uuid: "c069701d969e431da0a1a22b80031da1" member_type: VOTER last_known_addr { host: "127.25.86.2" port: 42339 }, Status: LMP_MISMATCH, Last received: 0.0, Next index: 3, Last known committed idx: 2, Time since last communication: 0.000s
I20260709 12:21:39.723157 25944 auto_leader_rebalancer.cc:141] leader rebalance for table test-workload
I20260709 12:21:39.727874 25944 auto_leader_rebalancer.cc:440] table: test-workload, leader rebalance finish, leader transfer count: 0
I20260709 12:21:39.728192 25944 auto_leader_rebalancer.cc:515] All tables' leader rebalancing finished this round
I20260709 12:21:40.729224 25944 auto_leader_rebalancer.cc:141] leader rebalance for table test-workload
I20260709 12:21:40.734660 25944 auto_leader_rebalancer.cc:440] table: test-workload, leader rebalance finish, leader transfer count: 0
I20260709 12:21:40.735008 25944 auto_leader_rebalancer.cc:515] All tables' leader rebalancing finished this round
I20260709 12:21:41.735918 25944 auto_leader_rebalancer.cc:141] leader rebalance for table test-workload
I20260709 12:21:41.740540 25944 auto_leader_rebalancer.cc:440] table: test-workload, leader rebalance finish, leader transfer count: 0
I20260709 12:21:41.740877 25944 auto_leader_rebalancer.cc:515] All tables' leader rebalancing finished this round
I20260709 12:21:42.741770 25944 auto_leader_rebalancer.cc:141] leader rebalance for table test-workload
I20260709 12:21:42.746531 25944 auto_leader_rebalancer.cc:440] table: test-workload, leader rebalance finish, leader transfer count: 0
I20260709 12:21:42.746876 25944 auto_leader_rebalancer.cc:515] All tables' leader rebalancing finished this round
I20260709 12:21:43.747730 25944 auto_leader_rebalancer.cc:141] leader rebalance for table test-workload
I20260709 12:21:43.752372 25944 auto_leader_rebalancer.cc:440] table: test-workload, leader rebalance finish, leader transfer count: 0
I20260709 12:21:43.752734 25944 auto_leader_rebalancer.cc:515] All tables' leader rebalancing finished this round
I20260709 12:21:44.753806 25944 auto_leader_rebalancer.cc:141] leader rebalance for table test-workload
I20260709 12:21:44.759152 25944 auto_leader_rebalancer.cc:440] table: test-workload, leader rebalance finish, leader transfer count: 0
I20260709 12:21:44.759542 25944 auto_leader_rebalancer.cc:515] All tables' leader rebalancing finished this round
I20260709 12:21:45.760700 25944 auto_leader_rebalancer.cc:141] leader rebalance for table test-workload
I20260709 12:21:45.765902 25944 auto_leader_rebalancer.cc:440] table: test-workload, leader rebalance finish, leader transfer count: 0
I20260709 12:21:45.766335 25944 auto_leader_rebalancer.cc:515] All tables' leader rebalancing finished this round
I20260709 12:21:46.767364 25944 auto_leader_rebalancer.cc:141] leader rebalance for table test-workload
I20260709 12:21:46.772599 25944 auto_leader_rebalancer.cc:440] table: test-workload, leader rebalance finish, leader transfer count: 0
I20260709 12:21:46.773082 25944 auto_leader_rebalancer.cc:515] All tables' leader rebalancing finished this round
I20260709 12:21:47.774353 25944 auto_leader_rebalancer.cc:141] leader rebalance for table test-workload
I20260709 12:21:47.780467 25944 auto_leader_rebalancer.cc:440] table: test-workload, leader rebalance finish, leader transfer count: 0
I20260709 12:21:47.780874 25944 auto_leader_rebalancer.cc:515] All tables' leader rebalancing finished this round
I20260709 12:21:48.808869 25944 auto_leader_rebalancer-test.cc:340] The leader distribution is 
I20260709 12:21:48.809571 25944 tablet_server.cc:179] TabletServer@127.25.86.1:0 shutting down...
I20260709 12:21:48.837610 25944 ts_tablet_manager.cc:1507] Shutting down tablet manager...
I20260709 12:21:48.838505 25944 tablet_replica.cc:333] T 00a3b74b96a44fdd8eab88bd0e86b8d3 P c4de20bfb9a646818384de2d6f9d051f: stopping tablet replica
I20260709 12:21:48.839612 25944 raft_consensus.cc:2243] T 00a3b74b96a44fdd8eab88bd0e86b8d3 P c4de20bfb9a646818384de2d6f9d051f [term 3 LEADER]: Raft consensus shutting down.
I20260709 12:21:48.840909 25944 raft_consensus.cc:2272] T 00a3b74b96a44fdd8eab88bd0e86b8d3 P c4de20bfb9a646818384de2d6f9d051f [term 3 FOLLOWER]: Raft consensus is shut down!
I20260709 12:21:48.843225 25944 tablet_replica.cc:333] T 330dad6f6acc491683e25e63756976c1 P c4de20bfb9a646818384de2d6f9d051f: stopping tablet replica
I20260709 12:21:48.843686 25944 raft_consensus.cc:2243] T 330dad6f6acc491683e25e63756976c1 P c4de20bfb9a646818384de2d6f9d051f [term 1 FOLLOWER]: Raft consensus shutting down.
I20260709 12:21:48.844038 25944 raft_consensus.cc:2272] T 330dad6f6acc491683e25e63756976c1 P c4de20bfb9a646818384de2d6f9d051f [term 1 FOLLOWER]: Raft consensus is shut down!
I20260709 12:21:48.845692 25944 tablet_replica.cc:333] T 5982a28b68cc44a9ad6137da561efbb9 P c4de20bfb9a646818384de2d6f9d051f: stopping tablet replica
I20260709 12:21:48.846119 25944 raft_consensus.cc:2243] T 5982a28b68cc44a9ad6137da561efbb9 P c4de20bfb9a646818384de2d6f9d051f [term 4 FOLLOWER]: Raft consensus shutting down.
I20260709 12:21:48.846511 25944 raft_consensus.cc:2272] T 5982a28b68cc44a9ad6137da561efbb9 P c4de20bfb9a646818384de2d6f9d051f [term 4 FOLLOWER]: Raft consensus is shut down!
I20260709 12:21:48.848006 25944 tablet_replica.cc:333] T ac56d244246147239d6c24950097931b P c4de20bfb9a646818384de2d6f9d051f: stopping tablet replica
I20260709 12:21:48.848613 25944 raft_consensus.cc:2243] T ac56d244246147239d6c24950097931b P c4de20bfb9a646818384de2d6f9d051f [term 1 FOLLOWER]: Raft consensus shutting down.
I20260709 12:21:48.849046 25944 raft_consensus.cc:2272] T ac56d244246147239d6c24950097931b P c4de20bfb9a646818384de2d6f9d051f [term 1 FOLLOWER]: Raft consensus is shut down!
I20260709 12:21:48.850548 25944 tablet_replica.cc:333] T 8829b21168a84eb4b7b1bb6ab88b706d P c4de20bfb9a646818384de2d6f9d051f: stopping tablet replica
I20260709 12:21:48.851019 25944 raft_consensus.cc:2243] T 8829b21168a84eb4b7b1bb6ab88b706d P c4de20bfb9a646818384de2d6f9d051f [term 2 LEADER]: Raft consensus shutting down.
I20260709 12:21:48.851851 25944 raft_consensus.cc:2272] T 8829b21168a84eb4b7b1bb6ab88b706d P c4de20bfb9a646818384de2d6f9d051f [term 2 FOLLOWER]: Raft consensus is shut down!
I20260709 12:21:48.853658 25944 tablet_replica.cc:333] T cf622a81961644e197655b9a08efa4a9 P c4de20bfb9a646818384de2d6f9d051f: stopping tablet replica
I20260709 12:21:48.854138 25944 raft_consensus.cc:2243] T cf622a81961644e197655b9a08efa4a9 P c4de20bfb9a646818384de2d6f9d051f [term 4 FOLLOWER]: Raft consensus shutting down.
I20260709 12:21:48.854573 25944 raft_consensus.cc:2272] T cf622a81961644e197655b9a08efa4a9 P c4de20bfb9a646818384de2d6f9d051f [term 4 FOLLOWER]: Raft consensus is shut down!
I20260709 12:21:48.856102 25944 tablet_replica.cc:333] T 5e4c7b6b2aab4789b63009414180890f P c4de20bfb9a646818384de2d6f9d051f: stopping tablet replica
I20260709 12:21:48.856627 25944 raft_consensus.cc:2243] T 5e4c7b6b2aab4789b63009414180890f P c4de20bfb9a646818384de2d6f9d051f [term 5 FOLLOWER]: Raft consensus shutting down.
I20260709 12:21:48.857059 25944 raft_consensus.cc:2272] T 5e4c7b6b2aab4789b63009414180890f P c4de20bfb9a646818384de2d6f9d051f [term 5 FOLLOWER]: Raft consensus is shut down!
I20260709 12:21:48.858520 25944 tablet_replica.cc:333] T 34949f4fa5c94d2eb0bd7db95ac45afc P c4de20bfb9a646818384de2d6f9d051f: stopping tablet replica
I20260709 12:21:48.858966 25944 raft_consensus.cc:2243] T 34949f4fa5c94d2eb0bd7db95ac45afc P c4de20bfb9a646818384de2d6f9d051f [term 3 FOLLOWER]: Raft consensus shutting down.
I20260709 12:21:48.859354 25944 raft_consensus.cc:2272] T 34949f4fa5c94d2eb0bd7db95ac45afc P c4de20bfb9a646818384de2d6f9d051f [term 3 FOLLOWER]: Raft consensus is shut down!
I20260709 12:21:48.860930 25944 tablet_replica.cc:333] T 30b37d60624447c6873e80d57c0b10d0 P c4de20bfb9a646818384de2d6f9d051f: stopping tablet replica
I20260709 12:21:48.861364 25944 raft_consensus.cc:2243] T 30b37d60624447c6873e80d57c0b10d0 P c4de20bfb9a646818384de2d6f9d051f [term 4 LEADER]: Raft consensus shutting down.
I20260709 12:21:48.862087 25944 raft_consensus.cc:2272] T 30b37d60624447c6873e80d57c0b10d0 P c4de20bfb9a646818384de2d6f9d051f [term 4 FOLLOWER]: Raft consensus is shut down!
W20260709 12:21:48.957104 26118 proxy.cc:239] Call had error, refreshing address and retrying: Network error: Client connection negotiation failed: client connection to 127.25.86.1:37977: connect: Connection refused (error 111)
W20260709 12:21:48.960868 26118 consensus_peers.cc:597] T ac56d244246147239d6c24950097931b P c069701d969e431da0a1a22b80031da1 -> Peer c4de20bfb9a646818384de2d6f9d051f (127.25.86.1:37977): Couldn't send request to peer c4de20bfb9a646818384de2d6f9d051f. Status: Network error: Client connection negotiation failed: client connection to 127.25.86.1:37977: connect: Connection refused (error 111). This is attempt 1: this message will repeat every 5th retry.
W20260709 12:21:48.979892 26118 consensus_peers.cc:597] T 5982a28b68cc44a9ad6137da561efbb9 P c069701d969e431da0a1a22b80031da1 -> Peer c4de20bfb9a646818384de2d6f9d051f (127.25.86.1:37977): Couldn't send request to peer c4de20bfb9a646818384de2d6f9d051f. Status: Network error: Client connection negotiation failed: client connection to 127.25.86.1:37977: connect: Connection refused (error 111). This is attempt 1: this message will repeat every 5th retry.
I20260709 12:21:48.981418 25944 tablet_server.cc:196] TabletServer@127.25.86.1:0 shutdown complete.
I20260709 12:21:49.001667 25944 tablet_server.cc:179] TabletServer@127.25.86.2:0 shutting down...
I20260709 12:21:49.029975 25944 ts_tablet_manager.cc:1507] Shutting down tablet manager...
I20260709 12:21:49.030781 25944 tablet_replica.cc:333] T 330dad6f6acc491683e25e63756976c1 P c069701d969e431da0a1a22b80031da1: stopping tablet replica
I20260709 12:21:49.031424 25944 raft_consensus.cc:2243] T 330dad6f6acc491683e25e63756976c1 P c069701d969e431da0a1a22b80031da1 [term 1 FOLLOWER]: Raft consensus shutting down.
I20260709 12:21:49.031898 25944 raft_consensus.cc:2272] T 330dad6f6acc491683e25e63756976c1 P c069701d969e431da0a1a22b80031da1 [term 1 FOLLOWER]: Raft consensus is shut down!
I20260709 12:21:49.033818 25944 tablet_replica.cc:333] T 5982a28b68cc44a9ad6137da561efbb9 P c069701d969e431da0a1a22b80031da1: stopping tablet replica
I20260709 12:21:49.034397 25944 raft_consensus.cc:2243] T 5982a28b68cc44a9ad6137da561efbb9 P c069701d969e431da0a1a22b80031da1 [term 4 LEADER]: Raft consensus shutting down.
