I20260709 12:21:49.035151 25944 raft_consensus.cc:2272] T 5982a28b68cc44a9ad6137da561efbb9 P c069701d969e431da0a1a22b80031da1 [term 4 FOLLOWER]: Raft consensus is shut down!
I20260709 12:21:49.036801 25944 tablet_replica.cc:333] T 30b37d60624447c6873e80d57c0b10d0 P c069701d969e431da0a1a22b80031da1: stopping tablet replica
I20260709 12:21:49.037276 25944 raft_consensus.cc:2243] T 30b37d60624447c6873e80d57c0b10d0 P c069701d969e431da0a1a22b80031da1 [term 4 FOLLOWER]: Raft consensus shutting down.
I20260709 12:21:49.037671 25944 raft_consensus.cc:2272] T 30b37d60624447c6873e80d57c0b10d0 P c069701d969e431da0a1a22b80031da1 [term 4 FOLLOWER]: Raft consensus is shut down!
I20260709 12:21:49.039280 25944 tablet_replica.cc:333] T ac56d244246147239d6c24950097931b P c069701d969e431da0a1a22b80031da1: stopping tablet replica
I20260709 12:21:49.039800 25944 raft_consensus.cc:2243] T ac56d244246147239d6c24950097931b P c069701d969e431da0a1a22b80031da1 [term 1 LEADER]: Raft consensus shutting down.
I20260709 12:21:49.040546 25944 raft_consensus.cc:2272] T ac56d244246147239d6c24950097931b P c069701d969e431da0a1a22b80031da1 [term 1 FOLLOWER]: Raft consensus is shut down!
I20260709 12:21:49.042162 25944 tablet_replica.cc:333] T 8829b21168a84eb4b7b1bb6ab88b706d P c069701d969e431da0a1a22b80031da1: stopping tablet replica
I20260709 12:21:49.042689 25944 raft_consensus.cc:2243] T 8829b21168a84eb4b7b1bb6ab88b706d P c069701d969e431da0a1a22b80031da1 [term 2 FOLLOWER]: Raft consensus shutting down.
I20260709 12:21:49.043215 25944 raft_consensus.cc:2272] T 8829b21168a84eb4b7b1bb6ab88b706d P c069701d969e431da0a1a22b80031da1 [term 2 FOLLOWER]: Raft consensus is shut down!
I20260709 12:21:49.045570 25944 tablet_replica.cc:333] T cf622a81961644e197655b9a08efa4a9 P c069701d969e431da0a1a22b80031da1: stopping tablet replica
I20260709 12:21:49.046200 25944 raft_consensus.cc:2243] T cf622a81961644e197655b9a08efa4a9 P c069701d969e431da0a1a22b80031da1 [term 4 FOLLOWER]: Raft consensus shutting down.
I20260709 12:21:49.046790 25944 raft_consensus.cc:2272] T cf622a81961644e197655b9a08efa4a9 P c069701d969e431da0a1a22b80031da1 [term 4 FOLLOWER]: Raft consensus is shut down!
I20260709 12:21:49.049340 25944 tablet_replica.cc:333] T 34949f4fa5c94d2eb0bd7db95ac45afc P c069701d969e431da0a1a22b80031da1: stopping tablet replica
W20260709 12:21:49.049504 26192 consensus_peers.cc:597] T 5e4c7b6b2aab4789b63009414180890f P d2761018372844e28389dc7047b2ca74 -> Peer c4de20bfb9a646818384de2d6f9d051f (127.25.86.1:37977): Couldn't send request to peer c4de20bfb9a646818384de2d6f9d051f. Status: Network error: Client connection negotiation failed: client connection to 127.25.86.1:37977: connect: Connection refused (error 111). This is attempt 1: this message will repeat every 5th retry.
I20260709 12:21:49.049894 25944 raft_consensus.cc:2243] T 34949f4fa5c94d2eb0bd7db95ac45afc P c069701d969e431da0a1a22b80031da1 [term 3 LEADER]: Raft consensus shutting down.
I20260709 12:21:49.050926 25944 raft_consensus.cc:2272] T 34949f4fa5c94d2eb0bd7db95ac45afc P c069701d969e431da0a1a22b80031da1 [term 3 FOLLOWER]: Raft consensus is shut down!
W20260709 12:21:49.051321 26191 consensus_peers.cc:597] T cf622a81961644e197655b9a08efa4a9 P d2761018372844e28389dc7047b2ca74 -> Peer c069701d969e431da0a1a22b80031da1 (127.25.86.2:42339): Couldn't send request to peer c069701d969e431da0a1a22b80031da1. Status: Remote error: Service unavailable: service kudu.consensus.ConsensusService not registered on TabletServer. This is attempt 1: this message will repeat every 5th retry.
I20260709 12:21:49.052686 25944 tablet_replica.cc:333] T 5e4c7b6b2aab4789b63009414180890f P c069701d969e431da0a1a22b80031da1: stopping tablet replica
I20260709 12:21:49.053161 25944 raft_consensus.cc:2243] T 5e4c7b6b2aab4789b63009414180890f P c069701d969e431da0a1a22b80031da1 [term 5 FOLLOWER]: Raft consensus shutting down.
I20260709 12:21:49.053551 25944 raft_consensus.cc:2272] T 5e4c7b6b2aab4789b63009414180890f P c069701d969e431da0a1a22b80031da1 [term 5 FOLLOWER]: Raft consensus is shut down!
I20260709 12:21:49.055213 25944 tablet_replica.cc:333] T 00a3b74b96a44fdd8eab88bd0e86b8d3 P c069701d969e431da0a1a22b80031da1: stopping tablet replica
I20260709 12:21:49.055701 25944 raft_consensus.cc:2243] T 00a3b74b96a44fdd8eab88bd0e86b8d3 P c069701d969e431da0a1a22b80031da1 [term 3 FOLLOWER]: Raft consensus shutting down.
I20260709 12:21:49.056277 25944 raft_consensus.cc:2272] T 00a3b74b96a44fdd8eab88bd0e86b8d3 P c069701d969e431da0a1a22b80031da1 [term 3 FOLLOWER]: Raft consensus is shut down!
W20260709 12:21:49.083762 26192 consensus_peers.cc:597] T 330dad6f6acc491683e25e63756976c1 P d2761018372844e28389dc7047b2ca74 -> Peer c4de20bfb9a646818384de2d6f9d051f (127.25.86.1:37977): Couldn't send request to peer c4de20bfb9a646818384de2d6f9d051f. Status: Network error: Client connection negotiation failed: client connection to 127.25.86.1:37977: connect: Connection refused (error 111). This is attempt 1: this message will repeat every 5th retry.
I20260709 12:21:49.085062 25944 tablet_server.cc:196] TabletServer@127.25.86.2:0 shutdown complete.
I20260709 12:21:49.103734 25944 tablet_server.cc:179] TabletServer@127.25.86.3:0 shutting down...
I20260709 12:21:49.138389 25944 ts_tablet_manager.cc:1507] Shutting down tablet manager...
I20260709 12:21:49.139133 25944 tablet_replica.cc:333] T 5982a28b68cc44a9ad6137da561efbb9 P d2761018372844e28389dc7047b2ca74: stopping tablet replica
I20260709 12:21:49.139708 25944 raft_consensus.cc:2243] T 5982a28b68cc44a9ad6137da561efbb9 P d2761018372844e28389dc7047b2ca74 [term 4 FOLLOWER]: Raft consensus shutting down.
I20260709 12:21:49.140133 25944 raft_consensus.cc:2272] T 5982a28b68cc44a9ad6137da561efbb9 P d2761018372844e28389dc7047b2ca74 [term 4 FOLLOWER]: Raft consensus is shut down!
I20260709 12:21:49.141949 25944 tablet_replica.cc:333] T 00a3b74b96a44fdd8eab88bd0e86b8d3 P d2761018372844e28389dc7047b2ca74: stopping tablet replica
I20260709 12:21:49.142448 25944 raft_consensus.cc:2243] T 00a3b74b96a44fdd8eab88bd0e86b8d3 P d2761018372844e28389dc7047b2ca74 [term 3 FOLLOWER]: Raft consensus shutting down.
I20260709 12:21:49.142866 25944 raft_consensus.cc:2272] T 00a3b74b96a44fdd8eab88bd0e86b8d3 P d2761018372844e28389dc7047b2ca74 [term 3 FOLLOWER]: Raft consensus is shut down!
I20260709 12:21:49.144366 25944 tablet_replica.cc:333] T 5e4c7b6b2aab4789b63009414180890f P d2761018372844e28389dc7047b2ca74: stopping tablet replica
I20260709 12:21:49.144865 25944 raft_consensus.cc:2243] T 5e4c7b6b2aab4789b63009414180890f P d2761018372844e28389dc7047b2ca74 [term 5 LEADER]: Raft consensus shutting down.
I20260709 12:21:49.145529 25944 raft_consensus.cc:2272] T 5e4c7b6b2aab4789b63009414180890f P d2761018372844e28389dc7047b2ca74 [term 5 FOLLOWER]: Raft consensus is shut down!
I20260709 12:21:49.147083 25944 tablet_replica.cc:333] T 34949f4fa5c94d2eb0bd7db95ac45afc P d2761018372844e28389dc7047b2ca74: stopping tablet replica
I20260709 12:21:49.147500 25944 raft_consensus.cc:2243] T 34949f4fa5c94d2eb0bd7db95ac45afc P d2761018372844e28389dc7047b2ca74 [term 3 FOLLOWER]: Raft consensus shutting down.
I20260709 12:21:49.147861 25944 raft_consensus.cc:2272] T 34949f4fa5c94d2eb0bd7db95ac45afc P d2761018372844e28389dc7047b2ca74 [term 3 FOLLOWER]: Raft consensus is shut down!
I20260709 12:21:49.149387 25944 tablet_replica.cc:333] T ac56d244246147239d6c24950097931b P d2761018372844e28389dc7047b2ca74: stopping tablet replica
I20260709 12:21:49.149802 25944 raft_consensus.cc:2243] T ac56d244246147239d6c24950097931b P d2761018372844e28389dc7047b2ca74 [term 1 FOLLOWER]: Raft consensus shutting down.
I20260709 12:21:49.150117 25944 raft_consensus.cc:2272] T ac56d244246147239d6c24950097931b P d2761018372844e28389dc7047b2ca74 [term 1 FOLLOWER]: Raft consensus is shut down!
I20260709 12:21:49.151482 25944 tablet_replica.cc:333] T cf622a81961644e197655b9a08efa4a9 P d2761018372844e28389dc7047b2ca74: stopping tablet replica
I20260709 12:21:49.151885 25944 raft_consensus.cc:2243] T cf622a81961644e197655b9a08efa4a9 P d2761018372844e28389dc7047b2ca74 [term 4 LEADER]: Raft consensus shutting down.
I20260709 12:21:49.152630 25944 raft_consensus.cc:2272] T cf622a81961644e197655b9a08efa4a9 P d2761018372844e28389dc7047b2ca74 [term 4 FOLLOWER]: Raft consensus is shut down!
I20260709 12:21:49.154048 25944 tablet_replica.cc:333] T 8829b21168a84eb4b7b1bb6ab88b706d P d2761018372844e28389dc7047b2ca74: stopping tablet replica
I20260709 12:21:49.154457 25944 raft_consensus.cc:2243] T 8829b21168a84eb4b7b1bb6ab88b706d P d2761018372844e28389dc7047b2ca74 [term 2 FOLLOWER]: Raft consensus shutting down.
I20260709 12:21:49.154764 25944 raft_consensus.cc:2272] T 8829b21168a84eb4b7b1bb6ab88b706d P d2761018372844e28389dc7047b2ca74 [term 2 FOLLOWER]: Raft consensus is shut down!
I20260709 12:21:49.156126 25944 tablet_replica.cc:333] T 330dad6f6acc491683e25e63756976c1 P d2761018372844e28389dc7047b2ca74: stopping tablet replica
I20260709 12:21:49.156570 25944 raft_consensus.cc:2243] T 330dad6f6acc491683e25e63756976c1 P d2761018372844e28389dc7047b2ca74 [term 1 LEADER]: Raft consensus shutting down.
I20260709 12:21:49.157189 25944 raft_consensus.cc:2272] T 330dad6f6acc491683e25e63756976c1 P d2761018372844e28389dc7047b2ca74 [term 1 FOLLOWER]: Raft consensus is shut down!
I20260709 12:21:49.158699 25944 tablet_replica.cc:333] T 30b37d60624447c6873e80d57c0b10d0 P d2761018372844e28389dc7047b2ca74: stopping tablet replica
I20260709 12:21:49.159055 25944 raft_consensus.cc:2243] T 30b37d60624447c6873e80d57c0b10d0 P d2761018372844e28389dc7047b2ca74 [term 4 FOLLOWER]: Raft consensus shutting down.
I20260709 12:21:49.159415 25944 raft_consensus.cc:2272] T 30b37d60624447c6873e80d57c0b10d0 P d2761018372844e28389dc7047b2ca74 [term 4 FOLLOWER]: Raft consensus is shut down!
I20260709 12:21:49.185105 25944 tablet_server.cc:196] TabletServer@127.25.86.3:0 shutdown complete.
I20260709 12:21:49.202617 25944 master.cc:562] Master@127.25.86.62:42001 shutting down...
I20260709 12:21:49.401105 25944 raft_consensus.cc:2243] T 00000000000000000000000000000000 P 94c5f3d237464441a7fb2b5881fbcbed [term 1 LEADER]: Raft consensus shutting down.
I20260709 12:21:49.401713 25944 raft_consensus.cc:2272] T 00000000000000000000000000000000 P 94c5f3d237464441a7fb2b5881fbcbed [term 1 FOLLOWER]: Raft consensus is shut down!
I20260709 12:21:49.401990 25944 tablet_replica.cc:333] T 00000000000000000000000000000000 P 94c5f3d237464441a7fb2b5881fbcbed: stopping tablet replica
I20260709 12:21:49.440605 25944 master.cc:584] Master@127.25.86.62:42001 shutdown complete.
c069701d969e431da0a1a22b80031da1  4
c4de20bfb9a646818384de2d6f9d051f  4
d2761018372844e28389dc7047b2ca74  1
c069701d969e431da0a1a22b80031da1  3
c4de20bfb9a646818384de2d6f9d051f  3
d2761018372844e28389dc7047b2ca74  3
c069701d969e431da0a1a22b80031da1  8
c4de20bfb9a646818384de2d6f9d051f  0
d2761018372844e28389dc7047b2ca74  1
c069701d969e431da0a1a22b80031da1  3
c4de20bfb9a646818384de2d6f9d051f  3
d2761018372844e28389dc7047b2ca74  3
[       OK ] LeaderRebalancerTest.FunctionalTestForDivided (31976 ms)
[ RUN      ] LeaderRebalancerTest.FunctionalTestForNotDivided
I20260709 12:21:49.483790 25944 internal_mini_cluster.cc:156] Creating distributed mini masters. Addrs: 127.25.86.62:46797
I20260709 12:21:49.485136 25944 file_cache.cc:504] Constructed file cache file cache with capacity 419430
W20260709 12:21:49.491056 26489 instance_detector.cc:116] could not retrieve AWS instance metadata: Network error: curl error: HTTP response code said error: The requested URL returned error: 404
W20260709 12:21:49.491577 26490 instance_detector.cc:116] could not retrieve Azure instance metadata: Network error: curl error: HTTP response code said error: The requested URL returned error: 404
W20260709 12:21:49.491698 26492 instance_detector.cc:116] could not retrieve OpenStack instance metadata: Network error: curl error: HTTP response code said error: The requested URL returned error: 404
I20260709 12:21:49.492992 25944 server_base.cc:1061] running on GCE node
I20260709 12:21:49.493959 25944 hybrid_clock.cc:584] initializing the hybrid clock with 'system_unsync' time source
W20260709 12:21:49.494138 25944 system_unsync_time.cc:38] NTP support is disabled. Clock error bounds will not be accurate. This configuration is not suitable for distributed clusters.
I20260709 12:21:49.494324 25944 hybrid_clock.cc:648] HybridClock initialized: now 1783599709494308 us; error 0 us; skew 500 ppm
I20260709 12:21:49.494915 25944 server_base.cc:861] Flag tcmalloc_max_total_thread_cache_bytes is not working since tcmalloc is not enabled.
I20260709 12:21:49.497330 25944 webserver.cc:533] Webserver started at http://127.25.86.62:39749/ using document root <none> and password file <none>
I20260709 12:21:49.497828 25944 fs_manager.cc:362] Metadata directory not provided
I20260709 12:21:49.498016 25944 fs_manager.cc:368] Using write-ahead log directory (fs_wal_dir) as metadata directory
I20260709 12:21:49.498323 25944 server_base.cc:909] This appears to be a new deployment of Kudu; creating new FS layout
I20260709 12:21:49.499475 25944 fs_manager.cc:1068] Generated new instance metadata in path /tmp/dist-test-task7pFVcc/test-tmp/auto_leader_rebalancer-test.0.LeaderRebalancerTest.FunctionalTestForNotDivided.1783599677342568-25944-0/minicluster-data/master-0-root/instance:
uuid: "308cb24252a241278f1e00d2ebab81a2"
format_stamp: "Formatted at 2026-07-09 12:21:49 on dist-test-slave-9ttx"
I20260709 12:21:49.503685 25944 fs_manager.cc:696] Time spent creating directory manager: real 0.004s	user 0.002s	sys 0.004s
I20260709 12:21:49.506882 26497 log_block_manager.cc:4127] Time spent loading block containers with low live blocks: real 0.000s	user 0.000s	sys 0.000s
I20260709 12:21:49.507536 25944 fs_manager.cc:730] Time spent opening block manager: real 0.002s	user 0.002s	sys 0.000s
I20260709 12:21:49.507867 25944 fs_manager.cc:647] Opened local filesystem: /tmp/dist-test-task7pFVcc/test-tmp/auto_leader_rebalancer-test.0.LeaderRebalancerTest.FunctionalTestForNotDivided.1783599677342568-25944-0/minicluster-data/master-0-root
uuid: "308cb24252a241278f1e00d2ebab81a2"
format_stamp: "Formatted at 2026-07-09 12:21:49 on dist-test-slave-9ttx"
I20260709 12:21:49.508104 25944 fs_report.cc:389] FS layout report
--------------------
wal directory: /tmp/dist-test-task7pFVcc/test-tmp/auto_leader_rebalancer-test.0.LeaderRebalancerTest.FunctionalTestForNotDivided.1783599677342568-25944-0/minicluster-data/master-0-root
metadata directory: /tmp/dist-test-task7pFVcc/test-tmp/auto_leader_rebalancer-test.0.LeaderRebalancerTest.FunctionalTestForNotDivided.1783599677342568-25944-0/minicluster-data/master-0-root
1 data directories: /tmp/dist-test-task7pFVcc/test-tmp/auto_leader_rebalancer-test.0.LeaderRebalancerTest.FunctionalTestForNotDivided.1783599677342568-25944-0/minicluster-data/master-0-root/data
Total live blocks: 0
Total live bytes: 0
Total live bytes (after alignment): 0
Total number of LBM containers: 0 (0 full)
Did not check for missing blocks
Did not check for orphaned blocks
Total full LBM containers with extra space: 0 (0 repaired)
Total full LBM container extra space in bytes: 0 (0 repaired)
Total incomplete LBM containers: 0 (0 repaired)
Total LBM partial records: 0 (0 repaired)
Total corrupted LBM metadata records in RocksDB: 0 (0 repaired)
I20260709 12:21:49.526588 25944 rpc_server.cc:225] running with OpenSSL 1.1.1  11 Sep 2018
I20260709 12:21:49.527802 25944 kserver.cc:163] Server-wide thread pool size limit: 3276
I20260709 12:21:49.564570 25944 rpc_server.cc:307] RPC server started. Bound to: 127.25.86.62:46797
I20260709 12:21:49.564698 26548 acceptor_pool.cc:272] collecting diagnostics on the listening RPC socket 127.25.86.62:46797 every 8 connection(s)
I20260709 12:21:49.568338 26549 data_dirs.cc:400] Could only allocate 1 dirs of requested 3 for tablet 00000000000000000000000000000000. 1 dirs total, 0 dirs full, 0 dirs failed
I20260709 12:21:49.577962 26549 tablet_bootstrap.cc:492] T 00000000000000000000000000000000 P 308cb24252a241278f1e00d2ebab81a2: Bootstrap starting.
I20260709 12:21:49.582567 26549 tablet_bootstrap.cc:654] T 00000000000000000000000000000000 P 308cb24252a241278f1e00d2ebab81a2: Neither blocks nor log segments found. Creating new log.
I20260709 12:21:49.586648 26549 tablet_bootstrap.cc:492] T 00000000000000000000000000000000 P 308cb24252a241278f1e00d2ebab81a2: No bootstrap required, opened a new log
I20260709 12:21:49.588843 26549 raft_consensus.cc:359] T 00000000000000000000000000000000 P 308cb24252a241278f1e00d2ebab81a2 [term 0 FOLLOWER]: Replica starting. Triggering 0 pending ops. Active config: opid_index: -1 OBSOLETE_local: true peers { permanent_uuid: "308cb24252a241278f1e00d2ebab81a2" member_type: VOTER }
I20260709 12:21:49.589262 26549 raft_consensus.cc:385] T 00000000000000000000000000000000 P 308cb24252a241278f1e00d2ebab81a2 [term 0 FOLLOWER]: Consensus starting up: Expiring failure detector timer to make a prompt election more likely
I20260709 12:21:49.589437 26549 raft_consensus.cc:740] T 00000000000000000000000000000000 P 308cb24252a241278f1e00d2ebab81a2 [term 0 FOLLOWER]: Becoming Follower/Learner. State: Replica: 308cb24252a241278f1e00d2ebab81a2, State: Initialized, Role: FOLLOWER
I20260709 12:21:49.589993 26549 consensus_queue.cc:260] T 00000000000000000000000000000000 P 308cb24252a241278f1e00d2ebab81a2 [NON_LEADER]: Queue going to NON_LEADER mode. State: All replicated index: 0, Majority replicated index: 0, Committed index: 0, Last appended: 0.0, Last appended by leader: 0, Current term: 0, Majority size: -1, State: 0, Mode: NON_LEADER, active raft config: opid_index: -1 OBSOLETE_local: true peers { permanent_uuid: "308cb24252a241278f1e00d2ebab81a2" member_type: VOTER }
I20260709 12:21:49.590435 26549 raft_consensus.cc:399] T 00000000000000000000000000000000 P 308cb24252a241278f1e00d2ebab81a2 [term 0 FOLLOWER]: Only one voter in the Raft config. Triggering election immediately
I20260709 12:21:49.590623 26549 raft_consensus.cc:493] T 00000000000000000000000000000000 P 308cb24252a241278f1e00d2ebab81a2 [term 0 FOLLOWER]: Starting leader election (initial election of a single-replica configuration)
I20260709 12:21:49.590831 26549 raft_consensus.cc:3060] T 00000000000000000000000000000000 P 308cb24252a241278f1e00d2ebab81a2 [term 0 FOLLOWER]: Advancing to term 1
I20260709 12:21:49.594611 26549 raft_consensus.cc:515] T 00000000000000000000000000000000 P 308cb24252a241278f1e00d2ebab81a2 [term 1 FOLLOWER]: Starting leader election with config: opid_index: -1 OBSOLETE_local: true peers { permanent_uuid: "308cb24252a241278f1e00d2ebab81a2" member_type: VOTER }
I20260709 12:21:49.595059 26549 leader_election.cc:304] T 00000000000000000000000000000000 P 308cb24252a241278f1e00d2ebab81a2 [CANDIDATE]: Term 1 election: Election decided. Result: candidate won. Election summary: received 1 responses out of 1 voters: 1 yes votes; 0 no votes. yes voters: 308cb24252a241278f1e00d2ebab81a2; no voters: 
I20260709 12:21:49.596357 26549 leader_election.cc:290] T 00000000000000000000000000000000 P 308cb24252a241278f1e00d2ebab81a2 [CANDIDATE]: Term 1 election: Requested vote from peers 
I20260709 12:21:49.596728 26552 raft_consensus.cc:2804] T 00000000000000000000000000000000 P 308cb24252a241278f1e00d2ebab81a2 [term 1 FOLLOWER]: Leader election won for term 1
I20260709 12:21:49.598208 26552 raft_consensus.cc:697] T 00000000000000000000000000000000 P 308cb24252a241278f1e00d2ebab81a2 [term 1 LEADER]: Becoming Leader. State: Replica: 308cb24252a241278f1e00d2ebab81a2, State: Running, Role: LEADER
I20260709 12:21:49.598948 26552 consensus_queue.cc:237] T 00000000000000000000000000000000 P 308cb24252a241278f1e00d2ebab81a2 [LEADER]: Queue going to LEADER mode. State: All replicated index: 0, Majority replicated index: 0, Committed index: 0, Last appended: 0.0, Last appended by leader: 0, Current term: 1, Majority size: 1, State: 0, Mode: LEADER, active raft config: opid_index: -1 OBSOLETE_local: true peers { permanent_uuid: "308cb24252a241278f1e00d2ebab81a2" member_type: VOTER }
I20260709 12:21:49.599545 26549 sys_catalog.cc:565] T 00000000000000000000000000000000 P 308cb24252a241278f1e00d2ebab81a2 [sys.catalog]: configured and running, proceeding with master startup.
I20260709 12:21:49.604202 26554 sys_catalog.cc:455] T 00000000000000000000000000000000 P 308cb24252a241278f1e00d2ebab81a2 [sys.catalog]: SysCatalogTable state changed. Reason: New leader 308cb24252a241278f1e00d2ebab81a2. Latest consensus state: current_term: 1 leader_uuid: "308cb24252a241278f1e00d2ebab81a2" committed_config { opid_index: -1 OBSOLETE_local: true peers { permanent_uuid: "308cb24252a241278f1e00d2ebab81a2" member_type: VOTER } }
I20260709 12:21:49.605132 26554 sys_catalog.cc:458] T 00000000000000000000000000000000 P 308cb24252a241278f1e00d2ebab81a2 [sys.catalog]: This master's current role is: LEADER
I20260709 12:21:49.604242 26553 sys_catalog.cc:455] T 00000000000000000000000000000000 P 308cb24252a241278f1e00d2ebab81a2 [sys.catalog]: SysCatalogTable state changed. Reason: RaftConsensus started. Latest consensus state: current_term: 1 leader_uuid: "308cb24252a241278f1e00d2ebab81a2" committed_config { opid_index: -1 OBSOLETE_local: true peers { permanent_uuid: "308cb24252a241278f1e00d2ebab81a2" member_type: VOTER } }
I20260709 12:21:49.605892 26553 sys_catalog.cc:458] T 00000000000000000000000000000000 P 308cb24252a241278f1e00d2ebab81a2 [sys.catalog]: This master's current role is: LEADER
I20260709 12:21:49.606935 26559 catalog_manager.cc:1511] Loading table and tablet metadata into memory...
I20260709 12:21:49.612314 26559 catalog_manager.cc:1520] Initializing Kudu cluster ID...
I20260709 12:21:49.616358 25944 internal_mini_cluster.cc:184] Waiting to initialize catalog manager on master 0
I20260709 12:21:49.621348 26559 catalog_manager.cc:1383] Generated new cluster ID: f281b8dba48740fea1b0f8ec8dbce123
I20260709 12:21:49.621637 26559 catalog_manager.cc:1531] Initializing Kudu internal certificate authority...
I20260709 12:21:49.644446 26559 catalog_manager.cc:1406] Generated new certificate authority record
I20260709 12:21:49.645709 26559 catalog_manager.cc:1540] Loading token signing keys...
I20260709 12:21:49.657605 26559 catalog_manager.cc:6070] T 00000000000000000000000000000000 P 308cb24252a241278f1e00d2ebab81a2: Generated new TSK 0
I20260709 12:21:49.658196 26559 catalog_manager.cc:1550] Initializing in-progress tserver states...
I20260709 12:21:49.682816 25944 file_cache.cc:504] Constructed file cache file cache with capacity 419430
W20260709 12:21:49.688768 26570 instance_detector.cc:116] could not retrieve AWS instance metadata: Network error: curl error: HTTP response code said error: The requested URL returned error: 404
W20260709 12:21:49.689941 26571 instance_detector.cc:116] could not retrieve Azure instance metadata: Network error: curl error: HTTP response code said error: The requested URL returned error: 404
I20260709 12:21:49.691964 25944 server_base.cc:1061] running on GCE node
W20260709 12:21:49.692005 26573 instance_detector.cc:116] could not retrieve OpenStack instance metadata: Network error: curl error: HTTP response code said error: The requested URL returned error: 404
I20260709 12:21:49.693126 25944 hybrid_clock.cc:584] initializing the hybrid clock with 'system_unsync' time source
W20260709 12:21:49.693356 25944 system_unsync_time.cc:38] NTP support is disabled. Clock error bounds will not be accurate. This configuration is not suitable for distributed clusters.
I20260709 12:21:49.693539 25944 hybrid_clock.cc:648] HybridClock initialized: now 1783599709693521 us; error 0 us; skew 500 ppm
I20260709 12:21:49.694094 25944 server_base.cc:861] Flag tcmalloc_max_total_thread_cache_bytes is not working since tcmalloc is not enabled.
I20260709 12:21:49.696390 25944 webserver.cc:533] Webserver started at http://127.25.86.1:40171/ using document root <none> and password file <none>
I20260709 12:21:49.696977 25944 fs_manager.cc:362] Metadata directory not provided
I20260709 12:21:49.697184 25944 fs_manager.cc:368] Using write-ahead log directory (fs_wal_dir) as metadata directory
I20260709 12:21:49.697499 25944 server_base.cc:909] This appears to be a new deployment of Kudu; creating new FS layout
I20260709 12:21:49.698580 25944 fs_manager.cc:1068] Generated new instance metadata in path /tmp/dist-test-task7pFVcc/test-tmp/auto_leader_rebalancer-test.0.LeaderRebalancerTest.FunctionalTestForNotDivided.1783599677342568-25944-0/minicluster-data/ts-0-root/instance:
uuid: "58f0a6393b4a476b9d24f1cc49357276"
format_stamp: "Formatted at 2026-07-09 12:21:49 on dist-test-slave-9ttx"
I20260709 12:21:49.703095 25944 fs_manager.cc:696] Time spent creating directory manager: real 0.004s	user 0.006s	sys 0.000s
I20260709 12:21:49.706403 26578 log_block_manager.cc:4127] Time spent loading block containers with low live blocks: real 0.000s	user 0.000s	sys 0.000s
I20260709 12:21:49.707145 25944 fs_manager.cc:730] Time spent opening block manager: real 0.002s	user 0.000s	sys 0.002s
I20260709 12:21:49.707439 25944 fs_manager.cc:647] Opened local filesystem: /tmp/dist-test-task7pFVcc/test-tmp/auto_leader_rebalancer-test.0.LeaderRebalancerTest.FunctionalTestForNotDivided.1783599677342568-25944-0/minicluster-data/ts-0-root
uuid: "58f0a6393b4a476b9d24f1cc49357276"
format_stamp: "Formatted at 2026-07-09 12:21:49 on dist-test-slave-9ttx"
I20260709 12:21:49.707764 25944 fs_report.cc:389] FS layout report
--------------------
wal directory: /tmp/dist-test-task7pFVcc/test-tmp/auto_leader_rebalancer-test.0.LeaderRebalancerTest.FunctionalTestForNotDivided.1783599677342568-25944-0/minicluster-data/ts-0-root
metadata directory: /tmp/dist-test-task7pFVcc/test-tmp/auto_leader_rebalancer-test.0.LeaderRebalancerTest.FunctionalTestForNotDivided.1783599677342568-25944-0/minicluster-data/ts-0-root
1 data directories: /tmp/dist-test-task7pFVcc/test-tmp/auto_leader_rebalancer-test.0.LeaderRebalancerTest.FunctionalTestForNotDivided.1783599677342568-25944-0/minicluster-data/ts-0-root/data
Total live blocks: 0
Total live bytes: 0
Total live bytes (after alignment): 0
Total number of LBM containers: 0 (0 full)
Did not check for missing blocks
Did not check for orphaned blocks
Total full LBM containers with extra space: 0 (0 repaired)
Total full LBM container extra space in bytes: 0 (0 repaired)
Total incomplete LBM containers: 0 (0 repaired)
Total LBM partial records: 0 (0 repaired)
Total corrupted LBM metadata records in RocksDB: 0 (0 repaired)
I20260709 12:21:49.741258 25944 rpc_server.cc:225] running with OpenSSL 1.1.1  11 Sep 2018
I20260709 12:21:49.742504 25944 kserver.cc:163] Server-wide thread pool size limit: 3276
I20260709 12:21:49.744036 25944 txn_system_client.cc:432] TxnSystemClient initialization is disabled...
I20260709 12:21:49.746328 25944 ts_tablet_manager.cc:585] Loaded tablet metadata (0 total tablets, 0 live tablets)
I20260709 12:21:49.746556 25944 ts_tablet_manager.cc:531] Time spent load tablet metadata: real 0.000s	user 0.000s	sys 0.000s
I20260709 12:21:49.746819 25944 ts_tablet_manager.cc:616] Registered 0 tablets
I20260709 12:21:49.747014 25944 ts_tablet_manager.cc:595] Time spent register tablets: real 0.000s	user 0.000s	sys 0.000s
I20260709 12:21:49.785553 25944 rpc_server.cc:307] RPC server started. Bound to: 127.25.86.1:39797
I20260709 12:21:49.785663 26640 acceptor_pool.cc:272] collecting diagnostics on the listening RPC socket 127.25.86.1:39797 every 8 connection(s)
I20260709 12:21:49.790362 25944 file_cache.cc:504] Constructed file cache file cache with capacity 419430
W20260709 12:21:49.797163 26645 instance_detector.cc:116] could not retrieve AWS instance metadata: Network error: curl error: HTTP response code said error: The requested URL returned error: 404
W20260709 12:21:49.798183 26646 instance_detector.cc:116] could not retrieve Azure instance metadata: Network error: curl error: HTTP response code said error: The requested URL returned error: 404
W20260709 12:21:49.800218 26648 instance_detector.cc:116] could not retrieve OpenStack instance metadata: Network error: curl error: HTTP response code said error: The requested URL returned error: 404
I20260709 12:21:49.800669 25944 server_base.cc:1061] running on GCE node
I20260709 12:21:49.802498 25944 hybrid_clock.cc:584] initializing the hybrid clock with 'system_unsync' time source
W20260709 12:21:49.802769 25944 system_unsync_time.cc:38] NTP support is disabled. Clock error bounds will not be accurate. This configuration is not suitable for distributed clusters.
I20260709 12:21:49.802978 25944 hybrid_clock.cc:648] HybridClock initialized: now 1783599709802940 us; error 0 us; skew 500 ppm
I20260709 12:21:49.803474 26641 heartbeater.cc:344] Connected to a master server at 127.25.86.62:46797
I20260709 12:21:49.803580 25944 server_base.cc:861] Flag tcmalloc_max_total_thread_cache_bytes is not working since tcmalloc is not enabled.
I20260709 12:21:49.803856 26641 heartbeater.cc:461] Registering TS with master...
I20260709 12:21:49.804651 26641 heartbeater.cc:507] Master 127.25.86.62:46797 requested a full tablet report, sending...
I20260709 12:21:49.806088 25944 webserver.cc:533] Webserver started at http://127.25.86.2:36791/ using document root <none> and password file <none>
I20260709 12:21:49.806645 25944 fs_manager.cc:362] Metadata directory not provided
I20260709 12:21:49.806856 25944 fs_manager.cc:368] Using write-ahead log directory (fs_wal_dir) as metadata directory
I20260709 12:21:49.806943 26514 ts_manager.cc:194] Registered new tserver with Master: 58f0a6393b4a476b9d24f1cc49357276 (127.25.86.1:39797)
I20260709 12:21:49.807121 25944 server_base.cc:909] This appears to be a new deployment of Kudu; creating new FS layout
I20260709 12:21:49.808307 25944 fs_manager.cc:1068] Generated new instance metadata in path /tmp/dist-test-task7pFVcc/test-tmp/auto_leader_rebalancer-test.0.LeaderRebalancerTest.FunctionalTestForNotDivided.1783599677342568-25944-0/minicluster-data/ts-1-root/instance:
uuid: "2851155812fc4a038817b5182e2d8840"
format_stamp: "Formatted at 2026-07-09 12:21:49 on dist-test-slave-9ttx"
I20260709 12:21:49.808766 26514 master_service.cc:502] Signed X509 certificate for tserver {username='slave'} at 127.0.0.1:49448
I20260709 12:21:49.813041 25944 fs_manager.cc:696] Time spent creating directory manager: real 0.004s	user 0.002s	sys 0.001s
I20260709 12:21:49.816310 26653 log_block_manager.cc:4127] Time spent loading block containers with low live blocks: real 0.000s	user 0.000s	sys 0.000s
I20260709 12:21:49.817109 25944 fs_manager.cc:730] Time spent opening block manager: real 0.002s	user 0.002s	sys 0.001s
I20260709 12:21:49.817363 25944 fs_manager.cc:647] Opened local filesystem: /tmp/dist-test-task7pFVcc/test-tmp/auto_leader_rebalancer-test.0.LeaderRebalancerTest.FunctionalTestForNotDivided.1783599677342568-25944-0/minicluster-data/ts-1-root
uuid: "2851155812fc4a038817b5182e2d8840"
format_stamp: "Formatted at 2026-07-09 12:21:49 on dist-test-slave-9ttx"
I20260709 12:21:49.817624 25944 fs_report.cc:389] FS layout report
--------------------
wal directory: /tmp/dist-test-task7pFVcc/test-tmp/auto_leader_rebalancer-test.0.LeaderRebalancerTest.FunctionalTestForNotDivided.1783599677342568-25944-0/minicluster-data/ts-1-root
metadata directory: /tmp/dist-test-task7pFVcc/test-tmp/auto_leader_rebalancer-test.0.LeaderRebalancerTest.FunctionalTestForNotDivided.1783599677342568-25944-0/minicluster-data/ts-1-root
1 data directories: /tmp/dist-test-task7pFVcc/test-tmp/auto_leader_rebalancer-test.0.LeaderRebalancerTest.FunctionalTestForNotDivided.1783599677342568-25944-0/minicluster-data/ts-1-root/data
Total live blocks: 0
Total live bytes: 0
Total live bytes (after alignment): 0
Total number of LBM containers: 0 (0 full)
Did not check for missing blocks
Did not check for orphaned blocks
Total full LBM containers with extra space: 0 (0 repaired)
Total full LBM container extra space in bytes: 0 (0 repaired)
Total incomplete LBM containers: 0 (0 repaired)
Total LBM partial records: 0 (0 repaired)
Total corrupted LBM metadata records in RocksDB: 0 (0 repaired)
I20260709 12:21:49.831804 25944 rpc_server.cc:225] running with OpenSSL 1.1.1  11 Sep 2018
I20260709 12:21:49.832995 25944 kserver.cc:163] Server-wide thread pool size limit: 3276
I20260709 12:21:49.834332 25944 txn_system_client.cc:432] TxnSystemClient initialization is disabled...
I20260709 12:21:49.836404 25944 ts_tablet_manager.cc:585] Loaded tablet metadata (0 total tablets, 0 live tablets)
I20260709 12:21:49.836614 25944 ts_tablet_manager.cc:531] Time spent load tablet metadata: real 0.000s	user 0.000s	sys 0.000s
I20260709 12:21:49.836872 25944 ts_tablet_manager.cc:616] Registered 0 tablets
I20260709 12:21:49.837036 25944 ts_tablet_manager.cc:595] Time spent register tablets: real 0.000s	user 0.000s	sys 0.000s
I20260709 12:21:49.874717 25944 rpc_server.cc:307] RPC server started. Bound to: 127.25.86.2:33739
I20260709 12:21:49.874820 26715 acceptor_pool.cc:272] collecting diagnostics on the listening RPC socket 127.25.86.2:33739 every 8 connection(s)
I20260709 12:21:49.879288 25944 file_cache.cc:504] Constructed file cache file cache with capacity 419430
W20260709 12:21:49.886430 26719 instance_detector.cc:116] could not retrieve AWS instance metadata: Network error: curl error: HTTP response code said error: The requested URL returned error: 404
W20260709 12:21:49.887028 26720 instance_detector.cc:116] could not retrieve Azure instance metadata: Network error: curl error: HTTP response code said error: The requested URL returned error: 404
I20260709 12:21:49.889725 25944 server_base.cc:1061] running on GCE node
W20260709 12:21:49.890213 26723 instance_detector.cc:116] could not retrieve OpenStack instance metadata: Network error: curl error: HTTP response code said error: The requested URL returned error: 404
I20260709 12:21:49.891228 25944 hybrid_clock.cc:584] initializing the hybrid clock with 'system_unsync' time source
W20260709 12:21:49.891425 25944 system_unsync_time.cc:38] NTP support is disabled. Clock error bounds will not be accurate. This configuration is not suitable for distributed clusters.
I20260709 12:21:49.891649 25944 hybrid_clock.cc:648] HybridClock initialized: now 1783599709891612 us; error 0 us; skew 500 ppm
I20260709 12:21:49.892261 25944 server_base.cc:861] Flag tcmalloc_max_total_thread_cache_bytes is not working since tcmalloc is not enabled.
I20260709 12:21:49.892431 26716 heartbeater.cc:344] Connected to a master server at 127.25.86.62:46797
I20260709 12:21:49.892836 26716 heartbeater.cc:461] Registering TS with master...
I20260709 12:21:49.893711 26716 heartbeater.cc:507] Master 127.25.86.62:46797 requested a full tablet report, sending...
I20260709 12:21:49.894945 25944 webserver.cc:533] Webserver started at http://127.25.86.3:45321/ using document root <none> and password file <none>
I20260709 12:21:49.895578 25944 fs_manager.cc:362] Metadata directory not provided
I20260709 12:21:49.895828 25944 fs_manager.cc:368] Using write-ahead log directory (fs_wal_dir) as metadata directory
I20260709 12:21:49.895875 26514 ts_manager.cc:194] Registered new tserver with Master: 2851155812fc4a038817b5182e2d8840 (127.25.86.2:33739)
I20260709 12:21:49.896221 25944 server_base.cc:909] This appears to be a new deployment of Kudu; creating new FS layout
I20260709 12:21:49.897718 26514 master_service.cc:502] Signed X509 certificate for tserver {username='slave'} at 127.0.0.1:49458
I20260709 12:21:49.897725 25944 fs_manager.cc:1068] Generated new instance metadata in path /tmp/dist-test-task7pFVcc/test-tmp/auto_leader_rebalancer-test.0.LeaderRebalancerTest.FunctionalTestForNotDivided.1783599677342568-25944-0/minicluster-data/ts-2-root/instance:
uuid: "da5ca635731b45bf854b72bdcd1b5b98"
format_stamp: "Formatted at 2026-07-09 12:21:49 on dist-test-slave-9ttx"
I20260709 12:21:49.902578 25944 fs_manager.cc:696] Time spent creating directory manager: real 0.004s	user 0.000s	sys 0.004s
I20260709 12:21:49.905804 26727 log_block_manager.cc:4127] Time spent loading block containers with low live blocks: real 0.000s	user 0.000s	sys 0.000s
I20260709 12:21:49.906574 25944 fs_manager.cc:730] Time spent opening block manager: real 0.002s	user 0.000s	sys 0.003s
I20260709 12:21:49.906920 25944 fs_manager.cc:647] Opened local filesystem: /tmp/dist-test-task7pFVcc/test-tmp/auto_leader_rebalancer-test.0.LeaderRebalancerTest.FunctionalTestForNotDivided.1783599677342568-25944-0/minicluster-data/ts-2-root
uuid: "da5ca635731b45bf854b72bdcd1b5b98"
format_stamp: "Formatted at 2026-07-09 12:21:49 on dist-test-slave-9ttx"
I20260709 12:21:49.907231 25944 fs_report.cc:389] FS layout report
--------------------
wal directory: /tmp/dist-test-task7pFVcc/test-tmp/auto_leader_rebalancer-test.0.LeaderRebalancerTest.FunctionalTestForNotDivided.1783599677342568-25944-0/minicluster-data/ts-2-root
metadata directory: /tmp/dist-test-task7pFVcc/test-tmp/auto_leader_rebalancer-test.0.LeaderRebalancerTest.FunctionalTestForNotDivided.1783599677342568-25944-0/minicluster-data/ts-2-root
1 data directories: /tmp/dist-test-task7pFVcc/test-tmp/auto_leader_rebalancer-test.0.LeaderRebalancerTest.FunctionalTestForNotDivided.1783599677342568-25944-0/minicluster-data/ts-2-root/data
Total live blocks: 0
Total live bytes: 0
Total live bytes (after alignment): 0
Total number of LBM containers: 0 (0 full)
Did not check for missing blocks
Did not check for orphaned blocks
Total full LBM containers with extra space: 0 (0 repaired)
Total full LBM container extra space in bytes: 0 (0 repaired)
Total incomplete LBM containers: 0 (0 repaired)
Total LBM partial records: 0 (0 repaired)
Total corrupted LBM metadata records in RocksDB: 0 (0 repaired)
I20260709 12:21:49.916987 25944 rpc_server.cc:225] running with OpenSSL 1.1.1  11 Sep 2018
I20260709 12:21:49.918211 25944 kserver.cc:163] Server-wide thread pool size limit: 3276
I20260709 12:21:49.919832 25944 txn_system_client.cc:432] TxnSystemClient initialization is disabled...
I20260709 12:21:49.922021 25944 ts_tablet_manager.cc:585] Loaded tablet metadata (0 total tablets, 0 live tablets)
I20260709 12:21:49.922245 25944 ts_tablet_manager.cc:531] Time spent load tablet metadata: real 0.000s	user 0.000s	sys 0.000s
I20260709 12:21:49.922492 25944 ts_tablet_manager.cc:616] Registered 0 tablets
I20260709 12:21:49.922668 25944 ts_tablet_manager.cc:595] Time spent register tablets: real 0.000s	user 0.000s	sys 0.000s
I20260709 12:21:49.960908 25944 rpc_server.cc:307] RPC server started. Bound to: 127.25.86.3:45049
I20260709 12:21:49.961033 26789 acceptor_pool.cc:272] collecting diagnostics on the listening RPC socket 127.25.86.3:45049 every 8 connection(s)
I20260709 12:21:49.982563 26790 heartbeater.cc:344] Connected to a master server at 127.25.86.62:46797
I20260709 12:21:49.983001 26790 heartbeater.cc:461] Registering TS with master...
I20260709 12:21:49.983712 26790 heartbeater.cc:507] Master 127.25.86.62:46797 requested a full tablet report, sending...
I20260709 12:21:49.985589 26514 ts_manager.cc:194] Registered new tserver with Master: da5ca635731b45bf854b72bdcd1b5b98 (127.25.86.3:45049)
I20260709 12:21:49.986457 25944 internal_mini_cluster.cc:371] 3 TS(s) registered with all masters after 0.022381863s
I20260709 12:21:49.987098 26514 master_service.cc:502] Signed X509 certificate for tserver {username='slave'} at 127.0.0.1:49472
I20260709 12:21:50.011758 26514 catalog_manager.cc:2283] Servicing CreateTable request from {username='slave'} at 127.0.0.1:49478:
name: "test-workload"
schema {
  columns {
    name: "key"
    type: INT32
    is_key: true
    is_nullable: false
    encoding: AUTO_ENCODING
    compression: DEFAULT_COMPRESSION
    cfile_block_size: 0
    immutable: false
  }
  columns {
    name: "int_val"
    type: INT32
    is_key: false
    is_nullable: false
    encoding: AUTO_ENCODING
    compression: DEFAULT_COMPRESSION
    cfile_block_size: 0
    immutable: false
  }
  columns {
    name: "string_val"
    type: STRING
    is_key: false
    is_nullable: true
    encoding: AUTO_ENCODING
    compression: DEFAULT_COMPRESSION
    cfile_block_size: 0
    immutable: false
  }
}
num_replicas: 3
split_rows_range_bounds {
  rows: "\004\001\000\314\314\314\014\004\001\000\230\231\231\031\004\001\000dff&\004\001\0000333\004\001\000\374\377\377?\004\001\000\310\314\314L\004\001\000\224\231\231Y\004\001\000`fff\004\001\000,33s""\004\001\000\314\314\314\014\004\001\000\230\231\231\031\004\001\000dff&\004\001\0000333\004\001\000\374\377\377?\004\001\000\310\314\314L\004\001\000\224\231\231Y\004\001\000`fff\004\001\000,33s"
  indirect_data: """"
}
partition_schema {
  range_schema {
    columns {
      name: "key"
    }
  }
}
W20260709 12:21:50.014521 26514 catalog_manager.cc:7077] The number of live tablet servers is not enough to re-replicate a tablet replica of the newly created table test-workload in case of a server failure: 4 tablet servers would be needed, 3 are available. Consider bringing up more tablet servers.
I20260709 12:21:50.097783 26605 tablet_service.cc:1511] Processing CreateTablet for tablet 0d393d845d654749a6ea68e9bcde6224 (DEFAULT_TABLE table=test-workload [id=6d1b6ecbaede4f19ae139a7201bdb6b0]), partition=RANGE (key) PARTITION 214748364 <= VALUES < 429496728
I20260709 12:21:50.099417 26605 data_dirs.cc:400] Could only allocate 1 dirs of requested 3 for tablet 0d393d845d654749a6ea68e9bcde6224. 1 dirs total, 0 dirs full, 0 dirs failed
I20260709 12:21:50.100109 26600 tablet_service.cc:1511] Processing CreateTablet for tablet 3e2264097d8346259776913f0ad4b73e (DEFAULT_TABLE table=test-workload [id=6d1b6ecbaede4f19ae139a7201bdb6b0]), partition=RANGE (key) PARTITION 1288490184 <= VALUES < 1503238548
I20260709 12:21:50.101416 26600 data_dirs.cc:400] Could only allocate 1 dirs of requested 3 for tablet 3e2264097d8346259776913f0ad4b73e. 1 dirs total, 0 dirs full, 0 dirs failed
I20260709 12:21:50.105736 26601 tablet_service.cc:1511] Processing CreateTablet for tablet 30838768c32b44238ddba04da5d0ccf8 (DEFAULT_TABLE table=test-workload [id=6d1b6ecbaede4f19ae139a7201bdb6b0]), partition=RANGE (key) PARTITION 1073741820 <= VALUES < 1288490184
I20260709 12:21:50.107151 26601 data_dirs.cc:400] Could only allocate 1 dirs of requested 3 for tablet 30838768c32b44238ddba04da5d0ccf8. 1 dirs total, 0 dirs full, 0 dirs failed
I20260709 12:21:50.107674 26604 tablet_service.cc:1511] Processing CreateTablet for tablet 09d4671480ee4c0595dd3020896c783a (DEFAULT_TABLE table=test-workload [id=6d1b6ecbaede4f19ae139a7201bdb6b0]), partition=RANGE (key) PARTITION 429496728 <= VALUES < 644245092
I20260709 12:21:50.108986 26604 data_dirs.cc:400] Could only allocate 1 dirs of requested 3 for tablet 09d4671480ee4c0595dd3020896c783a. 1 dirs total, 0 dirs full, 0 dirs failed
I20260709 12:21:50.109735 26681 tablet_service.cc:1511] Processing CreateTablet for tablet 47ea9de88e3946baacd3c3890e13863c (DEFAULT_TABLE table=test-workload [id=6d1b6ecbaede4f19ae139a7201bdb6b0]), partition=RANGE (key) PARTITION VALUES < 214748364
I20260709 12:21:50.110121 26755 tablet_service.cc:1511] Processing CreateTablet for tablet 47ea9de88e3946baacd3c3890e13863c (DEFAULT_TABLE table=test-workload [id=6d1b6ecbaede4f19ae139a7201bdb6b0]), partition=RANGE (key) PARTITION VALUES < 214748364
I20260709 12:21:50.111095 26681 data_dirs.cc:400] Could only allocate 1 dirs of requested 3 for tablet 47ea9de88e3946baacd3c3890e13863c. 1 dirs total, 0 dirs full, 0 dirs failed
I20260709 12:21:50.111323 26755 data_dirs.cc:400] Could only allocate 1 dirs of requested 3 for tablet 47ea9de88e3946baacd3c3890e13863c. 1 dirs total, 0 dirs full, 0 dirs failed
I20260709 12:21:50.111234 26603 tablet_service.cc:1511] Processing CreateTablet for tablet d9e7134d359b4cc8910f6ef262a9bbea (DEFAULT_TABLE table=test-workload [id=6d1b6ecbaede4f19ae139a7201bdb6b0]), partition=RANGE (key) PARTITION 644245092 <= VALUES < 858993456
I20260709 12:21:50.113612 26602 tablet_service.cc:1511] Processing CreateTablet for tablet ba326f6bc8dd48da9247d614855d2f19 (DEFAULT_TABLE table=test-workload [id=6d1b6ecbaede4f19ae139a7201bdb6b0]), partition=RANGE (key) PARTITION 858993456 <= VALUES < 1073741820
I20260709 12:21:50.115617 26680 tablet_service.cc:1511] Processing CreateTablet for tablet 0d393d845d654749a6ea68e9bcde6224 (DEFAULT_TABLE table=test-workload [id=6d1b6ecbaede4f19ae139a7201bdb6b0]), partition=RANGE (key) PARTITION 214748364 <= VALUES < 429496728
I20260709 12:21:50.117131 26603 data_dirs.cc:400] Could only allocate 1 dirs of requested 3 for tablet d9e7134d359b4cc8910f6ef262a9bbea. 1 dirs total, 0 dirs full, 0 dirs failed
I20260709 12:21:50.117378 26606 tablet_service.cc:1511] Processing CreateTablet for tablet 47ea9de88e3946baacd3c3890e13863c (DEFAULT_TABLE table=test-workload [id=6d1b6ecbaede4f19ae139a7201bdb6b0]), partition=RANGE (key) PARTITION VALUES < 214748364
I20260709 12:21:50.118643 26606 data_dirs.cc:400] Could only allocate 1 dirs of requested 3 for tablet 47ea9de88e3946baacd3c3890e13863c. 1 dirs total, 0 dirs full, 0 dirs failed
I20260709 12:21:50.120307 26602 data_dirs.cc:400] Could only allocate 1 dirs of requested 3 for tablet ba326f6bc8dd48da9247d614855d2f19. 1 dirs total, 0 dirs full, 0 dirs failed
I20260709 12:21:50.120586 26680 data_dirs.cc:400] Could only allocate 1 dirs of requested 3 for tablet 0d393d845d654749a6ea68e9bcde6224. 1 dirs total, 0 dirs full, 0 dirs failed
I20260709 12:21:50.126001 26679 tablet_service.cc:1511] Processing CreateTablet for tablet 09d4671480ee4c0595dd3020896c783a (DEFAULT_TABLE table=test-workload [id=6d1b6ecbaede4f19ae139a7201bdb6b0]), partition=RANGE (key) PARTITION 429496728 <= VALUES < 644245092
I20260709 12:21:50.127388 26679 data_dirs.cc:400] Could only allocate 1 dirs of requested 3 for tablet 09d4671480ee4c0595dd3020896c783a. 1 dirs total, 0 dirs full, 0 dirs failed
I20260709 12:21:50.134725 26677 tablet_service.cc:1511] Processing CreateTablet for tablet ba326f6bc8dd48da9247d614855d2f19 (DEFAULT_TABLE table=test-workload [id=6d1b6ecbaede4f19ae139a7201bdb6b0]), partition=RANGE (key) PARTITION 858993456 <= VALUES < 1073741820
I20260709 12:21:50.136005 26677 data_dirs.cc:400] Could only allocate 1 dirs of requested 3 for tablet ba326f6bc8dd48da9247d614855d2f19. 1 dirs total, 0 dirs full, 0 dirs failed
I20260709 12:21:50.137626 26676 tablet_service.cc:1511] Processing CreateTablet for tablet 30838768c32b44238ddba04da5d0ccf8 (DEFAULT_TABLE table=test-workload [id=6d1b6ecbaede4f19ae139a7201bdb6b0]), partition=RANGE (key) PARTITION 1073741820 <= VALUES < 1288490184
I20260709 12:21:50.138909 26676 data_dirs.cc:400] Could only allocate 1 dirs of requested 3 for tablet 30838768c32b44238ddba04da5d0ccf8. 1 dirs total, 0 dirs full, 0 dirs failed
I20260709 12:21:50.141636 26675 tablet_service.cc:1511] Processing CreateTablet for tablet 3e2264097d8346259776913f0ad4b73e (DEFAULT_TABLE table=test-workload [id=6d1b6ecbaede4f19ae139a7201bdb6b0]), partition=RANGE (key) PARTITION 1288490184 <= VALUES < 1503238548
I20260709 12:21:50.142946 26675 data_dirs.cc:400] Could only allocate 1 dirs of requested 3 for tablet 3e2264097d8346259776913f0ad4b73e. 1 dirs total, 0 dirs full, 0 dirs failed
I20260709 12:21:50.134609 26678 tablet_service.cc:1511] Processing CreateTablet for tablet d9e7134d359b4cc8910f6ef262a9bbea (DEFAULT_TABLE table=test-workload [id=6d1b6ecbaede4f19ae139a7201bdb6b0]), partition=RANGE (key) PARTITION 644245092 <= VALUES < 858993456
I20260709 12:21:50.145327 26678 data_dirs.cc:400] Could only allocate 1 dirs of requested 3 for tablet d9e7134d359b4cc8910f6ef262a9bbea. 1 dirs total, 0 dirs full, 0 dirs failed
I20260709 12:21:50.148206 26674 tablet_service.cc:1511] Processing CreateTablet for tablet d67d7d1907554762a27fd71df893051f (DEFAULT_TABLE table=test-workload [id=6d1b6ecbaede4f19ae139a7201bdb6b0]), partition=RANGE (key) PARTITION 1503238548 <= VALUES < 1717986912
I20260709 12:21:50.149506 26674 data_dirs.cc:400] Could only allocate 1 dirs of requested 3 for tablet d67d7d1907554762a27fd71df893051f. 1 dirs total, 0 dirs full, 0 dirs failed
I20260709 12:21:50.150722 26754 tablet_service.cc:1511] Processing CreateTablet for tablet 0d393d845d654749a6ea68e9bcde6224 (DEFAULT_TABLE table=test-workload [id=6d1b6ecbaede4f19ae139a7201bdb6b0]), partition=RANGE (key) PARTITION 214748364 <= VALUES < 429496728
I20260709 12:21:50.151999 26754 data_dirs.cc:400] Could only allocate 1 dirs of requested 3 for tablet 0d393d845d654749a6ea68e9bcde6224. 1 dirs total, 0 dirs full, 0 dirs failed
I20260709 12:21:50.155192 26599 tablet_service.cc:1511] Processing CreateTablet for tablet d67d7d1907554762a27fd71df893051f (DEFAULT_TABLE table=test-workload [id=6d1b6ecbaede4f19ae139a7201bdb6b0]), partition=RANGE (key) PARTITION 1503238548 <= VALUES < 1717986912
I20260709 12:21:50.156507 26599 data_dirs.cc:400] Could only allocate 1 dirs of requested 3 for tablet d67d7d1907554762a27fd71df893051f. 1 dirs total, 0 dirs full, 0 dirs failed
I20260709 12:21:50.158690 26673 tablet_service.cc:1511] Processing CreateTablet for tablet 1e295aac71544fd7931efa630bb19a45 (DEFAULT_TABLE table=test-workload [id=6d1b6ecbaede4f19ae139a7201bdb6b0]), partition=RANGE (key) PARTITION 1717986912 <= VALUES < 1932735276
I20260709 12:21:50.159986 26673 data_dirs.cc:400] Could only allocate 1 dirs of requested 3 for tablet 1e295aac71544fd7931efa630bb19a45. 1 dirs total, 0 dirs full, 0 dirs failed
I20260709 12:21:50.162968 26753 tablet_service.cc:1511] Processing CreateTablet for tablet 09d4671480ee4c0595dd3020896c783a (DEFAULT_TABLE table=test-workload [id=6d1b6ecbaede4f19ae139a7201bdb6b0]), partition=RANGE (key) PARTITION 429496728 <= VALUES < 644245092
I20260709 12:21:50.164244 26753 data_dirs.cc:400] Could only allocate 1 dirs of requested 3 for tablet 09d4671480ee4c0595dd3020896c783a. 1 dirs total, 0 dirs full, 0 dirs failed
