I20260709 12:22:16.316625   433 raft_consensus.cc:493] T 7f6349e1c76c45d4b03f999f76ae0a0e P 2a343f1e2e8d4d239f3db6fc68e28c47 [term 0 FOLLOWER]: Starting leader election (no leader contacted us within the election timeout)
I20260709 12:22:16.316962   433 raft_consensus.cc:3060] T 7f6349e1c76c45d4b03f999f76ae0a0e P 2a343f1e2e8d4d239f3db6fc68e28c47 [term 0 FOLLOWER]: Advancing to term 1
W20260709 12:22:16.335459 32581 leader_election.cc:343] T 7f6349e1c76c45d4b03f999f76ae0a0e P 2a343f1e2e8d4d239f3db6fc68e28c47 [CANDIDATE]: Term 1 pre-election: Tablet error from VoteRequest() call to peer 26f471833eec44b98e5bc9a44f963127 (127.30.147.130:39123): Illegal state: must be running to vote when last-logged opid is not known
I20260709 12:22:16.342082   364 consensus_queue.cc:1048] T 2cf77a4ee81349469bf5df65b781dd2c P 26f471833eec44b98e5bc9a44f963127 [LEADER]: Connected to new peer: Peer: permanent_uuid: "eca31094526143bfbc78909ad2f4b49d" member_type: VOTER last_known_addr { host: "127.30.147.129" port: 33851 }, Status: LMP_MISMATCH, Last received: 0.0, Next index: 1, Last known committed idx: 0, Time since last communication: 0.000s
I20260709 12:22:16.345255 32360 catalog_manager.cc:5697] T 807f54a109d1468ab9a62c2320cdae46 P 2a343f1e2e8d4d239f3db6fc68e28c47 reported cstate change: term changed from 0 to 1, leader changed from <none> to 2a343f1e2e8d4d239f3db6fc68e28c47 (127.30.147.131). New cstate: current_term: 1 leader_uuid: "2a343f1e2e8d4d239f3db6fc68e28c47" committed_config { opid_index: -1 OBSOLETE_local: false peers { permanent_uuid: "eca31094526143bfbc78909ad2f4b49d" member_type: VOTER last_known_addr { host: "127.30.147.129" port: 33851 } health_report { overall_health: UNKNOWN } } peers { permanent_uuid: "26f471833eec44b98e5bc9a44f963127" member_type: VOTER last_known_addr { host: "127.30.147.130" port: 39123 } health_report { overall_health: UNKNOWN } } peers { permanent_uuid: "2a343f1e2e8d4d239f3db6fc68e28c47" member_type: VOTER last_known_addr { host: "127.30.147.131" port: 37697 } health_report { overall_health: HEALTHY } } }
I20260709 12:22:16.362457   365 raft_consensus.cc:493] T 9da91d8e208d40a0b01209e4f2752264 P 26f471833eec44b98e5bc9a44f963127 [term 0 FOLLOWER]: Starting pre-election (no leader contacted us within the election timeout)
I20260709 12:22:16.363049   365 raft_consensus.cc:515] T 9da91d8e208d40a0b01209e4f2752264 P 26f471833eec44b98e5bc9a44f963127 [term 0 FOLLOWER]: Starting pre-election with config: opid_index: -1 OBSOLETE_local: false peers { permanent_uuid: "eca31094526143bfbc78909ad2f4b49d" member_type: VOTER last_known_addr { host: "127.30.147.129" port: 33851 } } peers { permanent_uuid: "26f471833eec44b98e5bc9a44f963127" member_type: VOTER last_known_addr { host: "127.30.147.130" port: 39123 } } peers { permanent_uuid: "2a343f1e2e8d4d239f3db6fc68e28c47" member_type: VOTER last_known_addr { host: "127.30.147.131" port: 37697 } }
I20260709 12:22:16.349469   433 raft_consensus.cc:515] T 7f6349e1c76c45d4b03f999f76ae0a0e P 2a343f1e2e8d4d239f3db6fc68e28c47 [term 1 FOLLOWER]: Starting leader election with config: opid_index: -1 OBSOLETE_local: false peers { permanent_uuid: "eca31094526143bfbc78909ad2f4b49d" member_type: VOTER last_known_addr { host: "127.30.147.129" port: 33851 } } peers { permanent_uuid: "26f471833eec44b98e5bc9a44f963127" member_type: VOTER last_known_addr { host: "127.30.147.130" port: 39123 } } peers { permanent_uuid: "2a343f1e2e8d4d239f3db6fc68e28c47" member_type: VOTER last_known_addr { host: "127.30.147.131" port: 37697 } }
I20260709 12:22:16.373703 32462 tablet_service.cc:1917] Received RequestConsensusVote() RPC: tablet_id: "9da91d8e208d40a0b01209e4f2752264" candidate_uuid: "26f471833eec44b98e5bc9a44f963127" candidate_term: 1 candidate_status { last_received { term: 0 index: 0 } } ignore_live_leader: false dest_uuid: "eca31094526143bfbc78909ad2f4b49d" is_pre_election: true
I20260709 12:22:16.376183   457 consensus_queue.cc:1048] T 674f10bd65604a42a3ce1b984395b43d P eca31094526143bfbc78909ad2f4b49d [LEADER]: Connected to new peer: Peer: permanent_uuid: "26f471833eec44b98e5bc9a44f963127" member_type: VOTER last_known_addr { host: "127.30.147.130" port: 39123 }, Status: LMP_MISMATCH, Last received: 0.0, Next index: 1, Last known committed idx: 0, Time since last communication: 0.001s
W20260709 12:22:16.377554 32504 leader_election.cc:343] T 9da91d8e208d40a0b01209e4f2752264 P 26f471833eec44b98e5bc9a44f963127 [CANDIDATE]: Term 1 pre-election: Tablet error from VoteRequest() call to peer eca31094526143bfbc78909ad2f4b49d (127.30.147.129:33851): Illegal state: must be running to vote when last-logged opid is not known
I20260709 12:22:16.379902   433 leader_election.cc:290] T 7f6349e1c76c45d4b03f999f76ae0a0e P 2a343f1e2e8d4d239f3db6fc68e28c47 [CANDIDATE]: Term 1 election: Requested vote from peers eca31094526143bfbc78909ad2f4b49d (127.30.147.129:33851), 26f471833eec44b98e5bc9a44f963127 (127.30.147.130:39123)
I20260709 12:22:16.380931 32463 tablet_service.cc:1917] Received RequestConsensusVote() RPC: tablet_id: "7f6349e1c76c45d4b03f999f76ae0a0e" candidate_uuid: "2a343f1e2e8d4d239f3db6fc68e28c47" candidate_term: 1 candidate_status { last_received { term: 0 index: 0 } } ignore_live_leader: false dest_uuid: "eca31094526143bfbc78909ad2f4b49d"
I20260709 12:22:16.381505 32463 raft_consensus.cc:3060] T 7f6349e1c76c45d4b03f999f76ae0a0e P eca31094526143bfbc78909ad2f4b49d [term 0 FOLLOWER]: Advancing to term 1
I20260709 12:22:16.382184   365 leader_election.cc:290] T 9da91d8e208d40a0b01209e4f2752264 P 26f471833eec44b98e5bc9a44f963127 [CANDIDATE]: Term 1 pre-election: Requested pre-vote from peers eca31094526143bfbc78909ad2f4b49d (127.30.147.129:33851), 2a343f1e2e8d4d239f3db6fc68e28c47 (127.30.147.131:37697)
I20260709 12:22:16.382527   364 raft_consensus.cc:493] T 3a4eb598d8b345cfab73e19c25120648 P 26f471833eec44b98e5bc9a44f963127 [term 0 FOLLOWER]: Starting pre-election (no leader contacted us within the election timeout)
I20260709 12:22:16.382450 32656 raft_consensus.cc:359] T 9da91d8e208d40a0b01209e4f2752264 P 2a343f1e2e8d4d239f3db6fc68e28c47 [term 0 FOLLOWER]: Replica starting. Triggering 0 pending ops. Active config: opid_index: -1 OBSOLETE_local: false peers { permanent_uuid: "eca31094526143bfbc78909ad2f4b49d" member_type: VOTER last_known_addr { host: "127.30.147.129" port: 33851 } } peers { permanent_uuid: "26f471833eec44b98e5bc9a44f963127" member_type: VOTER last_known_addr { host: "127.30.147.130" port: 39123 } } peers { permanent_uuid: "2a343f1e2e8d4d239f3db6fc68e28c47" member_type: VOTER last_known_addr { host: "127.30.147.131" port: 37697 } }
I20260709 12:22:16.383169   364 raft_consensus.cc:515] T 3a4eb598d8b345cfab73e19c25120648 P 26f471833eec44b98e5bc9a44f963127 [term 0 FOLLOWER]: Starting pre-election with config: opid_index: -1 OBSOLETE_local: false peers { permanent_uuid: "eca31094526143bfbc78909ad2f4b49d" member_type: VOTER last_known_addr { host: "127.30.147.129" port: 33851 } } peers { permanent_uuid: "26f471833eec44b98e5bc9a44f963127" member_type: VOTER last_known_addr { host: "127.30.147.130" port: 39123 } } peers { permanent_uuid: "2a343f1e2e8d4d239f3db6fc68e28c47" member_type: VOTER last_known_addr { host: "127.30.147.131" port: 37697 } }
I20260709 12:22:16.381711 32616 tablet_service.cc:1917] Received RequestConsensusVote() RPC: tablet_id: "9da91d8e208d40a0b01209e4f2752264" candidate_uuid: "26f471833eec44b98e5bc9a44f963127" candidate_term: 1 candidate_status { last_received { term: 0 index: 0 } } ignore_live_leader: false dest_uuid: "2a343f1e2e8d4d239f3db6fc68e28c47" is_pre_election: true
I20260709 12:22:16.384877 32659 tablet_bootstrap.cc:492] T 6941659c51034883b9fe49f5d333946e P 26f471833eec44b98e5bc9a44f963127: No bootstrap required, opened a new log
I20260709 12:22:16.385329 32659 ts_tablet_manager.cc:1403] T 6941659c51034883b9fe49f5d333946e P 26f471833eec44b98e5bc9a44f963127: Time spent bootstrapping tablet: real 0.125s	user 0.020s	sys 0.027s
I20260709 12:22:16.385457   364 leader_election.cc:290] T 3a4eb598d8b345cfab73e19c25120648 P 26f471833eec44b98e5bc9a44f963127 [CANDIDATE]: Term 1 pre-election: Requested pre-vote from peers eca31094526143bfbc78909ad2f4b49d (127.30.147.129:33851), 2a343f1e2e8d4d239f3db6fc68e28c47 (127.30.147.131:37697)
I20260709 12:22:16.387748 32659 raft_consensus.cc:359] T 6941659c51034883b9fe49f5d333946e P 26f471833eec44b98e5bc9a44f963127 [term 0 FOLLOWER]: Replica starting. Triggering 0 pending ops. Active config: opid_index: -1 OBSOLETE_local: false peers { permanent_uuid: "eca31094526143bfbc78909ad2f4b49d" member_type: VOTER last_known_addr { host: "127.30.147.129" port: 33851 } } peers { permanent_uuid: "26f471833eec44b98e5bc9a44f963127" member_type: VOTER last_known_addr { host: "127.30.147.130" port: 39123 } } peers { permanent_uuid: "2a343f1e2e8d4d239f3db6fc68e28c47" member_type: VOTER last_known_addr { host: "127.30.147.131" port: 37697 } }
I20260709 12:22:16.388356 32659 raft_consensus.cc:385] T 6941659c51034883b9fe49f5d333946e P 26f471833eec44b98e5bc9a44f963127 [term 0 FOLLOWER]: Consensus starting up: Expiring failure detector timer to make a prompt election more likely
I20260709 12:22:16.388300 32463 raft_consensus.cc:2468] T 7f6349e1c76c45d4b03f999f76ae0a0e P eca31094526143bfbc78909ad2f4b49d [term 1 FOLLOWER]: Leader election vote request: Granting yes vote for candidate 2a343f1e2e8d4d239f3db6fc68e28c47 in term 1.
I20260709 12:22:16.388713 32659 raft_consensus.cc:740] T 6941659c51034883b9fe49f5d333946e P 26f471833eec44b98e5bc9a44f963127 [term 0 FOLLOWER]: Becoming Follower/Learner. State: Replica: 26f471833eec44b98e5bc9a44f963127, State: Initialized, Role: FOLLOWER
I20260709 12:22:16.389364 32659 consensus_queue.cc:260] T 6941659c51034883b9fe49f5d333946e P 26f471833eec44b98e5bc9a44f963127 [NON_LEADER]: Queue going to NON_LEADER mode. State: All replicated index: 0, Majority replicated index: 0, Committed index: 0, Last appended: 0.0, Last appended by leader: 0, Current term: 0, Majority size: -1, State: 0, Mode: NON_LEADER, active raft config: opid_index: -1 OBSOLETE_local: false peers { permanent_uuid: "eca31094526143bfbc78909ad2f4b49d" member_type: VOTER last_known_addr { host: "127.30.147.129" port: 33851 } } peers { permanent_uuid: "26f471833eec44b98e5bc9a44f963127" member_type: VOTER last_known_addr { host: "127.30.147.130" port: 39123 } } peers { permanent_uuid: "2a343f1e2e8d4d239f3db6fc68e28c47" member_type: VOTER last_known_addr { host: "127.30.147.131" port: 37697 } }
I20260709 12:22:16.389423 32612 tablet_service.cc:1917] Received RequestConsensusVote() RPC: tablet_id: "3a4eb598d8b345cfab73e19c25120648" candidate_uuid: "26f471833eec44b98e5bc9a44f963127" candidate_term: 1 candidate_status { last_received { term: 0 index: 0 } } ignore_live_leader: false dest_uuid: "2a343f1e2e8d4d239f3db6fc68e28c47" is_pre_election: true
I20260709 12:22:16.390250   313 raft_consensus.cc:493] T 3a4eb598d8b345cfab73e19c25120648 P eca31094526143bfbc78909ad2f4b49d [term 0 FOLLOWER]: Starting pre-election (no leader contacted us within the election timeout)
I20260709 12:22:16.390419 32612 raft_consensus.cc:2468] T 3a4eb598d8b345cfab73e19c25120648 P 2a343f1e2e8d4d239f3db6fc68e28c47 [term 0 FOLLOWER]: Leader pre-election vote request: Granting yes vote for candidate 26f471833eec44b98e5bc9a44f963127 in term 0.
I20260709 12:22:16.390717   313 raft_consensus.cc:515] T 3a4eb598d8b345cfab73e19c25120648 P eca31094526143bfbc78909ad2f4b49d [term 0 FOLLOWER]: Starting pre-election with config: opid_index: -1 OBSOLETE_local: false peers { permanent_uuid: "eca31094526143bfbc78909ad2f4b49d" member_type: VOTER last_known_addr { host: "127.30.147.129" port: 33851 } } peers { permanent_uuid: "26f471833eec44b98e5bc9a44f963127" member_type: VOTER last_known_addr { host: "127.30.147.130" port: 39123 } } peers { permanent_uuid: "2a343f1e2e8d4d239f3db6fc68e28c47" member_type: VOTER last_known_addr { host: "127.30.147.131" port: 37697 } }
W20260709 12:22:16.391119 32431 consensus_peers.cc:597] T 674f10bd65604a42a3ce1b984395b43d P eca31094526143bfbc78909ad2f4b49d -> Peer 2a343f1e2e8d4d239f3db6fc68e28c47 (127.30.147.131:37697): Couldn't send request to peer 2a343f1e2e8d4d239f3db6fc68e28c47. Error code: TABLET_NOT_RUNNING (12). Status: Illegal state: Tablet not RUNNING: INITIALIZED. This is attempt 1: this message will repeat every 5th retry.
I20260709 12:22:16.391448 32659 ts_tablet_manager.cc:1434] T 6941659c51034883b9fe49f5d333946e P 26f471833eec44b98e5bc9a44f963127: Time spent starting tablet: real 0.006s	user 0.005s	sys 0.001s
I20260709 12:22:16.392360 32659 tablet_bootstrap.cc:492] T 9f55c52334e54735814c7d78e77656a7 P 26f471833eec44b98e5bc9a44f963127: Bootstrap starting.
I20260709 12:22:16.392760   313 leader_election.cc:290] T 3a4eb598d8b345cfab73e19c25120648 P eca31094526143bfbc78909ad2f4b49d [CANDIDATE]: Term 1 pre-election: Requested pre-vote from peers 26f471833eec44b98e5bc9a44f963127 (127.30.147.130:39123), 2a343f1e2e8d4d239f3db6fc68e28c47 (127.30.147.131:37697)
I20260709 12:22:16.393675 32614 tablet_service.cc:1917] Received RequestConsensusVote() RPC: tablet_id: "3a4eb598d8b345cfab73e19c25120648" candidate_uuid: "eca31094526143bfbc78909ad2f4b49d" candidate_term: 1 candidate_status { last_received { term: 0 index: 0 } } ignore_live_leader: false dest_uuid: "2a343f1e2e8d4d239f3db6fc68e28c47" is_pre_election: true
I20260709 12:22:16.393883 32579 leader_election.cc:304] T 7f6349e1c76c45d4b03f999f76ae0a0e P 2a343f1e2e8d4d239f3db6fc68e28c47 [CANDIDATE]: Term 1 election: Election decided. Result: candidate won. Election summary: received 2 responses out of 3 voters: 2 yes votes; 0 no votes. yes voters: 2a343f1e2e8d4d239f3db6fc68e28c47, eca31094526143bfbc78909ad2f4b49d; no voters: 
I20260709 12:22:16.383190 32656 raft_consensus.cc:385] T 9da91d8e208d40a0b01209e4f2752264 P 2a343f1e2e8d4d239f3db6fc68e28c47 [term 0 FOLLOWER]: Consensus starting up: Expiring failure detector timer to make a prompt election more likely
I20260709 12:22:16.395052 32656 raft_consensus.cc:740] T 9da91d8e208d40a0b01209e4f2752264 P 2a343f1e2e8d4d239f3db6fc68e28c47 [term 0 FOLLOWER]: Becoming Follower/Learner. State: Replica: 2a343f1e2e8d4d239f3db6fc68e28c47, State: Initialized, Role: FOLLOWER
I20260709 12:22:16.397157 32507 leader_election.cc:304] T 3a4eb598d8b345cfab73e19c25120648 P 26f471833eec44b98e5bc9a44f963127 [CANDIDATE]: Term 1 pre-election: Election decided. Result: candidate won. Election summary: received 2 responses out of 3 voters: 2 yes votes; 0 no votes. yes voters: 26f471833eec44b98e5bc9a44f963127, 2a343f1e2e8d4d239f3db6fc68e28c47; no voters: 
I20260709 12:22:16.398039   364 raft_consensus.cc:2804] T 3a4eb598d8b345cfab73e19c25120648 P 26f471833eec44b98e5bc9a44f963127 [term 0 FOLLOWER]: Leader pre-election won for term 1
I20260709 12:22:16.394598   434 raft_consensus.cc:2804] T 7f6349e1c76c45d4b03f999f76ae0a0e P 2a343f1e2e8d4d239f3db6fc68e28c47 [term 1 FOLLOWER]: Leader election won for term 1
I20260709 12:22:16.398387   364 raft_consensus.cc:493] T 3a4eb598d8b345cfab73e19c25120648 P 26f471833eec44b98e5bc9a44f963127 [term 0 FOLLOWER]: Starting leader election (no leader contacted us within the election timeout)
I20260709 12:22:16.398799   434 raft_consensus.cc:697] T 7f6349e1c76c45d4b03f999f76ae0a0e P 2a343f1e2e8d4d239f3db6fc68e28c47 [term 1 LEADER]: Becoming Leader. State: Replica: 2a343f1e2e8d4d239f3db6fc68e28c47, State: Running, Role: LEADER
I20260709 12:22:16.399735   434 consensus_queue.cc:237] T 7f6349e1c76c45d4b03f999f76ae0a0e P 2a343f1e2e8d4d239f3db6fc68e28c47 [LEADER]: Queue going to LEADER mode. State: All replicated index: 0, Majority replicated index: 0, Committed index: 0, Last appended: 0.0, Last appended by leader: 0, Current term: 1, Majority size: 2, State: 0, Mode: LEADER, active raft config: opid_index: -1 OBSOLETE_local: false peers { permanent_uuid: "eca31094526143bfbc78909ad2f4b49d" member_type: VOTER last_known_addr { host: "127.30.147.129" port: 33851 } } peers { permanent_uuid: "26f471833eec44b98e5bc9a44f963127" member_type: VOTER last_known_addr { host: "127.30.147.130" port: 39123 } } peers { permanent_uuid: "2a343f1e2e8d4d239f3db6fc68e28c47" member_type: VOTER last_known_addr { host: "127.30.147.131" port: 37697 } }
I20260709 12:22:16.398774   364 raft_consensus.cc:3060] T 3a4eb598d8b345cfab73e19c25120648 P 26f471833eec44b98e5bc9a44f963127 [term 0 FOLLOWER]: Advancing to term 1
I20260709 12:22:16.401638 32539 tablet_service.cc:1917] Received RequestConsensusVote() RPC: tablet_id: "3a4eb598d8b345cfab73e19c25120648" candidate_uuid: "eca31094526143bfbc78909ad2f4b49d" candidate_term: 1 candidate_status { last_received { term: 0 index: 0 } } ignore_live_leader: false dest_uuid: "26f471833eec44b98e5bc9a44f963127" is_pre_election: true
I20260709 12:22:16.411957 32658 tablet_bootstrap.cc:492] T 095925366f254e26a723ab2e828270bd P eca31094526143bfbc78909ad2f4b49d: No bootstrap required, opened a new log
I20260709 12:22:16.448547 32659 tablet_bootstrap.cc:654] T 9f55c52334e54735814c7d78e77656a7 P 26f471833eec44b98e5bc9a44f963127: Neither blocks nor log segments found. Creating new log.
I20260709 12:22:16.538796 32658 ts_tablet_manager.cc:1403] T 095925366f254e26a723ab2e828270bd P eca31094526143bfbc78909ad2f4b49d: Time spent bootstrapping tablet: real 0.258s	user 0.058s	sys 0.067s
I20260709 12:22:16.392789 32540 tablet_service.cc:1917] Received RequestConsensusVote() RPC: tablet_id: "7f6349e1c76c45d4b03f999f76ae0a0e" candidate_uuid: "2a343f1e2e8d4d239f3db6fc68e28c47" candidate_term: 1 candidate_status { last_received { term: 0 index: 0 } } ignore_live_leader: false dest_uuid: "26f471833eec44b98e5bc9a44f963127"
I20260709 12:22:16.449342 32656 consensus_queue.cc:260] T 9da91d8e208d40a0b01209e4f2752264 P 2a343f1e2e8d4d239f3db6fc68e28c47 [NON_LEADER]: Queue going to NON_LEADER mode. State: All replicated index: 0, Majority replicated index: 0, Committed index: 0, Last appended: 0.0, Last appended by leader: 0, Current term: 0, Majority size: -1, State: 0, Mode: NON_LEADER, active raft config: opid_index: -1 OBSOLETE_local: false peers { permanent_uuid: "eca31094526143bfbc78909ad2f4b49d" member_type: VOTER last_known_addr { host: "127.30.147.129" port: 33851 } } peers { permanent_uuid: "26f471833eec44b98e5bc9a44f963127" member_type: VOTER last_known_addr { host: "127.30.147.130" port: 39123 } } peers { permanent_uuid: "2a343f1e2e8d4d239f3db6fc68e28c47" member_type: VOTER last_known_addr { host: "127.30.147.131" port: 37697 } }
I20260709 12:22:16.541528 32658 raft_consensus.cc:359] T 095925366f254e26a723ab2e828270bd P eca31094526143bfbc78909ad2f4b49d [term 0 FOLLOWER]: Replica starting. Triggering 0 pending ops. Active config: opid_index: -1 OBSOLETE_local: false peers { permanent_uuid: "eca31094526143bfbc78909ad2f4b49d" member_type: VOTER last_known_addr { host: "127.30.147.129" port: 33851 } } peers { permanent_uuid: "26f471833eec44b98e5bc9a44f963127" member_type: VOTER last_known_addr { host: "127.30.147.130" port: 39123 } } peers { permanent_uuid: "2a343f1e2e8d4d239f3db6fc68e28c47" member_type: VOTER last_known_addr { host: "127.30.147.131" port: 37697 } }
W20260709 12:22:16.542025 32581 leader_election.cc:343] T 7f6349e1c76c45d4b03f999f76ae0a0e P 2a343f1e2e8d4d239f3db6fc68e28c47 [CANDIDATE]: Term 1 election: Tablet error from VoteRequest() call to peer 26f471833eec44b98e5bc9a44f963127 (127.30.147.130:39123): Illegal state: must be running to vote when last-logged opid is not known
I20260709 12:22:16.542331 32616 raft_consensus.cc:2468] T 9da91d8e208d40a0b01209e4f2752264 P 2a343f1e2e8d4d239f3db6fc68e28c47 [term 0 FOLLOWER]: Leader pre-election vote request: Granting yes vote for candidate 26f471833eec44b98e5bc9a44f963127 in term 0.
I20260709 12:22:16.542546 32658 raft_consensus.cc:385] T 095925366f254e26a723ab2e828270bd P eca31094526143bfbc78909ad2f4b49d [term 0 FOLLOWER]: Consensus starting up: Expiring failure detector timer to make a prompt election more likely
I20260709 12:22:16.442808   365 raft_consensus.cc:493] T 6b0202d085014d399f7b3b84591b415f P 26f471833eec44b98e5bc9a44f963127 [term 0 FOLLOWER]: Starting pre-election (no leader contacted us within the election timeout)
I20260709 12:22:16.543005 32658 raft_consensus.cc:740] T 095925366f254e26a723ab2e828270bd P eca31094526143bfbc78909ad2f4b49d [term 0 FOLLOWER]: Becoming Follower/Learner. State: Replica: eca31094526143bfbc78909ad2f4b49d, State: Initialized, Role: FOLLOWER
I20260709 12:22:16.543507 32656 ts_tablet_manager.cc:1434] T 9da91d8e208d40a0b01209e4f2752264 P 2a343f1e2e8d4d239f3db6fc68e28c47: Time spent starting tablet: real 0.231s	user 0.013s	sys 0.005s
I20260709 12:22:16.543269   365 raft_consensus.cc:515] T 6b0202d085014d399f7b3b84591b415f P 26f471833eec44b98e5bc9a44f963127 [term 0 FOLLOWER]: Starting pre-election with config: opid_index: -1 OBSOLETE_local: false peers { permanent_uuid: "eca31094526143bfbc78909ad2f4b49d" member_type: VOTER last_known_addr { host: "127.30.147.129" port: 33851 } } peers { permanent_uuid: "26f471833eec44b98e5bc9a44f963127" member_type: VOTER last_known_addr { host: "127.30.147.130" port: 39123 } } peers { permanent_uuid: "2a343f1e2e8d4d239f3db6fc68e28c47" member_type: VOTER last_known_addr { host: "127.30.147.131" port: 37697 } }
I20260709 12:22:16.543982 32658 consensus_queue.cc:260] T 095925366f254e26a723ab2e828270bd P eca31094526143bfbc78909ad2f4b49d [NON_LEADER]: Queue going to NON_LEADER mode. State: All replicated index: 0, Majority replicated index: 0, Committed index: 0, Last appended: 0.0, Last appended by leader: 0, Current term: 0, Majority size: -1, State: 0, Mode: NON_LEADER, active raft config: opid_index: -1 OBSOLETE_local: false peers { permanent_uuid: "eca31094526143bfbc78909ad2f4b49d" member_type: VOTER last_known_addr { host: "127.30.147.129" port: 33851 } } peers { permanent_uuid: "26f471833eec44b98e5bc9a44f963127" member_type: VOTER last_known_addr { host: "127.30.147.130" port: 39123 } } peers { permanent_uuid: "2a343f1e2e8d4d239f3db6fc68e28c47" member_type: VOTER last_known_addr { host: "127.30.147.131" port: 37697 } }
I20260709 12:22:16.544435 32656 tablet_bootstrap.cc:492] T 6941659c51034883b9fe49f5d333946e P 2a343f1e2e8d4d239f3db6fc68e28c47: Bootstrap starting.
I20260709 12:22:16.545071 32507 leader_election.cc:304] T 9da91d8e208d40a0b01209e4f2752264 P 26f471833eec44b98e5bc9a44f963127 [CANDIDATE]: Term 1 pre-election: Election decided. Result: candidate won. Election summary: received 3 responses out of 3 voters: 2 yes votes; 1 no votes. yes voters: 26f471833eec44b98e5bc9a44f963127, 2a343f1e2e8d4d239f3db6fc68e28c47; no voters: eca31094526143bfbc78909ad2f4b49d
I20260709 12:22:16.545923 32464 tablet_service.cc:1917] Received RequestConsensusVote() RPC: tablet_id: "6b0202d085014d399f7b3b84591b415f" candidate_uuid: "26f471833eec44b98e5bc9a44f963127" candidate_term: 1 candidate_status { last_received { term: 0 index: 0 } } ignore_live_leader: false dest_uuid: "eca31094526143bfbc78909ad2f4b49d" is_pre_election: true
I20260709 12:22:16.546078   443 raft_consensus.cc:2804] T 9da91d8e208d40a0b01209e4f2752264 P 26f471833eec44b98e5bc9a44f963127 [term 0 FOLLOWER]: Leader pre-election won for term 1
I20260709 12:22:16.546451   443 raft_consensus.cc:493] T 9da91d8e208d40a0b01209e4f2752264 P 26f471833eec44b98e5bc9a44f963127 [term 0 FOLLOWER]: Starting leader election (no leader contacted us within the election timeout)
I20260709 12:22:16.546797   443 raft_consensus.cc:3060] T 9da91d8e208d40a0b01209e4f2752264 P 26f471833eec44b98e5bc9a44f963127 [term 0 FOLLOWER]: Advancing to term 1
W20260709 12:22:16.547298 32504 leader_election.cc:343] T 6b0202d085014d399f7b3b84591b415f P 26f471833eec44b98e5bc9a44f963127 [CANDIDATE]: Term 1 pre-election: Tablet error from VoteRequest() call to peer eca31094526143bfbc78909ad2f4b49d (127.30.147.129:33851): Illegal state: must be running to vote when last-logged opid is not known
I20260709 12:22:16.548301   365 leader_election.cc:290] T 6b0202d085014d399f7b3b84591b415f P 26f471833eec44b98e5bc9a44f963127 [CANDIDATE]: Term 1 pre-election: Requested pre-vote from peers eca31094526143bfbc78909ad2f4b49d (127.30.147.129:33851), 2a343f1e2e8d4d239f3db6fc68e28c47 (127.30.147.131:37697)
I20260709 12:22:16.552028 32616 tablet_service.cc:1917] Received RequestConsensusVote() RPC: tablet_id: "6b0202d085014d399f7b3b84591b415f" candidate_uuid: "26f471833eec44b98e5bc9a44f963127" candidate_term: 1 candidate_status { last_received { term: 0 index: 0 } } ignore_live_leader: false dest_uuid: "2a343f1e2e8d4d239f3db6fc68e28c47" is_pre_election: true
W20260709 12:22:16.553149 32507 leader_election.cc:343] T 6b0202d085014d399f7b3b84591b415f P 26f471833eec44b98e5bc9a44f963127 [CANDIDATE]: Term 1 pre-election: Tablet error from VoteRequest() call to peer 2a343f1e2e8d4d239f3db6fc68e28c47 (127.30.147.131:37697): Illegal state: must be running to vote when last-logged opid is not known
I20260709 12:22:16.553531 32507 leader_election.cc:304] T 6b0202d085014d399f7b3b84591b415f P 26f471833eec44b98e5bc9a44f963127 [CANDIDATE]: Term 1 pre-election: Election decided. Result: candidate lost. Election summary: received 3 responses out of 3 voters: 1 yes votes; 2 no votes. yes voters: 26f471833eec44b98e5bc9a44f963127; no voters: 2a343f1e2e8d4d239f3db6fc68e28c47, eca31094526143bfbc78909ad2f4b49d
I20260709 12:22:16.555248   365 raft_consensus.cc:2749] T 6b0202d085014d399f7b3b84591b415f P 26f471833eec44b98e5bc9a44f963127 [term 0 FOLLOWER]: Leader pre-election lost for term 1. Reason: could not achieve majority
I20260709 12:22:16.556315   433 consensus_queue.cc:1048] T 8ede7da147314ae384f4c7817040e4ab P 2a343f1e2e8d4d239f3db6fc68e28c47 [LEADER]: Connected to new peer: Peer: permanent_uuid: "eca31094526143bfbc78909ad2f4b49d" member_type: VOTER last_known_addr { host: "127.30.147.129" port: 33851 }, Status: LMP_MISMATCH, Last received: 0.0, Next index: 1, Last known committed idx: 0, Time since last communication: 0.000s
I20260709 12:22:16.556722   443 raft_consensus.cc:515] T 9da91d8e208d40a0b01209e4f2752264 P 26f471833eec44b98e5bc9a44f963127 [term 1 FOLLOWER]: Starting leader election with config: opid_index: -1 OBSOLETE_local: false peers { permanent_uuid: "eca31094526143bfbc78909ad2f4b49d" member_type: VOTER last_known_addr { host: "127.30.147.129" port: 33851 } } peers { permanent_uuid: "26f471833eec44b98e5bc9a44f963127" member_type: VOTER last_known_addr { host: "127.30.147.130" port: 39123 } } peers { permanent_uuid: "2a343f1e2e8d4d239f3db6fc68e28c47" member_type: VOTER last_known_addr { host: "127.30.147.131" port: 37697 } }
I20260709 12:22:16.559456 32463 tablet_service.cc:1917] Received RequestConsensusVote() RPC: tablet_id: "9da91d8e208d40a0b01209e4f2752264" candidate_uuid: "26f471833eec44b98e5bc9a44f963127" candidate_term: 1 candidate_status { last_received { term: 0 index: 0 } } ignore_live_leader: false dest_uuid: "eca31094526143bfbc78909ad2f4b49d"
W20260709 12:22:16.561045 32504 leader_election.cc:343] T 9da91d8e208d40a0b01209e4f2752264 P 26f471833eec44b98e5bc9a44f963127 [CANDIDATE]: Term 1 election: Tablet error from VoteRequest() call to peer eca31094526143bfbc78909ad2f4b49d (127.30.147.129:33851): Illegal state: must be running to vote when last-logged opid is not known
I20260709 12:22:16.565126   443 leader_election.cc:290] T 9da91d8e208d40a0b01209e4f2752264 P 26f471833eec44b98e5bc9a44f963127 [CANDIDATE]: Term 1 election: Requested vote from peers eca31094526143bfbc78909ad2f4b49d (127.30.147.129:33851), 2a343f1e2e8d4d239f3db6fc68e28c47 (127.30.147.131:37697)
I20260709 12:22:16.403666 32462 tablet_service.cc:1917] Received RequestConsensusVote() RPC: tablet_id: "3a4eb598d8b345cfab73e19c25120648" candidate_uuid: "26f471833eec44b98e5bc9a44f963127" candidate_term: 1 candidate_status { last_received { term: 0 index: 0 } } ignore_live_leader: false dest_uuid: "eca31094526143bfbc78909ad2f4b49d" is_pre_election: true
I20260709 12:22:16.566555 32462 raft_consensus.cc:2468] T 3a4eb598d8b345cfab73e19c25120648 P eca31094526143bfbc78909ad2f4b49d [term 0 FOLLOWER]: Leader pre-election vote request: Granting yes vote for candidate 26f471833eec44b98e5bc9a44f963127 in term 0.
I20260709 12:22:16.568436 32616 tablet_service.cc:1917] Received RequestConsensusVote() RPC: tablet_id: "9da91d8e208d40a0b01209e4f2752264" candidate_uuid: "26f471833eec44b98e5bc9a44f963127" candidate_term: 1 candidate_status { last_received { term: 0 index: 0 } } ignore_live_leader: false dest_uuid: "2a343f1e2e8d4d239f3db6fc68e28c47"
I20260709 12:22:16.569005 32616 raft_consensus.cc:3060] T 9da91d8e208d40a0b01209e4f2752264 P 2a343f1e2e8d4d239f3db6fc68e28c47 [term 0 FOLLOWER]: Advancing to term 1
I20260709 12:22:16.573046   433 raft_consensus.cc:493] T e6a77220a70c45bb8281207fc57a2bd1 P 2a343f1e2e8d4d239f3db6fc68e28c47 [term 0 FOLLOWER]: Starting pre-election (no leader contacted us within the election timeout)
I20260709 12:22:16.575325 32616 raft_consensus.cc:2468] T 9da91d8e208d40a0b01209e4f2752264 P 2a343f1e2e8d4d239f3db6fc68e28c47 [term 1 FOLLOWER]: Leader election vote request: Granting yes vote for candidate 26f471833eec44b98e5bc9a44f963127 in term 1.
I20260709 12:22:16.573611   433 raft_consensus.cc:515] T e6a77220a70c45bb8281207fc57a2bd1 P 2a343f1e2e8d4d239f3db6fc68e28c47 [term 0 FOLLOWER]: Starting pre-election with config: opid_index: -1 OBSOLETE_local: false peers { permanent_uuid: "eca31094526143bfbc78909ad2f4b49d" member_type: VOTER last_known_addr { host: "127.30.147.129" port: 33851 } } peers { permanent_uuid: "26f471833eec44b98e5bc9a44f963127" member_type: VOTER last_known_addr { host: "127.30.147.130" port: 39123 } } peers { permanent_uuid: "2a343f1e2e8d4d239f3db6fc68e28c47" member_type: VOTER last_known_addr { host: "127.30.147.131" port: 37697 } }
I20260709 12:22:16.577841 32658 ts_tablet_manager.cc:1434] T 095925366f254e26a723ab2e828270bd P eca31094526143bfbc78909ad2f4b49d: Time spent starting tablet: real 0.039s	user 0.005s	sys 0.000s
I20260709 12:22:16.578930 32658 tablet_bootstrap.cc:492] T 0def65a89fc6491fa92178ad890bf06c P eca31094526143bfbc78909ad2f4b49d: Bootstrap starting.
I20260709 12:22:16.582650   364 raft_consensus.cc:515] T 3a4eb598d8b345cfab73e19c25120648 P 26f471833eec44b98e5bc9a44f963127 [term 1 FOLLOWER]: Starting leader election with config: opid_index: -1 OBSOLETE_local: false peers { permanent_uuid: "eca31094526143bfbc78909ad2f4b49d" member_type: VOTER last_known_addr { host: "127.30.147.129" port: 33851 } } peers { permanent_uuid: "26f471833eec44b98e5bc9a44f963127" member_type: VOTER last_known_addr { host: "127.30.147.130" port: 39123 } } peers { permanent_uuid: "2a343f1e2e8d4d239f3db6fc68e28c47" member_type: VOTER last_known_addr { host: "127.30.147.131" port: 37697 } }
I20260709 12:22:16.584640 32659 tablet_bootstrap.cc:492] T 9f55c52334e54735814c7d78e77656a7 P 26f471833eec44b98e5bc9a44f963127: No bootstrap required, opened a new log
I20260709 12:22:16.585129 32659 ts_tablet_manager.cc:1403] T 9f55c52334e54735814c7d78e77656a7 P 26f471833eec44b98e5bc9a44f963127: Time spent bootstrapping tablet: real 0.193s	user 0.021s	sys 0.008s
I20260709 12:22:16.585369 32462 tablet_service.cc:1917] Received RequestConsensusVote() RPC: tablet_id: "3a4eb598d8b345cfab73e19c25120648" candidate_uuid: "26f471833eec44b98e5bc9a44f963127" candidate_term: 1 candidate_status { last_received { term: 0 index: 0 } } ignore_live_leader: false dest_uuid: "eca31094526143bfbc78909ad2f4b49d"
I20260709 12:22:16.585987 32462 raft_consensus.cc:3060] T 3a4eb598d8b345cfab73e19c25120648 P eca31094526143bfbc78909ad2f4b49d [term 0 FOLLOWER]: Advancing to term 1
I20260709 12:22:16.587920 32656 tablet_bootstrap.cc:654] T 6941659c51034883b9fe49f5d333946e P 2a343f1e2e8d4d239f3db6fc68e28c47: Neither blocks nor log segments found. Creating new log.
I20260709 12:22:16.588018 32539 raft_consensus.cc:2393] T 3a4eb598d8b345cfab73e19c25120648 P 26f471833eec44b98e5bc9a44f963127 [term 1 FOLLOWER]: Leader pre-election vote request: Denying vote to candidate eca31094526143bfbc78909ad2f4b49d in current term 1: Already voted for candidate 26f471833eec44b98e5bc9a44f963127 in this term.
I20260709 12:22:16.595427 32430 leader_election.cc:304] T 3a4eb598d8b345cfab73e19c25120648 P eca31094526143bfbc78909ad2f4b49d [CANDIDATE]: Term 1 pre-election: Election decided. Result: candidate lost. Election summary: received 3 responses out of 3 voters: 1 yes votes; 2 no votes. yes voters: eca31094526143bfbc78909ad2f4b49d; no voters: 26f471833eec44b98e5bc9a44f963127, 2a343f1e2e8d4d239f3db6fc68e28c47
I20260709 12:22:16.595674   433 leader_election.cc:290] T e6a77220a70c45bb8281207fc57a2bd1 P 2a343f1e2e8d4d239f3db6fc68e28c47 [CANDIDATE]: Term 1 pre-election: Requested pre-vote from peers eca31094526143bfbc78909ad2f4b49d (127.30.147.129:33851), 26f471833eec44b98e5bc9a44f963127 (127.30.147.130:39123)
I20260709 12:22:16.596333   433 consensus_queue.cc:1048] T 8ede7da147314ae384f4c7817040e4ab P 2a343f1e2e8d4d239f3db6fc68e28c47 [LEADER]: Connected to new peer: Peer: permanent_uuid: "26f471833eec44b98e5bc9a44f963127" member_type: VOTER last_known_addr { host: "127.30.147.130" port: 39123 }, Status: LMP_MISMATCH, Last received: 0.0, Next index: 1, Last known committed idx: 0, Time since last communication: 0.000s
I20260709 12:22:16.598415   364 leader_election.cc:290] T 3a4eb598d8b345cfab73e19c25120648 P 26f471833eec44b98e5bc9a44f963127 [CANDIDATE]: Term 1 election: Requested vote from peers eca31094526143bfbc78909ad2f4b49d (127.30.147.129:33851), 2a343f1e2e8d4d239f3db6fc68e28c47 (127.30.147.131:37697)
I20260709 12:22:16.600107 32539 tablet_service.cc:1917] Received RequestConsensusVote() RPC: tablet_id: "e6a77220a70c45bb8281207fc57a2bd1" candidate_uuid: "2a343f1e2e8d4d239f3db6fc68e28c47" candidate_term: 1 candidate_status { last_received { term: 0 index: 0 } } ignore_live_leader: false dest_uuid: "26f471833eec44b98e5bc9a44f963127" is_pre_election: true
I20260709 12:22:16.603771 32612 tablet_service.cc:1917] Received RequestConsensusVote() RPC: tablet_id: "3a4eb598d8b345cfab73e19c25120648" candidate_uuid: "26f471833eec44b98e5bc9a44f963127" candidate_term: 1 candidate_status { last_received { term: 0 index: 0 } } ignore_live_leader: false dest_uuid: "2a343f1e2e8d4d239f3db6fc68e28c47"
I20260709 12:22:16.603929 32465 tablet_service.cc:1917] Received RequestConsensusVote() RPC: tablet_id: "e6a77220a70c45bb8281207fc57a2bd1" candidate_uuid: "2a343f1e2e8d4d239f3db6fc68e28c47" candidate_term: 1 candidate_status { last_received { term: 0 index: 0 } } ignore_live_leader: false dest_uuid: "eca31094526143bfbc78909ad2f4b49d" is_pre_election: true
I20260709 12:22:16.604362 32612 raft_consensus.cc:3060] T 3a4eb598d8b345cfab73e19c25120648 P 2a343f1e2e8d4d239f3db6fc68e28c47 [term 0 FOLLOWER]: Advancing to term 1
I20260709 12:22:16.606006 32656 tablet_bootstrap.cc:492] T 6941659c51034883b9fe49f5d333946e P 2a343f1e2e8d4d239f3db6fc68e28c47: No bootstrap required, opened a new log
I20260709 12:22:16.606493 32656 ts_tablet_manager.cc:1403] T 6941659c51034883b9fe49f5d333946e P 2a343f1e2e8d4d239f3db6fc68e28c47: Time spent bootstrapping tablet: real 0.062s	user 0.016s	sys 0.000s
I20260709 12:22:16.606666 32579 leader_election.cc:304] T e6a77220a70c45bb8281207fc57a2bd1 P 2a343f1e2e8d4d239f3db6fc68e28c47 [CANDIDATE]: Term 1 pre-election: Election decided. Result: candidate lost. Election summary: received 3 responses out of 3 voters: 1 yes votes; 2 no votes. yes voters: 2a343f1e2e8d4d239f3db6fc68e28c47; no voters: 26f471833eec44b98e5bc9a44f963127, eca31094526143bfbc78909ad2f4b49d
I20260709 12:22:16.607880 32761 raft_consensus.cc:2749] T e6a77220a70c45bb8281207fc57a2bd1 P 2a343f1e2e8d4d239f3db6fc68e28c47 [term 0 FOLLOWER]: Leader pre-election lost for term 1. Reason: could not achieve majority
I20260709 12:22:16.609762 32656 raft_consensus.cc:359] T 6941659c51034883b9fe49f5d333946e P 2a343f1e2e8d4d239f3db6fc68e28c47 [term 0 FOLLOWER]: Replica starting. Triggering 0 pending ops. Active config: opid_index: -1 OBSOLETE_local: false peers { permanent_uuid: "eca31094526143bfbc78909ad2f4b49d" member_type: VOTER last_known_addr { host: "127.30.147.129" port: 33851 } } peers { permanent_uuid: "26f471833eec44b98e5bc9a44f963127" member_type: VOTER last_known_addr { host: "127.30.147.130" port: 39123 } } peers { permanent_uuid: "2a343f1e2e8d4d239f3db6fc68e28c47" member_type: VOTER last_known_addr { host: "127.30.147.131" port: 37697 } }
I20260709 12:22:16.610476 32656 raft_consensus.cc:385] T 6941659c51034883b9fe49f5d333946e P 2a343f1e2e8d4d239f3db6fc68e28c47 [term 0 FOLLOWER]: Consensus starting up: Expiring failure detector timer to make a prompt election more likely
I20260709 12:22:16.610795 32656 raft_consensus.cc:740] T 6941659c51034883b9fe49f5d333946e P 2a343f1e2e8d4d239f3db6fc68e28c47 [term 0 FOLLOWER]: Becoming Follower/Learner. State: Replica: 2a343f1e2e8d4d239f3db6fc68e28c47, State: Initialized, Role: FOLLOWER
I20260709 12:22:16.611805 32656 consensus_queue.cc:260] T 6941659c51034883b9fe49f5d333946e P 2a343f1e2e8d4d239f3db6fc68e28c47 [NON_LEADER]: Queue going to NON_LEADER mode. State: All replicated index: 0, Majority replicated index: 0, Committed index: 0, Last appended: 0.0, Last appended by leader: 0, Current term: 0, Majority size: -1, State: 0, Mode: NON_LEADER, active raft config: opid_index: -1 OBSOLETE_local: false peers { permanent_uuid: "eca31094526143bfbc78909ad2f4b49d" member_type: VOTER last_known_addr { host: "127.30.147.129" port: 33851 } } peers { permanent_uuid: "26f471833eec44b98e5bc9a44f963127" member_type: VOTER last_known_addr { host: "127.30.147.130" port: 39123 } } peers { permanent_uuid: "2a343f1e2e8d4d239f3db6fc68e28c47" member_type: VOTER last_known_addr { host: "127.30.147.131" port: 37697 } }
I20260709 12:22:16.608317 32507 leader_election.cc:304] T 9da91d8e208d40a0b01209e4f2752264 P 26f471833eec44b98e5bc9a44f963127 [CANDIDATE]: Term 1 election: Election decided. Result: candidate won. Election summary: received 3 responses out of 3 voters: 2 yes votes; 1 no votes. yes voters: 26f471833eec44b98e5bc9a44f963127, 2a343f1e2e8d4d239f3db6fc68e28c47; no voters: eca31094526143bfbc78909ad2f4b49d
I20260709 12:22:16.592288 32462 raft_consensus.cc:2468] T 3a4eb598d8b345cfab73e19c25120648 P eca31094526143bfbc78909ad2f4b49d [term 1 FOLLOWER]: Leader election vote request: Granting yes vote for candidate 26f471833eec44b98e5bc9a44f963127 in term 1.
I20260709 12:22:16.593636 32658 tablet_bootstrap.cc:654] T 0def65a89fc6491fa92178ad890bf06c P eca31094526143bfbc78909ad2f4b49d: Neither blocks nor log segments found. Creating new log.
I20260709 12:22:16.612900   443 raft_consensus.cc:2804] T 9da91d8e208d40a0b01209e4f2752264 P 26f471833eec44b98e5bc9a44f963127 [term 1 FOLLOWER]: Leader election won for term 1
I20260709 12:22:16.613349   443 raft_consensus.cc:697] T 9da91d8e208d40a0b01209e4f2752264 P 26f471833eec44b98e5bc9a44f963127 [term 1 LEADER]: Becoming Leader. State: Replica: 26f471833eec44b98e5bc9a44f963127, State: Running, Role: LEADER
I20260709 12:22:16.614156   443 consensus_queue.cc:237] T 9da91d8e208d40a0b01209e4f2752264 P 26f471833eec44b98e5bc9a44f963127 [LEADER]: Queue going to LEADER mode. State: All replicated index: 0, Majority replicated index: 0, Committed index: 0, Last appended: 0.0, Last appended by leader: 0, Current term: 1, Majority size: 2, State: 0, Mode: LEADER, active raft config: opid_index: -1 OBSOLETE_local: false peers { permanent_uuid: "eca31094526143bfbc78909ad2f4b49d" member_type: VOTER last_known_addr { host: "127.30.147.129" port: 33851 } } peers { permanent_uuid: "26f471833eec44b98e5bc9a44f963127" member_type: VOTER last_known_addr { host: "127.30.147.130" port: 39123 } } peers { permanent_uuid: "2a343f1e2e8d4d239f3db6fc68e28c47" member_type: VOTER last_known_addr { host: "127.30.147.131" port: 37697 } }
I20260709 12:22:16.616180 32612 raft_consensus.cc:2468] T 3a4eb598d8b345cfab73e19c25120648 P 2a343f1e2e8d4d239f3db6fc68e28c47 [term 1 FOLLOWER]: Leader election vote request: Granting yes vote for candidate 26f471833eec44b98e5bc9a44f963127 in term 1.
I20260709 12:22:16.611382 32358 catalog_manager.cc:5697] T 7f6349e1c76c45d4b03f999f76ae0a0e P 2a343f1e2e8d4d239f3db6fc68e28c47 reported cstate change: term changed from 0 to 1, leader changed from <none> to 2a343f1e2e8d4d239f3db6fc68e28c47 (127.30.147.131). New cstate: current_term: 1 leader_uuid: "2a343f1e2e8d4d239f3db6fc68e28c47" committed_config { opid_index: -1 OBSOLETE_local: false peers { permanent_uuid: "eca31094526143bfbc78909ad2f4b49d" member_type: VOTER last_known_addr { host: "127.30.147.129" port: 33851 } health_report { overall_health: UNKNOWN } } peers { permanent_uuid: "26f471833eec44b98e5bc9a44f963127" member_type: VOTER last_known_addr { host: "127.30.147.130" port: 39123 } health_report { overall_health: UNKNOWN } } peers { permanent_uuid: "2a343f1e2e8d4d239f3db6fc68e28c47" member_type: VOTER last_known_addr { host: "127.30.147.131" port: 37697 } health_report { overall_health: HEALTHY } } }
I20260709 12:22:16.619736   457 raft_consensus.cc:2749] T 3a4eb598d8b345cfab73e19c25120648 P eca31094526143bfbc78909ad2f4b49d [term 1 FOLLOWER]: Leader pre-election lost for term 1. Reason: could not achieve majority
I20260709 12:22:16.622035 32504 leader_election.cc:304] T 3a4eb598d8b345cfab73e19c25120648 P 26f471833eec44b98e5bc9a44f963127 [CANDIDATE]: Term 1 election: Election decided. Result: candidate won. Election summary: received 2 responses out of 3 voters: 2 yes votes; 0 no votes. yes voters: 26f471833eec44b98e5bc9a44f963127, eca31094526143bfbc78909ad2f4b49d; no voters: 
I20260709 12:22:16.622861   364 raft_consensus.cc:2804] T 3a4eb598d8b345cfab73e19c25120648 P 26f471833eec44b98e5bc9a44f963127 [term 1 FOLLOWER]: Leader election won for term 1
I20260709 12:22:16.623467   364 raft_consensus.cc:697] T 3a4eb598d8b345cfab73e19c25120648 P 26f471833eec44b98e5bc9a44f963127 [term 1 LEADER]: Becoming Leader. State: Replica: 26f471833eec44b98e5bc9a44f963127, State: Running, Role: LEADER
I20260709 12:22:16.624506 32656 ts_tablet_manager.cc:1434] T 6941659c51034883b9fe49f5d333946e P 2a343f1e2e8d4d239f3db6fc68e28c47: Time spent starting tablet: real 0.018s	user 0.006s	sys 0.000s
I20260709 12:22:16.589363 32659 raft_consensus.cc:359] T 9f55c52334e54735814c7d78e77656a7 P 26f471833eec44b98e5bc9a44f963127 [term 0 FOLLOWER]: Replica starting. Triggering 0 pending ops. Active config: opid_index: -1 OBSOLETE_local: false peers { permanent_uuid: "eca31094526143bfbc78909ad2f4b49d" member_type: VOTER last_known_addr { host: "127.30.147.129" port: 33851 } } peers { permanent_uuid: "26f471833eec44b98e5bc9a44f963127" member_type: VOTER last_known_addr { host: "127.30.147.130" port: 39123 } } peers { permanent_uuid: "2a343f1e2e8d4d239f3db6fc68e28c47" member_type: VOTER last_known_addr { host: "127.30.147.131" port: 37697 } }
I20260709 12:22:16.625509 32659 raft_consensus.cc:385] T 9f55c52334e54735814c7d78e77656a7 P 26f471833eec44b98e5bc9a44f963127 [term 0 FOLLOWER]: Consensus starting up: Expiring failure detector timer to make a prompt election more likely
I20260709 12:22:16.625798 32659 raft_consensus.cc:740] T 9f55c52334e54735814c7d78e77656a7 P 26f471833eec44b98e5bc9a44f963127 [term 0 FOLLOWER]: Becoming Follower/Learner. State: Replica: 26f471833eec44b98e5bc9a44f963127, State: Initialized, Role: FOLLOWER
I20260709 12:22:16.626538 32656 tablet_bootstrap.cc:492] T e69f9ae4e95f4302b6ddf3b672f73d45 P 2a343f1e2e8d4d239f3db6fc68e28c47: Bootstrap starting.
I20260709 12:22:16.629797 32612 raft_consensus.cc:3060] T e6a77220a70c45bb8281207fc57a2bd1 P 2a343f1e2e8d4d239f3db6fc68e28c47 [term 0 FOLLOWER]: Advancing to term 1
I20260709 12:22:16.626441 32659 consensus_queue.cc:260] T 9f55c52334e54735814c7d78e77656a7 P 26f471833eec44b98e5bc9a44f963127 [NON_LEADER]: Queue going to NON_LEADER mode. State: All replicated index: 0, Majority replicated index: 0, Committed index: 0, Last appended: 0.0, Last appended by leader: 0, Current term: 0, Majority size: -1, State: 0, Mode: NON_LEADER, active raft config: opid_index: -1 OBSOLETE_local: false peers { permanent_uuid: "eca31094526143bfbc78909ad2f4b49d" member_type: VOTER last_known_addr { host: "127.30.147.129" port: 33851 } } peers { permanent_uuid: "26f471833eec44b98e5bc9a44f963127" member_type: VOTER last_known_addr { host: "127.30.147.130" port: 39123 } } peers { permanent_uuid: "2a343f1e2e8d4d239f3db6fc68e28c47" member_type: VOTER last_known_addr { host: "127.30.147.131" port: 37697 } }
I20260709 12:22:16.631687 32659 ts_tablet_manager.cc:1434] T 9f55c52334e54735814c7d78e77656a7 P 26f471833eec44b98e5bc9a44f963127: Time spent starting tablet: real 0.046s	user 0.006s	sys 0.000s
I20260709 12:22:16.636533 32659 tablet_bootstrap.cc:492] T 84764785614548c7b88711fde24fe782 P 26f471833eec44b98e5bc9a44f963127: Bootstrap starting.
I20260709 12:22:16.624250   364 consensus_queue.cc:237] T 3a4eb598d8b345cfab73e19c25120648 P 26f471833eec44b98e5bc9a44f963127 [LEADER]: Queue going to LEADER mode. State: All replicated index: 0, Majority replicated index: 0, Committed index: 0, Last appended: 0.0, Last appended by leader: 0, Current term: 1, Majority size: 2, State: 0, Mode: LEADER, active raft config: opid_index: -1 OBSOLETE_local: false peers { permanent_uuid: "eca31094526143bfbc78909ad2f4b49d" member_type: VOTER last_known_addr { host: "127.30.147.129" port: 33851 } } peers { permanent_uuid: "26f471833eec44b98e5bc9a44f963127" member_type: VOTER last_known_addr { host: "127.30.147.130" port: 39123 } } peers { permanent_uuid: "2a343f1e2e8d4d239f3db6fc68e28c47" member_type: VOTER last_known_addr { host: "127.30.147.131" port: 37697 } }
I20260709 12:22:16.644402 32656 tablet_bootstrap.cc:654] T e69f9ae4e95f4302b6ddf3b672f73d45 P 2a343f1e2e8d4d239f3db6fc68e28c47: Neither blocks nor log segments found. Creating new log.
I20260709 12:22:16.646592   433 raft_consensus.cc:493] T 095925366f254e26a723ab2e828270bd P 2a343f1e2e8d4d239f3db6fc68e28c47 [term 0 FOLLOWER]: Starting pre-election (no leader contacted us within the election timeout)
I20260709 12:22:16.648626   433 raft_consensus.cc:515] T 095925366f254e26a723ab2e828270bd P 2a343f1e2e8d4d239f3db6fc68e28c47 [term 0 FOLLOWER]: Starting pre-election with config: opid_index: -1 OBSOLETE_local: false peers { permanent_uuid: "eca31094526143bfbc78909ad2f4b49d" member_type: VOTER last_known_addr { host: "127.30.147.129" port: 33851 } } peers { permanent_uuid: "26f471833eec44b98e5bc9a44f963127" member_type: VOTER last_known_addr { host: "127.30.147.130" port: 39123 } } peers { permanent_uuid: "2a343f1e2e8d4d239f3db6fc68e28c47" member_type: VOTER last_known_addr { host: "127.30.147.131" port: 37697 } }
I20260709 12:22:16.650601   433 leader_election.cc:290] T 095925366f254e26a723ab2e828270bd P 2a343f1e2e8d4d239f3db6fc68e28c47 [CANDIDATE]: Term 1 pre-election: Requested pre-vote from peers eca31094526143bfbc78909ad2f4b49d (127.30.147.129:33851), 26f471833eec44b98e5bc9a44f963127 (127.30.147.130:39123)
I20260709 12:22:16.648193 32658 tablet_bootstrap.cc:492] T 0def65a89fc6491fa92178ad890bf06c P eca31094526143bfbc78909ad2f4b49d: No bootstrap required, opened a new log
I20260709 12:22:16.651892 32537 tablet_service.cc:1917] Received RequestConsensusVote() RPC: tablet_id: "095925366f254e26a723ab2e828270bd" candidate_uuid: "2a343f1e2e8d4d239f3db6fc68e28c47" candidate_term: 1 candidate_status { last_received { term: 0 index: 0 } } ignore_live_leader: false dest_uuid: "26f471833eec44b98e5bc9a44f963127" is_pre_election: true
I20260709 12:22:16.652172 32462 tablet_service.cc:1917] Received RequestConsensusVote() RPC: tablet_id: "095925366f254e26a723ab2e828270bd" candidate_uuid: "2a343f1e2e8d4d239f3db6fc68e28c47" candidate_term: 1 candidate_status { last_received { term: 0 index: 0 } } ignore_live_leader: false dest_uuid: "eca31094526143bfbc78909ad2f4b49d" is_pre_election: true
I20260709 12:22:16.652915 32537 raft_consensus.cc:2468] T 095925366f254e26a723ab2e828270bd P 26f471833eec44b98e5bc9a44f963127 [term 0 FOLLOWER]: Leader pre-election vote request: Granting yes vote for candidate 2a343f1e2e8d4d239f3db6fc68e28c47 in term 0.
I20260709 12:22:16.654084 32581 leader_election.cc:304] T 095925366f254e26a723ab2e828270bd P 2a343f1e2e8d4d239f3db6fc68e28c47 [CANDIDATE]: Term 1 pre-election: Election decided. Result: candidate won. Election summary: received 2 responses out of 3 voters: 2 yes votes; 0 no votes. yes voters: 26f471833eec44b98e5bc9a44f963127, 2a343f1e2e8d4d239f3db6fc68e28c47; no voters: 
I20260709 12:22:16.654860   433 raft_consensus.cc:2804] T 095925366f254e26a723ab2e828270bd P 2a343f1e2e8d4d239f3db6fc68e28c47 [term 0 FOLLOWER]: Leader pre-election won for term 1
I20260709 12:22:16.652148 32658 ts_tablet_manager.cc:1403] T 0def65a89fc6491fa92178ad890bf06c P eca31094526143bfbc78909ad2f4b49d: Time spent bootstrapping tablet: real 0.073s	user 0.014s	sys 0.007s
I20260709 12:22:16.655193   433 raft_consensus.cc:493] T 095925366f254e26a723ab2e828270bd P 2a343f1e2e8d4d239f3db6fc68e28c47 [term 0 FOLLOWER]: Starting leader election (no leader contacted us within the election timeout)
I20260709 12:22:16.655567   433 raft_consensus.cc:3060] T 095925366f254e26a723ab2e828270bd P 2a343f1e2e8d4d239f3db6fc68e28c47 [term 0 FOLLOWER]: Advancing to term 1
I20260709 12:22:16.652926 32462 raft_consensus.cc:2468] T 095925366f254e26a723ab2e828270bd P eca31094526143bfbc78909ad2f4b49d [term 0 FOLLOWER]: Leader pre-election vote request: Granting yes vote for candidate 2a343f1e2e8d4d239f3db6fc68e28c47 in term 0.
I20260709 12:22:16.657685 32658 raft_consensus.cc:359] T 0def65a89fc6491fa92178ad890bf06c P eca31094526143bfbc78909ad2f4b49d [term 0 FOLLOWER]: Replica starting. Triggering 0 pending ops. Active config: opid_index: -1 OBSOLETE_local: false peers { permanent_uuid: "eca31094526143bfbc78909ad2f4b49d" member_type: VOTER last_known_addr { host: "127.30.147.129" port: 33851 } } peers { permanent_uuid: "26f471833eec44b98e5bc9a44f963127" member_type: VOTER last_known_addr { host: "127.30.147.130" port: 39123 } } peers { permanent_uuid: "2a343f1e2e8d4d239f3db6fc68e28c47" member_type: VOTER last_known_addr { host: "127.30.147.131" port: 37697 } }
