I20260709 12:22:10.041023 30574 data_dirs.cc:400] Could only allocate 1 dirs of requested 3 for tablet 7d1b3f3316ab41e88b5d9b7f0fbd25d9. 1 dirs total, 0 dirs full, 0 dirs failed
I20260709 12:22:10.041433 30636 raft_consensus.cc:493] T 5fd48c3eb318419a9443ac7ba31d8f7e P f686f449a5d040098948342bb6afa915 [term 0 FOLLOWER]: Starting pre-election (no leader contacted us within the election timeout)
W20260709 12:22:10.042055 30405 leader_election.cc:343] T c916b99e4e42467a861bc3662bcd1e8f P f686f449a5d040098948342bb6afa915 [CANDIDATE]: Term 1 pre-election: Tablet error from VoteRequest() call to peer 84fe6e09db134b06a437cfe38528c76a (127.28.140.131:40417): Illegal state: must be running to vote when last-logged opid is not known
I20260709 12:22:10.041940 30636 raft_consensus.cc:515] T 5fd48c3eb318419a9443ac7ba31d8f7e P f686f449a5d040098948342bb6afa915 [term 0 FOLLOWER]: Starting pre-election with config: opid_index: -1 OBSOLETE_local: false peers { permanent_uuid: "f686f449a5d040098948342bb6afa915" member_type: VOTER last_known_addr { host: "127.28.140.129" port: 33727 } } peers { permanent_uuid: "5ecb8dce53d94cc19278c42641e41877" member_type: VOTER last_known_addr { host: "127.28.140.130" port: 39983 } } peers { permanent_uuid: "84fe6e09db134b06a437cfe38528c76a" member_type: VOTER last_known_addr { host: "127.28.140.131" port: 40417 } }
I20260709 12:22:10.042606 30405 leader_election.cc:304] T c916b99e4e42467a861bc3662bcd1e8f P f686f449a5d040098948342bb6afa915 [CANDIDATE]: Term 1 pre-election: Election decided. Result: candidate lost. Election summary: received 3 responses out of 3 voters: 1 yes votes; 2 no votes. yes voters: f686f449a5d040098948342bb6afa915; no voters: 5ecb8dce53d94cc19278c42641e41877, 84fe6e09db134b06a437cfe38528c76a
I20260709 12:22:10.044827 30636 leader_election.cc:290] T 5fd48c3eb318419a9443ac7ba31d8f7e P f686f449a5d040098948342bb6afa915 [CANDIDATE]: Term 1 pre-election: Requested pre-vote from peers 5ecb8dce53d94cc19278c42641e41877 (127.28.140.130:39983), 84fe6e09db134b06a437cfe38528c76a (127.28.140.131:40417)
I20260709 12:22:10.045395 30636 raft_consensus.cc:2749] T c916b99e4e42467a861bc3662bcd1e8f P f686f449a5d040098948342bb6afa915 [term 0 FOLLOWER]: Leader pre-election lost for term 1. Reason: could not achieve majority
I20260709 12:22:10.045552 30516 tablet_service.cc:1917] Received RequestConsensusVote() RPC: tablet_id: "5fd48c3eb318419a9443ac7ba31d8f7e" candidate_uuid: "f686f449a5d040098948342bb6afa915" candidate_term: 1 candidate_status { last_received { term: 0 index: 0 } } ignore_live_leader: false dest_uuid: "5ecb8dce53d94cc19278c42641e41877" is_pre_election: true
W20260709 12:22:10.047075 30403 leader_election.cc:343] T 5fd48c3eb318419a9443ac7ba31d8f7e P f686f449a5d040098948342bb6afa915 [CANDIDATE]: Term 1 pre-election: Tablet error from VoteRequest() call to peer 5ecb8dce53d94cc19278c42641e41877 (127.28.140.130:39983): Illegal state: must be running to vote when last-logged opid is not known
I20260709 12:22:10.052811 30580 data_dirs.cc:400] Could only allocate 1 dirs of requested 3 for tablet 9e17ac5befe849a888c26a042226318c. 1 dirs total, 0 dirs full, 0 dirs failed
I20260709 12:22:10.059218 30420 tablet_service.cc:1511] Processing CreateTablet for tablet b596e64111d84ba9a625aef6a9beba88 (DEFAULT_TABLE table=test-workload [id=0454e893990a4b7596cc8a93fea58051]), partition=RANGE (key) PARTITION 1783503323 <= VALUES < 1819901350
I20260709 12:22:10.063638 30571 data_dirs.cc:400] Could only allocate 1 dirs of requested 3 for tablet 74da39ebe5234bdfb488f104a8f6f5f9. 1 dirs total, 0 dirs full, 0 dirs failed
I20260709 12:22:10.064831 30499 tablet_service.cc:1511] Processing CreateTablet for tablet a52f61d723b24404916e3272cbb3b876 (DEFAULT_TABLE table=test-workload [id=0454e893990a4b7596cc8a93fea58051]), partition=RANGE (key) PARTITION 1965493458 <= VALUES < 2001891485
I20260709 12:22:10.065671 30579 tablet_service.cc:1511] Processing CreateTablet for tablet a7fb603aabc943a3b449e25643d83800 (DEFAULT_TABLE table=test-workload [id=0454e893990a4b7596cc8a93fea58051]), partition=RANGE (key) PARTITION 1892697404 <= VALUES < 1929095431
I20260709 12:22:10.066524 30499 data_dirs.cc:400] Could only allocate 1 dirs of requested 3 for tablet a52f61d723b24404916e3272cbb3b876. 1 dirs total, 0 dirs full, 0 dirs failed
I20260709 12:22:10.066865 30579 data_dirs.cc:400] Could only allocate 1 dirs of requested 3 for tablet a7fb603aabc943a3b449e25643d83800. 1 dirs total, 0 dirs full, 0 dirs failed
I20260709 12:22:10.063333 30423 tablet_service.cc:1511] Processing CreateTablet for tablet 74da39ebe5234bdfb488f104a8f6f5f9 (DEFAULT_TABLE table=test-workload [id=0454e893990a4b7596cc8a93fea58051]), partition=RANGE (key) PARTITION 1819901350 <= VALUES < 1856299377
I20260709 12:22:10.069716 30423 data_dirs.cc:400] Could only allocate 1 dirs of requested 3 for tablet 74da39ebe5234bdfb488f104a8f6f5f9. 1 dirs total, 0 dirs full, 0 dirs failed
I20260709 12:22:10.069306 30631 raft_consensus.cc:359] T c916b99e4e42467a861bc3662bcd1e8f P 84fe6e09db134b06a437cfe38528c76a [term 0 FOLLOWER]: Replica starting. Triggering 0 pending ops. Active config: opid_index: -1 OBSOLETE_local: false peers { permanent_uuid: "f686f449a5d040098948342bb6afa915" member_type: VOTER last_known_addr { host: "127.28.140.129" port: 33727 } } peers { permanent_uuid: "5ecb8dce53d94cc19278c42641e41877" member_type: VOTER last_known_addr { host: "127.28.140.130" port: 39983 } } peers { permanent_uuid: "84fe6e09db134b06a437cfe38528c76a" member_type: VOTER last_known_addr { host: "127.28.140.131" port: 40417 } }
I20260709 12:22:10.070055 30631 raft_consensus.cc:385] T c916b99e4e42467a861bc3662bcd1e8f P 84fe6e09db134b06a437cfe38528c76a [term 0 FOLLOWER]: Consensus starting up: Expiring failure detector timer to make a prompt election more likely
I20260709 12:22:10.070358 30631 raft_consensus.cc:740] T c916b99e4e42467a861bc3662bcd1e8f P 84fe6e09db134b06a437cfe38528c76a [term 0 FOLLOWER]: Becoming Follower/Learner. State: Replica: 84fe6e09db134b06a437cfe38528c76a, State: Initialized, Role: FOLLOWER
I20260709 12:22:10.071231 30631 consensus_queue.cc:260] T c916b99e4e42467a861bc3662bcd1e8f P 84fe6e09db134b06a437cfe38528c76a [NON_LEADER]: Queue going to NON_LEADER mode. State: All replicated index: 0, Majority replicated index: 0, Committed index: 0, Last appended: 0.0, Last appended by leader: 0, Current term: 0, Majority size: -1, State: 0, Mode: NON_LEADER, active raft config: opid_index: -1 OBSOLETE_local: false peers { permanent_uuid: "f686f449a5d040098948342bb6afa915" member_type: VOTER last_known_addr { host: "127.28.140.129" port: 33727 } } peers { permanent_uuid: "5ecb8dce53d94cc19278c42641e41877" member_type: VOTER last_known_addr { host: "127.28.140.130" port: 39983 } } peers { permanent_uuid: "84fe6e09db134b06a437cfe38528c76a" member_type: VOTER last_known_addr { host: "127.28.140.131" port: 40417 } }
I20260709 12:22:10.073432 30631 ts_tablet_manager.cc:1434] T c916b99e4e42467a861bc3662bcd1e8f P 84fe6e09db134b06a437cfe38528c76a: Time spent starting tablet: real 0.040s	user 0.007s	sys 0.000s
I20260709 12:22:10.074146 30428 tablet_service.cc:1511] Processing CreateTablet for tablet 7d1b3f3316ab41e88b5d9b7f0fbd25d9 (DEFAULT_TABLE table=test-workload [id=0454e893990a4b7596cc8a93fea58051]), partition=RANGE (key) PARTITION 1856299377 <= VALUES < 1892697404
I20260709 12:22:10.075405 30428 data_dirs.cc:400] Could only allocate 1 dirs of requested 3 for tablet 7d1b3f3316ab41e88b5d9b7f0fbd25d9. 1 dirs total, 0 dirs full, 0 dirs failed
I20260709 12:22:10.076354 30631 tablet_bootstrap.cc:492] T 85c151e714ad4958835502902b516d54 P 84fe6e09db134b06a437cfe38528c76a: Bootstrap starting.
I20260709 12:22:10.092263 30575 tablet_service.cc:1511] Processing CreateTablet for tablet 6c4118aaea8a4b5094e8d2aafb56f661 (DEFAULT_TABLE table=test-workload [id=0454e893990a4b7596cc8a93fea58051]), partition=RANGE (key) PARTITION 1929095431 <= VALUES < 1965493458
I20260709 12:22:10.093613 30575 data_dirs.cc:400] Could only allocate 1 dirs of requested 3 for tablet 6c4118aaea8a4b5094e8d2aafb56f661. 1 dirs total, 0 dirs full, 0 dirs failed
I20260709 12:22:10.097486 30425 tablet_service.cc:1511] Processing CreateTablet for tablet d73d60d833434a68a32ebc608825dff8 (DEFAULT_TABLE table=test-workload [id=0454e893990a4b7596cc8a93fea58051]), partition=RANGE (key) PARTITION 1747105296 <= VALUES < 1783503323
I20260709 12:22:10.096388 30630 tablet_bootstrap.cc:654] T 4ff25ceabf3940b0bde9f5bf9dfb9560 P 5ecb8dce53d94cc19278c42641e41877: Neither blocks nor log segments found. Creating new log.
I20260709 12:22:10.034147 30427 tablet_service.cc:1511] Processing CreateTablet for tablet 9e17ac5befe849a888c26a042226318c (DEFAULT_TABLE table=test-workload [id=0454e893990a4b7596cc8a93fea58051]), partition=RANGE (key) PARTITION 1710707269 <= VALUES < 1747105296
I20260709 12:22:10.111183 30631 tablet_bootstrap.cc:654] T 85c151e714ad4958835502902b516d54 P 84fe6e09db134b06a437cfe38528c76a: Neither blocks nor log segments found. Creating new log.
I20260709 12:22:10.114591 30632 tablet_bootstrap.cc:492] T 85c151e714ad4958835502902b516d54 P f686f449a5d040098948342bb6afa915: No bootstrap required, opened a new log
I20260709 12:22:10.115293 30632 ts_tablet_manager.cc:1403] T 85c151e714ad4958835502902b516d54 P f686f449a5d040098948342bb6afa915: Time spent bootstrapping tablet: real 0.386s	user 0.023s	sys 0.016s
I20260709 12:22:10.115367 30439 tablet_service.cc:1917] Received RequestConsensusVote() RPC: tablet_id: "5fd48c3eb318419a9443ac7ba31d8f7e" candidate_uuid: "84fe6e09db134b06a437cfe38528c76a" candidate_term: 1 candidate_status { last_received { term: 0 index: 0 } } ignore_live_leader: false dest_uuid: "f686f449a5d040098948342bb6afa915" is_pre_election: true
I20260709 12:22:10.116091 30439 raft_consensus.cc:2468] T 5fd48c3eb318419a9443ac7ba31d8f7e P f686f449a5d040098948342bb6afa915 [term 0 FOLLOWER]: Leader pre-election vote request: Granting yes vote for candidate 84fe6e09db134b06a437cfe38528c76a in term 0.
I20260709 12:22:10.114220 30577 tablet_service.cc:1511] Processing CreateTablet for tablet a52f61d723b24404916e3272cbb3b876 (DEFAULT_TABLE table=test-workload [id=0454e893990a4b7596cc8a93fea58051]), partition=RANGE (key) PARTITION 1965493458 <= VALUES < 2001891485
I20260709 12:22:10.117311 30577 data_dirs.cc:400] Could only allocate 1 dirs of requested 3 for tablet a52f61d723b24404916e3272cbb3b876. 1 dirs total, 0 dirs full, 0 dirs failed
I20260709 12:22:10.117556 30438 tablet_service.cc:1917] Received RequestConsensusVote() RPC: tablet_id: "81dab172dbd448229a5eb7988f3ffe92" candidate_uuid: "84fe6e09db134b06a437cfe38528c76a" candidate_term: 1 candidate_status { last_received { term: 0 index: 0 } } ignore_live_leader: false dest_uuid: "f686f449a5d040098948342bb6afa915" is_pre_election: true
W20260709 12:22:10.119705 30554 leader_election.cc:343] T 81dab172dbd448229a5eb7988f3ffe92 P 84fe6e09db134b06a437cfe38528c76a [CANDIDATE]: Term 1 pre-election: Tablet error from VoteRequest() call to peer f686f449a5d040098948342bb6afa915 (127.28.140.129:33727): Illegal state: must be running to vote when last-logged opid is not known
I20260709 12:22:10.130618 30426 rpcz_store.cc:275] Call kudu.tserver.TabletServerAdminService.CreateTablet from 127.0.0.1:40822 (request call id 35) took 1007 ms. Trace:
I20260709 12:22:10.131295 30426 rpcz_store.cc:276] 0709 12:22:09.123702 (+     0us) service_pool.cc:167] Inserting onto call queue
0709 12:22:09.656773 (+533071us) service_pool.cc:224] Handling call
0709 12:22:09.694134 (+ 37361us) ts_tablet_manager.cc:669] Acquired tablet manager lock
0709 12:22:09.694257 (+   123us) ts_tablet_manager.cc:682] Creating new metadata...
0709 12:22:09.821073 (+126816us) tablet_metadata.cc:665] Metadata flushed
0709 12:22:10.046959 (+225886us) tablet_replica.cc:206] Creating consensus instance
0709 12:22:10.096984 (+ 50025us) spinlock_profiling.cc:243] Waited 7.89 ms on lock 0x7b5800002d98. stack: 00007fdb881b1343 00007fdb881b1240 00007fdb87b401d4 00007fdb9187e304 00007fdb9187e299 00007fdb8806bdb1 00007fdb881abb71 00007fdb881ac1a2 00007fdb910ed889 00007fdb9021ed88 00007fdb902e5973 00007fdb902e170f 00007fdb902e1ecd 00007fdb90290400 00007fdb89715af4 00007fdb89715a82
0709 12:22:10.130537 (+ 33553us) inbound_call.cc:177] Queueing success response
Metrics: {"spinlock_wait_cycles":18154752}
I20260709 12:22:10.134586 30504 tablet_service.cc:1511] Processing CreateTablet for tablet b90ccf2409a44514ae20ba537f60c42b (DEFAULT_TABLE table=test-workload [id=0454e893990a4b7596cc8a93fea58051]), partition=RANGE (key) PARTITION 2001891485 <= VALUES < 2038289512
I20260709 12:22:10.135941 30504 data_dirs.cc:400] Could only allocate 1 dirs of requested 3 for tablet b90ccf2409a44514ae20ba537f60c42b. 1 dirs total, 0 dirs full, 0 dirs failed
I20260709 12:22:10.136626 30426 tablet_service.cc:1511] Processing CreateTablet for tablet a7fb603aabc943a3b449e25643d83800 (DEFAULT_TABLE table=test-workload [id=0454e893990a4b7596cc8a93fea58051]), partition=RANGE (key) PARTITION 1892697404 <= VALUES < 1929095431
I20260709 12:22:10.138322 30429 rpcz_store.cc:275] Call kudu.tserver.TabletServerAdminService.CreateTablet from 127.0.0.1:40822 (request call id 34) took 1032 ms. Trace:
I20260709 12:22:10.138749 30429 rpcz_store.cc:276] 0709 12:22:09.106344 (+     0us) service_pool.cc:167] Inserting onto call queue
0709 12:22:09.597507 (+491163us) service_pool.cc:224] Handling call
0709 12:22:09.663378 (+ 65871us) spinlock_profiling.cc:243] Waited 4.07 ms on lock 0x7b5800002d98. stack: 00007fdb881b1343 00007fdb881b1240 00007fdb87b401d4 00007fdb9187e304 00007fdb9187e299 00007fdb8806bdb1 00007fdb881abb71 00007fdb881aba22 00007fdb910c48d9 00007fdb9021eee0 00007fdb90304831 00007fdb902e1ac3 00007fdb90290400 00007fdb89715af4 00007fdb89715a82 00007fdb897159b1
0709 12:22:09.663519 (+   141us) ts_tablet_manager.cc:669] Acquired tablet manager lock
0709 12:22:09.663609 (+    90us) ts_tablet_manager.cc:682] Creating new metadata...
0709 12:22:09.985724 (+322115us) tablet_metadata.cc:665] Metadata flushed
0709 12:22:10.137783 (+152059us) tablet_replica.cc:206] Creating consensus instance
0709 12:22:10.138258 (+   475us) inbound_call.cc:177] Queueing success response
Metrics: {"spinlock_wait_cycles":9357696}
I20260709 12:22:10.145154 30421 tablet_service.cc:1511] Processing CreateTablet for tablet 6c4118aaea8a4b5094e8d2aafb56f661 (DEFAULT_TABLE table=test-workload [id=0454e893990a4b7596cc8a93fea58051]), partition=RANGE (key) PARTITION 1929095431 <= VALUES < 1965493458
I20260709 12:22:10.154289 30554 leader_election.cc:304] T 5fd48c3eb318419a9443ac7ba31d8f7e P 84fe6e09db134b06a437cfe38528c76a [CANDIDATE]: Term 1 pre-election: Election decided. Result: candidate won. Election summary: received 2 responses out of 3 voters: 2 yes votes; 0 no votes. yes voters: 84fe6e09db134b06a437cfe38528c76a, f686f449a5d040098948342bb6afa915; no voters: 
I20260709 12:22:10.155260 30638 raft_consensus.cc:2804] T 5fd48c3eb318419a9443ac7ba31d8f7e P 84fe6e09db134b06a437cfe38528c76a [term 0 FOLLOWER]: Leader pre-election won for term 1
I20260709 12:22:10.155157 30502 tablet_service.cc:1511] Processing CreateTablet for tablet a68d817b07f54a90bb3b2c4b38a89fc4 (DEFAULT_TABLE table=test-workload [id=0454e893990a4b7596cc8a93fea58051]), partition=RANGE (key) PARTITION 2038289512 <= VALUES < 2074687539
I20260709 12:22:10.155627 30638 raft_consensus.cc:493] T 5fd48c3eb318419a9443ac7ba31d8f7e P 84fe6e09db134b06a437cfe38528c76a [term 0 FOLLOWER]: Starting leader election (no leader contacted us within the election timeout)
I20260709 12:22:10.155994 30638 raft_consensus.cc:3060] T 5fd48c3eb318419a9443ac7ba31d8f7e P 84fe6e09db134b06a437cfe38528c76a [term 0 FOLLOWER]: Advancing to term 1
I20260709 12:22:10.156468 30502 data_dirs.cc:400] Could only allocate 1 dirs of requested 3 for tablet a68d817b07f54a90bb3b2c4b38a89fc4. 1 dirs total, 0 dirs full, 0 dirs failed
W20260709 12:22:10.158605 30405 outbound_call.cc:321] RPC callback for RPC call kudu.consensus.ConsensusService.RequestConsensusVote -> {remote=127.28.140.131:40417, user_credentials={real_user=slave}} blocked reactor thread for 116588us
I20260709 12:22:10.160144 30591 tablet_service.cc:1917] Received RequestConsensusVote() RPC: tablet_id: "5fd48c3eb318419a9443ac7ba31d8f7e" candidate_uuid: "f686f449a5d040098948342bb6afa915" candidate_term: 1 candidate_status { last_received { term: 0 index: 0 } } ignore_live_leader: false dest_uuid: "84fe6e09db134b06a437cfe38528c76a" is_pre_election: true
I20260709 12:22:10.168748 30581 tablet_service.cc:1511] Processing CreateTablet for tablet b90ccf2409a44514ae20ba537f60c42b (DEFAULT_TABLE table=test-workload [id=0454e893990a4b7596cc8a93fea58051]), partition=RANGE (key) PARTITION 2001891485 <= VALUES < 2038289512
I20260709 12:22:10.169387 30424 tablet_service.cc:1511] Processing CreateTablet for tablet b90ccf2409a44514ae20ba537f60c42b (DEFAULT_TABLE table=test-workload [id=0454e893990a4b7596cc8a93fea58051]), partition=RANGE (key) PARTITION 2001891485 <= VALUES < 2038289512
I20260709 12:22:10.164794 30420 data_dirs.cc:400] Could only allocate 1 dirs of requested 3 for tablet b596e64111d84ba9a625aef6a9beba88. 1 dirs total, 0 dirs full, 0 dirs failed
I20260709 12:22:10.170083 30581 data_dirs.cc:400] Could only allocate 1 dirs of requested 3 for tablet b90ccf2409a44514ae20ba537f60c42b. 1 dirs total, 0 dirs full, 0 dirs failed
I20260709 12:22:10.170898 30427 data_dirs.cc:400] Could only allocate 1 dirs of requested 3 for tablet 9e17ac5befe849a888c26a042226318c. 1 dirs total, 0 dirs full, 0 dirs failed
I20260709 12:22:10.176898 30424 data_dirs.cc:400] Could only allocate 1 dirs of requested 3 for tablet b90ccf2409a44514ae20ba537f60c42b. 1 dirs total, 0 dirs full, 0 dirs failed
I20260709 12:22:10.178107 30632 raft_consensus.cc:359] T 85c151e714ad4958835502902b516d54 P f686f449a5d040098948342bb6afa915 [term 0 FOLLOWER]: Replica starting. Triggering 0 pending ops. Active config: opid_index: -1 OBSOLETE_local: false peers { permanent_uuid: "f686f449a5d040098948342bb6afa915" member_type: VOTER last_known_addr { host: "127.28.140.129" port: 33727 } } peers { permanent_uuid: "5ecb8dce53d94cc19278c42641e41877" member_type: VOTER last_known_addr { host: "127.28.140.130" port: 39983 } } peers { permanent_uuid: "84fe6e09db134b06a437cfe38528c76a" member_type: VOTER last_known_addr { host: "127.28.140.131" port: 40417 } }
I20260709 12:22:10.178905 30516 tablet_service.cc:1917] Received RequestConsensusVote() RPC: tablet_id: "5fd48c3eb318419a9443ac7ba31d8f7e" candidate_uuid: "84fe6e09db134b06a437cfe38528c76a" candidate_term: 1 candidate_status { last_received { term: 0 index: 0 } } ignore_live_leader: false dest_uuid: "5ecb8dce53d94cc19278c42641e41877" is_pre_election: true
I20260709 12:22:10.179148 30421 data_dirs.cc:400] Could only allocate 1 dirs of requested 3 for tablet 6c4118aaea8a4b5094e8d2aafb56f661. 1 dirs total, 0 dirs full, 0 dirs failed
I20260709 12:22:10.179854 30515 tablet_service.cc:1917] Received RequestConsensusVote() RPC: tablet_id: "81dab172dbd448229a5eb7988f3ffe92" candidate_uuid: "84fe6e09db134b06a437cfe38528c76a" candidate_term: 1 candidate_status { last_received { term: 0 index: 0 } } ignore_live_leader: false dest_uuid: "5ecb8dce53d94cc19278c42641e41877" is_pre_election: true
I20260709 12:22:10.185702 30425 data_dirs.cc:400] Could only allocate 1 dirs of requested 3 for tablet d73d60d833434a68a32ebc608825dff8. 1 dirs total, 0 dirs full, 0 dirs failed
W20260709 12:22:10.186687 30554 leader_election.cc:343] T 5fd48c3eb318419a9443ac7ba31d8f7e P 84fe6e09db134b06a437cfe38528c76a [CANDIDATE]: Term 1 pre-election: Tablet error from VoteRequest() call to peer 5ecb8dce53d94cc19278c42641e41877 (127.28.140.130:39983): Illegal state: must be running to vote when last-logged opid is not known
W20260709 12:22:10.187609 30554 leader_election.cc:343] T 81dab172dbd448229a5eb7988f3ffe92 P 84fe6e09db134b06a437cfe38528c76a [CANDIDATE]: Term 1 pre-election: Tablet error from VoteRequest() call to peer 5ecb8dce53d94cc19278c42641e41877 (127.28.140.130:39983): Illegal state: must be running to vote when last-logged opid is not known
I20260709 12:22:10.187999 30554 leader_election.cc:304] T 81dab172dbd448229a5eb7988f3ffe92 P 84fe6e09db134b06a437cfe38528c76a [CANDIDATE]: Term 1 pre-election: Election decided. Result: candidate lost. Election summary: received 3 responses out of 3 voters: 1 yes votes; 2 no votes. yes voters: 84fe6e09db134b06a437cfe38528c76a; no voters: 5ecb8dce53d94cc19278c42641e41877, f686f449a5d040098948342bb6afa915
I20260709 12:22:10.189742 30572 tablet_service.cc:1511] Processing CreateTablet for tablet a68d817b07f54a90bb3b2c4b38a89fc4 (DEFAULT_TABLE table=test-workload [id=0454e893990a4b7596cc8a93fea58051]), partition=RANGE (key) PARTITION 2038289512 <= VALUES < 2074687539
I20260709 12:22:10.191054 30572 data_dirs.cc:400] Could only allocate 1 dirs of requested 3 for tablet a68d817b07f54a90bb3b2c4b38a89fc4. 1 dirs total, 0 dirs full, 0 dirs failed
I20260709 12:22:10.195309 30638 raft_consensus.cc:515] T 5fd48c3eb318419a9443ac7ba31d8f7e P 84fe6e09db134b06a437cfe38528c76a [term 1 FOLLOWER]: Starting leader election with config: opid_index: -1 OBSOLETE_local: false peers { permanent_uuid: "f686f449a5d040098948342bb6afa915" member_type: VOTER last_known_addr { host: "127.28.140.129" port: 33727 } } peers { permanent_uuid: "5ecb8dce53d94cc19278c42641e41877" member_type: VOTER last_known_addr { host: "127.28.140.130" port: 39983 } } peers { permanent_uuid: "84fe6e09db134b06a437cfe38528c76a" member_type: VOTER last_known_addr { host: "127.28.140.131" port: 40417 } }
I20260709 12:22:10.196698 30422 tablet_service.cc:1511] Processing CreateTablet for tablet a68d817b07f54a90bb3b2c4b38a89fc4 (DEFAULT_TABLE table=test-workload [id=0454e893990a4b7596cc8a93fea58051]), partition=RANGE (key) PARTITION 2038289512 <= VALUES < 2074687539
I20260709 12:22:10.202301 30429 tablet_service.cc:1511] Processing CreateTablet for tablet a52f61d723b24404916e3272cbb3b876 (DEFAULT_TABLE table=test-workload [id=0454e893990a4b7596cc8a93fea58051]), partition=RANGE (key) PARTITION 1965493458 <= VALUES < 2001891485
W20260709 12:22:10.217320 30385 auto_rebalancer.cc:288] Could not retrieve cluster info: Service unavailable: Tablet not running
I20260709 12:22:10.183948 30632 raft_consensus.cc:385] T 85c151e714ad4958835502902b516d54 P f686f449a5d040098948342bb6afa915 [term 0 FOLLOWER]: Consensus starting up: Expiring failure detector timer to make a prompt election more likely
I20260709 12:22:10.222918 30632 raft_consensus.cc:740] T 85c151e714ad4958835502902b516d54 P f686f449a5d040098948342bb6afa915 [term 0 FOLLOWER]: Becoming Follower/Learner. State: Replica: f686f449a5d040098948342bb6afa915, State: Initialized, Role: FOLLOWER
I20260709 12:22:10.224433 30632 consensus_queue.cc:260] T 85c151e714ad4958835502902b516d54 P f686f449a5d040098948342bb6afa915 [NON_LEADER]: Queue going to NON_LEADER mode. State: All replicated index: 0, Majority replicated index: 0, Committed index: 0, Last appended: 0.0, Last appended by leader: 0, Current term: 0, Majority size: -1, State: 0, Mode: NON_LEADER, active raft config: opid_index: -1 OBSOLETE_local: false peers { permanent_uuid: "f686f449a5d040098948342bb6afa915" member_type: VOTER last_known_addr { host: "127.28.140.129" port: 33727 } } peers { permanent_uuid: "5ecb8dce53d94cc19278c42641e41877" member_type: VOTER last_known_addr { host: "127.28.140.130" port: 39983 } } peers { permanent_uuid: "84fe6e09db134b06a437cfe38528c76a" member_type: VOTER last_known_addr { host: "127.28.140.131" port: 40417 } }
I20260709 12:22:10.231994 30506 tablet_service.cc:1511] Processing CreateTablet for tablet f5fdb5aa56854be99d1744777225ba25 (DEFAULT_TABLE table=test-workload [id=0454e893990a4b7596cc8a93fea58051]), partition=RANGE (key) PARTITION 2074687539 <= VALUES < 2111085566
I20260709 12:22:10.235288 30632 ts_tablet_manager.cc:1434] T 85c151e714ad4958835502902b516d54 P f686f449a5d040098948342bb6afa915: Time spent starting tablet: real 0.120s	user 0.002s	sys 0.008s
I20260709 12:22:10.238624 30506 data_dirs.cc:400] Could only allocate 1 dirs of requested 3 for tablet f5fdb5aa56854be99d1744777225ba25. 1 dirs total, 0 dirs full, 0 dirs failed
I20260709 12:22:10.244618 30632 tablet_bootstrap.cc:492] T a8ea04558f2f4e59bf7392a217860db5 P f686f449a5d040098948342bb6afa915: Bootstrap starting.
I20260709 12:22:10.289821 30591 raft_consensus.cc:2393] T 5fd48c3eb318419a9443ac7ba31d8f7e P 84fe6e09db134b06a437cfe38528c76a [term 1 FOLLOWER]: Leader pre-election vote request: Denying vote to candidate f686f449a5d040098948342bb6afa915 in current term 1: Already voted for candidate 84fe6e09db134b06a437cfe38528c76a in this term.
I20260709 12:22:10.290869 30630 tablet_bootstrap.cc:492] T 4ff25ceabf3940b0bde9f5bf9dfb9560 P 5ecb8dce53d94cc19278c42641e41877: No bootstrap required, opened a new log
I20260709 12:22:10.291216 30638 leader_election.cc:290] T 5fd48c3eb318419a9443ac7ba31d8f7e P 84fe6e09db134b06a437cfe38528c76a [CANDIDATE]: Term 1 election: Requested vote from peers f686f449a5d040098948342bb6afa915 (127.28.140.129:33727), 5ecb8dce53d94cc19278c42641e41877 (127.28.140.130:39983)
I20260709 12:22:10.291977 30638 raft_consensus.cc:2749] T 81dab172dbd448229a5eb7988f3ffe92 P 84fe6e09db134b06a437cfe38528c76a [term 0 FOLLOWER]: Leader pre-election lost for term 1. Reason: could not achieve majority
I20260709 12:22:10.293084 30631 tablet_bootstrap.cc:492] T 85c151e714ad4958835502902b516d54 P 84fe6e09db134b06a437cfe38528c76a: No bootstrap required, opened a new log
I20260709 12:22:10.293506 30631 ts_tablet_manager.cc:1403] T 85c151e714ad4958835502902b516d54 P 84fe6e09db134b06a437cfe38528c76a: Time spent bootstrapping tablet: real 0.217s	user 0.020s	sys 0.001s
I20260709 12:22:10.291409 30630 ts_tablet_manager.cc:1403] T 4ff25ceabf3940b0bde9f5bf9dfb9560 P 5ecb8dce53d94cc19278c42641e41877: Time spent bootstrapping tablet: real 0.283s	user 0.009s	sys 0.025s
I20260709 12:22:10.297040 30630 raft_consensus.cc:359] T 4ff25ceabf3940b0bde9f5bf9dfb9560 P 5ecb8dce53d94cc19278c42641e41877 [term 0 FOLLOWER]: Replica starting. Triggering 0 pending ops. Active config: opid_index: -1 OBSOLETE_local: false peers { permanent_uuid: "f686f449a5d040098948342bb6afa915" member_type: VOTER last_known_addr { host: "127.28.140.129" port: 33727 } } peers { permanent_uuid: "5ecb8dce53d94cc19278c42641e41877" member_type: VOTER last_known_addr { host: "127.28.140.130" port: 39983 } } peers { permanent_uuid: "84fe6e09db134b06a437cfe38528c76a" member_type: VOTER last_known_addr { host: "127.28.140.131" port: 40417 } }
I20260709 12:22:10.297760 30630 raft_consensus.cc:385] T 4ff25ceabf3940b0bde9f5bf9dfb9560 P 5ecb8dce53d94cc19278c42641e41877 [term 0 FOLLOWER]: Consensus starting up: Expiring failure detector timer to make a prompt election more likely
I20260709 12:22:10.298053 30630 raft_consensus.cc:740] T 4ff25ceabf3940b0bde9f5bf9dfb9560 P 5ecb8dce53d94cc19278c42641e41877 [term 0 FOLLOWER]: Becoming Follower/Learner. State: Replica: 5ecb8dce53d94cc19278c42641e41877, State: Initialized, Role: FOLLOWER
I20260709 12:22:10.299852 30573 tablet_service.cc:1511] Processing CreateTablet for tablet f5fdb5aa56854be99d1744777225ba25 (DEFAULT_TABLE table=test-workload [id=0454e893990a4b7596cc8a93fea58051]), partition=RANGE (key) PARTITION 2074687539 <= VALUES < 2111085566
I20260709 12:22:10.298878 30630 consensus_queue.cc:260] T 4ff25ceabf3940b0bde9f5bf9dfb9560 P 5ecb8dce53d94cc19278c42641e41877 [NON_LEADER]: Queue going to NON_LEADER mode. State: All replicated index: 0, Majority replicated index: 0, Committed index: 0, Last appended: 0.0, Last appended by leader: 0, Current term: 0, Majority size: -1, State: 0, Mode: NON_LEADER, active raft config: opid_index: -1 OBSOLETE_local: false peers { permanent_uuid: "f686f449a5d040098948342bb6afa915" member_type: VOTER last_known_addr { host: "127.28.140.129" port: 33727 } } peers { permanent_uuid: "5ecb8dce53d94cc19278c42641e41877" member_type: VOTER last_known_addr { host: "127.28.140.130" port: 39983 } } peers { permanent_uuid: "84fe6e09db134b06a437cfe38528c76a" member_type: VOTER last_known_addr { host: "127.28.140.131" port: 40417 } }
I20260709 12:22:10.303593 30426 data_dirs.cc:400] Could only allocate 1 dirs of requested 3 for tablet a7fb603aabc943a3b449e25643d83800. 1 dirs total, 0 dirs full, 0 dirs failed
I20260709 12:22:10.303911 30573 data_dirs.cc:400] Could only allocate 1 dirs of requested 3 for tablet f5fdb5aa56854be99d1744777225ba25. 1 dirs total, 0 dirs full, 0 dirs failed
I20260709 12:22:10.307909 30631 raft_consensus.cc:359] T 85c151e714ad4958835502902b516d54 P 84fe6e09db134b06a437cfe38528c76a [term 0 FOLLOWER]: Replica starting. Triggering 0 pending ops. Active config: opid_index: -1 OBSOLETE_local: false peers { permanent_uuid: "f686f449a5d040098948342bb6afa915" member_type: VOTER last_known_addr { host: "127.28.140.129" port: 33727 } } peers { permanent_uuid: "5ecb8dce53d94cc19278c42641e41877" member_type: VOTER last_known_addr { host: "127.28.140.130" port: 39983 } } peers { permanent_uuid: "84fe6e09db134b06a437cfe38528c76a" member_type: VOTER last_known_addr { host: "127.28.140.131" port: 40417 } }
I20260709 12:22:10.308640 30631 raft_consensus.cc:385] T 85c151e714ad4958835502902b516d54 P 84fe6e09db134b06a437cfe38528c76a [term 0 FOLLOWER]: Consensus starting up: Expiring failure detector timer to make a prompt election more likely
I20260709 12:22:10.308928 30631 raft_consensus.cc:740] T 85c151e714ad4958835502902b516d54 P 84fe6e09db134b06a437cfe38528c76a [term 0 FOLLOWER]: Becoming Follower/Learner. State: Replica: 84fe6e09db134b06a437cfe38528c76a, State: Initialized, Role: FOLLOWER
I20260709 12:22:10.310992 30497 tablet_service.cc:1511] Processing CreateTablet for tablet c563ea59aafe475db9439c826484a405 (DEFAULT_TABLE table=test-workload [id=0454e893990a4b7596cc8a93fea58051]), partition=RANGE (key) PARTITION 2111085566 <= VALUES
I20260709 12:22:10.311182 30580 tablet_service.cc:1511] Processing CreateTablet for tablet c563ea59aafe475db9439c826484a405 (DEFAULT_TABLE table=test-workload [id=0454e893990a4b7596cc8a93fea58051]), partition=RANGE (key) PARTITION 2111085566 <= VALUES
I20260709 12:22:10.312296 30497 data_dirs.cc:400] Could only allocate 1 dirs of requested 3 for tablet c563ea59aafe475db9439c826484a405. 1 dirs total, 0 dirs full, 0 dirs failed
I20260709 12:22:10.312402 30580 data_dirs.cc:400] Could only allocate 1 dirs of requested 3 for tablet c563ea59aafe475db9439c826484a405. 1 dirs total, 0 dirs full, 0 dirs failed
I20260709 12:22:10.316661 30420 tablet_service.cc:1511] Processing CreateTablet for tablet f5fdb5aa56854be99d1744777225ba25 (DEFAULT_TABLE table=test-workload [id=0454e893990a4b7596cc8a93fea58051]), partition=RANGE (key) PARTITION 2074687539 <= VALUES < 2111085566
I20260709 12:22:10.324909 30427 tablet_service.cc:1511] Processing CreateTablet for tablet c563ea59aafe475db9439c826484a405 (DEFAULT_TABLE table=test-workload [id=0454e893990a4b7596cc8a93fea58051]), partition=RANGE (key) PARTITION 2111085566 <= VALUES
I20260709 12:22:10.313174 30631 consensus_queue.cc:260] T 85c151e714ad4958835502902b516d54 P 84fe6e09db134b06a437cfe38528c76a [NON_LEADER]: Queue going to NON_LEADER mode. State: All replicated index: 0, Majority replicated index: 0, Committed index: 0, Last appended: 0.0, Last appended by leader: 0, Current term: 0, Majority size: -1, State: 0, Mode: NON_LEADER, active raft config: opid_index: -1 OBSOLETE_local: false peers { permanent_uuid: "f686f449a5d040098948342bb6afa915" member_type: VOTER last_known_addr { host: "127.28.140.129" port: 33727 } } peers { permanent_uuid: "5ecb8dce53d94cc19278c42641e41877" member_type: VOTER last_known_addr { host: "127.28.140.130" port: 39983 } } peers { permanent_uuid: "84fe6e09db134b06a437cfe38528c76a" member_type: VOTER last_known_addr { host: "127.28.140.131" port: 40417 } }
I20260709 12:22:10.331322 30631 ts_tablet_manager.cc:1434] T 85c151e714ad4958835502902b516d54 P 84fe6e09db134b06a437cfe38528c76a: Time spent starting tablet: real 0.038s	user 0.000s	sys 0.006s
I20260709 12:22:10.332365 30631 tablet_bootstrap.cc:492] T 42cc79fd280c4322b3056ad2f871fcd7 P 84fe6e09db134b06a437cfe38528c76a: Bootstrap starting.
I20260709 12:22:10.344818 30429 data_dirs.cc:400] Could only allocate 1 dirs of requested 3 for tablet a52f61d723b24404916e3272cbb3b876. 1 dirs total, 0 dirs full, 0 dirs failed
I20260709 12:22:10.345835 30630 ts_tablet_manager.cc:1434] T 4ff25ceabf3940b0bde9f5bf9dfb9560 P 5ecb8dce53d94cc19278c42641e41877: Time spent starting tablet: real 0.051s	user 0.001s	sys 0.005s
I20260709 12:22:10.355067 30630 tablet_bootstrap.cc:492] T 07d5ca6573074057983267b0d1cd2d9d P 5ecb8dce53d94cc19278c42641e41877: Bootstrap starting.
I20260709 12:22:10.360666 30631 tablet_bootstrap.cc:654] T 42cc79fd280c4322b3056ad2f871fcd7 P 84fe6e09db134b06a437cfe38528c76a: Neither blocks nor log segments found. Creating new log.
I20260709 12:22:10.364867 30422 data_dirs.cc:400] Could only allocate 1 dirs of requested 3 for tablet a68d817b07f54a90bb3b2c4b38a89fc4. 1 dirs total, 0 dirs full, 0 dirs failed
I20260709 12:22:10.365828 30632 tablet_bootstrap.cc:654] T a8ea04558f2f4e59bf7392a217860db5 P f686f449a5d040098948342bb6afa915: Neither blocks nor log segments found. Creating new log.
I20260709 12:22:10.365855 30631 tablet_bootstrap.cc:492] T 42cc79fd280c4322b3056ad2f871fcd7 P 84fe6e09db134b06a437cfe38528c76a: No bootstrap required, opened a new log
I20260709 12:22:10.366518 30631 ts_tablet_manager.cc:1403] T 42cc79fd280c4322b3056ad2f871fcd7 P 84fe6e09db134b06a437cfe38528c76a: Time spent bootstrapping tablet: real 0.034s	user 0.009s	sys 0.003s
I20260709 12:22:10.369498 30631 raft_consensus.cc:359] T 42cc79fd280c4322b3056ad2f871fcd7 P 84fe6e09db134b06a437cfe38528c76a [term 0 FOLLOWER]: Replica starting. Triggering 0 pending ops. Active config: opid_index: -1 OBSOLETE_local: false peers { permanent_uuid: "f686f449a5d040098948342bb6afa915" member_type: VOTER last_known_addr { host: "127.28.140.129" port: 33727 } } peers { permanent_uuid: "5ecb8dce53d94cc19278c42641e41877" member_type: VOTER last_known_addr { host: "127.28.140.130" port: 39983 } } peers { permanent_uuid: "84fe6e09db134b06a437cfe38528c76a" member_type: VOTER last_known_addr { host: "127.28.140.131" port: 40417 } }
I20260709 12:22:10.370262 30631 raft_consensus.cc:385] T 42cc79fd280c4322b3056ad2f871fcd7 P 84fe6e09db134b06a437cfe38528c76a [term 0 FOLLOWER]: Consensus starting up: Expiring failure detector timer to make a prompt election more likely
I20260709 12:22:10.370580 30631 raft_consensus.cc:740] T 42cc79fd280c4322b3056ad2f871fcd7 P 84fe6e09db134b06a437cfe38528c76a [term 0 FOLLOWER]: Becoming Follower/Learner. State: Replica: 84fe6e09db134b06a437cfe38528c76a, State: Initialized, Role: FOLLOWER
I20260709 12:22:10.371568 30420 data_dirs.cc:400] Could only allocate 1 dirs of requested 3 for tablet f5fdb5aa56854be99d1744777225ba25. 1 dirs total, 0 dirs full, 0 dirs failed
I20260709 12:22:10.371376 30631 consensus_queue.cc:260] T 42cc79fd280c4322b3056ad2f871fcd7 P 84fe6e09db134b06a437cfe38528c76a [NON_LEADER]: Queue going to NON_LEADER mode. State: All replicated index: 0, Majority replicated index: 0, Committed index: 0, Last appended: 0.0, Last appended by leader: 0, Current term: 0, Majority size: -1, State: 0, Mode: NON_LEADER, active raft config: opid_index: -1 OBSOLETE_local: false peers { permanent_uuid: "f686f449a5d040098948342bb6afa915" member_type: VOTER last_known_addr { host: "127.28.140.129" port: 33727 } } peers { permanent_uuid: "5ecb8dce53d94cc19278c42641e41877" member_type: VOTER last_known_addr { host: "127.28.140.130" port: 39983 } } peers { permanent_uuid: "84fe6e09db134b06a437cfe38528c76a" member_type: VOTER last_known_addr { host: "127.28.140.131" port: 40417 } }
I20260709 12:22:10.376943 30427 data_dirs.cc:400] Could only allocate 1 dirs of requested 3 for tablet c563ea59aafe475db9439c826484a405. 1 dirs total, 0 dirs full, 0 dirs failed
I20260709 12:22:10.380648 30631 ts_tablet_manager.cc:1434] T 42cc79fd280c4322b3056ad2f871fcd7 P 84fe6e09db134b06a437cfe38528c76a: Time spent starting tablet: real 0.014s	user 0.007s	sys 0.000s
I20260709 12:22:10.381815 30631 tablet_bootstrap.cc:492] T 4ff25ceabf3940b0bde9f5bf9dfb9560 P 84fe6e09db134b06a437cfe38528c76a: Bootstrap starting.
I20260709 12:22:10.387070 30630 tablet_bootstrap.cc:654] T 07d5ca6573074057983267b0d1cd2d9d P 5ecb8dce53d94cc19278c42641e41877: Neither blocks nor log segments found. Creating new log.
W20260709 12:22:10.313853 30554 outbound_call.cc:321] RPC callback for RPC call kudu.consensus.ConsensusService.RequestConsensusVote -> {remote=127.28.140.130:39983, user_credentials={real_user=slave}} blocked reactor thread for 126255us
I20260709 12:22:10.401829 30439 tablet_service.cc:1917] Received RequestConsensusVote() RPC: tablet_id: "5fd48c3eb318419a9443ac7ba31d8f7e" candidate_uuid: "84fe6e09db134b06a437cfe38528c76a" candidate_term: 1 candidate_status { last_received { term: 0 index: 0 } } ignore_live_leader: false dest_uuid: "f686f449a5d040098948342bb6afa915"
I20260709 12:22:10.402455 30439 raft_consensus.cc:3060] T 5fd48c3eb318419a9443ac7ba31d8f7e P f686f449a5d040098948342bb6afa915 [term 0 FOLLOWER]: Advancing to term 1
I20260709 12:22:10.405231 30631 tablet_bootstrap.cc:654] T 4ff25ceabf3940b0bde9f5bf9dfb9560 P 84fe6e09db134b06a437cfe38528c76a: Neither blocks nor log segments found. Creating new log.
I20260709 12:22:10.406180 30632 tablet_bootstrap.cc:492] T a8ea04558f2f4e59bf7392a217860db5 P f686f449a5d040098948342bb6afa915: No bootstrap required, opened a new log
I20260709 12:22:10.406701 30632 ts_tablet_manager.cc:1403] T a8ea04558f2f4e59bf7392a217860db5 P f686f449a5d040098948342bb6afa915: Time spent bootstrapping tablet: real 0.163s	user 0.024s	sys 0.024s
I20260709 12:22:10.407492 30658 raft_consensus.cc:493] T 85c151e714ad4958835502902b516d54 P 84fe6e09db134b06a437cfe38528c76a [term 0 FOLLOWER]: Starting pre-election (no leader contacted us within the election timeout)
I20260709 12:22:10.407945 30658 raft_consensus.cc:515] T 85c151e714ad4958835502902b516d54 P 84fe6e09db134b06a437cfe38528c76a [term 0 FOLLOWER]: Starting pre-election with config: opid_index: -1 OBSOLETE_local: false peers { permanent_uuid: "f686f449a5d040098948342bb6afa915" member_type: VOTER last_known_addr { host: "127.28.140.129" port: 33727 } } peers { permanent_uuid: "5ecb8dce53d94cc19278c42641e41877" member_type: VOTER last_known_addr { host: "127.28.140.130" port: 39983 } } peers { permanent_uuid: "84fe6e09db134b06a437cfe38528c76a" member_type: VOTER last_known_addr { host: "127.28.140.131" port: 40417 } }
I20260709 12:22:10.410565 30658 leader_election.cc:290] T 85c151e714ad4958835502902b516d54 P 84fe6e09db134b06a437cfe38528c76a [CANDIDATE]: Term 1 pre-election: Requested pre-vote from peers f686f449a5d040098948342bb6afa915 (127.28.140.129:33727), 5ecb8dce53d94cc19278c42641e41877 (127.28.140.130:39983)
I20260709 12:22:10.410887 30515 tablet_service.cc:1917] Received RequestConsensusVote() RPC: tablet_id: "5fd48c3eb318419a9443ac7ba31d8f7e" candidate_uuid: "84fe6e09db134b06a437cfe38528c76a" candidate_term: 1 candidate_status { last_received { term: 0 index: 0 } } ignore_live_leader: false dest_uuid: "5ecb8dce53d94cc19278c42641e41877"
I20260709 12:22:10.411700 30405 leader_election.cc:304] T 5fd48c3eb318419a9443ac7ba31d8f7e P f686f449a5d040098948342bb6afa915 [CANDIDATE]: Term 1 pre-election: Election decided. Result: candidate lost. Election summary: received 3 responses out of 3 voters: 1 yes votes; 2 no votes. yes voters: f686f449a5d040098948342bb6afa915; no voters: 5ecb8dce53d94cc19278c42641e41877, 84fe6e09db134b06a437cfe38528c76a
I20260709 12:22:10.414463 30632 raft_consensus.cc:359] T a8ea04558f2f4e59bf7392a217860db5 P f686f449a5d040098948342bb6afa915 [term 0 FOLLOWER]: Replica starting. Triggering 0 pending ops. Active config: opid_index: -1 OBSOLETE_local: false peers { permanent_uuid: "f686f449a5d040098948342bb6afa915" member_type: VOTER last_known_addr { host: "127.28.140.129" port: 33727 } } peers { permanent_uuid: "5ecb8dce53d94cc19278c42641e41877" member_type: VOTER last_known_addr { host: "127.28.140.130" port: 39983 } } peers { permanent_uuid: "84fe6e09db134b06a437cfe38528c76a" member_type: VOTER last_known_addr { host: "127.28.140.131" port: 40417 } }
I20260709 12:22:10.415151 30438 tablet_service.cc:1917] Received RequestConsensusVote() RPC: tablet_id: "85c151e714ad4958835502902b516d54" candidate_uuid: "84fe6e09db134b06a437cfe38528c76a" candidate_term: 1 candidate_status { last_received { term: 0 index: 0 } } ignore_live_leader: false dest_uuid: "f686f449a5d040098948342bb6afa915" is_pre_election: true
I20260709 12:22:10.415825 30438 raft_consensus.cc:2468] T 85c151e714ad4958835502902b516d54 P f686f449a5d040098948342bb6afa915 [term 0 FOLLOWER]: Leader pre-election vote request: Granting yes vote for candidate 84fe6e09db134b06a437cfe38528c76a in term 0.
I20260709 12:22:10.416108 30632 raft_consensus.cc:385] T a8ea04558f2f4e59bf7392a217860db5 P f686f449a5d040098948342bb6afa915 [term 0 FOLLOWER]: Consensus starting up: Expiring failure detector timer to make a prompt election more likely
W20260709 12:22:10.417161 30466 tablet.cc:2406] T 85c151e714ad4958835502902b516d54 P f686f449a5d040098948342bb6afa915: Can't schedule compaction. Clean time has not been advanced past its initial value.
I20260709 12:22:10.417791 30515 tablet_service.cc:1917] Received RequestConsensusVote() RPC: tablet_id: "85c151e714ad4958835502902b516d54" candidate_uuid: "84fe6e09db134b06a437cfe38528c76a" candidate_term: 1 candidate_status { last_received { term: 0 index: 0 } } ignore_live_leader: false dest_uuid: "5ecb8dce53d94cc19278c42641e41877" is_pre_election: true
I20260709 12:22:10.418375 30515 raft_consensus.cc:2468] T 85c151e714ad4958835502902b516d54 P 5ecb8dce53d94cc19278c42641e41877 [term 0 FOLLOWER]: Leader pre-election vote request: Granting yes vote for candidate 84fe6e09db134b06a437cfe38528c76a in term 0.
I20260709 12:22:10.416594 30632 raft_consensus.cc:740] T a8ea04558f2f4e59bf7392a217860db5 P f686f449a5d040098948342bb6afa915 [term 0 FOLLOWER]: Becoming Follower/Learner. State: Replica: f686f449a5d040098948342bb6afa915, State: Initialized, Role: FOLLOWER
I20260709 12:22:10.419663 30632 consensus_queue.cc:260] T a8ea04558f2f4e59bf7392a217860db5 P f686f449a5d040098948342bb6afa915 [NON_LEADER]: Queue going to NON_LEADER mode. State: All replicated index: 0, Majority replicated index: 0, Committed index: 0, Last appended: 0.0, Last appended by leader: 0, Current term: 0, Majority size: -1, State: 0, Mode: NON_LEADER, active raft config: opid_index: -1 OBSOLETE_local: false peers { permanent_uuid: "f686f449a5d040098948342bb6afa915" member_type: VOTER last_known_addr { host: "127.28.140.129" port: 33727 } } peers { permanent_uuid: "5ecb8dce53d94cc19278c42641e41877" member_type: VOTER last_known_addr { host: "127.28.140.130" port: 39983 } } peers { permanent_uuid: "84fe6e09db134b06a437cfe38528c76a" member_type: VOTER last_known_addr { host: "127.28.140.131" port: 40417 } }
I20260709 12:22:10.419214 30439 raft_consensus.cc:2468] T 5fd48c3eb318419a9443ac7ba31d8f7e P f686f449a5d040098948342bb6afa915 [term 1 FOLLOWER]: Leader election vote request: Granting yes vote for candidate 84fe6e09db134b06a437cfe38528c76a in term 1.
I20260709 12:22:10.421185 30655 raft_consensus.cc:2749] T 5fd48c3eb318419a9443ac7ba31d8f7e P f686f449a5d040098948342bb6afa915 [term 1 FOLLOWER]: Leader pre-election lost for term 1. Reason: could not achieve majority
I20260709 12:22:10.422502 30632 ts_tablet_manager.cc:1434] T a8ea04558f2f4e59bf7392a217860db5 P f686f449a5d040098948342bb6afa915: Time spent starting tablet: real 0.015s	user 0.007s	sys 0.000s
I20260709 12:22:10.423646 30632 tablet_bootstrap.cc:492] T 4ff25ceabf3940b0bde9f5bf9dfb9560 P f686f449a5d040098948342bb6afa915: Bootstrap starting.
I20260709 12:22:10.424515 30630 tablet_bootstrap.cc:492] T 07d5ca6573074057983267b0d1cd2d9d P 5ecb8dce53d94cc19278c42641e41877: No bootstrap required, opened a new log
I20260709 12:22:10.425017 30630 ts_tablet_manager.cc:1403] T 07d5ca6573074057983267b0d1cd2d9d P 5ecb8dce53d94cc19278c42641e41877: Time spent bootstrapping tablet: real 0.070s	user 0.011s	sys 0.001s
I20260709 12:22:10.427608 30554 leader_election.cc:304] T 85c151e714ad4958835502902b516d54 P 84fe6e09db134b06a437cfe38528c76a [CANDIDATE]: Term 1 pre-election: Election decided. Result: candidate won. Election summary: received 2 responses out of 3 voters: 2 yes votes; 0 no votes. yes voters: 84fe6e09db134b06a437cfe38528c76a, f686f449a5d040098948342bb6afa915; no voters: 
I20260709 12:22:10.431766 30658 raft_consensus.cc:2804] T 85c151e714ad4958835502902b516d54 P 84fe6e09db134b06a437cfe38528c76a [term 0 FOLLOWER]: Leader pre-election won for term 1
I20260709 12:22:10.432135 30658 raft_consensus.cc:493] T 85c151e714ad4958835502902b516d54 P 84fe6e09db134b06a437cfe38528c76a [term 0 FOLLOWER]: Starting leader election (no leader contacted us within the election timeout)
I20260709 12:22:10.432451 30658 raft_consensus.cc:3060] T 85c151e714ad4958835502902b516d54 P 84fe6e09db134b06a437cfe38528c76a [term 0 FOLLOWER]: Advancing to term 1
I20260709 12:22:10.433053 30632 tablet_bootstrap.cc:654] T 4ff25ceabf3940b0bde9f5bf9dfb9560 P f686f449a5d040098948342bb6afa915: Neither blocks nor log segments found. Creating new log.
I20260709 12:22:10.439625 30658 raft_consensus.cc:515] T 85c151e714ad4958835502902b516d54 P 84fe6e09db134b06a437cfe38528c76a [term 1 FOLLOWER]: Starting leader election with config: opid_index: -1 OBSOLETE_local: false peers { permanent_uuid: "f686f449a5d040098948342bb6afa915" member_type: VOTER last_known_addr { host: "127.28.140.129" port: 33727 } } peers { permanent_uuid: "5ecb8dce53d94cc19278c42641e41877" member_type: VOTER last_known_addr { host: "127.28.140.130" port: 39983 } } peers { permanent_uuid: "84fe6e09db134b06a437cfe38528c76a" member_type: VOTER last_known_addr { host: "127.28.140.131" port: 40417 } }
I20260709 12:22:10.440959 30554 leader_election.cc:304] T 5fd48c3eb318419a9443ac7ba31d8f7e P 84fe6e09db134b06a437cfe38528c76a [CANDIDATE]: Term 1 election: Election decided. Result: candidate won. Election summary: received 2 responses out of 3 voters: 2 yes votes; 0 no votes. yes voters: 84fe6e09db134b06a437cfe38528c76a, f686f449a5d040098948342bb6afa915; no voters: 
I20260709 12:22:10.441495 30658 leader_election.cc:290] T 85c151e714ad4958835502902b516d54 P 84fe6e09db134b06a437cfe38528c76a [CANDIDATE]: Term 1 election: Requested vote from peers f686f449a5d040098948342bb6afa915 (127.28.140.129:33727), 5ecb8dce53d94cc19278c42641e41877 (127.28.140.130:39983)
I20260709 12:22:10.447319 30638 raft_consensus.cc:2804] T 5fd48c3eb318419a9443ac7ba31d8f7e P 84fe6e09db134b06a437cfe38528c76a [term 1 FOLLOWER]: Leader election won for term 1
I20260709 12:22:10.447376 30630 raft_consensus.cc:359] T 07d5ca6573074057983267b0d1cd2d9d P 5ecb8dce53d94cc19278c42641e41877 [term 0 FOLLOWER]: Replica starting. Triggering 0 pending ops. Active config: opid_index: -1 OBSOLETE_local: false peers { permanent_uuid: "f686f449a5d040098948342bb6afa915" member_type: VOTER last_known_addr { host: "127.28.140.129" port: 33727 } } peers { permanent_uuid: "5ecb8dce53d94cc19278c42641e41877" member_type: VOTER last_known_addr { host: "127.28.140.130" port: 39983 } } peers { permanent_uuid: "84fe6e09db134b06a437cfe38528c76a" member_type: VOTER last_known_addr { host: "127.28.140.131" port: 40417 } }
I20260709 12:22:10.448086 30638 raft_consensus.cc:697] T 5fd48c3eb318419a9443ac7ba31d8f7e P 84fe6e09db134b06a437cfe38528c76a [term 1 LEADER]: Becoming Leader. State: Replica: 84fe6e09db134b06a437cfe38528c76a, State: Running, Role: LEADER
W20260709 12:22:10.447361 30554 leader_election.cc:343] T 5fd48c3eb318419a9443ac7ba31d8f7e P 84fe6e09db134b06a437cfe38528c76a [CANDIDATE]: Term 1 election: Tablet error from VoteRequest() call to peer 5ecb8dce53d94cc19278c42641e41877 (127.28.140.130:39983): Illegal state: must be running to vote when last-logged opid is not known
I20260709 12:22:10.448410 30630 raft_consensus.cc:385] T 07d5ca6573074057983267b0d1cd2d9d P 5ecb8dce53d94cc19278c42641e41877 [term 0 FOLLOWER]: Consensus starting up: Expiring failure detector timer to make a prompt election more likely
I20260709 12:22:10.448915 30630 raft_consensus.cc:740] T 07d5ca6573074057983267b0d1cd2d9d P 5ecb8dce53d94cc19278c42641e41877 [term 0 FOLLOWER]: Becoming Follower/Learner. State: Replica: 5ecb8dce53d94cc19278c42641e41877, State: Initialized, Role: FOLLOWER
I20260709 12:22:10.449169 30638 consensus_queue.cc:237] T 5fd48c3eb318419a9443ac7ba31d8f7e P 84fe6e09db134b06a437cfe38528c76a [LEADER]: Queue going to LEADER mode. State: All replicated index: 0, Majority replicated index: 0, Committed index: 0, Last appended: 0.0, Last appended by leader: 0, Current term: 1, Majority size: 2, State: 0, Mode: LEADER, active raft config: opid_index: -1 OBSOLETE_local: false peers { permanent_uuid: "f686f449a5d040098948342bb6afa915" member_type: VOTER last_known_addr { host: "127.28.140.129" port: 33727 } } peers { permanent_uuid: "5ecb8dce53d94cc19278c42641e41877" member_type: VOTER last_known_addr { host: "127.28.140.130" port: 39983 } } peers { permanent_uuid: "84fe6e09db134b06a437cfe38528c76a" member_type: VOTER last_known_addr { host: "127.28.140.131" port: 40417 } }
