I20260709 12:20:54.436585  4115 consensus_queue.cc:260] T 9f44d5d27ab8449c9b2ca3e18668d5c9 P b41d15c93e7e4ba0bcbcdc15171ffea0 [NON_LEADER]: Queue going to NON_LEADER mode. State: All replicated index: 0, Majority replicated index: 0, Committed index: 0, Last appended: 0.0, Last appended by leader: 0, Current term: 0, Majority size: -1, State: 0, Mode: NON_LEADER, active raft config: opid_index: -1 OBSOLETE_local: false peers { permanent_uuid: "b41d15c93e7e4ba0bcbcdc15171ffea0" member_type: VOTER last_known_addr { host: "127.3.178.129" port: 37261 } } peers { permanent_uuid: "9b1a08396e4141c8a9a3bec1493bfe3e" member_type: VOTER last_known_addr { host: "127.3.178.130" port: 44771 } } peers { permanent_uuid: "6d2d5443cbc54f2faab3cb39597331fb" member_type: VOTER last_known_addr { host: "127.3.178.131" port: 39859 } }
I20260709 12:20:54.438845  4113 ts_tablet_manager.cc:1434] T 99dd6afcb02948e89d1e4dfe37c73509 P 6d2d5443cbc54f2faab3cb39597331fb: Time spent starting tablet: real 0.032s	user 0.008s	sys 0.012s
I20260709 12:20:54.440096  4113 tablet_bootstrap.cc:492] T 60fb158d35e944e391409125950bee79 P 6d2d5443cbc54f2faab3cb39597331fb: Bootstrap starting.
I20260709 12:20:54.446430  4115 ts_tablet_manager.cc:1434] T 9f44d5d27ab8449c9b2ca3e18668d5c9 P b41d15c93e7e4ba0bcbcdc15171ffea0: Time spent starting tablet: real 0.015s	user 0.005s	sys 0.008s
I20260709 12:20:54.447230  3946 heartbeater.cc:499] Master 127.3.178.190:33113 was elected leader, sending a full tablet report...
I20260709 12:20:54.448696  4113 tablet_bootstrap.cc:654] T 60fb158d35e944e391409125950bee79 P 6d2d5443cbc54f2faab3cb39597331fb: Neither blocks nor log segments found. Creating new log.
I20260709 12:20:54.460090  4021 heartbeater.cc:499] Master 127.3.178.190:33113 was elected leader, sending a full tablet report...
I20260709 12:20:54.461163  4114 ts_tablet_manager.cc:1434] T 9bc5386fbb584af6a1664a0d6281c2be P 9b1a08396e4141c8a9a3bec1493bfe3e: Time spent starting tablet: real 0.033s	user 0.009s	sys 0.005s
I20260709 12:20:54.461767  4113 tablet_bootstrap.cc:492] T 60fb158d35e944e391409125950bee79 P 6d2d5443cbc54f2faab3cb39597331fb: No bootstrap required, opened a new log
I20260709 12:20:54.462121  4114 tablet_bootstrap.cc:492] T b8ee1c6498f64f45a195b320ea6a1a5e P 9b1a08396e4141c8a9a3bec1493bfe3e: Bootstrap starting.
I20260709 12:20:54.462287  4113 ts_tablet_manager.cc:1403] T 60fb158d35e944e391409125950bee79 P 6d2d5443cbc54f2faab3cb39597331fb: Time spent bootstrapping tablet: real 0.022s	user 0.013s	sys 0.004s
I20260709 12:20:54.464303  4115 tablet_bootstrap.cc:492] T 9bc5386fbb584af6a1664a0d6281c2be P b41d15c93e7e4ba0bcbcdc15171ffea0: Bootstrap starting.
I20260709 12:20:54.466395  4113 raft_consensus.cc:359] T 60fb158d35e944e391409125950bee79 P 6d2d5443cbc54f2faab3cb39597331fb [term 0 FOLLOWER]: Replica starting. Triggering 0 pending ops. Active config: opid_index: -1 OBSOLETE_local: false peers { permanent_uuid: "b41d15c93e7e4ba0bcbcdc15171ffea0" member_type: VOTER last_known_addr { host: "127.3.178.129" port: 37261 } } peers { permanent_uuid: "9b1a08396e4141c8a9a3bec1493bfe3e" member_type: VOTER last_known_addr { host: "127.3.178.130" port: 44771 } } peers { permanent_uuid: "6d2d5443cbc54f2faab3cb39597331fb" member_type: VOTER last_known_addr { host: "127.3.178.131" port: 39859 } }
I20260709 12:20:54.467315  4113 raft_consensus.cc:385] T 60fb158d35e944e391409125950bee79 P 6d2d5443cbc54f2faab3cb39597331fb [term 0 FOLLOWER]: Consensus starting up: Expiring failure detector timer to make a prompt election more likely
I20260709 12:20:54.467756  4113 raft_consensus.cc:740] T 60fb158d35e944e391409125950bee79 P 6d2d5443cbc54f2faab3cb39597331fb [term 0 FOLLOWER]: Becoming Follower/Learner. State: Replica: 6d2d5443cbc54f2faab3cb39597331fb, State: Initialized, Role: FOLLOWER
I20260709 12:20:54.468621  4113 consensus_queue.cc:260] T 60fb158d35e944e391409125950bee79 P 6d2d5443cbc54f2faab3cb39597331fb [NON_LEADER]: Queue going to NON_LEADER mode. State: All replicated index: 0, Majority replicated index: 0, Committed index: 0, Last appended: 0.0, Last appended by leader: 0, Current term: 0, Majority size: -1, State: 0, Mode: NON_LEADER, active raft config: opid_index: -1 OBSOLETE_local: false peers { permanent_uuid: "b41d15c93e7e4ba0bcbcdc15171ffea0" member_type: VOTER last_known_addr { host: "127.3.178.129" port: 37261 } } peers { permanent_uuid: "9b1a08396e4141c8a9a3bec1493bfe3e" member_type: VOTER last_known_addr { host: "127.3.178.130" port: 44771 } } peers { permanent_uuid: "6d2d5443cbc54f2faab3cb39597331fb" member_type: VOTER last_known_addr { host: "127.3.178.131" port: 39859 } }
W20260709 12:20:54.470955  3947 tablet.cc:2406] T 9f44d5d27ab8449c9b2ca3e18668d5c9 P b41d15c93e7e4ba0bcbcdc15171ffea0: Can't schedule compaction. Clean time has not been advanced past its initial value.
I20260709 12:20:54.471351  4113 ts_tablet_manager.cc:1434] T 60fb158d35e944e391409125950bee79 P 6d2d5443cbc54f2faab3cb39597331fb: Time spent starting tablet: real 0.009s	user 0.010s	sys 0.001s
I20260709 12:20:54.472378  4113 tablet_bootstrap.cc:492] T ada420f161984656b54a29b6834acad1 P 6d2d5443cbc54f2faab3cb39597331fb: Bootstrap starting.
I20260709 12:20:54.477483  4114 tablet_bootstrap.cc:654] T b8ee1c6498f64f45a195b320ea6a1a5e P 9b1a08396e4141c8a9a3bec1493bfe3e: Neither blocks nor log segments found. Creating new log.
I20260709 12:20:54.472384  4115 tablet_bootstrap.cc:654] T 9bc5386fbb584af6a1664a0d6281c2be P b41d15c93e7e4ba0bcbcdc15171ffea0: Neither blocks nor log segments found. Creating new log.
I20260709 12:20:54.484704  4113 tablet_bootstrap.cc:654] T ada420f161984656b54a29b6834acad1 P 6d2d5443cbc54f2faab3cb39597331fb: Neither blocks nor log segments found. Creating new log.
I20260709 12:20:54.511224  4115 tablet_bootstrap.cc:492] T 9bc5386fbb584af6a1664a0d6281c2be P b41d15c93e7e4ba0bcbcdc15171ffea0: No bootstrap required, opened a new log
I20260709 12:20:54.511961  4115 ts_tablet_manager.cc:1403] T 9bc5386fbb584af6a1664a0d6281c2be P b41d15c93e7e4ba0bcbcdc15171ffea0: Time spent bootstrapping tablet: real 0.052s	user 0.010s	sys 0.022s
I20260709 12:20:54.515281  4114 tablet_bootstrap.cc:492] T b8ee1c6498f64f45a195b320ea6a1a5e P 9b1a08396e4141c8a9a3bec1493bfe3e: No bootstrap required, opened a new log
I20260709 12:20:54.515873  4114 ts_tablet_manager.cc:1403] T b8ee1c6498f64f45a195b320ea6a1a5e P 9b1a08396e4141c8a9a3bec1493bfe3e: Time spent bootstrapping tablet: real 0.054s	user 0.032s	sys 0.005s
I20260709 12:20:54.518859  4114 raft_consensus.cc:359] T b8ee1c6498f64f45a195b320ea6a1a5e P 9b1a08396e4141c8a9a3bec1493bfe3e [term 0 FOLLOWER]: Replica starting. Triggering 0 pending ops. Active config: opid_index: -1 OBSOLETE_local: false peers { permanent_uuid: "b41d15c93e7e4ba0bcbcdc15171ffea0" member_type: VOTER last_known_addr { host: "127.3.178.129" port: 37261 } } peers { permanent_uuid: "9b1a08396e4141c8a9a3bec1493bfe3e" member_type: VOTER last_known_addr { host: "127.3.178.130" port: 44771 } } peers { permanent_uuid: "6d2d5443cbc54f2faab3cb39597331fb" member_type: VOTER last_known_addr { host: "127.3.178.131" port: 39859 } }
I20260709 12:20:54.519786  4114 raft_consensus.cc:385] T b8ee1c6498f64f45a195b320ea6a1a5e P 9b1a08396e4141c8a9a3bec1493bfe3e [term 0 FOLLOWER]: Consensus starting up: Expiring failure detector timer to make a prompt election more likely
I20260709 12:20:54.520231  4114 raft_consensus.cc:740] T b8ee1c6498f64f45a195b320ea6a1a5e P 9b1a08396e4141c8a9a3bec1493bfe3e [term 0 FOLLOWER]: Becoming Follower/Learner. State: Replica: 9b1a08396e4141c8a9a3bec1493bfe3e, State: Initialized, Role: FOLLOWER
I20260709 12:20:54.521390  4114 consensus_queue.cc:260] T b8ee1c6498f64f45a195b320ea6a1a5e P 9b1a08396e4141c8a9a3bec1493bfe3e [NON_LEADER]: Queue going to NON_LEADER mode. State: All replicated index: 0, Majority replicated index: 0, Committed index: 0, Last appended: 0.0, Last appended by leader: 0, Current term: 0, Majority size: -1, State: 0, Mode: NON_LEADER, active raft config: opid_index: -1 OBSOLETE_local: false peers { permanent_uuid: "b41d15c93e7e4ba0bcbcdc15171ffea0" member_type: VOTER last_known_addr { host: "127.3.178.129" port: 37261 } } peers { permanent_uuid: "9b1a08396e4141c8a9a3bec1493bfe3e" member_type: VOTER last_known_addr { host: "127.3.178.130" port: 44771 } } peers { permanent_uuid: "6d2d5443cbc54f2faab3cb39597331fb" member_type: VOTER last_known_addr { host: "127.3.178.131" port: 39859 } }
I20260709 12:20:54.522500  4113 tablet_bootstrap.cc:492] T ada420f161984656b54a29b6834acad1 P 6d2d5443cbc54f2faab3cb39597331fb: No bootstrap required, opened a new log
I20260709 12:20:54.523053  4113 ts_tablet_manager.cc:1403] T ada420f161984656b54a29b6834acad1 P 6d2d5443cbc54f2faab3cb39597331fb: Time spent bootstrapping tablet: real 0.051s	user 0.010s	sys 0.012s
I20260709 12:20:54.524477  4115 raft_consensus.cc:359] T 9bc5386fbb584af6a1664a0d6281c2be P b41d15c93e7e4ba0bcbcdc15171ffea0 [term 0 FOLLOWER]: Replica starting. Triggering 0 pending ops. Active config: opid_index: -1 OBSOLETE_local: false peers { permanent_uuid: "b41d15c93e7e4ba0bcbcdc15171ffea0" member_type: VOTER last_known_addr { host: "127.3.178.129" port: 37261 } } peers { permanent_uuid: "9b1a08396e4141c8a9a3bec1493bfe3e" member_type: VOTER last_known_addr { host: "127.3.178.130" port: 44771 } } peers { permanent_uuid: "6d2d5443cbc54f2faab3cb39597331fb" member_type: VOTER last_known_addr { host: "127.3.178.131" port: 39859 } }
I20260709 12:20:54.525210  4115 raft_consensus.cc:385] T 9bc5386fbb584af6a1664a0d6281c2be P b41d15c93e7e4ba0bcbcdc15171ffea0 [term 0 FOLLOWER]: Consensus starting up: Expiring failure detector timer to make a prompt election more likely
I20260709 12:20:54.525529  4115 raft_consensus.cc:740] T 9bc5386fbb584af6a1664a0d6281c2be P b41d15c93e7e4ba0bcbcdc15171ffea0 [term 0 FOLLOWER]: Becoming Follower/Learner. State: Replica: b41d15c93e7e4ba0bcbcdc15171ffea0, State: Initialized, Role: FOLLOWER
I20260709 12:20:54.526665  4113 raft_consensus.cc:359] T ada420f161984656b54a29b6834acad1 P 6d2d5443cbc54f2faab3cb39597331fb [term 0 FOLLOWER]: Replica starting. Triggering 0 pending ops. Active config: opid_index: -1 OBSOLETE_local: false peers { permanent_uuid: "b41d15c93e7e4ba0bcbcdc15171ffea0" member_type: VOTER last_known_addr { host: "127.3.178.129" port: 37261 } } peers { permanent_uuid: "9b1a08396e4141c8a9a3bec1493bfe3e" member_type: VOTER last_known_addr { host: "127.3.178.130" port: 44771 } } peers { permanent_uuid: "6d2d5443cbc54f2faab3cb39597331fb" member_type: VOTER last_known_addr { host: "127.3.178.131" port: 39859 } }
I20260709 12:20:54.527568  4113 raft_consensus.cc:385] T ada420f161984656b54a29b6834acad1 P 6d2d5443cbc54f2faab3cb39597331fb [term 0 FOLLOWER]: Consensus starting up: Expiring failure detector timer to make a prompt election more likely
I20260709 12:20:54.527908  4114 ts_tablet_manager.cc:1434] T b8ee1c6498f64f45a195b320ea6a1a5e P 9b1a08396e4141c8a9a3bec1493bfe3e: Time spent starting tablet: real 0.012s	user 0.006s	sys 0.000s
I20260709 12:20:54.527933  4113 raft_consensus.cc:740] T ada420f161984656b54a29b6834acad1 P 6d2d5443cbc54f2faab3cb39597331fb [term 0 FOLLOWER]: Becoming Follower/Learner. State: Replica: 6d2d5443cbc54f2faab3cb39597331fb, State: Initialized, Role: FOLLOWER
I20260709 12:20:54.529042  4114 tablet_bootstrap.cc:492] T c771111c84ac4f46b8de57cf2cc1c9b4 P 9b1a08396e4141c8a9a3bec1493bfe3e: Bootstrap starting.
I20260709 12:20:54.528983  4113 consensus_queue.cc:260] T ada420f161984656b54a29b6834acad1 P 6d2d5443cbc54f2faab3cb39597331fb [NON_LEADER]: Queue going to NON_LEADER mode. State: All replicated index: 0, Majority replicated index: 0, Committed index: 0, Last appended: 0.0, Last appended by leader: 0, Current term: 0, Majority size: -1, State: 0, Mode: NON_LEADER, active raft config: opid_index: -1 OBSOLETE_local: false peers { permanent_uuid: "b41d15c93e7e4ba0bcbcdc15171ffea0" member_type: VOTER last_known_addr { host: "127.3.178.129" port: 37261 } } peers { permanent_uuid: "9b1a08396e4141c8a9a3bec1493bfe3e" member_type: VOTER last_known_addr { host: "127.3.178.130" port: 44771 } } peers { permanent_uuid: "6d2d5443cbc54f2faab3cb39597331fb" member_type: VOTER last_known_addr { host: "127.3.178.131" port: 39859 } }
I20260709 12:20:54.532119  4113 ts_tablet_manager.cc:1434] T ada420f161984656b54a29b6834acad1 P 6d2d5443cbc54f2faab3cb39597331fb: Time spent starting tablet: real 0.009s	user 0.006s	sys 0.002s
I20260709 12:20:54.533252  4113 tablet_bootstrap.cc:492] T b8ee1c6498f64f45a195b320ea6a1a5e P 6d2d5443cbc54f2faab3cb39597331fb: Bootstrap starting.
I20260709 12:20:54.538975  4115 consensus_queue.cc:260] T 9bc5386fbb584af6a1664a0d6281c2be P b41d15c93e7e4ba0bcbcdc15171ffea0 [NON_LEADER]: Queue going to NON_LEADER mode. State: All replicated index: 0, Majority replicated index: 0, Committed index: 0, Last appended: 0.0, Last appended by leader: 0, Current term: 0, Majority size: -1, State: 0, Mode: NON_LEADER, active raft config: opid_index: -1 OBSOLETE_local: false peers { permanent_uuid: "b41d15c93e7e4ba0bcbcdc15171ffea0" member_type: VOTER last_known_addr { host: "127.3.178.129" port: 37261 } } peers { permanent_uuid: "9b1a08396e4141c8a9a3bec1493bfe3e" member_type: VOTER last_known_addr { host: "127.3.178.130" port: 44771 } } peers { permanent_uuid: "6d2d5443cbc54f2faab3cb39597331fb" member_type: VOTER last_known_addr { host: "127.3.178.131" port: 39859 } }
I20260709 12:20:54.541077  4113 tablet_bootstrap.cc:654] T b8ee1c6498f64f45a195b320ea6a1a5e P 6d2d5443cbc54f2faab3cb39597331fb: Neither blocks nor log segments found. Creating new log.
I20260709 12:20:54.541299  4115 ts_tablet_manager.cc:1434] T 9bc5386fbb584af6a1664a0d6281c2be P b41d15c93e7e4ba0bcbcdc15171ffea0: Time spent starting tablet: real 0.029s	user 0.003s	sys 0.002s
I20260709 12:20:54.542263  4115 tablet_bootstrap.cc:492] T b8ee1c6498f64f45a195b320ea6a1a5e P b41d15c93e7e4ba0bcbcdc15171ffea0: Bootstrap starting.
I20260709 12:20:54.549043  4115 tablet_bootstrap.cc:654] T b8ee1c6498f64f45a195b320ea6a1a5e P b41d15c93e7e4ba0bcbcdc15171ffea0: Neither blocks nor log segments found. Creating new log.
I20260709 12:20:54.552603  4114 tablet_bootstrap.cc:654] T c771111c84ac4f46b8de57cf2cc1c9b4 P 9b1a08396e4141c8a9a3bec1493bfe3e: Neither blocks nor log segments found. Creating new log.
I20260709 12:20:54.563090  4113 tablet_bootstrap.cc:492] T b8ee1c6498f64f45a195b320ea6a1a5e P 6d2d5443cbc54f2faab3cb39597331fb: No bootstrap required, opened a new log
I20260709 12:20:54.563681  4113 ts_tablet_manager.cc:1403] T b8ee1c6498f64f45a195b320ea6a1a5e P 6d2d5443cbc54f2faab3cb39597331fb: Time spent bootstrapping tablet: real 0.031s	user 0.015s	sys 0.004s
I20260709 12:20:54.566545  4117 raft_consensus.cc:493] T ada420f161984656b54a29b6834acad1 P 6d2d5443cbc54f2faab3cb39597331fb [term 0 FOLLOWER]: Starting pre-election (no leader contacted us within the election timeout)
I20260709 12:20:54.567149  4117 raft_consensus.cc:515] T ada420f161984656b54a29b6834acad1 P 6d2d5443cbc54f2faab3cb39597331fb [term 0 FOLLOWER]: Starting pre-election with config: opid_index: -1 OBSOLETE_local: false peers { permanent_uuid: "b41d15c93e7e4ba0bcbcdc15171ffea0" member_type: VOTER last_known_addr { host: "127.3.178.129" port: 37261 } } peers { permanent_uuid: "9b1a08396e4141c8a9a3bec1493bfe3e" member_type: VOTER last_known_addr { host: "127.3.178.130" port: 44771 } } peers { permanent_uuid: "6d2d5443cbc54f2faab3cb39597331fb" member_type: VOTER last_known_addr { host: "127.3.178.131" port: 39859 } }
I20260709 12:20:54.570725  4117 leader_election.cc:290] T ada420f161984656b54a29b6834acad1 P 6d2d5443cbc54f2faab3cb39597331fb [CANDIDATE]: Term 1 pre-election: Requested pre-vote from peers b41d15c93e7e4ba0bcbcdc15171ffea0 (127.3.178.129:37261), 9b1a08396e4141c8a9a3bec1493bfe3e (127.3.178.130:44771)
I20260709 12:20:54.571151  4114 tablet_bootstrap.cc:492] T c771111c84ac4f46b8de57cf2cc1c9b4 P 9b1a08396e4141c8a9a3bec1493bfe3e: No bootstrap required, opened a new log
I20260709 12:20:54.571653  4114 ts_tablet_manager.cc:1403] T c771111c84ac4f46b8de57cf2cc1c9b4 P 9b1a08396e4141c8a9a3bec1493bfe3e: Time spent bootstrapping tablet: real 0.043s	user 0.020s	sys 0.000s
I20260709 12:20:54.572377  4113 raft_consensus.cc:359] T b8ee1c6498f64f45a195b320ea6a1a5e P 6d2d5443cbc54f2faab3cb39597331fb [term 0 FOLLOWER]: Replica starting. Triggering 0 pending ops. Active config: opid_index: -1 OBSOLETE_local: false peers { permanent_uuid: "b41d15c93e7e4ba0bcbcdc15171ffea0" member_type: VOTER last_known_addr { host: "127.3.178.129" port: 37261 } } peers { permanent_uuid: "9b1a08396e4141c8a9a3bec1493bfe3e" member_type: VOTER last_known_addr { host: "127.3.178.130" port: 44771 } } peers { permanent_uuid: "6d2d5443cbc54f2faab3cb39597331fb" member_type: VOTER last_known_addr { host: "127.3.178.131" port: 39859 } }
I20260709 12:20:54.573305  4113 raft_consensus.cc:385] T b8ee1c6498f64f45a195b320ea6a1a5e P 6d2d5443cbc54f2faab3cb39597331fb [term 0 FOLLOWER]: Consensus starting up: Expiring failure detector timer to make a prompt election more likely
I20260709 12:20:54.573666  4113 raft_consensus.cc:740] T b8ee1c6498f64f45a195b320ea6a1a5e P 6d2d5443cbc54f2faab3cb39597331fb [term 0 FOLLOWER]: Becoming Follower/Learner. State: Replica: 6d2d5443cbc54f2faab3cb39597331fb, State: Initialized, Role: FOLLOWER
I20260709 12:20:54.574501  4113 consensus_queue.cc:260] T b8ee1c6498f64f45a195b320ea6a1a5e P 6d2d5443cbc54f2faab3cb39597331fb [NON_LEADER]: Queue going to NON_LEADER mode. State: All replicated index: 0, Majority replicated index: 0, Committed index: 0, Last appended: 0.0, Last appended by leader: 0, Current term: 0, Majority size: -1, State: 0, Mode: NON_LEADER, active raft config: opid_index: -1 OBSOLETE_local: false peers { permanent_uuid: "b41d15c93e7e4ba0bcbcdc15171ffea0" member_type: VOTER last_known_addr { host: "127.3.178.129" port: 37261 } } peers { permanent_uuid: "9b1a08396e4141c8a9a3bec1493bfe3e" member_type: VOTER last_known_addr { host: "127.3.178.130" port: 44771 } } peers { permanent_uuid: "6d2d5443cbc54f2faab3cb39597331fb" member_type: VOTER last_known_addr { host: "127.3.178.131" port: 39859 } }
I20260709 12:20:54.575356  4114 raft_consensus.cc:359] T c771111c84ac4f46b8de57cf2cc1c9b4 P 9b1a08396e4141c8a9a3bec1493bfe3e [term 0 FOLLOWER]: Replica starting. Triggering 0 pending ops. Active config: opid_index: -1 OBSOLETE_local: false peers { permanent_uuid: "b41d15c93e7e4ba0bcbcdc15171ffea0" member_type: VOTER last_known_addr { host: "127.3.178.129" port: 37261 } } peers { permanent_uuid: "9b1a08396e4141c8a9a3bec1493bfe3e" member_type: VOTER last_known_addr { host: "127.3.178.130" port: 44771 } } peers { permanent_uuid: "6d2d5443cbc54f2faab3cb39597331fb" member_type: VOTER last_known_addr { host: "127.3.178.131" port: 39859 } }
I20260709 12:20:54.576171  4114 raft_consensus.cc:385] T c771111c84ac4f46b8de57cf2cc1c9b4 P 9b1a08396e4141c8a9a3bec1493bfe3e [term 0 FOLLOWER]: Consensus starting up: Expiring failure detector timer to make a prompt election more likely
I20260709 12:20:54.576470  4114 raft_consensus.cc:740] T c771111c84ac4f46b8de57cf2cc1c9b4 P 9b1a08396e4141c8a9a3bec1493bfe3e [term 0 FOLLOWER]: Becoming Follower/Learner. State: Replica: 9b1a08396e4141c8a9a3bec1493bfe3e, State: Initialized, Role: FOLLOWER
I20260709 12:20:54.577520  4113 ts_tablet_manager.cc:1434] T b8ee1c6498f64f45a195b320ea6a1a5e P 6d2d5443cbc54f2faab3cb39597331fb: Time spent starting tablet: real 0.013s	user 0.007s	sys 0.001s
I20260709 12:20:54.577184  4114 consensus_queue.cc:260] T c771111c84ac4f46b8de57cf2cc1c9b4 P 9b1a08396e4141c8a9a3bec1493bfe3e [NON_LEADER]: Queue going to NON_LEADER mode. State: All replicated index: 0, Majority replicated index: 0, Committed index: 0, Last appended: 0.0, Last appended by leader: 0, Current term: 0, Majority size: -1, State: 0, Mode: NON_LEADER, active raft config: opid_index: -1 OBSOLETE_local: false peers { permanent_uuid: "b41d15c93e7e4ba0bcbcdc15171ffea0" member_type: VOTER last_known_addr { host: "127.3.178.129" port: 37261 } } peers { permanent_uuid: "9b1a08396e4141c8a9a3bec1493bfe3e" member_type: VOTER last_known_addr { host: "127.3.178.130" port: 44771 } } peers { permanent_uuid: "6d2d5443cbc54f2faab3cb39597331fb" member_type: VOTER last_known_addr { host: "127.3.178.131" port: 39859 } }
I20260709 12:20:54.578698  4113 tablet_bootstrap.cc:492] T 899e331408aa4d15827c38925c8069dc P 6d2d5443cbc54f2faab3cb39597331fb: Bootstrap starting.
I20260709 12:20:54.579659  4114 ts_tablet_manager.cc:1434] T c771111c84ac4f46b8de57cf2cc1c9b4 P 9b1a08396e4141c8a9a3bec1493bfe3e: Time spent starting tablet: real 0.008s	user 0.008s	sys 0.000s
I20260709 12:20:54.580686  4114 tablet_bootstrap.cc:492] T 99dd6afcb02948e89d1e4dfe37c73509 P 9b1a08396e4141c8a9a3bec1493bfe3e: Bootstrap starting.
I20260709 12:20:54.587591  4113 tablet_bootstrap.cc:654] T 899e331408aa4d15827c38925c8069dc P 6d2d5443cbc54f2faab3cb39597331fb: Neither blocks nor log segments found. Creating new log.
I20260709 12:20:54.587996  4114 tablet_bootstrap.cc:654] T 99dd6afcb02948e89d1e4dfe37c73509 P 9b1a08396e4141c8a9a3bec1493bfe3e: Neither blocks nor log segments found. Creating new log.
I20260709 12:20:54.601647  4113 tablet_bootstrap.cc:492] T 899e331408aa4d15827c38925c8069dc P 6d2d5443cbc54f2faab3cb39597331fb: No bootstrap required, opened a new log
I20260709 12:20:54.602234  4113 ts_tablet_manager.cc:1403] T 899e331408aa4d15827c38925c8069dc P 6d2d5443cbc54f2faab3cb39597331fb: Time spent bootstrapping tablet: real 0.024s	user 0.012s	sys 0.008s
I20260709 12:20:54.603636  4114 tablet_bootstrap.cc:492] T 99dd6afcb02948e89d1e4dfe37c73509 P 9b1a08396e4141c8a9a3bec1493bfe3e: No bootstrap required, opened a new log
I20260709 12:20:54.604162  4114 ts_tablet_manager.cc:1403] T 99dd6afcb02948e89d1e4dfe37c73509 P 9b1a08396e4141c8a9a3bec1493bfe3e: Time spent bootstrapping tablet: real 0.024s	user 0.007s	sys 0.011s
I20260709 12:20:54.605695  4113 raft_consensus.cc:359] T 899e331408aa4d15827c38925c8069dc P 6d2d5443cbc54f2faab3cb39597331fb [term 0 FOLLOWER]: Replica starting. Triggering 0 pending ops. Active config: opid_index: -1 OBSOLETE_local: false peers { permanent_uuid: "b41d15c93e7e4ba0bcbcdc15171ffea0" member_type: VOTER last_known_addr { host: "127.3.178.129" port: 37261 } } peers { permanent_uuid: "9b1a08396e4141c8a9a3bec1493bfe3e" member_type: VOTER last_known_addr { host: "127.3.178.130" port: 44771 } } peers { permanent_uuid: "6d2d5443cbc54f2faab3cb39597331fb" member_type: VOTER last_known_addr { host: "127.3.178.131" port: 39859 } }
I20260709 12:20:54.606594  4113 raft_consensus.cc:385] T 899e331408aa4d15827c38925c8069dc P 6d2d5443cbc54f2faab3cb39597331fb [term 0 FOLLOWER]: Consensus starting up: Expiring failure detector timer to make a prompt election more likely
I20260709 12:20:54.607113  4113 raft_consensus.cc:740] T 899e331408aa4d15827c38925c8069dc P 6d2d5443cbc54f2faab3cb39597331fb [term 0 FOLLOWER]: Becoming Follower/Learner. State: Replica: 6d2d5443cbc54f2faab3cb39597331fb, State: Initialized, Role: FOLLOWER
I20260709 12:20:54.607702  4114 raft_consensus.cc:359] T 99dd6afcb02948e89d1e4dfe37c73509 P 9b1a08396e4141c8a9a3bec1493bfe3e [term 0 FOLLOWER]: Replica starting. Triggering 0 pending ops. Active config: opid_index: -1 OBSOLETE_local: false peers { permanent_uuid: "b41d15c93e7e4ba0bcbcdc15171ffea0" member_type: VOTER last_known_addr { host: "127.3.178.129" port: 37261 } } peers { permanent_uuid: "9b1a08396e4141c8a9a3bec1493bfe3e" member_type: VOTER last_known_addr { host: "127.3.178.130" port: 44771 } } peers { permanent_uuid: "6d2d5443cbc54f2faab3cb39597331fb" member_type: VOTER last_known_addr { host: "127.3.178.131" port: 39859 } }
I20260709 12:20:54.608031  4113 consensus_queue.cc:260] T 899e331408aa4d15827c38925c8069dc P 6d2d5443cbc54f2faab3cb39597331fb [NON_LEADER]: Queue going to NON_LEADER mode. State: All replicated index: 0, Majority replicated index: 0, Committed index: 0, Last appended: 0.0, Last appended by leader: 0, Current term: 0, Majority size: -1, State: 0, Mode: NON_LEADER, active raft config: opid_index: -1 OBSOLETE_local: false peers { permanent_uuid: "b41d15c93e7e4ba0bcbcdc15171ffea0" member_type: VOTER last_known_addr { host: "127.3.178.129" port: 37261 } } peers { permanent_uuid: "9b1a08396e4141c8a9a3bec1493bfe3e" member_type: VOTER last_known_addr { host: "127.3.178.130" port: 44771 } } peers { permanent_uuid: "6d2d5443cbc54f2faab3cb39597331fb" member_type: VOTER last_known_addr { host: "127.3.178.131" port: 39859 } }
I20260709 12:20:54.608713  4114 raft_consensus.cc:385] T 99dd6afcb02948e89d1e4dfe37c73509 P 9b1a08396e4141c8a9a3bec1493bfe3e [term 0 FOLLOWER]: Consensus starting up: Expiring failure detector timer to make a prompt election more likely
I20260709 12:20:54.609064  4114 raft_consensus.cc:740] T 99dd6afcb02948e89d1e4dfe37c73509 P 9b1a08396e4141c8a9a3bec1493bfe3e [term 0 FOLLOWER]: Becoming Follower/Learner. State: Replica: 9b1a08396e4141c8a9a3bec1493bfe3e, State: Initialized, Role: FOLLOWER
I20260709 12:20:54.610153  4117 raft_consensus.cc:493] T 60fb158d35e944e391409125950bee79 P 6d2d5443cbc54f2faab3cb39597331fb [term 0 FOLLOWER]: Starting pre-election (no leader contacted us within the election timeout)
I20260709 12:20:54.609858  4114 consensus_queue.cc:260] T 99dd6afcb02948e89d1e4dfe37c73509 P 9b1a08396e4141c8a9a3bec1493bfe3e [NON_LEADER]: Queue going to NON_LEADER mode. State: All replicated index: 0, Majority replicated index: 0, Committed index: 0, Last appended: 0.0, Last appended by leader: 0, Current term: 0, Majority size: -1, State: 0, Mode: NON_LEADER, active raft config: opid_index: -1 OBSOLETE_local: false peers { permanent_uuid: "b41d15c93e7e4ba0bcbcdc15171ffea0" member_type: VOTER last_known_addr { host: "127.3.178.129" port: 37261 } } peers { permanent_uuid: "9b1a08396e4141c8a9a3bec1493bfe3e" member_type: VOTER last_known_addr { host: "127.3.178.130" port: 44771 } } peers { permanent_uuid: "6d2d5443cbc54f2faab3cb39597331fb" member_type: VOTER last_known_addr { host: "127.3.178.131" port: 39859 } }
I20260709 12:20:54.610685  4117 raft_consensus.cc:515] T 60fb158d35e944e391409125950bee79 P 6d2d5443cbc54f2faab3cb39597331fb [term 0 FOLLOWER]: Starting pre-election with config: opid_index: -1 OBSOLETE_local: false peers { permanent_uuid: "b41d15c93e7e4ba0bcbcdc15171ffea0" member_type: VOTER last_known_addr { host: "127.3.178.129" port: 37261 } } peers { permanent_uuid: "9b1a08396e4141c8a9a3bec1493bfe3e" member_type: VOTER last_known_addr { host: "127.3.178.130" port: 44771 } } peers { permanent_uuid: "6d2d5443cbc54f2faab3cb39597331fb" member_type: VOTER last_known_addr { host: "127.3.178.131" port: 39859 } }
I20260709 12:20:54.613040  4117 leader_election.cc:290] T 60fb158d35e944e391409125950bee79 P 6d2d5443cbc54f2faab3cb39597331fb [CANDIDATE]: Term 1 pre-election: Requested pre-vote from peers b41d15c93e7e4ba0bcbcdc15171ffea0 (127.3.178.129:37261), 9b1a08396e4141c8a9a3bec1493bfe3e (127.3.178.130:44771)
I20260709 12:20:54.613107  4114 ts_tablet_manager.cc:1434] T 99dd6afcb02948e89d1e4dfe37c73509 P 9b1a08396e4141c8a9a3bec1493bfe3e: Time spent starting tablet: real 0.009s	user 0.007s	sys 0.001s
I20260709 12:20:54.614404  4114 tablet_bootstrap.cc:492] T 899e331408aa4d15827c38925c8069dc P 9b1a08396e4141c8a9a3bec1493bfe3e: Bootstrap starting.
I20260709 12:20:54.614773  4113 ts_tablet_manager.cc:1434] T 899e331408aa4d15827c38925c8069dc P 6d2d5443cbc54f2faab3cb39597331fb: Time spent starting tablet: real 0.012s	user 0.009s	sys 0.001s
I20260709 12:20:54.615919  4113 tablet_bootstrap.cc:492] T 8fec73632042431aa0d107a8443da36d P 6d2d5443cbc54f2faab3cb39597331fb: Bootstrap starting.
I20260709 12:20:54.621881  4114 tablet_bootstrap.cc:654] T 899e331408aa4d15827c38925c8069dc P 9b1a08396e4141c8a9a3bec1493bfe3e: Neither blocks nor log segments found. Creating new log.
I20260709 12:20:54.623674  4113 tablet_bootstrap.cc:654] T 8fec73632042431aa0d107a8443da36d P 6d2d5443cbc54f2faab3cb39597331fb: Neither blocks nor log segments found. Creating new log.
I20260709 12:20:54.628966  4121 raft_consensus.cc:493] T 9bc5386fbb584af6a1664a0d6281c2be P b41d15c93e7e4ba0bcbcdc15171ffea0 [term 0 FOLLOWER]: Starting pre-election (no leader contacted us within the election timeout)
I20260709 12:20:54.629698  4121 raft_consensus.cc:515] T 9bc5386fbb584af6a1664a0d6281c2be P b41d15c93e7e4ba0bcbcdc15171ffea0 [term 0 FOLLOWER]: Starting pre-election with config: opid_index: -1 OBSOLETE_local: false peers { permanent_uuid: "b41d15c93e7e4ba0bcbcdc15171ffea0" member_type: VOTER last_known_addr { host: "127.3.178.129" port: 37261 } } peers { permanent_uuid: "9b1a08396e4141c8a9a3bec1493bfe3e" member_type: VOTER last_known_addr { host: "127.3.178.130" port: 44771 } } peers { permanent_uuid: "6d2d5443cbc54f2faab3cb39597331fb" member_type: VOTER last_known_addr { host: "127.3.178.131" port: 39859 } }
I20260709 12:20:54.634567  4121 leader_election.cc:290] T 9bc5386fbb584af6a1664a0d6281c2be P b41d15c93e7e4ba0bcbcdc15171ffea0 [CANDIDATE]: Term 1 pre-election: Requested pre-vote from peers 9b1a08396e4141c8a9a3bec1493bfe3e (127.3.178.130:44771), 6d2d5443cbc54f2faab3cb39597331fb (127.3.178.131:39859)
I20260709 12:20:54.641068  4115 tablet_bootstrap.cc:492] T b8ee1c6498f64f45a195b320ea6a1a5e P b41d15c93e7e4ba0bcbcdc15171ffea0: No bootstrap required, opened a new log
I20260709 12:20:54.641499  4114 tablet_bootstrap.cc:492] T 899e331408aa4d15827c38925c8069dc P 9b1a08396e4141c8a9a3bec1493bfe3e: No bootstrap required, opened a new log
I20260709 12:20:54.641676  4115 ts_tablet_manager.cc:1403] T b8ee1c6498f64f45a195b320ea6a1a5e P b41d15c93e7e4ba0bcbcdc15171ffea0: Time spent bootstrapping tablet: real 0.100s	user 0.008s	sys 0.008s
I20260709 12:20:54.642230  4114 ts_tablet_manager.cc:1403] T 899e331408aa4d15827c38925c8069dc P 9b1a08396e4141c8a9a3bec1493bfe3e: Time spent bootstrapping tablet: real 0.028s	user 0.014s	sys 0.003s
I20260709 12:20:54.645990  4115 raft_consensus.cc:359] T b8ee1c6498f64f45a195b320ea6a1a5e P b41d15c93e7e4ba0bcbcdc15171ffea0 [term 0 FOLLOWER]: Replica starting. Triggering 0 pending ops. Active config: opid_index: -1 OBSOLETE_local: false peers { permanent_uuid: "b41d15c93e7e4ba0bcbcdc15171ffea0" member_type: VOTER last_known_addr { host: "127.3.178.129" port: 37261 } } peers { permanent_uuid: "9b1a08396e4141c8a9a3bec1493bfe3e" member_type: VOTER last_known_addr { host: "127.3.178.130" port: 44771 } } peers { permanent_uuid: "6d2d5443cbc54f2faab3cb39597331fb" member_type: VOTER last_known_addr { host: "127.3.178.131" port: 39859 } }
I20260709 12:20:54.646803  4115 raft_consensus.cc:385] T b8ee1c6498f64f45a195b320ea6a1a5e P b41d15c93e7e4ba0bcbcdc15171ffea0 [term 0 FOLLOWER]: Consensus starting up: Expiring failure detector timer to make a prompt election more likely
I20260709 12:20:54.647182  4115 raft_consensus.cc:740] T b8ee1c6498f64f45a195b320ea6a1a5e P b41d15c93e7e4ba0bcbcdc15171ffea0 [term 0 FOLLOWER]: Becoming Follower/Learner. State: Replica: b41d15c93e7e4ba0bcbcdc15171ffea0, State: Initialized, Role: FOLLOWER
I20260709 12:20:54.647023  4114 raft_consensus.cc:359] T 899e331408aa4d15827c38925c8069dc P 9b1a08396e4141c8a9a3bec1493bfe3e [term 0 FOLLOWER]: Replica starting. Triggering 0 pending ops. Active config: opid_index: -1 OBSOLETE_local: false peers { permanent_uuid: "b41d15c93e7e4ba0bcbcdc15171ffea0" member_type: VOTER last_known_addr { host: "127.3.178.129" port: 37261 } } peers { permanent_uuid: "9b1a08396e4141c8a9a3bec1493bfe3e" member_type: VOTER last_known_addr { host: "127.3.178.130" port: 44771 } } peers { permanent_uuid: "6d2d5443cbc54f2faab3cb39597331fb" member_type: VOTER last_known_addr { host: "127.3.178.131" port: 39859 } }
I20260709 12:20:54.648150  4114 raft_consensus.cc:385] T 899e331408aa4d15827c38925c8069dc P 9b1a08396e4141c8a9a3bec1493bfe3e [term 0 FOLLOWER]: Consensus starting up: Expiring failure detector timer to make a prompt election more likely
I20260709 12:20:54.649022  4114 raft_consensus.cc:740] T 899e331408aa4d15827c38925c8069dc P 9b1a08396e4141c8a9a3bec1493bfe3e [term 0 FOLLOWER]: Becoming Follower/Learner. State: Replica: 9b1a08396e4141c8a9a3bec1493bfe3e, State: Initialized, Role: FOLLOWER
I20260709 12:20:54.648166  4115 consensus_queue.cc:260] T b8ee1c6498f64f45a195b320ea6a1a5e P b41d15c93e7e4ba0bcbcdc15171ffea0 [NON_LEADER]: Queue going to NON_LEADER mode. State: All replicated index: 0, Majority replicated index: 0, Committed index: 0, Last appended: 0.0, Last appended by leader: 0, Current term: 0, Majority size: -1, State: 0, Mode: NON_LEADER, active raft config: opid_index: -1 OBSOLETE_local: false peers { permanent_uuid: "b41d15c93e7e4ba0bcbcdc15171ffea0" member_type: VOTER last_known_addr { host: "127.3.178.129" port: 37261 } } peers { permanent_uuid: "9b1a08396e4141c8a9a3bec1493bfe3e" member_type: VOTER last_known_addr { host: "127.3.178.130" port: 44771 } } peers { permanent_uuid: "6d2d5443cbc54f2faab3cb39597331fb" member_type: VOTER last_known_addr { host: "127.3.178.131" port: 39859 } }
I20260709 12:20:54.655373  4113 tablet_bootstrap.cc:492] T 8fec73632042431aa0d107a8443da36d P 6d2d5443cbc54f2faab3cb39597331fb: No bootstrap required, opened a new log
I20260709 12:20:54.655941  4113 ts_tablet_manager.cc:1403] T 8fec73632042431aa0d107a8443da36d P 6d2d5443cbc54f2faab3cb39597331fb: Time spent bootstrapping tablet: real 0.040s	user 0.016s	sys 0.004s
I20260709 12:20:54.657284  4115 ts_tablet_manager.cc:1434] T b8ee1c6498f64f45a195b320ea6a1a5e P b41d15c93e7e4ba0bcbcdc15171ffea0: Time spent starting tablet: real 0.015s	user 0.011s	sys 0.000s
I20260709 12:20:54.657542  4114 consensus_queue.cc:260] T 899e331408aa4d15827c38925c8069dc P 9b1a08396e4141c8a9a3bec1493bfe3e [NON_LEADER]: Queue going to NON_LEADER mode. State: All replicated index: 0, Majority replicated index: 0, Committed index: 0, Last appended: 0.0, Last appended by leader: 0, Current term: 0, Majority size: -1, State: 0, Mode: NON_LEADER, active raft config: opid_index: -1 OBSOLETE_local: false peers { permanent_uuid: "b41d15c93e7e4ba0bcbcdc15171ffea0" member_type: VOTER last_known_addr { host: "127.3.178.129" port: 37261 } } peers { permanent_uuid: "9b1a08396e4141c8a9a3bec1493bfe3e" member_type: VOTER last_known_addr { host: "127.3.178.130" port: 44771 } } peers { permanent_uuid: "6d2d5443cbc54f2faab3cb39597331fb" member_type: VOTER last_known_addr { host: "127.3.178.131" port: 39859 } }
I20260709 12:20:54.660210  4115 tablet_bootstrap.cc:492] T 99dd6afcb02948e89d1e4dfe37c73509 P b41d15c93e7e4ba0bcbcdc15171ffea0: Bootstrap starting.
I20260709 12:20:54.664278  4113 raft_consensus.cc:359] T 8fec73632042431aa0d107a8443da36d P 6d2d5443cbc54f2faab3cb39597331fb [term 0 FOLLOWER]: Replica starting. Triggering 0 pending ops. Active config: opid_index: -1 OBSOLETE_local: false peers { permanent_uuid: "b41d15c93e7e4ba0bcbcdc15171ffea0" member_type: VOTER last_known_addr { host: "127.3.178.129" port: 37261 } } peers { permanent_uuid: "9b1a08396e4141c8a9a3bec1493bfe3e" member_type: VOTER last_known_addr { host: "127.3.178.130" port: 44771 } } peers { permanent_uuid: "6d2d5443cbc54f2faab3cb39597331fb" member_type: VOTER last_known_addr { host: "127.3.178.131" port: 39859 } }
I20260709 12:20:54.665035  4113 raft_consensus.cc:385] T 8fec73632042431aa0d107a8443da36d P 6d2d5443cbc54f2faab3cb39597331fb [term 0 FOLLOWER]: Consensus starting up: Expiring failure detector timer to make a prompt election more likely
I20260709 12:20:54.665385  4113 raft_consensus.cc:740] T 8fec73632042431aa0d107a8443da36d P 6d2d5443cbc54f2faab3cb39597331fb [term 0 FOLLOWER]: Becoming Follower/Learner. State: Replica: 6d2d5443cbc54f2faab3cb39597331fb, State: Initialized, Role: FOLLOWER
I20260709 12:20:54.666149  4113 consensus_queue.cc:260] T 8fec73632042431aa0d107a8443da36d P 6d2d5443cbc54f2faab3cb39597331fb [NON_LEADER]: Queue going to NON_LEADER mode. State: All replicated index: 0, Majority replicated index: 0, Committed index: 0, Last appended: 0.0, Last appended by leader: 0, Current term: 0, Majority size: -1, State: 0, Mode: NON_LEADER, active raft config: opid_index: -1 OBSOLETE_local: false peers { permanent_uuid: "b41d15c93e7e4ba0bcbcdc15171ffea0" member_type: VOTER last_known_addr { host: "127.3.178.129" port: 37261 } } peers { permanent_uuid: "9b1a08396e4141c8a9a3bec1493bfe3e" member_type: VOTER last_known_addr { host: "127.3.178.130" port: 44771 } } peers { permanent_uuid: "6d2d5443cbc54f2faab3cb39597331fb" member_type: VOTER last_known_addr { host: "127.3.178.131" port: 39859 } }
I20260709 12:20:54.669180  4114 ts_tablet_manager.cc:1434] T 899e331408aa4d15827c38925c8069dc P 9b1a08396e4141c8a9a3bec1493bfe3e: Time spent starting tablet: real 0.026s	user 0.003s	sys 0.009s
I20260709 12:20:54.685225  4114 tablet_bootstrap.cc:492] T 8fec73632042431aa0d107a8443da36d P 9b1a08396e4141c8a9a3bec1493bfe3e: Bootstrap starting.
I20260709 12:20:54.670558  4113 ts_tablet_manager.cc:1434] T 8fec73632042431aa0d107a8443da36d P 6d2d5443cbc54f2faab3cb39597331fb: Time spent starting tablet: real 0.014s	user 0.006s	sys 0.000s
I20260709 12:20:54.691474  4117 raft_consensus.cc:493] T 899e331408aa4d15827c38925c8069dc P 6d2d5443cbc54f2faab3cb39597331fb [term 0 FOLLOWER]: Starting pre-election (no leader contacted us within the election timeout)
I20260709 12:20:54.692076  4113 tablet_bootstrap.cc:492] T 9f44d5d27ab8449c9b2ca3e18668d5c9 P 6d2d5443cbc54f2faab3cb39597331fb: Bootstrap starting.
I20260709 12:20:54.692216  4117 raft_consensus.cc:515] T 899e331408aa4d15827c38925c8069dc P 6d2d5443cbc54f2faab3cb39597331fb [term 0 FOLLOWER]: Starting pre-election with config: opid_index: -1 OBSOLETE_local: false peers { permanent_uuid: "b41d15c93e7e4ba0bcbcdc15171ffea0" member_type: VOTER last_known_addr { host: "127.3.178.129" port: 37261 } } peers { permanent_uuid: "9b1a08396e4141c8a9a3bec1493bfe3e" member_type: VOTER last_known_addr { host: "127.3.178.130" port: 44771 } } peers { permanent_uuid: "6d2d5443cbc54f2faab3cb39597331fb" member_type: VOTER last_known_addr { host: "127.3.178.131" port: 39859 } }
I20260709 12:20:54.696084  4117 leader_election.cc:290] T 899e331408aa4d15827c38925c8069dc P 6d2d5443cbc54f2faab3cb39597331fb [CANDIDATE]: Term 1 pre-election: Requested pre-vote from peers b41d15c93e7e4ba0bcbcdc15171ffea0 (127.3.178.129:37261), 9b1a08396e4141c8a9a3bec1493bfe3e (127.3.178.130:44771)
I20260709 12:20:54.701354  4121 raft_consensus.cc:493] T 9f44d5d27ab8449c9b2ca3e18668d5c9 P b41d15c93e7e4ba0bcbcdc15171ffea0 [term 0 FOLLOWER]: Starting pre-election (no leader contacted us within the election timeout)
I20260709 12:20:54.701946  4121 raft_consensus.cc:515] T 9f44d5d27ab8449c9b2ca3e18668d5c9 P b41d15c93e7e4ba0bcbcdc15171ffea0 [term 0 FOLLOWER]: Starting pre-election with config: opid_index: -1 OBSOLETE_local: false peers { permanent_uuid: "b41d15c93e7e4ba0bcbcdc15171ffea0" member_type: VOTER last_known_addr { host: "127.3.178.129" port: 37261 } } peers { permanent_uuid: "9b1a08396e4141c8a9a3bec1493bfe3e" member_type: VOTER last_known_addr { host: "127.3.178.130" port: 44771 } } peers { permanent_uuid: "6d2d5443cbc54f2faab3cb39597331fb" member_type: VOTER last_known_addr { host: "127.3.178.131" port: 39859 } }
I20260709 12:20:54.703619  4114 tablet_bootstrap.cc:654] T 8fec73632042431aa0d107a8443da36d P 9b1a08396e4141c8a9a3bec1493bfe3e: Neither blocks nor log segments found. Creating new log.
I20260709 12:20:54.704322  4121 leader_election.cc:290] T 9f44d5d27ab8449c9b2ca3e18668d5c9 P b41d15c93e7e4ba0bcbcdc15171ffea0 [CANDIDATE]: Term 1 pre-election: Requested pre-vote from peers 9b1a08396e4141c8a9a3bec1493bfe3e (127.3.178.130:44771), 6d2d5443cbc54f2faab3cb39597331fb (127.3.178.131:39859)
I20260709 12:20:54.705828  4113 tablet_bootstrap.cc:654] T 9f44d5d27ab8449c9b2ca3e18668d5c9 P 6d2d5443cbc54f2faab3cb39597331fb: Neither blocks nor log segments found. Creating new log.
I20260709 12:20:54.714282  4115 tablet_bootstrap.cc:654] T 99dd6afcb02948e89d1e4dfe37c73509 P b41d15c93e7e4ba0bcbcdc15171ffea0: Neither blocks nor log segments found. Creating new log.
I20260709 12:20:54.732820  4113 tablet_bootstrap.cc:492] T 9f44d5d27ab8449c9b2ca3e18668d5c9 P 6d2d5443cbc54f2faab3cb39597331fb: No bootstrap required, opened a new log
I20260709 12:20:54.733419  4113 ts_tablet_manager.cc:1403] T 9f44d5d27ab8449c9b2ca3e18668d5c9 P 6d2d5443cbc54f2faab3cb39597331fb: Time spent bootstrapping tablet: real 0.042s	user 0.013s	sys 0.003s
I20260709 12:20:54.740545  4113 raft_consensus.cc:359] T 9f44d5d27ab8449c9b2ca3e18668d5c9 P 6d2d5443cbc54f2faab3cb39597331fb [term 0 FOLLOWER]: Replica starting. Triggering 0 pending ops. Active config: opid_index: -1 OBSOLETE_local: false peers { permanent_uuid: "b41d15c93e7e4ba0bcbcdc15171ffea0" member_type: VOTER last_known_addr { host: "127.3.178.129" port: 37261 } } peers { permanent_uuid: "9b1a08396e4141c8a9a3bec1493bfe3e" member_type: VOTER last_known_addr { host: "127.3.178.130" port: 44771 } } peers { permanent_uuid: "6d2d5443cbc54f2faab3cb39597331fb" member_type: VOTER last_known_addr { host: "127.3.178.131" port: 39859 } }
I20260709 12:20:54.742444  4113 raft_consensus.cc:385] T 9f44d5d27ab8449c9b2ca3e18668d5c9 P 6d2d5443cbc54f2faab3cb39597331fb [term 0 FOLLOWER]: Consensus starting up: Expiring failure detector timer to make a prompt election more likely
I20260709 12:20:54.743888  4114 tablet_bootstrap.cc:492] T 8fec73632042431aa0d107a8443da36d P 9b1a08396e4141c8a9a3bec1493bfe3e: No bootstrap required, opened a new log
I20260709 12:20:54.745038  4114 ts_tablet_manager.cc:1403] T 8fec73632042431aa0d107a8443da36d P 9b1a08396e4141c8a9a3bec1493bfe3e: Time spent bootstrapping tablet: real 0.060s	user 0.018s	sys 0.003s
I20260709 12:20:54.746687  4117 raft_consensus.cc:493] T b8ee1c6498f64f45a195b320ea6a1a5e P 6d2d5443cbc54f2faab3cb39597331fb [term 0 FOLLOWER]: Starting pre-election (no leader contacted us within the election timeout)
I20260709 12:20:54.747210  4117 raft_consensus.cc:515] T b8ee1c6498f64f45a195b320ea6a1a5e P 6d2d5443cbc54f2faab3cb39597331fb [term 0 FOLLOWER]: Starting pre-election with config: opid_index: -1 OBSOLETE_local: false peers { permanent_uuid: "b41d15c93e7e4ba0bcbcdc15171ffea0" member_type: VOTER last_known_addr { host: "127.3.178.129" port: 37261 } } peers { permanent_uuid: "9b1a08396e4141c8a9a3bec1493bfe3e" member_type: VOTER last_known_addr { host: "127.3.178.130" port: 44771 } } peers { permanent_uuid: "6d2d5443cbc54f2faab3cb39597331fb" member_type: VOTER last_known_addr { host: "127.3.178.131" port: 39859 } }
I20260709 12:20:54.748224  4114 raft_consensus.cc:359] T 8fec73632042431aa0d107a8443da36d P 9b1a08396e4141c8a9a3bec1493bfe3e [term 0 FOLLOWER]: Replica starting. Triggering 0 pending ops. Active config: opid_index: -1 OBSOLETE_local: false peers { permanent_uuid: "b41d15c93e7e4ba0bcbcdc15171ffea0" member_type: VOTER last_known_addr { host: "127.3.178.129" port: 37261 } } peers { permanent_uuid: "9b1a08396e4141c8a9a3bec1493bfe3e" member_type: VOTER last_known_addr { host: "127.3.178.130" port: 44771 } } peers { permanent_uuid: "6d2d5443cbc54f2faab3cb39597331fb" member_type: VOTER last_known_addr { host: "127.3.178.131" port: 39859 } }
I20260709 12:20:54.749033  4114 raft_consensus.cc:385] T 8fec73632042431aa0d107a8443da36d P 9b1a08396e4141c8a9a3bec1493bfe3e [term 0 FOLLOWER]: Consensus starting up: Expiring failure detector timer to make a prompt election more likely
I20260709 12:20:54.749269  4117 leader_election.cc:290] T b8ee1c6498f64f45a195b320ea6a1a5e P 6d2d5443cbc54f2faab3cb39597331fb [CANDIDATE]: Term 1 pre-election: Requested pre-vote from peers b41d15c93e7e4ba0bcbcdc15171ffea0 (127.3.178.129:37261), 9b1a08396e4141c8a9a3bec1493bfe3e (127.3.178.130:44771)
I20260709 12:20:54.749409  4114 raft_consensus.cc:740] T 8fec73632042431aa0d107a8443da36d P 9b1a08396e4141c8a9a3bec1493bfe3e [term 0 FOLLOWER]: Becoming Follower/Learner. State: Replica: 9b1a08396e4141c8a9a3bec1493bfe3e, State: Initialized, Role: FOLLOWER
I20260709 12:20:54.750252  4113 raft_consensus.cc:740] T 9f44d5d27ab8449c9b2ca3e18668d5c9 P 6d2d5443cbc54f2faab3cb39597331fb [term 0 FOLLOWER]: Becoming Follower/Learner. State: Replica: 6d2d5443cbc54f2faab3cb39597331fb, State: Initialized, Role: FOLLOWER
I20260709 12:20:54.750883  4114 consensus_queue.cc:260] T 8fec73632042431aa0d107a8443da36d P 9b1a08396e4141c8a9a3bec1493bfe3e [NON_LEADER]: Queue going to NON_LEADER mode. State: All replicated index: 0, Majority replicated index: 0, Committed index: 0, Last appended: 0.0, Last appended by leader: 0, Current term: 0, Majority size: -1, State: 0, Mode: NON_LEADER, active raft config: opid_index: -1 OBSOLETE_local: false peers { permanent_uuid: "b41d15c93e7e4ba0bcbcdc15171ffea0" member_type: VOTER last_known_addr { host: "127.3.178.129" port: 37261 } } peers { permanent_uuid: "9b1a08396e4141c8a9a3bec1493bfe3e" member_type: VOTER last_known_addr { host: "127.3.178.130" port: 44771 } } peers { permanent_uuid: "6d2d5443cbc54f2faab3cb39597331fb" member_type: VOTER last_known_addr { host: "127.3.178.131" port: 39859 } }
I20260709 12:20:54.752197  4113 consensus_queue.cc:260] T 9f44d5d27ab8449c9b2ca3e18668d5c9 P 6d2d5443cbc54f2faab3cb39597331fb [NON_LEADER]: Queue going to NON_LEADER mode. State: All replicated index: 0, Majority replicated index: 0, Committed index: 0, Last appended: 0.0, Last appended by leader: 0, Current term: 0, Majority size: -1, State: 0, Mode: NON_LEADER, active raft config: opid_index: -1 OBSOLETE_local: false peers { permanent_uuid: "b41d15c93e7e4ba0bcbcdc15171ffea0" member_type: VOTER last_known_addr { host: "127.3.178.129" port: 37261 } } peers { permanent_uuid: "9b1a08396e4141c8a9a3bec1493bfe3e" member_type: VOTER last_known_addr { host: "127.3.178.130" port: 44771 } } peers { permanent_uuid: "6d2d5443cbc54f2faab3cb39597331fb" member_type: VOTER last_known_addr { host: "127.3.178.131" port: 39859 } }
I20260709 12:20:54.756870  4114 ts_tablet_manager.cc:1434] T 8fec73632042431aa0d107a8443da36d P 9b1a08396e4141c8a9a3bec1493bfe3e: Time spent starting tablet: real 0.011s	user 0.000s	sys 0.006s
I20260709 12:20:54.759825  4113 ts_tablet_manager.cc:1434] T 9f44d5d27ab8449c9b2ca3e18668d5c9 P 6d2d5443cbc54f2faab3cb39597331fb: Time spent starting tablet: real 0.026s	user 0.009s	sys 0.001s
I20260709 12:20:54.760834  4113 tablet_bootstrap.cc:492] T c771111c84ac4f46b8de57cf2cc1c9b4 P 6d2d5443cbc54f2faab3cb39597331fb: Bootstrap starting.
I20260709 12:20:54.758159  4114 tablet_bootstrap.cc:492] T ada420f161984656b54a29b6834acad1 P 9b1a08396e4141c8a9a3bec1493bfe3e: Bootstrap starting.
I20260709 12:20:54.778422  4115 tablet_bootstrap.cc:492] T 99dd6afcb02948e89d1e4dfe37c73509 P b41d15c93e7e4ba0bcbcdc15171ffea0: No bootstrap required, opened a new log
I20260709 12:20:54.779000  4115 ts_tablet_manager.cc:1403] T 99dd6afcb02948e89d1e4dfe37c73509 P b41d15c93e7e4ba0bcbcdc15171ffea0: Time spent bootstrapping tablet: real 0.120s	user 0.018s	sys 0.000s
I20260709 12:20:54.787801  3996 tablet_service.cc:1917] Received RequestConsensusVote() RPC: tablet_id: "ada420f161984656b54a29b6834acad1" candidate_uuid: "6d2d5443cbc54f2faab3cb39597331fb" candidate_term: 1 candidate_status { last_received { term: 0 index: 0 } } ignore_live_leader: false dest_uuid: "9b1a08396e4141c8a9a3bec1493bfe3e" is_pre_election: true
I20260709 12:20:54.788295  3995 tablet_service.cc:1917] Received RequestConsensusVote() RPC: tablet_id: "60fb158d35e944e391409125950bee79" candidate_uuid: "6d2d5443cbc54f2faab3cb39597331fb" candidate_term: 1 candidate_status { last_received { term: 0 index: 0 } } ignore_live_leader: false dest_uuid: "9b1a08396e4141c8a9a3bec1493bfe3e" is_pre_election: true
I20260709 12:20:54.788995  3993 tablet_service.cc:1917] Received RequestConsensusVote() RPC: tablet_id: "b8ee1c6498f64f45a195b320ea6a1a5e" candidate_uuid: "6d2d5443cbc54f2faab3cb39597331fb" candidate_term: 1 candidate_status { last_received { term: 0 index: 0 } } ignore_live_leader: false dest_uuid: "9b1a08396e4141c8a9a3bec1493bfe3e" is_pre_election: true
I20260709 12:20:54.789891  3993 raft_consensus.cc:2468] T b8ee1c6498f64f45a195b320ea6a1a5e P 9b1a08396e4141c8a9a3bec1493bfe3e [term 0 FOLLOWER]: Leader pre-election vote request: Granting yes vote for candidate 6d2d5443cbc54f2faab3cb39597331fb in term 0.
I20260709 12:20:54.790199  3994 tablet_service.cc:1917] Received RequestConsensusVote() RPC: tablet_id: "899e331408aa4d15827c38925c8069dc" candidate_uuid: "6d2d5443cbc54f2faab3cb39597331fb" candidate_term: 1 candidate_status { last_received { term: 0 index: 0 } } ignore_live_leader: false dest_uuid: "9b1a08396e4141c8a9a3bec1493bfe3e" is_pre_election: true
I20260709 12:20:54.791306  3994 raft_consensus.cc:2468] T 899e331408aa4d15827c38925c8069dc P 9b1a08396e4141c8a9a3bec1493bfe3e [term 0 FOLLOWER]: Leader pre-election vote request: Granting yes vote for candidate 6d2d5443cbc54f2faab3cb39597331fb in term 0.
W20260709 12:20:54.790568  4034 leader_election.cc:343] T ada420f161984656b54a29b6834acad1 P 6d2d5443cbc54f2faab3cb39597331fb [CANDIDATE]: Term 1 pre-election: Tablet error from VoteRequest() call to peer 9b1a08396e4141c8a9a3bec1493bfe3e (127.3.178.130:44771): Illegal state: must be running to vote when last-logged opid is not known
I20260709 12:20:54.798242  4114 tablet_bootstrap.cc:654] T ada420f161984656b54a29b6834acad1 P 9b1a08396e4141c8a9a3bec1493bfe3e: Neither blocks nor log segments found. Creating new log.
W20260709 12:20:54.795593  4034 leader_election.cc:343] T 60fb158d35e944e391409125950bee79 P 6d2d5443cbc54f2faab3cb39597331fb [CANDIDATE]: Term 1 pre-election: Tablet error from VoteRequest() call to peer 9b1a08396e4141c8a9a3bec1493bfe3e (127.3.178.130:44771): Illegal state: must be running to vote when last-logged opid is not known
I20260709 12:20:54.800916  4117 raft_consensus.cc:493] T 8fec73632042431aa0d107a8443da36d P 6d2d5443cbc54f2faab3cb39597331fb [term 0 FOLLOWER]: Starting pre-election (no leader contacted us within the election timeout)
