I20260709 12:20:50.948208 29711 tablet_service.cc:1917] Received RequestConsensusVote() RPC: tablet_id: "984c78eb4a2c427bb5d8f2bb43d7919e" candidate_uuid: "c636a4ffb907429e9d67d3dd2c0ab47c" candidate_term: 1 candidate_status { last_received { term: 0 index: 0 } } ignore_live_leader: false dest_uuid: "66fbfa0334c5423ea1a9436728d7d1aa"
I20260709 12:20:50.949162 29711 raft_consensus.cc:3060] T 984c78eb4a2c427bb5d8f2bb43d7919e P 66fbfa0334c5423ea1a9436728d7d1aa [term 0 FOLLOWER]: Advancing to term 1
W20260709 12:20:50.949647 29525 leader_election.cc:343] T 984c78eb4a2c427bb5d8f2bb43d7919e P c636a4ffb907429e9d67d3dd2c0ab47c [CANDIDATE]: Term 1 election: Tablet error from VoteRequest() call to peer 2c58afb58c5943bbb8b05c04ea13a9fd (127.28.188.194:37277): Illegal state: must be running to vote when last-logged opid is not known
I20260709 12:20:50.956329 29756 consensus_queue.cc:260] T f1fda68ea478473e9202dd5e5f6bae15 P c636a4ffb907429e9d67d3dd2c0ab47c [NON_LEADER]: Queue going to NON_LEADER mode. State: All replicated index: 0, Majority replicated index: 0, Committed index: 0, Last appended: 0.0, Last appended by leader: 0, Current term: 0, Majority size: -1, State: 0, Mode: NON_LEADER, active raft config: opid_index: -1 OBSOLETE_local: false peers { permanent_uuid: "c636a4ffb907429e9d67d3dd2c0ab47c" member_type: VOTER last_known_addr { host: "127.28.188.193" port: 43553 } } peers { permanent_uuid: "2c58afb58c5943bbb8b05c04ea13a9fd" member_type: VOTER last_known_addr { host: "127.28.188.194" port: 37277 } } peers { permanent_uuid: "66fbfa0334c5423ea1a9436728d7d1aa" member_type: VOTER last_known_addr { host: "127.28.188.195" port: 36083 } }
I20260709 12:20:50.957432 29755 raft_consensus.cc:359] T 0eb255511bc94e56ba4848d760a467f7 P 66fbfa0334c5423ea1a9436728d7d1aa [term 0 FOLLOWER]: Replica starting. Triggering 0 pending ops. Active config: opid_index: -1 OBSOLETE_local: false peers { permanent_uuid: "c636a4ffb907429e9d67d3dd2c0ab47c" member_type: VOTER last_known_addr { host: "127.28.188.193" port: 43553 } } peers { permanent_uuid: "2c58afb58c5943bbb8b05c04ea13a9fd" member_type: VOTER last_known_addr { host: "127.28.188.194" port: 37277 } } peers { permanent_uuid: "66fbfa0334c5423ea1a9436728d7d1aa" member_type: VOTER last_known_addr { host: "127.28.188.195" port: 36083 } }
I20260709 12:20:50.958150 29755 raft_consensus.cc:385] T 0eb255511bc94e56ba4848d760a467f7 P 66fbfa0334c5423ea1a9436728d7d1aa [term 0 FOLLOWER]: Consensus starting up: Expiring failure detector timer to make a prompt election more likely
I20260709 12:20:50.958453 29755 raft_consensus.cc:740] T 0eb255511bc94e56ba4848d760a467f7 P 66fbfa0334c5423ea1a9436728d7d1aa [term 0 FOLLOWER]: Becoming Follower/Learner. State: Replica: 66fbfa0334c5423ea1a9436728d7d1aa, State: Initialized, Role: FOLLOWER
I20260709 12:20:50.959446 29711 raft_consensus.cc:2468] T 984c78eb4a2c427bb5d8f2bb43d7919e P 66fbfa0334c5423ea1a9436728d7d1aa [term 1 FOLLOWER]: Leader election vote request: Granting yes vote for candidate c636a4ffb907429e9d67d3dd2c0ab47c in term 1.
I20260709 12:20:50.962963 29754 tablet_bootstrap.cc:492] T f1fda68ea478473e9202dd5e5f6bae15 P 2c58afb58c5943bbb8b05c04ea13a9fd: No bootstrap required, opened a new log
I20260709 12:20:50.962181 29457 catalog_manager.cc:5697] T 8abd3f20150c4fc19dcc22c73eb093eb P c636a4ffb907429e9d67d3dd2c0ab47c reported cstate change: term changed from 0 to 1, leader changed from <none> to c636a4ffb907429e9d67d3dd2c0ab47c (127.28.188.193). New cstate: current_term: 1 leader_uuid: "c636a4ffb907429e9d67d3dd2c0ab47c" committed_config { opid_index: -1 OBSOLETE_local: false peers { permanent_uuid: "c636a4ffb907429e9d67d3dd2c0ab47c" member_type: VOTER last_known_addr { host: "127.28.188.193" port: 43553 } health_report { overall_health: HEALTHY } } peers { permanent_uuid: "2c58afb58c5943bbb8b05c04ea13a9fd" member_type: VOTER last_known_addr { host: "127.28.188.194" port: 37277 } health_report { overall_health: UNKNOWN } } peers { permanent_uuid: "66fbfa0334c5423ea1a9436728d7d1aa" member_type: VOTER last_known_addr { host: "127.28.188.195" port: 36083 } health_report { overall_health: UNKNOWN } } }
I20260709 12:20:50.963017 29525 leader_election.cc:304] T 984c78eb4a2c427bb5d8f2bb43d7919e P c636a4ffb907429e9d67d3dd2c0ab47c [CANDIDATE]: Term 1 election: Election decided. Result: candidate won. Election summary: received 3 responses out of 3 voters: 2 yes votes; 1 no votes. yes voters: 66fbfa0334c5423ea1a9436728d7d1aa, c636a4ffb907429e9d67d3dd2c0ab47c; no voters: 2c58afb58c5943bbb8b05c04ea13a9fd
I20260709 12:20:50.964099 29762 raft_consensus.cc:2804] T 984c78eb4a2c427bb5d8f2bb43d7919e P c636a4ffb907429e9d67d3dd2c0ab47c [term 1 FOLLOWER]: Leader election won for term 1
I20260709 12:20:50.963757 29754 ts_tablet_manager.cc:1403] T f1fda68ea478473e9202dd5e5f6bae15 P 2c58afb58c5943bbb8b05c04ea13a9fd: Time spent bootstrapping tablet: real 0.060s	user 0.010s	sys 0.002s
I20260709 12:20:50.964754 29793 raft_consensus.cc:493] T f1fda68ea478473e9202dd5e5f6bae15 P c636a4ffb907429e9d67d3dd2c0ab47c [term 0 FOLLOWER]: Starting pre-election (no leader contacted us within the election timeout)
I20260709 12:20:50.964628 29762 raft_consensus.cc:697] T 984c78eb4a2c427bb5d8f2bb43d7919e P c636a4ffb907429e9d67d3dd2c0ab47c [term 1 LEADER]: Becoming Leader. State: Replica: c636a4ffb907429e9d67d3dd2c0ab47c, State: Running, Role: LEADER
I20260709 12:20:50.965577 29793 raft_consensus.cc:515] T f1fda68ea478473e9202dd5e5f6bae15 P c636a4ffb907429e9d67d3dd2c0ab47c [term 0 FOLLOWER]: Starting pre-election with config: opid_index: -1 OBSOLETE_local: false peers { permanent_uuid: "c636a4ffb907429e9d67d3dd2c0ab47c" member_type: VOTER last_known_addr { host: "127.28.188.193" port: 43553 } } peers { permanent_uuid: "2c58afb58c5943bbb8b05c04ea13a9fd" member_type: VOTER last_known_addr { host: "127.28.188.194" port: 37277 } } peers { permanent_uuid: "66fbfa0334c5423ea1a9436728d7d1aa" member_type: VOTER last_known_addr { host: "127.28.188.195" port: 36083 } }
I20260709 12:20:50.965999 29762 consensus_queue.cc:237] T 984c78eb4a2c427bb5d8f2bb43d7919e P c636a4ffb907429e9d67d3dd2c0ab47c [LEADER]: Queue going to LEADER mode. State: All replicated index: 0, Majority replicated index: 0, Committed index: 0, Last appended: 0.0, Last appended by leader: 0, Current term: 1, Majority size: 2, State: 0, Mode: LEADER, active raft config: opid_index: -1 OBSOLETE_local: false peers { permanent_uuid: "c636a4ffb907429e9d67d3dd2c0ab47c" member_type: VOTER last_known_addr { host: "127.28.188.193" port: 43553 } } peers { permanent_uuid: "2c58afb58c5943bbb8b05c04ea13a9fd" member_type: VOTER last_known_addr { host: "127.28.188.194" port: 37277 } } peers { permanent_uuid: "66fbfa0334c5423ea1a9436728d7d1aa" member_type: VOTER last_known_addr { host: "127.28.188.195" port: 36083 } }
I20260709 12:20:50.971091 29637 tablet_service.cc:1917] Received RequestConsensusVote() RPC: tablet_id: "f1fda68ea478473e9202dd5e5f6bae15" candidate_uuid: "c636a4ffb907429e9d67d3dd2c0ab47c" candidate_term: 1 candidate_status { last_received { term: 0 index: 0 } } ignore_live_leader: false dest_uuid: "2c58afb58c5943bbb8b05c04ea13a9fd" is_pre_election: true
I20260709 12:20:50.971947 29754 raft_consensus.cc:359] T f1fda68ea478473e9202dd5e5f6bae15 P 2c58afb58c5943bbb8b05c04ea13a9fd [term 0 FOLLOWER]: Replica starting. Triggering 0 pending ops. Active config: opid_index: -1 OBSOLETE_local: false peers { permanent_uuid: "c636a4ffb907429e9d67d3dd2c0ab47c" member_type: VOTER last_known_addr { host: "127.28.188.193" port: 43553 } } peers { permanent_uuid: "2c58afb58c5943bbb8b05c04ea13a9fd" member_type: VOTER last_known_addr { host: "127.28.188.194" port: 37277 } } peers { permanent_uuid: "66fbfa0334c5423ea1a9436728d7d1aa" member_type: VOTER last_known_addr { host: "127.28.188.195" port: 36083 } }
I20260709 12:20:50.972669 29754 raft_consensus.cc:385] T f1fda68ea478473e9202dd5e5f6bae15 P 2c58afb58c5943bbb8b05c04ea13a9fd [term 0 FOLLOWER]: Consensus starting up: Expiring failure detector timer to make a prompt election more likely
I20260709 12:20:50.972973 29754 raft_consensus.cc:740] T f1fda68ea478473e9202dd5e5f6bae15 P 2c58afb58c5943bbb8b05c04ea13a9fd [term 0 FOLLOWER]: Becoming Follower/Learner. State: Replica: 2c58afb58c5943bbb8b05c04ea13a9fd, State: Initialized, Role: FOLLOWER
W20260709 12:20:50.972986 29525 leader_election.cc:343] T f1fda68ea478473e9202dd5e5f6bae15 P c636a4ffb907429e9d67d3dd2c0ab47c [CANDIDATE]: Term 1 pre-election: Tablet error from VoteRequest() call to peer 2c58afb58c5943bbb8b05c04ea13a9fd (127.28.188.194:37277): Illegal state: must be running to vote when last-logged opid is not known
I20260709 12:20:50.973835 29754 consensus_queue.cc:260] T f1fda68ea478473e9202dd5e5f6bae15 P 2c58afb58c5943bbb8b05c04ea13a9fd [NON_LEADER]: Queue going to NON_LEADER mode. State: All replicated index: 0, Majority replicated index: 0, Committed index: 0, Last appended: 0.0, Last appended by leader: 0, Current term: 0, Majority size: -1, State: 0, Mode: NON_LEADER, active raft config: opid_index: -1 OBSOLETE_local: false peers { permanent_uuid: "c636a4ffb907429e9d67d3dd2c0ab47c" member_type: VOTER last_known_addr { host: "127.28.188.193" port: 43553 } } peers { permanent_uuid: "2c58afb58c5943bbb8b05c04ea13a9fd" member_type: VOTER last_known_addr { host: "127.28.188.194" port: 37277 } } peers { permanent_uuid: "66fbfa0334c5423ea1a9436728d7d1aa" member_type: VOTER last_known_addr { host: "127.28.188.195" port: 36083 } }
I20260709 12:20:50.960667 29756 ts_tablet_manager.cc:1434] T f1fda68ea478473e9202dd5e5f6bae15 P c636a4ffb907429e9d67d3dd2c0ab47c: Time spent starting tablet: real 0.020s	user 0.005s	sys 0.002s
I20260709 12:20:50.975446 29756 tablet_bootstrap.cc:492] T ad5161fbeb51492d905b7143337a0767 P c636a4ffb907429e9d67d3dd2c0ab47c: Bootstrap starting.
I20260709 12:20:50.976303 29755 consensus_queue.cc:260] T 0eb255511bc94e56ba4848d760a467f7 P 66fbfa0334c5423ea1a9436728d7d1aa [NON_LEADER]: Queue going to NON_LEADER mode. State: All replicated index: 0, Majority replicated index: 0, Committed index: 0, Last appended: 0.0, Last appended by leader: 0, Current term: 0, Majority size: -1, State: 0, Mode: NON_LEADER, active raft config: opid_index: -1 OBSOLETE_local: false peers { permanent_uuid: "c636a4ffb907429e9d67d3dd2c0ab47c" member_type: VOTER last_known_addr { host: "127.28.188.193" port: 43553 } } peers { permanent_uuid: "2c58afb58c5943bbb8b05c04ea13a9fd" member_type: VOTER last_known_addr { host: "127.28.188.194" port: 37277 } } peers { permanent_uuid: "66fbfa0334c5423ea1a9436728d7d1aa" member_type: VOTER last_known_addr { host: "127.28.188.195" port: 36083 } }
I20260709 12:20:50.979090 29755 ts_tablet_manager.cc:1434] T 0eb255511bc94e56ba4848d760a467f7 P 66fbfa0334c5423ea1a9436728d7d1aa: Time spent starting tablet: real 0.030s	user 0.005s	sys 0.001s
I20260709 12:20:50.984053 29756 tablet_bootstrap.cc:654] T ad5161fbeb51492d905b7143337a0767 P c636a4ffb907429e9d67d3dd2c0ab47c: Neither blocks nor log segments found. Creating new log.
I20260709 12:20:50.985474 29755 tablet_bootstrap.cc:492] T f1fda68ea478473e9202dd5e5f6bae15 P 66fbfa0334c5423ea1a9436728d7d1aa: Bootstrap starting.
I20260709 12:20:50.971743 29793 leader_election.cc:290] T f1fda68ea478473e9202dd5e5f6bae15 P c636a4ffb907429e9d67d3dd2c0ab47c [CANDIDATE]: Term 1 pre-election: Requested pre-vote from peers 2c58afb58c5943bbb8b05c04ea13a9fd (127.28.188.194:37277), 66fbfa0334c5423ea1a9436728d7d1aa (127.28.188.195:36083)
I20260709 12:20:50.992018 29792 consensus_queue.cc:1048] T 8412a203f51041bdbade6fea21348818 P 66fbfa0334c5423ea1a9436728d7d1aa [LEADER]: Connected to new peer: Peer: permanent_uuid: "2c58afb58c5943bbb8b05c04ea13a9fd" member_type: VOTER last_known_addr { host: "127.28.188.194" port: 37277 }, Status: LMP_MISMATCH, Last received: 0.0, Next index: 1, Last known committed idx: 0, Time since last communication: 0.000s
I20260709 12:20:50.992911 29754 ts_tablet_manager.cc:1434] T f1fda68ea478473e9202dd5e5f6bae15 P 2c58afb58c5943bbb8b05c04ea13a9fd: Time spent starting tablet: real 0.028s	user 0.005s	sys 0.002s
I20260709 12:20:50.993920 29754 tablet_bootstrap.cc:492] T 984c78eb4a2c427bb5d8f2bb43d7919e P 2c58afb58c5943bbb8b05c04ea13a9fd: Bootstrap starting.
I20260709 12:20:51.005714 29755 tablet_bootstrap.cc:654] T f1fda68ea478473e9202dd5e5f6bae15 P 66fbfa0334c5423ea1a9436728d7d1aa: Neither blocks nor log segments found. Creating new log.
I20260709 12:20:50.999823 29458 catalog_manager.cc:5697] T 984c78eb4a2c427bb5d8f2bb43d7919e P c636a4ffb907429e9d67d3dd2c0ab47c reported cstate change: term changed from 0 to 1, leader changed from <none> to c636a4ffb907429e9d67d3dd2c0ab47c (127.28.188.193). New cstate: current_term: 1 leader_uuid: "c636a4ffb907429e9d67d3dd2c0ab47c" committed_config { opid_index: -1 OBSOLETE_local: false peers { permanent_uuid: "c636a4ffb907429e9d67d3dd2c0ab47c" member_type: VOTER last_known_addr { host: "127.28.188.193" port: 43553 } health_report { overall_health: HEALTHY } } peers { permanent_uuid: "2c58afb58c5943bbb8b05c04ea13a9fd" member_type: VOTER last_known_addr { host: "127.28.188.194" port: 37277 } health_report { overall_health: UNKNOWN } } peers { permanent_uuid: "66fbfa0334c5423ea1a9436728d7d1aa" member_type: VOTER last_known_addr { host: "127.28.188.195" port: 36083 } health_report { overall_health: UNKNOWN } } }
I20260709 12:20:51.012506 29756 tablet_bootstrap.cc:492] T ad5161fbeb51492d905b7143337a0767 P c636a4ffb907429e9d67d3dd2c0ab47c: No bootstrap required, opened a new log
I20260709 12:20:51.013087 29756 ts_tablet_manager.cc:1403] T ad5161fbeb51492d905b7143337a0767 P c636a4ffb907429e9d67d3dd2c0ab47c: Time spent bootstrapping tablet: real 0.038s	user 0.012s	sys 0.002s
I20260709 12:20:51.015736 29754 tablet_bootstrap.cc:654] T 984c78eb4a2c427bb5d8f2bb43d7919e P 2c58afb58c5943bbb8b05c04ea13a9fd: Neither blocks nor log segments found. Creating new log.
I20260709 12:20:51.021078 29756 raft_consensus.cc:359] T ad5161fbeb51492d905b7143337a0767 P c636a4ffb907429e9d67d3dd2c0ab47c [term 0 FOLLOWER]: Replica starting. Triggering 0 pending ops. Active config: opid_index: -1 OBSOLETE_local: false peers { permanent_uuid: "c636a4ffb907429e9d67d3dd2c0ab47c" member_type: VOTER last_known_addr { host: "127.28.188.193" port: 43553 } } peers { permanent_uuid: "2c58afb58c5943bbb8b05c04ea13a9fd" member_type: VOTER last_known_addr { host: "127.28.188.194" port: 37277 } } peers { permanent_uuid: "66fbfa0334c5423ea1a9436728d7d1aa" member_type: VOTER last_known_addr { host: "127.28.188.195" port: 36083 } }
I20260709 12:20:51.021782 29756 raft_consensus.cc:385] T ad5161fbeb51492d905b7143337a0767 P c636a4ffb907429e9d67d3dd2c0ab47c [term 0 FOLLOWER]: Consensus starting up: Expiring failure detector timer to make a prompt election more likely
I20260709 12:20:51.022047 29756 raft_consensus.cc:740] T ad5161fbeb51492d905b7143337a0767 P c636a4ffb907429e9d67d3dd2c0ab47c [term 0 FOLLOWER]: Becoming Follower/Learner. State: Replica: c636a4ffb907429e9d67d3dd2c0ab47c, State: Initialized, Role: FOLLOWER
I20260709 12:20:51.022684 29756 consensus_queue.cc:260] T ad5161fbeb51492d905b7143337a0767 P c636a4ffb907429e9d67d3dd2c0ab47c [NON_LEADER]: Queue going to NON_LEADER mode. State: All replicated index: 0, Majority replicated index: 0, Committed index: 0, Last appended: 0.0, Last appended by leader: 0, Current term: 0, Majority size: -1, State: 0, Mode: NON_LEADER, active raft config: opid_index: -1 OBSOLETE_local: false peers { permanent_uuid: "c636a4ffb907429e9d67d3dd2c0ab47c" member_type: VOTER last_known_addr { host: "127.28.188.193" port: 43553 } } peers { permanent_uuid: "2c58afb58c5943bbb8b05c04ea13a9fd" member_type: VOTER last_known_addr { host: "127.28.188.194" port: 37277 } } peers { permanent_uuid: "66fbfa0334c5423ea1a9436728d7d1aa" member_type: VOTER last_known_addr { host: "127.28.188.195" port: 36083 } }
I20260709 12:20:51.024057 29792 raft_consensus.cc:493] T 0eb255511bc94e56ba4848d760a467f7 P 66fbfa0334c5423ea1a9436728d7d1aa [term 0 FOLLOWER]: Starting pre-election (no leader contacted us within the election timeout)
I20260709 12:20:51.024708 29756 ts_tablet_manager.cc:1434] T ad5161fbeb51492d905b7143337a0767 P c636a4ffb907429e9d67d3dd2c0ab47c: Time spent starting tablet: real 0.011s	user 0.006s	sys 0.000s
I20260709 12:20:51.025728 29792 raft_consensus.cc:515] T 0eb255511bc94e56ba4848d760a467f7 P 66fbfa0334c5423ea1a9436728d7d1aa [term 0 FOLLOWER]: Starting pre-election with config: opid_index: -1 OBSOLETE_local: false peers { permanent_uuid: "c636a4ffb907429e9d67d3dd2c0ab47c" member_type: VOTER last_known_addr { host: "127.28.188.193" port: 43553 } } peers { permanent_uuid: "2c58afb58c5943bbb8b05c04ea13a9fd" member_type: VOTER last_known_addr { host: "127.28.188.194" port: 37277 } } peers { permanent_uuid: "66fbfa0334c5423ea1a9436728d7d1aa" member_type: VOTER last_known_addr { host: "127.28.188.195" port: 36083 } }
I20260709 12:20:51.026834 29755 tablet_bootstrap.cc:492] T f1fda68ea478473e9202dd5e5f6bae15 P 66fbfa0334c5423ea1a9436728d7d1aa: No bootstrap required, opened a new log
I20260709 12:20:51.027289 29755 ts_tablet_manager.cc:1403] T f1fda68ea478473e9202dd5e5f6bae15 P 66fbfa0334c5423ea1a9436728d7d1aa: Time spent bootstrapping tablet: real 0.042s	user 0.002s	sys 0.009s
I20260709 12:20:51.027943 29792 leader_election.cc:290] T 0eb255511bc94e56ba4848d760a467f7 P 66fbfa0334c5423ea1a9436728d7d1aa [CANDIDATE]: Term 1 pre-election: Requested pre-vote from peers c636a4ffb907429e9d67d3dd2c0ab47c (127.28.188.193:43553), 2c58afb58c5943bbb8b05c04ea13a9fd (127.28.188.194:37277)
I20260709 12:20:51.029714 29637 tablet_service.cc:1917] Received RequestConsensusVote() RPC: tablet_id: "0eb255511bc94e56ba4848d760a467f7" candidate_uuid: "66fbfa0334c5423ea1a9436728d7d1aa" candidate_term: 1 candidate_status { last_received { term: 0 index: 0 } } ignore_live_leader: false dest_uuid: "2c58afb58c5943bbb8b05c04ea13a9fd" is_pre_election: true
I20260709 12:20:51.030386 29637 raft_consensus.cc:2468] T 0eb255511bc94e56ba4848d760a467f7 P 2c58afb58c5943bbb8b05c04ea13a9fd [term 0 FOLLOWER]: Leader pre-election vote request: Granting yes vote for candidate 66fbfa0334c5423ea1a9436728d7d1aa in term 0.
I20260709 12:20:51.030253 29755 raft_consensus.cc:359] T f1fda68ea478473e9202dd5e5f6bae15 P 66fbfa0334c5423ea1a9436728d7d1aa [term 0 FOLLOWER]: Replica starting. Triggering 0 pending ops. Active config: opid_index: -1 OBSOLETE_local: false peers { permanent_uuid: "c636a4ffb907429e9d67d3dd2c0ab47c" member_type: VOTER last_known_addr { host: "127.28.188.193" port: 43553 } } peers { permanent_uuid: "2c58afb58c5943bbb8b05c04ea13a9fd" member_type: VOTER last_known_addr { host: "127.28.188.194" port: 37277 } } peers { permanent_uuid: "66fbfa0334c5423ea1a9436728d7d1aa" member_type: VOTER last_known_addr { host: "127.28.188.195" port: 36083 } }
I20260709 12:20:51.030984 29755 raft_consensus.cc:385] T f1fda68ea478473e9202dd5e5f6bae15 P 66fbfa0334c5423ea1a9436728d7d1aa [term 0 FOLLOWER]: Consensus starting up: Expiring failure detector timer to make a prompt election more likely
I20260709 12:20:51.031296 29755 raft_consensus.cc:740] T f1fda68ea478473e9202dd5e5f6bae15 P 66fbfa0334c5423ea1a9436728d7d1aa [term 0 FOLLOWER]: Becoming Follower/Learner. State: Replica: 66fbfa0334c5423ea1a9436728d7d1aa, State: Initialized, Role: FOLLOWER
I20260709 12:20:51.032428 29562 tablet_service.cc:1917] Received RequestConsensusVote() RPC: tablet_id: "0eb255511bc94e56ba4848d760a467f7" candidate_uuid: "66fbfa0334c5423ea1a9436728d7d1aa" candidate_term: 1 candidate_status { last_received { term: 0 index: 0 } } ignore_live_leader: false dest_uuid: "c636a4ffb907429e9d67d3dd2c0ab47c" is_pre_election: true
I20260709 12:20:51.031992 29755 consensus_queue.cc:260] T f1fda68ea478473e9202dd5e5f6bae15 P 66fbfa0334c5423ea1a9436728d7d1aa [NON_LEADER]: Queue going to NON_LEADER mode. State: All replicated index: 0, Majority replicated index: 0, Committed index: 0, Last appended: 0.0, Last appended by leader: 0, Current term: 0, Majority size: -1, State: 0, Mode: NON_LEADER, active raft config: opid_index: -1 OBSOLETE_local: false peers { permanent_uuid: "c636a4ffb907429e9d67d3dd2c0ab47c" member_type: VOTER last_known_addr { host: "127.28.188.193" port: 43553 } } peers { permanent_uuid: "2c58afb58c5943bbb8b05c04ea13a9fd" member_type: VOTER last_known_addr { host: "127.28.188.194" port: 37277 } } peers { permanent_uuid: "66fbfa0334c5423ea1a9436728d7d1aa" member_type: VOTER last_known_addr { host: "127.28.188.195" port: 36083 } }
I20260709 12:20:51.033190 29562 raft_consensus.cc:2468] T 0eb255511bc94e56ba4848d760a467f7 P c636a4ffb907429e9d67d3dd2c0ab47c [term 0 FOLLOWER]: Leader pre-election vote request: Granting yes vote for candidate 66fbfa0334c5423ea1a9436728d7d1aa in term 0.
I20260709 12:20:51.034807 29755 ts_tablet_manager.cc:1434] T f1fda68ea478473e9202dd5e5f6bae15 P 66fbfa0334c5423ea1a9436728d7d1aa: Time spent starting tablet: real 0.007s	user 0.008s	sys 0.000s
I20260709 12:20:51.034763 29675 leader_election.cc:304] T 0eb255511bc94e56ba4848d760a467f7 P 66fbfa0334c5423ea1a9436728d7d1aa [CANDIDATE]: Term 1 pre-election: Election decided. Result: candidate won. Election summary: received 2 responses out of 3 voters: 2 yes votes; 0 no votes. yes voters: 66fbfa0334c5423ea1a9436728d7d1aa, c636a4ffb907429e9d67d3dd2c0ab47c; no voters: 
I20260709 12:20:51.035687 29792 raft_consensus.cc:2804] T 0eb255511bc94e56ba4848d760a467f7 P 66fbfa0334c5423ea1a9436728d7d1aa [term 0 FOLLOWER]: Leader pre-election won for term 1
I20260709 12:20:51.036033 29792 raft_consensus.cc:493] T 0eb255511bc94e56ba4848d760a467f7 P 66fbfa0334c5423ea1a9436728d7d1aa [term 0 FOLLOWER]: Starting leader election (no leader contacted us within the election timeout)
I20260709 12:20:51.036449 29792 raft_consensus.cc:3060] T 0eb255511bc94e56ba4848d760a467f7 P 66fbfa0334c5423ea1a9436728d7d1aa [term 0 FOLLOWER]: Advancing to term 1
I20260709 12:20:51.040581 29754 tablet_bootstrap.cc:492] T 984c78eb4a2c427bb5d8f2bb43d7919e P 2c58afb58c5943bbb8b05c04ea13a9fd: No bootstrap required, opened a new log
I20260709 12:20:51.041263 29754 ts_tablet_manager.cc:1403] T 984c78eb4a2c427bb5d8f2bb43d7919e P 2c58afb58c5943bbb8b05c04ea13a9fd: Time spent bootstrapping tablet: real 0.048s	user 0.008s	sys 0.004s
I20260709 12:20:51.043499 29792 raft_consensus.cc:515] T 0eb255511bc94e56ba4848d760a467f7 P 66fbfa0334c5423ea1a9436728d7d1aa [term 1 FOLLOWER]: Starting leader election with config: opid_index: -1 OBSOLETE_local: false peers { permanent_uuid: "c636a4ffb907429e9d67d3dd2c0ab47c" member_type: VOTER last_known_addr { host: "127.28.188.193" port: 43553 } } peers { permanent_uuid: "2c58afb58c5943bbb8b05c04ea13a9fd" member_type: VOTER last_known_addr { host: "127.28.188.194" port: 37277 } } peers { permanent_uuid: "66fbfa0334c5423ea1a9436728d7d1aa" member_type: VOTER last_known_addr { host: "127.28.188.195" port: 36083 } }
I20260709 12:20:51.044080 29754 raft_consensus.cc:359] T 984c78eb4a2c427bb5d8f2bb43d7919e P 2c58afb58c5943bbb8b05c04ea13a9fd [term 0 FOLLOWER]: Replica starting. Triggering 0 pending ops. Active config: opid_index: -1 OBSOLETE_local: false peers { permanent_uuid: "c636a4ffb907429e9d67d3dd2c0ab47c" member_type: VOTER last_known_addr { host: "127.28.188.193" port: 43553 } } peers { permanent_uuid: "2c58afb58c5943bbb8b05c04ea13a9fd" member_type: VOTER last_known_addr { host: "127.28.188.194" port: 37277 } } peers { permanent_uuid: "66fbfa0334c5423ea1a9436728d7d1aa" member_type: VOTER last_known_addr { host: "127.28.188.195" port: 36083 } }
I20260709 12:20:51.044981 29754 raft_consensus.cc:385] T 984c78eb4a2c427bb5d8f2bb43d7919e P 2c58afb58c5943bbb8b05c04ea13a9fd [term 0 FOLLOWER]: Consensus starting up: Expiring failure detector timer to make a prompt election more likely
I20260709 12:20:51.047513 29754 raft_consensus.cc:740] T 984c78eb4a2c427bb5d8f2bb43d7919e P 2c58afb58c5943bbb8b05c04ea13a9fd [term 0 FOLLOWER]: Becoming Follower/Learner. State: Replica: 2c58afb58c5943bbb8b05c04ea13a9fd, State: Initialized, Role: FOLLOWER
I20260709 12:20:51.047407 29562 tablet_service.cc:1917] Received RequestConsensusVote() RPC: tablet_id: "0eb255511bc94e56ba4848d760a467f7" candidate_uuid: "66fbfa0334c5423ea1a9436728d7d1aa" candidate_term: 1 candidate_status { last_received { term: 0 index: 0 } } ignore_live_leader: false dest_uuid: "c636a4ffb907429e9d67d3dd2c0ab47c"
I20260709 12:20:51.046393 29755 tablet_bootstrap.cc:492] T 8abd3f20150c4fc19dcc22c73eb093eb P 66fbfa0334c5423ea1a9436728d7d1aa: Bootstrap starting.
I20260709 12:20:51.048633 29562 raft_consensus.cc:3060] T 0eb255511bc94e56ba4848d760a467f7 P c636a4ffb907429e9d67d3dd2c0ab47c [term 0 FOLLOWER]: Advancing to term 1
I20260709 12:20:51.047389 29637 tablet_service.cc:1917] Received RequestConsensusVote() RPC: tablet_id: "0eb255511bc94e56ba4848d760a467f7" candidate_uuid: "66fbfa0334c5423ea1a9436728d7d1aa" candidate_term: 1 candidate_status { last_received { term: 0 index: 0 } } ignore_live_leader: false dest_uuid: "2c58afb58c5943bbb8b05c04ea13a9fd"
I20260709 12:20:51.053042 29637 raft_consensus.cc:3060] T 0eb255511bc94e56ba4848d760a467f7 P 2c58afb58c5943bbb8b05c04ea13a9fd [term 0 FOLLOWER]: Advancing to term 1
I20260709 12:20:51.053453 29754 consensus_queue.cc:260] T 984c78eb4a2c427bb5d8f2bb43d7919e P 2c58afb58c5943bbb8b05c04ea13a9fd [NON_LEADER]: Queue going to NON_LEADER mode. State: All replicated index: 0, Majority replicated index: 0, Committed index: 0, Last appended: 0.0, Last appended by leader: 0, Current term: 0, Majority size: -1, State: 0, Mode: NON_LEADER, active raft config: opid_index: -1 OBSOLETE_local: false peers { permanent_uuid: "c636a4ffb907429e9d67d3dd2c0ab47c" member_type: VOTER last_known_addr { host: "127.28.188.193" port: 43553 } } peers { permanent_uuid: "2c58afb58c5943bbb8b05c04ea13a9fd" member_type: VOTER last_known_addr { host: "127.28.188.194" port: 37277 } } peers { permanent_uuid: "66fbfa0334c5423ea1a9436728d7d1aa" member_type: VOTER last_known_addr { host: "127.28.188.195" port: 36083 } }
I20260709 12:20:51.059441 29754 ts_tablet_manager.cc:1434] T 984c78eb4a2c427bb5d8f2bb43d7919e P 2c58afb58c5943bbb8b05c04ea13a9fd: Time spent starting tablet: real 0.018s	user 0.006s	sys 0.000s
I20260709 12:20:51.060619 29754 tablet_bootstrap.cc:492] T ad5161fbeb51492d905b7143337a0767 P 2c58afb58c5943bbb8b05c04ea13a9fd: Bootstrap starting.
I20260709 12:20:51.063716 29562 raft_consensus.cc:2468] T 0eb255511bc94e56ba4848d760a467f7 P c636a4ffb907429e9d67d3dd2c0ab47c [term 1 FOLLOWER]: Leader election vote request: Granting yes vote for candidate 66fbfa0334c5423ea1a9436728d7d1aa in term 1.
I20260709 12:20:51.008911 29711 tablet_service.cc:1917] Received RequestConsensusVote() RPC: tablet_id: "f1fda68ea478473e9202dd5e5f6bae15" candidate_uuid: "c636a4ffb907429e9d67d3dd2c0ab47c" candidate_term: 1 candidate_status { last_received { term: 0 index: 0 } } ignore_live_leader: false dest_uuid: "66fbfa0334c5423ea1a9436728d7d1aa" is_pre_election: true
I20260709 12:20:51.064949 29675 leader_election.cc:304] T 0eb255511bc94e56ba4848d760a467f7 P 66fbfa0334c5423ea1a9436728d7d1aa [CANDIDATE]: Term 1 election: Election decided. Result: candidate won. Election summary: received 2 responses out of 3 voters: 2 yes votes; 0 no votes. yes voters: 66fbfa0334c5423ea1a9436728d7d1aa, c636a4ffb907429e9d67d3dd2c0ab47c; no voters: 
I20260709 12:20:51.060513 29637 raft_consensus.cc:2468] T 0eb255511bc94e56ba4848d760a467f7 P 2c58afb58c5943bbb8b05c04ea13a9fd [term 1 FOLLOWER]: Leader election vote request: Granting yes vote for candidate 66fbfa0334c5423ea1a9436728d7d1aa in term 1.
I20260709 12:20:51.045640 29792 leader_election.cc:290] T 0eb255511bc94e56ba4848d760a467f7 P 66fbfa0334c5423ea1a9436728d7d1aa [CANDIDATE]: Term 1 election: Requested vote from peers c636a4ffb907429e9d67d3dd2c0ab47c (127.28.188.193:43553), 2c58afb58c5943bbb8b05c04ea13a9fd (127.28.188.194:37277)
I20260709 12:20:51.065760 29760 raft_consensus.cc:2804] T 0eb255511bc94e56ba4848d760a467f7 P 66fbfa0334c5423ea1a9436728d7d1aa [term 1 FOLLOWER]: Leader election won for term 1
I20260709 12:20:51.065845 29711 raft_consensus.cc:2468] T f1fda68ea478473e9202dd5e5f6bae15 P 66fbfa0334c5423ea1a9436728d7d1aa [term 0 FOLLOWER]: Leader pre-election vote request: Granting yes vote for candidate c636a4ffb907429e9d67d3dd2c0ab47c in term 0.
I20260709 12:20:51.066351 29760 raft_consensus.cc:697] T 0eb255511bc94e56ba4848d760a467f7 P 66fbfa0334c5423ea1a9436728d7d1aa [term 1 LEADER]: Becoming Leader. State: Replica: 66fbfa0334c5423ea1a9436728d7d1aa, State: Running, Role: LEADER
I20260709 12:20:51.067189 29760 consensus_queue.cc:237] T 0eb255511bc94e56ba4848d760a467f7 P 66fbfa0334c5423ea1a9436728d7d1aa [LEADER]: Queue going to LEADER mode. State: All replicated index: 0, Majority replicated index: 0, Committed index: 0, Last appended: 0.0, Last appended by leader: 0, Current term: 1, Majority size: 2, State: 0, Mode: LEADER, active raft config: opid_index: -1 OBSOLETE_local: false peers { permanent_uuid: "c636a4ffb907429e9d67d3dd2c0ab47c" member_type: VOTER last_known_addr { host: "127.28.188.193" port: 43553 } } peers { permanent_uuid: "2c58afb58c5943bbb8b05c04ea13a9fd" member_type: VOTER last_known_addr { host: "127.28.188.194" port: 37277 } } peers { permanent_uuid: "66fbfa0334c5423ea1a9436728d7d1aa" member_type: VOTER last_known_addr { host: "127.28.188.195" port: 36083 } }
I20260709 12:20:51.067740 29525 leader_election.cc:304] T f1fda68ea478473e9202dd5e5f6bae15 P c636a4ffb907429e9d67d3dd2c0ab47c [CANDIDATE]: Term 1 pre-election: Election decided. Result: candidate won. Election summary: received 3 responses out of 3 voters: 2 yes votes; 1 no votes. yes voters: 66fbfa0334c5423ea1a9436728d7d1aa, c636a4ffb907429e9d67d3dd2c0ab47c; no voters: 2c58afb58c5943bbb8b05c04ea13a9fd
I20260709 12:20:51.068585 29793 raft_consensus.cc:2804] T f1fda68ea478473e9202dd5e5f6bae15 P c636a4ffb907429e9d67d3dd2c0ab47c [term 0 FOLLOWER]: Leader pre-election won for term 1
I20260709 12:20:51.069708 29793 raft_consensus.cc:493] T f1fda68ea478473e9202dd5e5f6bae15 P c636a4ffb907429e9d67d3dd2c0ab47c [term 0 FOLLOWER]: Starting leader election (no leader contacted us within the election timeout)
I20260709 12:20:51.070186 29793 raft_consensus.cc:3060] T f1fda68ea478473e9202dd5e5f6bae15 P c636a4ffb907429e9d67d3dd2c0ab47c [term 0 FOLLOWER]: Advancing to term 1
I20260709 12:20:51.080197 29793 raft_consensus.cc:515] T f1fda68ea478473e9202dd5e5f6bae15 P c636a4ffb907429e9d67d3dd2c0ab47c [term 1 FOLLOWER]: Starting leader election with config: opid_index: -1 OBSOLETE_local: false peers { permanent_uuid: "c636a4ffb907429e9d67d3dd2c0ab47c" member_type: VOTER last_known_addr { host: "127.28.188.193" port: 43553 } } peers { permanent_uuid: "2c58afb58c5943bbb8b05c04ea13a9fd" member_type: VOTER last_known_addr { host: "127.28.188.194" port: 37277 } } peers { permanent_uuid: "66fbfa0334c5423ea1a9436728d7d1aa" member_type: VOTER last_known_addr { host: "127.28.188.195" port: 36083 } }
I20260709 12:20:51.083051 29793 leader_election.cc:290] T f1fda68ea478473e9202dd5e5f6bae15 P c636a4ffb907429e9d67d3dd2c0ab47c [CANDIDATE]: Term 1 election: Requested vote from peers 2c58afb58c5943bbb8b05c04ea13a9fd (127.28.188.194:37277), 66fbfa0334c5423ea1a9436728d7d1aa (127.28.188.195:36083)
I20260709 12:20:51.086737 29755 tablet_bootstrap.cc:654] T 8abd3f20150c4fc19dcc22c73eb093eb P 66fbfa0334c5423ea1a9436728d7d1aa: Neither blocks nor log segments found. Creating new log.
I20260709 12:20:51.086555 29637 tablet_service.cc:1917] Received RequestConsensusVote() RPC: tablet_id: "f1fda68ea478473e9202dd5e5f6bae15" candidate_uuid: "c636a4ffb907429e9d67d3dd2c0ab47c" candidate_term: 1 candidate_status { last_received { term: 0 index: 0 } } ignore_live_leader: false dest_uuid: "2c58afb58c5943bbb8b05c04ea13a9fd"
I20260709 12:20:51.089900 29637 raft_consensus.cc:3060] T f1fda68ea478473e9202dd5e5f6bae15 P 2c58afb58c5943bbb8b05c04ea13a9fd [term 0 FOLLOWER]: Advancing to term 1
I20260709 12:20:51.090219 29783 consensus_queue.cc:1048] T a423d6d10cb54e28b6ef2278e97b85bf P 2c58afb58c5943bbb8b05c04ea13a9fd [LEADER]: Connected to new peer: Peer: permanent_uuid: "66fbfa0334c5423ea1a9436728d7d1aa" member_type: VOTER last_known_addr { host: "127.28.188.195" port: 36083 }, Status: LMP_MISMATCH, Last received: 0.0, Next index: 1, Last known committed idx: 0, Time since last communication: 0.001s
I20260709 12:20:51.092281 29754 tablet_bootstrap.cc:654] T ad5161fbeb51492d905b7143337a0767 P 2c58afb58c5943bbb8b05c04ea13a9fd: Neither blocks nor log segments found. Creating new log.
I20260709 12:20:51.099653 29755 tablet_bootstrap.cc:492] T 8abd3f20150c4fc19dcc22c73eb093eb P 66fbfa0334c5423ea1a9436728d7d1aa: No bootstrap required, opened a new log
I20260709 12:20:51.100416 29755 ts_tablet_manager.cc:1403] T 8abd3f20150c4fc19dcc22c73eb093eb P 66fbfa0334c5423ea1a9436728d7d1aa: Time spent bootstrapping tablet: real 0.054s	user 0.009s	sys 0.005s
I20260709 12:20:51.102912 29637 raft_consensus.cc:2468] T f1fda68ea478473e9202dd5e5f6bae15 P 2c58afb58c5943bbb8b05c04ea13a9fd [term 1 FOLLOWER]: Leader election vote request: Granting yes vote for candidate c636a4ffb907429e9d67d3dd2c0ab47c in term 1.
I20260709 12:20:51.104830 29755 raft_consensus.cc:359] T 8abd3f20150c4fc19dcc22c73eb093eb P 66fbfa0334c5423ea1a9436728d7d1aa [term 0 FOLLOWER]: Replica starting. Triggering 0 pending ops. Active config: opid_index: -1 OBSOLETE_local: false peers { permanent_uuid: "c636a4ffb907429e9d67d3dd2c0ab47c" member_type: VOTER last_known_addr { host: "127.28.188.193" port: 43553 } } peers { permanent_uuid: "2c58afb58c5943bbb8b05c04ea13a9fd" member_type: VOTER last_known_addr { host: "127.28.188.194" port: 37277 } } peers { permanent_uuid: "66fbfa0334c5423ea1a9436728d7d1aa" member_type: VOTER last_known_addr { host: "127.28.188.195" port: 36083 } }
I20260709 12:20:51.107191 29755 raft_consensus.cc:385] T 8abd3f20150c4fc19dcc22c73eb093eb P 66fbfa0334c5423ea1a9436728d7d1aa [term 0 FOLLOWER]: Consensus starting up: Expiring failure detector timer to make a prompt election more likely
I20260709 12:20:51.107252 29710 tablet_service.cc:1917] Received RequestConsensusVote() RPC: tablet_id: "f1fda68ea478473e9202dd5e5f6bae15" candidate_uuid: "c636a4ffb907429e9d67d3dd2c0ab47c" candidate_term: 1 candidate_status { last_received { term: 0 index: 0 } } ignore_live_leader: false dest_uuid: "66fbfa0334c5423ea1a9436728d7d1aa"
I20260709 12:20:51.107648 29755 raft_consensus.cc:740] T 8abd3f20150c4fc19dcc22c73eb093eb P 66fbfa0334c5423ea1a9436728d7d1aa [term 0 FOLLOWER]: Becoming Follower/Learner. State: Replica: 66fbfa0334c5423ea1a9436728d7d1aa, State: Initialized, Role: FOLLOWER
I20260709 12:20:51.107949 29710 raft_consensus.cc:3060] T f1fda68ea478473e9202dd5e5f6bae15 P 66fbfa0334c5423ea1a9436728d7d1aa [term 0 FOLLOWER]: Advancing to term 1
I20260709 12:20:51.107595 29525 leader_election.cc:304] T f1fda68ea478473e9202dd5e5f6bae15 P c636a4ffb907429e9d67d3dd2c0ab47c [CANDIDATE]: Term 1 election: Election decided. Result: candidate won. Election summary: received 2 responses out of 3 voters: 2 yes votes; 0 no votes. yes voters: 2c58afb58c5943bbb8b05c04ea13a9fd, c636a4ffb907429e9d67d3dd2c0ab47c; no voters: 
I20260709 12:20:51.108896 29755 consensus_queue.cc:260] T 8abd3f20150c4fc19dcc22c73eb093eb P 66fbfa0334c5423ea1a9436728d7d1aa [NON_LEADER]: Queue going to NON_LEADER mode. State: All replicated index: 0, Majority replicated index: 0, Committed index: 0, Last appended: 0.0, Last appended by leader: 0, Current term: 0, Majority size: -1, State: 0, Mode: NON_LEADER, active raft config: opid_index: -1 OBSOLETE_local: false peers { permanent_uuid: "c636a4ffb907429e9d67d3dd2c0ab47c" member_type: VOTER last_known_addr { host: "127.28.188.193" port: 43553 } } peers { permanent_uuid: "2c58afb58c5943bbb8b05c04ea13a9fd" member_type: VOTER last_known_addr { host: "127.28.188.194" port: 37277 } } peers { permanent_uuid: "66fbfa0334c5423ea1a9436728d7d1aa" member_type: VOTER last_known_addr { host: "127.28.188.195" port: 36083 } }
I20260709 12:20:51.110569 29793 raft_consensus.cc:2804] T f1fda68ea478473e9202dd5e5f6bae15 P c636a4ffb907429e9d67d3dd2c0ab47c [term 1 FOLLOWER]: Leader election won for term 1
I20260709 12:20:51.111212 29793 raft_consensus.cc:697] T f1fda68ea478473e9202dd5e5f6bae15 P c636a4ffb907429e9d67d3dd2c0ab47c [term 1 LEADER]: Becoming Leader. State: Replica: c636a4ffb907429e9d67d3dd2c0ab47c, State: Running, Role: LEADER
I20260709 12:20:51.111441 29755 ts_tablet_manager.cc:1434] T 8abd3f20150c4fc19dcc22c73eb093eb P 66fbfa0334c5423ea1a9436728d7d1aa: Time spent starting tablet: real 0.011s	user 0.008s	sys 0.000s
I20260709 12:20:51.112569 29755 tablet_bootstrap.cc:492] T ad5161fbeb51492d905b7143337a0767 P 66fbfa0334c5423ea1a9436728d7d1aa: Bootstrap starting.
I20260709 12:20:51.112280 29793 consensus_queue.cc:237] T f1fda68ea478473e9202dd5e5f6bae15 P c636a4ffb907429e9d67d3dd2c0ab47c [LEADER]: Queue going to LEADER mode. State: All replicated index: 0, Majority replicated index: 0, Committed index: 0, Last appended: 0.0, Last appended by leader: 0, Current term: 1, Majority size: 2, State: 0, Mode: LEADER, active raft config: opid_index: -1 OBSOLETE_local: false peers { permanent_uuid: "c636a4ffb907429e9d67d3dd2c0ab47c" member_type: VOTER last_known_addr { host: "127.28.188.193" port: 43553 } } peers { permanent_uuid: "2c58afb58c5943bbb8b05c04ea13a9fd" member_type: VOTER last_known_addr { host: "127.28.188.194" port: 37277 } } peers { permanent_uuid: "66fbfa0334c5423ea1a9436728d7d1aa" member_type: VOTER last_known_addr { host: "127.28.188.195" port: 36083 } }
I20260709 12:20:51.116086 29710 raft_consensus.cc:2468] T f1fda68ea478473e9202dd5e5f6bae15 P 66fbfa0334c5423ea1a9436728d7d1aa [term 1 FOLLOWER]: Leader election vote request: Granting yes vote for candidate c636a4ffb907429e9d67d3dd2c0ab47c in term 1.
I20260709 12:20:51.119055 29755 tablet_bootstrap.cc:654] T ad5161fbeb51492d905b7143337a0767 P 66fbfa0334c5423ea1a9436728d7d1aa: Neither blocks nor log segments found. Creating new log.
I20260709 12:20:51.122941 29459 catalog_manager.cc:5697] T f1fda68ea478473e9202dd5e5f6bae15 P c636a4ffb907429e9d67d3dd2c0ab47c reported cstate change: term changed from 0 to 1, leader changed from <none> to c636a4ffb907429e9d67d3dd2c0ab47c (127.28.188.193). New cstate: current_term: 1 leader_uuid: "c636a4ffb907429e9d67d3dd2c0ab47c" committed_config { opid_index: -1 OBSOLETE_local: false peers { permanent_uuid: "c636a4ffb907429e9d67d3dd2c0ab47c" member_type: VOTER last_known_addr { host: "127.28.188.193" port: 43553 } health_report { overall_health: HEALTHY } } peers { permanent_uuid: "2c58afb58c5943bbb8b05c04ea13a9fd" member_type: VOTER last_known_addr { host: "127.28.188.194" port: 37277 } health_report { overall_health: UNKNOWN } } peers { permanent_uuid: "66fbfa0334c5423ea1a9436728d7d1aa" member_type: VOTER last_known_addr { host: "127.28.188.195" port: 36083 } health_report { overall_health: UNKNOWN } } }
I20260709 12:20:51.127542 29781 consensus_queue.cc:1048] T a423d6d10cb54e28b6ef2278e97b85bf P 2c58afb58c5943bbb8b05c04ea13a9fd [LEADER]: Connected to new peer: Peer: permanent_uuid: "c636a4ffb907429e9d67d3dd2c0ab47c" member_type: VOTER last_known_addr { host: "127.28.188.193" port: 43553 }, Status: LMP_MISMATCH, Last received: 0.0, Next index: 1, Last known committed idx: 0, Time since last communication: 0.001s
I20260709 12:20:51.152527 29456 catalog_manager.cc:5697] T 0eb255511bc94e56ba4848d760a467f7 P 66fbfa0334c5423ea1a9436728d7d1aa reported cstate change: term changed from 0 to 1, leader changed from <none> to 66fbfa0334c5423ea1a9436728d7d1aa (127.28.188.195). New cstate: current_term: 1 leader_uuid: "66fbfa0334c5423ea1a9436728d7d1aa" committed_config { opid_index: -1 OBSOLETE_local: false peers { permanent_uuid: "c636a4ffb907429e9d67d3dd2c0ab47c" member_type: VOTER last_known_addr { host: "127.28.188.193" port: 43553 } health_report { overall_health: UNKNOWN } } peers { permanent_uuid: "2c58afb58c5943bbb8b05c04ea13a9fd" member_type: VOTER last_known_addr { host: "127.28.188.194" port: 37277 } health_report { overall_health: UNKNOWN } } peers { permanent_uuid: "66fbfa0334c5423ea1a9436728d7d1aa" member_type: VOTER last_known_addr { host: "127.28.188.195" port: 36083 } health_report { overall_health: HEALTHY } } }
I20260709 12:20:51.190318 29754 tablet_bootstrap.cc:492] T ad5161fbeb51492d905b7143337a0767 P 2c58afb58c5943bbb8b05c04ea13a9fd: No bootstrap required, opened a new log
I20260709 12:20:51.195410 29754 ts_tablet_manager.cc:1403] T ad5161fbeb51492d905b7143337a0767 P 2c58afb58c5943bbb8b05c04ea13a9fd: Time spent bootstrapping tablet: real 0.135s	user 0.019s	sys 0.003s
W20260709 12:20:51.207702 29506 auto_rebalancer.cc:288] Could not retrieve cluster info: Service unavailable: Tablet not running
I20260709 12:20:51.199733 29754 raft_consensus.cc:359] T ad5161fbeb51492d905b7143337a0767 P 2c58afb58c5943bbb8b05c04ea13a9fd [term 0 FOLLOWER]: Replica starting. Triggering 0 pending ops. Active config: opid_index: -1 OBSOLETE_local: false peers { permanent_uuid: "c636a4ffb907429e9d67d3dd2c0ab47c" member_type: VOTER last_known_addr { host: "127.28.188.193" port: 43553 } } peers { permanent_uuid: "2c58afb58c5943bbb8b05c04ea13a9fd" member_type: VOTER last_known_addr { host: "127.28.188.194" port: 37277 } } peers { permanent_uuid: "66fbfa0334c5423ea1a9436728d7d1aa" member_type: VOTER last_known_addr { host: "127.28.188.195" port: 36083 } }
I20260709 12:20:51.210441 29754 raft_consensus.cc:385] T ad5161fbeb51492d905b7143337a0767 P 2c58afb58c5943bbb8b05c04ea13a9fd [term 0 FOLLOWER]: Consensus starting up: Expiring failure detector timer to make a prompt election more likely
I20260709 12:20:51.210884 29754 raft_consensus.cc:740] T ad5161fbeb51492d905b7143337a0767 P 2c58afb58c5943bbb8b05c04ea13a9fd [term 0 FOLLOWER]: Becoming Follower/Learner. State: Replica: 2c58afb58c5943bbb8b05c04ea13a9fd, State: Initialized, Role: FOLLOWER
I20260709 12:20:51.216392 29754 consensus_queue.cc:260] T ad5161fbeb51492d905b7143337a0767 P 2c58afb58c5943bbb8b05c04ea13a9fd [NON_LEADER]: Queue going to NON_LEADER mode. State: All replicated index: 0, Majority replicated index: 0, Committed index: 0, Last appended: 0.0, Last appended by leader: 0, Current term: 0, Majority size: -1, State: 0, Mode: NON_LEADER, active raft config: opid_index: -1 OBSOLETE_local: false peers { permanent_uuid: "c636a4ffb907429e9d67d3dd2c0ab47c" member_type: VOTER last_known_addr { host: "127.28.188.193" port: 43553 } } peers { permanent_uuid: "2c58afb58c5943bbb8b05c04ea13a9fd" member_type: VOTER last_known_addr { host: "127.28.188.194" port: 37277 } } peers { permanent_uuid: "66fbfa0334c5423ea1a9436728d7d1aa" member_type: VOTER last_known_addr { host: "127.28.188.195" port: 36083 } }
I20260709 12:20:51.219118 29755 tablet_bootstrap.cc:492] T ad5161fbeb51492d905b7143337a0767 P 66fbfa0334c5423ea1a9436728d7d1aa: No bootstrap required, opened a new log
I20260709 12:20:51.219578 29755 ts_tablet_manager.cc:1403] T ad5161fbeb51492d905b7143337a0767 P 66fbfa0334c5423ea1a9436728d7d1aa: Time spent bootstrapping tablet: real 0.107s	user 0.052s	sys 0.034s
I20260709 12:20:51.220570 29793 raft_consensus.cc:493] T ad5161fbeb51492d905b7143337a0767 P c636a4ffb907429e9d67d3dd2c0ab47c [term 0 FOLLOWER]: Starting pre-election (no leader contacted us within the election timeout)
I20260709 12:20:51.221050 29793 raft_consensus.cc:515] T ad5161fbeb51492d905b7143337a0767 P c636a4ffb907429e9d67d3dd2c0ab47c [term 0 FOLLOWER]: Starting pre-election with config: opid_index: -1 OBSOLETE_local: false peers { permanent_uuid: "c636a4ffb907429e9d67d3dd2c0ab47c" member_type: VOTER last_known_addr { host: "127.28.188.193" port: 43553 } } peers { permanent_uuid: "2c58afb58c5943bbb8b05c04ea13a9fd" member_type: VOTER last_known_addr { host: "127.28.188.194" port: 37277 } } peers { permanent_uuid: "66fbfa0334c5423ea1a9436728d7d1aa" member_type: VOTER last_known_addr { host: "127.28.188.195" port: 36083 } }
I20260709 12:20:51.222795 29793 leader_election.cc:290] T ad5161fbeb51492d905b7143337a0767 P c636a4ffb907429e9d67d3dd2c0ab47c [CANDIDATE]: Term 1 pre-election: Requested pre-vote from peers 2c58afb58c5943bbb8b05c04ea13a9fd (127.28.188.194:37277), 66fbfa0334c5423ea1a9436728d7d1aa (127.28.188.195:36083)
I20260709 12:20:51.223446 29637 tablet_service.cc:1917] Received RequestConsensusVote() RPC: tablet_id: "ad5161fbeb51492d905b7143337a0767" candidate_uuid: "c636a4ffb907429e9d67d3dd2c0ab47c" candidate_term: 1 candidate_status { last_received { term: 0 index: 0 } } ignore_live_leader: false dest_uuid: "2c58afb58c5943bbb8b05c04ea13a9fd" is_pre_election: true
I20260709 12:20:51.223901 29637 raft_consensus.cc:2468] T ad5161fbeb51492d905b7143337a0767 P 2c58afb58c5943bbb8b05c04ea13a9fd [term 0 FOLLOWER]: Leader pre-election vote request: Granting yes vote for candidate c636a4ffb907429e9d67d3dd2c0ab47c in term 0.
I20260709 12:20:51.225068 29525 leader_election.cc:304] T ad5161fbeb51492d905b7143337a0767 P c636a4ffb907429e9d67d3dd2c0ab47c [CANDIDATE]: Term 1 pre-election: Election decided. Result: candidate won. Election summary: received 2 responses out of 3 voters: 2 yes votes; 0 no votes. yes voters: 2c58afb58c5943bbb8b05c04ea13a9fd, c636a4ffb907429e9d67d3dd2c0ab47c; no voters: 
I20260709 12:20:51.225538 29710 tablet_service.cc:1917] Received RequestConsensusVote() RPC: tablet_id: "ad5161fbeb51492d905b7143337a0767" candidate_uuid: "c636a4ffb907429e9d67d3dd2c0ab47c" candidate_term: 1 candidate_status { last_received { term: 0 index: 0 } } ignore_live_leader: false dest_uuid: "66fbfa0334c5423ea1a9436728d7d1aa" is_pre_election: true
I20260709 12:20:51.226769 29754 ts_tablet_manager.cc:1434] T ad5161fbeb51492d905b7143337a0767 P 2c58afb58c5943bbb8b05c04ea13a9fd: Time spent starting tablet: real 0.030s	user 0.006s	sys 0.001s
I20260709 12:20:51.226805 29793 raft_consensus.cc:2804] T ad5161fbeb51492d905b7143337a0767 P c636a4ffb907429e9d67d3dd2c0ab47c [term 0 FOLLOWER]: Leader pre-election won for term 1
I20260709 12:20:51.227877 29793 raft_consensus.cc:493] T ad5161fbeb51492d905b7143337a0767 P c636a4ffb907429e9d67d3dd2c0ab47c [term 0 FOLLOWER]: Starting leader election (no leader contacted us within the election timeout)
I20260709 12:20:51.228209 29793 raft_consensus.cc:3060] T ad5161fbeb51492d905b7143337a0767 P c636a4ffb907429e9d67d3dd2c0ab47c [term 0 FOLLOWER]: Advancing to term 1
I20260709 12:20:51.230046 29755 raft_consensus.cc:359] T ad5161fbeb51492d905b7143337a0767 P 66fbfa0334c5423ea1a9436728d7d1aa [term 0 FOLLOWER]: Replica starting. Triggering 0 pending ops. Active config: opid_index: -1 OBSOLETE_local: false peers { permanent_uuid: "c636a4ffb907429e9d67d3dd2c0ab47c" member_type: VOTER last_known_addr { host: "127.28.188.193" port: 43553 } } peers { permanent_uuid: "2c58afb58c5943bbb8b05c04ea13a9fd" member_type: VOTER last_known_addr { host: "127.28.188.194" port: 37277 } } peers { permanent_uuid: "66fbfa0334c5423ea1a9436728d7d1aa" member_type: VOTER last_known_addr { host: "127.28.188.195" port: 36083 } }
I20260709 12:20:51.230764 29755 raft_consensus.cc:385] T ad5161fbeb51492d905b7143337a0767 P 66fbfa0334c5423ea1a9436728d7d1aa [term 0 FOLLOWER]: Consensus starting up: Expiring failure detector timer to make a prompt election more likely
I20260709 12:20:51.231052 29755 raft_consensus.cc:740] T ad5161fbeb51492d905b7143337a0767 P 66fbfa0334c5423ea1a9436728d7d1aa [term 0 FOLLOWER]: Becoming Follower/Learner. State: Replica: 66fbfa0334c5423ea1a9436728d7d1aa, State: Initialized, Role: FOLLOWER
I20260709 12:20:51.231958 29755 consensus_queue.cc:260] T ad5161fbeb51492d905b7143337a0767 P 66fbfa0334c5423ea1a9436728d7d1aa [NON_LEADER]: Queue going to NON_LEADER mode. State: All replicated index: 0, Majority replicated index: 0, Committed index: 0, Last appended: 0.0, Last appended by leader: 0, Current term: 0, Majority size: -1, State: 0, Mode: NON_LEADER, active raft config: opid_index: -1 OBSOLETE_local: false peers { permanent_uuid: "c636a4ffb907429e9d67d3dd2c0ab47c" member_type: VOTER last_known_addr { host: "127.28.188.193" port: 43553 } } peers { permanent_uuid: "2c58afb58c5943bbb8b05c04ea13a9fd" member_type: VOTER last_known_addr { host: "127.28.188.194" port: 37277 } } peers { permanent_uuid: "66fbfa0334c5423ea1a9436728d7d1aa" member_type: VOTER last_known_addr { host: "127.28.188.195" port: 36083 } }
I20260709 12:20:51.233189 29710 raft_consensus.cc:2468] T ad5161fbeb51492d905b7143337a0767 P 66fbfa0334c5423ea1a9436728d7d1aa [term 0 FOLLOWER]: Leader pre-election vote request: Granting yes vote for candidate c636a4ffb907429e9d67d3dd2c0ab47c in term 0.
I20260709 12:20:51.234649 29755 ts_tablet_manager.cc:1434] T ad5161fbeb51492d905b7143337a0767 P 66fbfa0334c5423ea1a9436728d7d1aa: Time spent starting tablet: real 0.015s	user 0.008s	sys 0.000s
I20260709 12:20:51.235199 29760 raft_consensus.cc:493] T ad5161fbeb51492d905b7143337a0767 P 66fbfa0334c5423ea1a9436728d7d1aa [term 0 FOLLOWER]: Starting pre-election (no leader contacted us within the election timeout)
I20260709 12:20:51.235757 29783 raft_consensus.cc:493] T 2b6c2228ba7b400e8fa0fba92bea31a7 P 2c58afb58c5943bbb8b05c04ea13a9fd [term 0 FOLLOWER]: Starting pre-election (no leader contacted us within the election timeout)
I20260709 12:20:51.235673 29760 raft_consensus.cc:515] T ad5161fbeb51492d905b7143337a0767 P 66fbfa0334c5423ea1a9436728d7d1aa [term 0 FOLLOWER]: Starting pre-election with config: opid_index: -1 OBSOLETE_local: false peers { permanent_uuid: "c636a4ffb907429e9d67d3dd2c0ab47c" member_type: VOTER last_known_addr { host: "127.28.188.193" port: 43553 } } peers { permanent_uuid: "2c58afb58c5943bbb8b05c04ea13a9fd" member_type: VOTER last_known_addr { host: "127.28.188.194" port: 37277 } } peers { permanent_uuid: "66fbfa0334c5423ea1a9436728d7d1aa" member_type: VOTER last_known_addr { host: "127.28.188.195" port: 36083 } }
