I20260709 12:21:47.423278 24626 consensus_queue.cc:260] T b7d4841660e94d428755f136aa4012c8 P 5cac2e745a724fa6ac564549050374a6 [NON_LEADER]: Queue going to NON_LEADER mode. State: All replicated index: 0, Majority replicated index: 0, Committed index: 0, Last appended: 0.0, Last appended by leader: 0, Current term: 0, Majority size: -1, State: 0, Mode: NON_LEADER, active raft config: opid_index: -1 OBSOLETE_local: false peers { permanent_uuid: "da714a4249594175ac8077da11828d56" member_type: VOTER last_known_addr { host: "127.22.184.193" port: 36985 } } peers { permanent_uuid: "5cac2e745a724fa6ac564549050374a6" member_type: VOTER last_known_addr { host: "127.22.184.194" port: 36689 } } peers { permanent_uuid: "5413982129f44f29963ce3fb11f4f6b4" member_type: VOTER last_known_addr { host: "127.22.184.195" port: 43165 } }
I20260709 12:21:47.425423 24626 ts_tablet_manager.cc:1434] T b7d4841660e94d428755f136aa4012c8 P 5cac2e745a724fa6ac564549050374a6: Time spent starting tablet: real 0.013s	user 0.004s	sys 0.000s
I20260709 12:21:47.426198 24627 ts_tablet_manager.cc:1434] T 3c7ed1d333e8436ba05384937999388f P 5413982129f44f29963ce3fb11f4f6b4: Time spent starting tablet: real 0.080s	user 0.008s	sys 0.002s
I20260709 12:21:47.426282 24626 tablet_bootstrap.cc:492] T 8e53b29207ff4881bff85d77f703bd66 P 5cac2e745a724fa6ac564549050374a6: Bootstrap starting.
I20260709 12:21:47.427205 24627 tablet_bootstrap.cc:492] T 45849555ebee4ecab1c26f64986529b7 P 5413982129f44f29963ce3fb11f4f6b4: Bootstrap starting.
I20260709 12:21:47.427589 24510 raft_consensus.cc:2468] T b3ec666eb3eb4a3da0ece25588189ccd P 5cac2e745a724fa6ac564549050374a6 [term 1 FOLLOWER]: Leader election vote request: Granting yes vote for candidate da714a4249594175ac8077da11828d56 in term 1.
I20260709 12:21:47.431289 24398 leader_election.cc:304] T b3ec666eb3eb4a3da0ece25588189ccd P da714a4249594175ac8077da11828d56 [CANDIDATE]: Term 1 election: Election decided. Result: candidate won. Election summary: received 2 responses out of 3 voters: 2 yes votes; 0 no votes. yes voters: 5cac2e745a724fa6ac564549050374a6, da714a4249594175ac8077da11828d56; no voters: 
I20260709 12:21:47.432310 24742 raft_consensus.cc:2804] T b3ec666eb3eb4a3da0ece25588189ccd P da714a4249594175ac8077da11828d56 [term 1 FOLLOWER]: Leader election won for term 1
I20260709 12:21:47.432745 24742 raft_consensus.cc:697] T b3ec666eb3eb4a3da0ece25588189ccd P da714a4249594175ac8077da11828d56 [term 1 LEADER]: Becoming Leader. State: Replica: da714a4249594175ac8077da11828d56, State: Running, Role: LEADER
I20260709 12:21:47.433568 24742 consensus_queue.cc:237] T b3ec666eb3eb4a3da0ece25588189ccd P da714a4249594175ac8077da11828d56 [LEADER]: Queue going to LEADER mode. State: All replicated index: 0, Majority replicated index: 0, Committed index: 0, Last appended: 0.0, Last appended by leader: 0, Current term: 1, Majority size: 2, State: 0, Mode: LEADER, active raft config: opid_index: -1 OBSOLETE_local: false peers { permanent_uuid: "da714a4249594175ac8077da11828d56" member_type: VOTER last_known_addr { host: "127.22.184.193" port: 36985 } } peers { permanent_uuid: "5cac2e745a724fa6ac564549050374a6" member_type: VOTER last_known_addr { host: "127.22.184.194" port: 36689 } } peers { permanent_uuid: "5413982129f44f29963ce3fb11f4f6b4" member_type: VOTER last_known_addr { host: "127.22.184.195" port: 43165 } }
I20260709 12:21:47.427981 24632 raft_consensus.cc:515] T 75b67a66b64c432db910116151542cf9 P 5cac2e745a724fa6ac564549050374a6 [term 1 FOLLOWER]: Starting leader election with config: opid_index: -1 OBSOLETE_local: false peers { permanent_uuid: "da714a4249594175ac8077da11828d56" member_type: VOTER last_known_addr { host: "127.22.184.193" port: 36985 } } peers { permanent_uuid: "5cac2e745a724fa6ac564549050374a6" member_type: VOTER last_known_addr { host: "127.22.184.194" port: 36689 } } peers { permanent_uuid: "5413982129f44f29963ce3fb11f4f6b4" member_type: VOTER last_known_addr { host: "127.22.184.195" port: 43165 } }
I20260709 12:21:47.448231 24627 tablet_bootstrap.cc:654] T 45849555ebee4ecab1c26f64986529b7 P 5413982129f44f29963ce3fb11f4f6b4: Neither blocks nor log segments found. Creating new log.
W20260709 12:21:47.449342 24547 leader_election.cc:343] T a3a1732beddc4215be9151d90e72af11 P 5413982129f44f29963ce3fb11f4f6b4 [CANDIDATE]: Term 1 pre-election: Tablet error from VoteRequest() call to peer 5cac2e745a724fa6ac564549050374a6 (127.22.184.194:36689): Illegal state: must be running to vote when last-logged opid is not known
W20260709 12:21:47.458417 24547 leader_election.cc:343] T a3a1732beddc4215be9151d90e72af11 P 5413982129f44f29963ce3fb11f4f6b4 [CANDIDATE]: Term 1 pre-election: Tablet error from VoteRequest() call to peer da714a4249594175ac8077da11828d56 (127.22.184.193:36985): Illegal state: must be running to vote when last-logged opid is not known
I20260709 12:21:47.458918 24625 tablet_bootstrap.cc:492] T 7671c58be8054b3b833bcd18e1e2d6ea P da714a4249594175ac8077da11828d56: No bootstrap required, opened a new log
I20260709 12:21:47.459084 24547 leader_election.cc:304] T a3a1732beddc4215be9151d90e72af11 P 5413982129f44f29963ce3fb11f4f6b4 [CANDIDATE]: Term 1 pre-election: Election decided. Result: candidate lost. Election summary: received 3 responses out of 3 voters: 1 yes votes; 2 no votes. yes voters: 5413982129f44f29963ce3fb11f4f6b4; no voters: 5cac2e745a724fa6ac564549050374a6, da714a4249594175ac8077da11828d56
I20260709 12:21:47.459367 24625 ts_tablet_manager.cc:1403] T 7671c58be8054b3b833bcd18e1e2d6ea P da714a4249594175ac8077da11828d56: Time spent bootstrapping tablet: real 0.153s	user 0.009s	sys 0.014s
I20260709 12:21:47.459712 24749 raft_consensus.cc:2749] T a3a1732beddc4215be9151d90e72af11 P 5413982129f44f29963ce3fb11f4f6b4 [term 0 FOLLOWER]: Leader pre-election lost for term 1. Reason: could not achieve majority
I20260709 12:21:47.460094 24582 tablet_service.cc:1917] Received RequestConsensusVote() RPC: tablet_id: "b3ec666eb3eb4a3da0ece25588189ccd" candidate_uuid: "da714a4249594175ac8077da11828d56" candidate_term: 1 candidate_status { last_received { term: 0 index: 0 } } ignore_live_leader: false dest_uuid: "5413982129f44f29963ce3fb11f4f6b4"
I20260709 12:21:47.460642 24582 raft_consensus.cc:3060] T b3ec666eb3eb4a3da0ece25588189ccd P 5413982129f44f29963ce3fb11f4f6b4 [term 0 FOLLOWER]: Advancing to term 1
I20260709 12:21:47.461640 24433 tablet_service.cc:1917] Received RequestConsensusVote() RPC: tablet_id: "3c7ed1d333e8436ba05384937999388f" candidate_uuid: "5413982129f44f29963ce3fb11f4f6b4" candidate_term: 1 candidate_status { last_received { term: 0 index: 0 } } ignore_live_leader: false dest_uuid: "da714a4249594175ac8077da11828d56" is_pre_election: true
I20260709 12:21:47.470461 24510 tablet_service.cc:1917] Received RequestConsensusVote() RPC: tablet_id: "3c7ed1d333e8436ba05384937999388f" candidate_uuid: "5413982129f44f29963ce3fb11f4f6b4" candidate_term: 1 candidate_status { last_received { term: 0 index: 0 } } ignore_live_leader: false dest_uuid: "5cac2e745a724fa6ac564549050374a6" is_pre_election: true
I20260709 12:21:47.468520 24625 raft_consensus.cc:359] T 7671c58be8054b3b833bcd18e1e2d6ea P da714a4249594175ac8077da11828d56 [term 0 FOLLOWER]: Replica starting. Triggering 0 pending ops. Active config: opid_index: -1 OBSOLETE_local: false peers { permanent_uuid: "da714a4249594175ac8077da11828d56" member_type: VOTER last_known_addr { host: "127.22.184.193" port: 36985 } } peers { permanent_uuid: "5cac2e745a724fa6ac564549050374a6" member_type: VOTER last_known_addr { host: "127.22.184.194" port: 36689 } } peers { permanent_uuid: "5413982129f44f29963ce3fb11f4f6b4" member_type: VOTER last_known_addr { host: "127.22.184.195" port: 43165 } }
I20260709 12:21:47.472278 24625 raft_consensus.cc:385] T 7671c58be8054b3b833bcd18e1e2d6ea P da714a4249594175ac8077da11828d56 [term 0 FOLLOWER]: Consensus starting up: Expiring failure detector timer to make a prompt election more likely
I20260709 12:21:47.474279 24625 raft_consensus.cc:740] T 7671c58be8054b3b833bcd18e1e2d6ea P da714a4249594175ac8077da11828d56 [term 0 FOLLOWER]: Becoming Follower/Learner. State: Replica: da714a4249594175ac8077da11828d56, State: Initialized, Role: FOLLOWER
I20260709 12:21:47.475009 24625 consensus_queue.cc:260] T 7671c58be8054b3b833bcd18e1e2d6ea P da714a4249594175ac8077da11828d56 [NON_LEADER]: Queue going to NON_LEADER mode. State: All replicated index: 0, Majority replicated index: 0, Committed index: 0, Last appended: 0.0, Last appended by leader: 0, Current term: 0, Majority size: -1, State: 0, Mode: NON_LEADER, active raft config: opid_index: -1 OBSOLETE_local: false peers { permanent_uuid: "da714a4249594175ac8077da11828d56" member_type: VOTER last_known_addr { host: "127.22.184.193" port: 36985 } } peers { permanent_uuid: "5cac2e745a724fa6ac564549050374a6" member_type: VOTER last_known_addr { host: "127.22.184.194" port: 36689 } } peers { permanent_uuid: "5413982129f44f29963ce3fb11f4f6b4" member_type: VOTER last_known_addr { host: "127.22.184.195" port: 43165 } }
I20260709 12:21:47.476811 24433 tablet_service.cc:1917] Received RequestConsensusVote() RPC: tablet_id: "75b67a66b64c432db910116151542cf9" candidate_uuid: "5cac2e745a724fa6ac564549050374a6" candidate_term: 1 candidate_status { last_received { term: 0 index: 0 } } ignore_live_leader: false dest_uuid: "da714a4249594175ac8077da11828d56"
I20260709 12:21:47.477396 24433 raft_consensus.cc:3060] T 75b67a66b64c432db910116151542cf9 P da714a4249594175ac8077da11828d56 [term 0 FOLLOWER]: Advancing to term 1
I20260709 12:21:47.477777 24579 tablet_service.cc:1917] Received RequestConsensusVote() RPC: tablet_id: "75b67a66b64c432db910116151542cf9" candidate_uuid: "5cac2e745a724fa6ac564549050374a6" candidate_term: 1 candidate_status { last_received { term: 0 index: 0 } } ignore_live_leader: false dest_uuid: "5413982129f44f29963ce3fb11f4f6b4"
I20260709 12:21:47.478592 24625 ts_tablet_manager.cc:1434] T 7671c58be8054b3b833bcd18e1e2d6ea P da714a4249594175ac8077da11828d56: Time spent starting tablet: real 0.019s	user 0.007s	sys 0.000s
I20260709 12:21:47.479568 24625 tablet_bootstrap.cc:492] T b7d4841660e94d428755f136aa4012c8 P da714a4249594175ac8077da11828d56: Bootstrap starting.
I20260709 12:21:47.482849 24813 raft_consensus.cc:493] T 26d43f678d8c4ac3a7d87fe6db8cdcff P 5413982129f44f29963ce3fb11f4f6b4 [term 0 FOLLOWER]: Starting pre-election (no leader contacted us within the election timeout)
I20260709 12:21:47.483333 24813 raft_consensus.cc:515] T 26d43f678d8c4ac3a7d87fe6db8cdcff P 5413982129f44f29963ce3fb11f4f6b4 [term 0 FOLLOWER]: Starting pre-election with config: opid_index: -1 OBSOLETE_local: false peers { permanent_uuid: "da714a4249594175ac8077da11828d56" member_type: VOTER last_known_addr { host: "127.22.184.193" port: 36985 } } peers { permanent_uuid: "5cac2e745a724fa6ac564549050374a6" member_type: VOTER last_known_addr { host: "127.22.184.194" port: 36689 } } peers { permanent_uuid: "5413982129f44f29963ce3fb11f4f6b4" member_type: VOTER last_known_addr { host: "127.22.184.195" port: 43165 } }
W20260709 12:21:47.484479 24475 leader_election.cc:343] T 75b67a66b64c432db910116151542cf9 P 5cac2e745a724fa6ac564549050374a6 [CANDIDATE]: Term 1 election: Tablet error from VoteRequest() call to peer 5413982129f44f29963ce3fb11f4f6b4 (127.22.184.195:43165): Illegal state: must be running to vote when last-logged opid is not known
I20260709 12:21:47.485206 24813 leader_election.cc:290] T 26d43f678d8c4ac3a7d87fe6db8cdcff P 5413982129f44f29963ce3fb11f4f6b4 [CANDIDATE]: Term 1 pre-election: Requested pre-vote from peers da714a4249594175ac8077da11828d56 (127.22.184.193:36985), 5cac2e745a724fa6ac564549050374a6 (127.22.184.194:36689)
W20260709 12:21:47.484117 24547 leader_election.cc:343] T 3c7ed1d333e8436ba05384937999388f P 5413982129f44f29963ce3fb11f4f6b4 [CANDIDATE]: Term 1 pre-election: Tablet error from VoteRequest() call to peer 5cac2e745a724fa6ac564549050374a6 (127.22.184.194:36689): Illegal state: must be running to vote when last-logged opid is not known
W20260709 12:21:47.487066 24547 leader_election.cc:343] T 3c7ed1d333e8436ba05384937999388f P 5413982129f44f29963ce3fb11f4f6b4 [CANDIDATE]: Term 1 pre-election: Tablet error from VoteRequest() call to peer da714a4249594175ac8077da11828d56 (127.22.184.193:36985): Illegal state: must be running to vote when last-logged opid is not known
I20260709 12:21:47.487438 24547 leader_election.cc:304] T 3c7ed1d333e8436ba05384937999388f P 5413982129f44f29963ce3fb11f4f6b4 [CANDIDATE]: Term 1 pre-election: Election decided. Result: candidate lost. Election summary: received 3 responses out of 3 voters: 1 yes votes; 2 no votes. yes voters: 5413982129f44f29963ce3fb11f4f6b4; no voters: 5cac2e745a724fa6ac564549050374a6, da714a4249594175ac8077da11828d56
I20260709 12:21:47.489658 24650 raft_consensus.cc:515] T 7671c58be8054b3b833bcd18e1e2d6ea P 5cac2e745a724fa6ac564549050374a6 [term 1 FOLLOWER]: Starting leader election with config: opid_index: -1 OBSOLETE_local: false peers { permanent_uuid: "da714a4249594175ac8077da11828d56" member_type: VOTER last_known_addr { host: "127.22.184.193" port: 36985 } } peers { permanent_uuid: "5cac2e745a724fa6ac564549050374a6" member_type: VOTER last_known_addr { host: "127.22.184.194" port: 36689 } } peers { permanent_uuid: "5413982129f44f29963ce3fb11f4f6b4" member_type: VOTER last_known_addr { host: "127.22.184.195" port: 43165 } }
I20260709 12:21:47.491735 24650 leader_election.cc:290] T 7671c58be8054b3b833bcd18e1e2d6ea P 5cac2e745a724fa6ac564549050374a6 [CANDIDATE]: Term 1 election: Requested vote from peers da714a4249594175ac8077da11828d56 (127.22.184.193:36985), 5413982129f44f29963ce3fb11f4f6b4 (127.22.184.195:43165)
I20260709 12:21:47.492084 24813 raft_consensus.cc:2749] T 3c7ed1d333e8436ba05384937999388f P 5413982129f44f29963ce3fb11f4f6b4 [term 0 FOLLOWER]: Leader pre-election lost for term 1. Reason: could not achieve majority
I20260709 12:21:47.492656 24582 raft_consensus.cc:2468] T b3ec666eb3eb4a3da0ece25588189ccd P 5413982129f44f29963ce3fb11f4f6b4 [term 1 FOLLOWER]: Leader election vote request: Granting yes vote for candidate da714a4249594175ac8077da11828d56 in term 1.
I20260709 12:21:47.480198 24632 leader_election.cc:290] T 75b67a66b64c432db910116151542cf9 P 5cac2e745a724fa6ac564549050374a6 [CANDIDATE]: Term 1 election: Requested vote from peers da714a4249594175ac8077da11828d56 (127.22.184.193:36985), 5413982129f44f29963ce3fb11f4f6b4 (127.22.184.195:43165)
I20260709 12:21:47.494838 24432 tablet_service.cc:1917] Received RequestConsensusVote() RPC: tablet_id: "7671c58be8054b3b833bcd18e1e2d6ea" candidate_uuid: "5cac2e745a724fa6ac564549050374a6" candidate_term: 1 candidate_status { last_received { term: 0 index: 0 } } ignore_live_leader: false dest_uuid: "da714a4249594175ac8077da11828d56"
W20260709 12:21:47.495416 24381 auto_rebalancer.cc:288] Could not retrieve cluster info: Service unavailable: Tablet not running
I20260709 12:21:47.495389 24432 raft_consensus.cc:3060] T 7671c58be8054b3b833bcd18e1e2d6ea P da714a4249594175ac8077da11828d56 [term 0 FOLLOWER]: Advancing to term 1
I20260709 12:21:47.505378 24432 raft_consensus.cc:2468] T 7671c58be8054b3b833bcd18e1e2d6ea P da714a4249594175ac8077da11828d56 [term 1 FOLLOWER]: Leader election vote request: Granting yes vote for candidate 5cac2e745a724fa6ac564549050374a6 in term 1.
I20260709 12:21:47.506217 24509 tablet_service.cc:1917] Received RequestConsensusVote() RPC: tablet_id: "26d43f678d8c4ac3a7d87fe6db8cdcff" candidate_uuid: "5413982129f44f29963ce3fb11f4f6b4" candidate_term: 1 candidate_status { last_received { term: 0 index: 0 } } ignore_live_leader: false dest_uuid: "5cac2e745a724fa6ac564549050374a6" is_pre_election: true
I20260709 12:21:47.506651 24473 leader_election.cc:304] T 7671c58be8054b3b833bcd18e1e2d6ea P 5cac2e745a724fa6ac564549050374a6 [CANDIDATE]: Term 1 election: Election decided. Result: candidate won. Election summary: received 2 responses out of 3 voters: 2 yes votes; 0 no votes. yes voters: 5cac2e745a724fa6ac564549050374a6, da714a4249594175ac8077da11828d56; no voters: 
I20260709 12:21:47.506968 24509 raft_consensus.cc:2393] T 26d43f678d8c4ac3a7d87fe6db8cdcff P 5cac2e745a724fa6ac564549050374a6 [term 1 FOLLOWER]: Leader pre-election vote request: Denying vote to candidate 5413982129f44f29963ce3fb11f4f6b4 in current term 1: Already voted for candidate da714a4249594175ac8077da11828d56 in this term.
I20260709 12:21:47.507429 24632 raft_consensus.cc:2804] T 7671c58be8054b3b833bcd18e1e2d6ea P 5cac2e745a724fa6ac564549050374a6 [term 1 FOLLOWER]: Leader election won for term 1
I20260709 12:21:47.500577 24434 tablet_service.cc:1917] Received RequestConsensusVote() RPC: tablet_id: "26d43f678d8c4ac3a7d87fe6db8cdcff" candidate_uuid: "5413982129f44f29963ce3fb11f4f6b4" candidate_term: 1 candidate_status { last_received { term: 0 index: 0 } } ignore_live_leader: false dest_uuid: "da714a4249594175ac8077da11828d56" is_pre_election: true
I20260709 12:21:47.507915 24632 raft_consensus.cc:697] T 7671c58be8054b3b833bcd18e1e2d6ea P 5cac2e745a724fa6ac564549050374a6 [term 1 LEADER]: Becoming Leader. State: Replica: 5cac2e745a724fa6ac564549050374a6, State: Running, Role: LEADER
I20260709 12:21:47.510952 24547 leader_election.cc:304] T 26d43f678d8c4ac3a7d87fe6db8cdcff P 5413982129f44f29963ce3fb11f4f6b4 [CANDIDATE]: Term 1 pre-election: Election decided. Result: candidate lost. Election summary: received 3 responses out of 3 voters: 1 yes votes; 2 no votes. yes voters: 5413982129f44f29963ce3fb11f4f6b4; no voters: 5cac2e745a724fa6ac564549050374a6, da714a4249594175ac8077da11828d56
I20260709 12:21:47.514947 24749 raft_consensus.cc:3060] T 26d43f678d8c4ac3a7d87fe6db8cdcff P 5413982129f44f29963ce3fb11f4f6b4 [term 0 FOLLOWER]: Advancing to term 1
I20260709 12:21:47.516356 24433 raft_consensus.cc:2468] T 75b67a66b64c432db910116151542cf9 P da714a4249594175ac8077da11828d56 [term 1 FOLLOWER]: Leader election vote request: Granting yes vote for candidate 5cac2e745a724fa6ac564549050374a6 in term 1.
I20260709 12:21:47.517554 24473 leader_election.cc:304] T 75b67a66b64c432db910116151542cf9 P 5cac2e745a724fa6ac564549050374a6 [CANDIDATE]: Term 1 election: Election decided. Result: candidate won. Election summary: received 3 responses out of 3 voters: 2 yes votes; 1 no votes. yes voters: 5cac2e745a724fa6ac564549050374a6, da714a4249594175ac8077da11828d56; no voters: 5413982129f44f29963ce3fb11f4f6b4
I20260709 12:21:47.508766 24632 consensus_queue.cc:237] T 7671c58be8054b3b833bcd18e1e2d6ea P 5cac2e745a724fa6ac564549050374a6 [LEADER]: Queue going to LEADER mode. State: All replicated index: 0, Majority replicated index: 0, Committed index: 0, Last appended: 0.0, Last appended by leader: 0, Current term: 1, Majority size: 2, State: 0, Mode: LEADER, active raft config: opid_index: -1 OBSOLETE_local: false peers { permanent_uuid: "da714a4249594175ac8077da11828d56" member_type: VOTER last_known_addr { host: "127.22.184.193" port: 36985 } } peers { permanent_uuid: "5cac2e745a724fa6ac564549050374a6" member_type: VOTER last_known_addr { host: "127.22.184.194" port: 36689 } } peers { permanent_uuid: "5413982129f44f29963ce3fb11f4f6b4" member_type: VOTER last_known_addr { host: "127.22.184.195" port: 43165 } }
I20260709 12:21:47.518973 24820 raft_consensus.cc:2804] T 75b67a66b64c432db910116151542cf9 P 5cac2e745a724fa6ac564549050374a6 [term 1 FOLLOWER]: Leader election won for term 1
I20260709 12:21:47.519448 24820 raft_consensus.cc:697] T 75b67a66b64c432db910116151542cf9 P 5cac2e745a724fa6ac564549050374a6 [term 1 LEADER]: Becoming Leader. State: Replica: 5cac2e745a724fa6ac564549050374a6, State: Running, Role: LEADER
I20260709 12:21:47.512710 24332 catalog_manager.cc:5697] T bacf55f87732415ca332850422459a53 P da714a4249594175ac8077da11828d56 reported cstate change: term changed from 0 to 1, leader changed from <none> to da714a4249594175ac8077da11828d56 (127.22.184.193). New cstate: current_term: 1 leader_uuid: "da714a4249594175ac8077da11828d56" committed_config { opid_index: -1 OBSOLETE_local: false peers { permanent_uuid: "da714a4249594175ac8077da11828d56" member_type: VOTER last_known_addr { host: "127.22.184.193" port: 36985 } health_report { overall_health: HEALTHY } } peers { permanent_uuid: "5cac2e745a724fa6ac564549050374a6" member_type: VOTER last_known_addr { host: "127.22.184.194" port: 36689 } health_report { overall_health: UNKNOWN } } peers { permanent_uuid: "5413982129f44f29963ce3fb11f4f6b4" member_type: VOTER last_known_addr { host: "127.22.184.195" port: 43165 } health_report { overall_health: UNKNOWN } } }
I20260709 12:21:47.520233 24820 consensus_queue.cc:237] T 75b67a66b64c432db910116151542cf9 P 5cac2e745a724fa6ac564549050374a6 [LEADER]: Queue going to LEADER mode. State: All replicated index: 0, Majority replicated index: 0, Committed index: 0, Last appended: 0.0, Last appended by leader: 0, Current term: 1, Majority size: 2, State: 0, Mode: LEADER, active raft config: opid_index: -1 OBSOLETE_local: false peers { permanent_uuid: "da714a4249594175ac8077da11828d56" member_type: VOTER last_known_addr { host: "127.22.184.193" port: 36985 } } peers { permanent_uuid: "5cac2e745a724fa6ac564549050374a6" member_type: VOTER last_known_addr { host: "127.22.184.194" port: 36689 } } peers { permanent_uuid: "5413982129f44f29963ce3fb11f4f6b4" member_type: VOTER last_known_addr { host: "127.22.184.195" port: 43165 } }
I20260709 12:21:47.499698 24584 tablet_service.cc:1917] Received RequestConsensusVote() RPC: tablet_id: "7671c58be8054b3b833bcd18e1e2d6ea" candidate_uuid: "5cac2e745a724fa6ac564549050374a6" candidate_term: 1 candidate_status { last_received { term: 0 index: 0 } } ignore_live_leader: false dest_uuid: "5413982129f44f29963ce3fb11f4f6b4"
I20260709 12:21:47.529063 24742 consensus_queue.cc:1048] T 6c5c3bf266dd4626aa9d3ae1d8a863c5 P da714a4249594175ac8077da11828d56 [LEADER]: Connected to new peer: Peer: permanent_uuid: "5413982129f44f29963ce3fb11f4f6b4" member_type: VOTER last_known_addr { host: "127.22.184.195" port: 43165 }, Status: LMP_MISMATCH, Last received: 0.0, Next index: 1, Last known committed idx: 0, Time since last communication: 0.000s
I20260709 12:21:47.552522 24584 raft_consensus.cc:3060] T 7671c58be8054b3b833bcd18e1e2d6ea P 5413982129f44f29963ce3fb11f4f6b4 [term 0 FOLLOWER]: Advancing to term 1
I20260709 12:21:47.568012 24626 tablet_bootstrap.cc:654] T 8e53b29207ff4881bff85d77f703bd66 P 5cac2e745a724fa6ac564549050374a6: Neither blocks nor log segments found. Creating new log.
I20260709 12:21:47.574011 24749 raft_consensus.cc:2749] T 26d43f678d8c4ac3a7d87fe6db8cdcff P 5413982129f44f29963ce3fb11f4f6b4 [term 1 FOLLOWER]: Leader pre-election lost for term 1. Reason: could not achieve majority
I20260709 12:21:47.596629 24584 raft_consensus.cc:2468] T 7671c58be8054b3b833bcd18e1e2d6ea P 5413982129f44f29963ce3fb11f4f6b4 [term 1 FOLLOWER]: Leader election vote request: Granting yes vote for candidate 5cac2e745a724fa6ac564549050374a6 in term 1.
I20260709 12:21:47.609253 24626 tablet_bootstrap.cc:492] T 8e53b29207ff4881bff85d77f703bd66 P 5cac2e745a724fa6ac564549050374a6: No bootstrap required, opened a new log
I20260709 12:21:47.609747 24626 ts_tablet_manager.cc:1403] T 8e53b29207ff4881bff85d77f703bd66 P 5cac2e745a724fa6ac564549050374a6: Time spent bootstrapping tablet: real 0.184s	user 0.014s	sys 0.014s
I20260709 12:21:47.610965 24625 tablet_bootstrap.cc:654] T b7d4841660e94d428755f136aa4012c8 P da714a4249594175ac8077da11828d56: Neither blocks nor log segments found. Creating new log.
I20260709 12:21:47.610381 24332 catalog_manager.cc:5697] T b3ec666eb3eb4a3da0ece25588189ccd P da714a4249594175ac8077da11828d56 reported cstate change: term changed from 0 to 1, leader changed from <none> to da714a4249594175ac8077da11828d56 (127.22.184.193). New cstate: current_term: 1 leader_uuid: "da714a4249594175ac8077da11828d56" committed_config { opid_index: -1 OBSOLETE_local: false peers { permanent_uuid: "da714a4249594175ac8077da11828d56" member_type: VOTER last_known_addr { host: "127.22.184.193" port: 36985 } health_report { overall_health: HEALTHY } } peers { permanent_uuid: "5cac2e745a724fa6ac564549050374a6" member_type: VOTER last_known_addr { host: "127.22.184.194" port: 36689 } health_report { overall_health: UNKNOWN } } peers { permanent_uuid: "5413982129f44f29963ce3fb11f4f6b4" member_type: VOTER last_known_addr { host: "127.22.184.195" port: 43165 } health_report { overall_health: UNKNOWN } } }
I20260709 12:21:47.612406 24626 raft_consensus.cc:359] T 8e53b29207ff4881bff85d77f703bd66 P 5cac2e745a724fa6ac564549050374a6 [term 0 FOLLOWER]: Replica starting. Triggering 0 pending ops. Active config: opid_index: -1 OBSOLETE_local: false peers { permanent_uuid: "da714a4249594175ac8077da11828d56" member_type: VOTER last_known_addr { host: "127.22.184.193" port: 36985 } } peers { permanent_uuid: "5cac2e745a724fa6ac564549050374a6" member_type: VOTER last_known_addr { host: "127.22.184.194" port: 36689 } } peers { permanent_uuid: "5413982129f44f29963ce3fb11f4f6b4" member_type: VOTER last_known_addr { host: "127.22.184.195" port: 43165 } }
I20260709 12:21:47.613072 24626 raft_consensus.cc:385] T 8e53b29207ff4881bff85d77f703bd66 P 5cac2e745a724fa6ac564549050374a6 [term 0 FOLLOWER]: Consensus starting up: Expiring failure detector timer to make a prompt election more likely
I20260709 12:21:47.613346 24626 raft_consensus.cc:740] T 8e53b29207ff4881bff85d77f703bd66 P 5cac2e745a724fa6ac564549050374a6 [term 0 FOLLOWER]: Becoming Follower/Learner. State: Replica: 5cac2e745a724fa6ac564549050374a6, State: Initialized, Role: FOLLOWER
I20260709 12:21:47.614256 24626 consensus_queue.cc:260] T 8e53b29207ff4881bff85d77f703bd66 P 5cac2e745a724fa6ac564549050374a6 [NON_LEADER]: Queue going to NON_LEADER mode. State: All replicated index: 0, Majority replicated index: 0, Committed index: 0, Last appended: 0.0, Last appended by leader: 0, Current term: 0, Majority size: -1, State: 0, Mode: NON_LEADER, active raft config: opid_index: -1 OBSOLETE_local: false peers { permanent_uuid: "da714a4249594175ac8077da11828d56" member_type: VOTER last_known_addr { host: "127.22.184.193" port: 36985 } } peers { permanent_uuid: "5cac2e745a724fa6ac564549050374a6" member_type: VOTER last_known_addr { host: "127.22.184.194" port: 36689 } } peers { permanent_uuid: "5413982129f44f29963ce3fb11f4f6b4" member_type: VOTER last_known_addr { host: "127.22.184.195" port: 43165 } }
I20260709 12:21:47.617057 24626 ts_tablet_manager.cc:1434] T 8e53b29207ff4881bff85d77f703bd66 P 5cac2e745a724fa6ac564549050374a6: Time spent starting tablet: real 0.007s	user 0.007s	sys 0.000s
I20260709 12:21:47.622414 24627 tablet_bootstrap.cc:492] T 45849555ebee4ecab1c26f64986529b7 P 5413982129f44f29963ce3fb11f4f6b4: No bootstrap required, opened a new log
I20260709 12:21:47.622967 24627 ts_tablet_manager.cc:1403] T 45849555ebee4ecab1c26f64986529b7 P 5413982129f44f29963ce3fb11f4f6b4: Time spent bootstrapping tablet: real 0.196s	user 0.006s	sys 0.011s
I20260709 12:21:47.626976 24632 raft_consensus.cc:493] T b7d4841660e94d428755f136aa4012c8 P 5cac2e745a724fa6ac564549050374a6 [term 0 FOLLOWER]: Starting pre-election (no leader contacted us within the election timeout)
I20260709 12:21:47.627347 24627 raft_consensus.cc:359] T 45849555ebee4ecab1c26f64986529b7 P 5413982129f44f29963ce3fb11f4f6b4 [term 0 FOLLOWER]: Replica starting. Triggering 0 pending ops. Active config: opid_index: -1 OBSOLETE_local: false peers { permanent_uuid: "da714a4249594175ac8077da11828d56" member_type: VOTER last_known_addr { host: "127.22.184.193" port: 36985 } } peers { permanent_uuid: "5cac2e745a724fa6ac564549050374a6" member_type: VOTER last_known_addr { host: "127.22.184.194" port: 36689 } } peers { permanent_uuid: "5413982129f44f29963ce3fb11f4f6b4" member_type: VOTER last_known_addr { host: "127.22.184.195" port: 43165 } }
I20260709 12:21:47.628175 24627 raft_consensus.cc:385] T 45849555ebee4ecab1c26f64986529b7 P 5413982129f44f29963ce3fb11f4f6b4 [term 0 FOLLOWER]: Consensus starting up: Expiring failure detector timer to make a prompt election more likely
I20260709 12:21:47.628541 24627 raft_consensus.cc:740] T 45849555ebee4ecab1c26f64986529b7 P 5413982129f44f29963ce3fb11f4f6b4 [term 0 FOLLOWER]: Becoming Follower/Learner. State: Replica: 5413982129f44f29963ce3fb11f4f6b4, State: Initialized, Role: FOLLOWER
I20260709 12:21:47.629267 24627 consensus_queue.cc:260] T 45849555ebee4ecab1c26f64986529b7 P 5413982129f44f29963ce3fb11f4f6b4 [NON_LEADER]: Queue going to NON_LEADER mode. State: All replicated index: 0, Majority replicated index: 0, Committed index: 0, Last appended: 0.0, Last appended by leader: 0, Current term: 0, Majority size: -1, State: 0, Mode: NON_LEADER, active raft config: opid_index: -1 OBSOLETE_local: false peers { permanent_uuid: "da714a4249594175ac8077da11828d56" member_type: VOTER last_known_addr { host: "127.22.184.193" port: 36985 } } peers { permanent_uuid: "5cac2e745a724fa6ac564549050374a6" member_type: VOTER last_known_addr { host: "127.22.184.194" port: 36689 } } peers { permanent_uuid: "5413982129f44f29963ce3fb11f4f6b4" member_type: VOTER last_known_addr { host: "127.22.184.195" port: 43165 } }
I20260709 12:21:47.627640 24632 raft_consensus.cc:515] T b7d4841660e94d428755f136aa4012c8 P 5cac2e745a724fa6ac564549050374a6 [term 0 FOLLOWER]: Starting pre-election with config: opid_index: -1 OBSOLETE_local: false peers { permanent_uuid: "da714a4249594175ac8077da11828d56" member_type: VOTER last_known_addr { host: "127.22.184.193" port: 36985 } } peers { permanent_uuid: "5cac2e745a724fa6ac564549050374a6" member_type: VOTER last_known_addr { host: "127.22.184.194" port: 36689 } } peers { permanent_uuid: "5413982129f44f29963ce3fb11f4f6b4" member_type: VOTER last_known_addr { host: "127.22.184.195" port: 43165 } }
I20260709 12:21:47.632473 24632 leader_election.cc:290] T b7d4841660e94d428755f136aa4012c8 P 5cac2e745a724fa6ac564549050374a6 [CANDIDATE]: Term 1 pre-election: Requested pre-vote from peers da714a4249594175ac8077da11828d56 (127.22.184.193:36985), 5413982129f44f29963ce3fb11f4f6b4 (127.22.184.195:43165)
I20260709 12:21:47.633210 24627 ts_tablet_manager.cc:1434] T 45849555ebee4ecab1c26f64986529b7 P 5413982129f44f29963ce3fb11f4f6b4: Time spent starting tablet: real 0.010s	user 0.006s	sys 0.000s
I20260709 12:21:47.641577 24626 tablet_bootstrap.cc:492] T 481073617e5747b6b509224bda909585 P 5cac2e745a724fa6ac564549050374a6: Bootstrap starting.
I20260709 12:21:47.634081 24739 consensus_queue.cc:1048] T 26d43f678d8c4ac3a7d87fe6db8cdcff P da714a4249594175ac8077da11828d56 [LEADER]: Connected to new peer: Peer: permanent_uuid: "5cac2e745a724fa6ac564549050374a6" member_type: VOTER last_known_addr { host: "127.22.184.194" port: 36689 }, Status: LMP_MISMATCH, Last received: 0.0, Next index: 1, Last known committed idx: 0, Time since last communication: 0.001s
I20260709 12:21:47.636541 24691 consensus_queue.cc:1048] T 6c5c3bf266dd4626aa9d3ae1d8a863c5 P da714a4249594175ac8077da11828d56 [LEADER]: Connected to new peer: Peer: permanent_uuid: "5cac2e745a724fa6ac564549050374a6" member_type: VOTER last_known_addr { host: "127.22.184.194" port: 36689 }, Status: LMP_MISMATCH, Last received: 0.0, Next index: 1, Last known committed idx: 0, Time since last communication: 0.001s
I20260709 12:21:47.634152 24435 tablet_service.cc:1917] Received RequestConsensusVote() RPC: tablet_id: "b7d4841660e94d428755f136aa4012c8" candidate_uuid: "5cac2e745a724fa6ac564549050374a6" candidate_term: 1 candidate_status { last_received { term: 0 index: 0 } } ignore_live_leader: false dest_uuid: "da714a4249594175ac8077da11828d56" is_pre_election: true
I20260709 12:21:47.634918 24584 tablet_service.cc:1917] Received RequestConsensusVote() RPC: tablet_id: "b7d4841660e94d428755f136aa4012c8" candidate_uuid: "5cac2e745a724fa6ac564549050374a6" candidate_term: 1 candidate_status { last_received { term: 0 index: 0 } } ignore_live_leader: false dest_uuid: "5413982129f44f29963ce3fb11f4f6b4" is_pre_election: true
I20260709 12:21:47.650408 24627 tablet_bootstrap.cc:492] T 75b67a66b64c432db910116151542cf9 P 5413982129f44f29963ce3fb11f4f6b4: Bootstrap starting.
W20260709 12:21:47.653594 24473 leader_election.cc:343] T b7d4841660e94d428755f136aa4012c8 P 5cac2e745a724fa6ac564549050374a6 [CANDIDATE]: Term 1 pre-election: Tablet error from VoteRequest() call to peer da714a4249594175ac8077da11828d56 (127.22.184.193:36985): Illegal state: must be running to vote when last-logged opid is not known
I20260709 12:21:47.655153 24625 tablet_bootstrap.cc:492] T b7d4841660e94d428755f136aa4012c8 P da714a4249594175ac8077da11828d56: No bootstrap required, opened a new log
W20260709 12:21:47.655071 24475 leader_election.cc:343] T b7d4841660e94d428755f136aa4012c8 P 5cac2e745a724fa6ac564549050374a6 [CANDIDATE]: Term 1 pre-election: Tablet error from VoteRequest() call to peer 5413982129f44f29963ce3fb11f4f6b4 (127.22.184.195:43165): Illegal state: must be running to vote when last-logged opid is not known
I20260709 12:21:47.655681 24625 ts_tablet_manager.cc:1403] T b7d4841660e94d428755f136aa4012c8 P da714a4249594175ac8077da11828d56: Time spent bootstrapping tablet: real 0.176s	user 0.019s	sys 0.020s
I20260709 12:21:47.655465 24330 catalog_manager.cc:5697] T 7671c58be8054b3b833bcd18e1e2d6ea P 5cac2e745a724fa6ac564549050374a6 reported cstate change: term changed from 0 to 1, leader changed from <none> to 5cac2e745a724fa6ac564549050374a6 (127.22.184.194). New cstate: current_term: 1 leader_uuid: "5cac2e745a724fa6ac564549050374a6" committed_config { opid_index: -1 OBSOLETE_local: false peers { permanent_uuid: "da714a4249594175ac8077da11828d56" member_type: VOTER last_known_addr { host: "127.22.184.193" port: 36985 } health_report { overall_health: UNKNOWN } } peers { permanent_uuid: "5cac2e745a724fa6ac564549050374a6" member_type: VOTER last_known_addr { host: "127.22.184.194" port: 36689 } health_report { overall_health: HEALTHY } } peers { permanent_uuid: "5413982129f44f29963ce3fb11f4f6b4" member_type: VOTER last_known_addr { host: "127.22.184.195" port: 43165 } health_report { overall_health: UNKNOWN } } }
I20260709 12:21:47.655915 24475 leader_election.cc:304] T b7d4841660e94d428755f136aa4012c8 P 5cac2e745a724fa6ac564549050374a6 [CANDIDATE]: Term 1 pre-election: Election decided. Result: candidate lost. Election summary: received 3 responses out of 3 voters: 1 yes votes; 2 no votes. yes voters: 5cac2e745a724fa6ac564549050374a6; no voters: 5413982129f44f29963ce3fb11f4f6b4, da714a4249594175ac8077da11828d56
I20260709 12:21:47.663113 24820 raft_consensus.cc:2749] T b7d4841660e94d428755f136aa4012c8 P 5cac2e745a724fa6ac564549050374a6 [term 0 FOLLOWER]: Leader pre-election lost for term 1. Reason: could not achieve majority
I20260709 12:21:47.657157 24330 catalog_manager.cc:5697] T 75b67a66b64c432db910116151542cf9 P 5cac2e745a724fa6ac564549050374a6 reported cstate change: term changed from 0 to 1, leader changed from <none> to 5cac2e745a724fa6ac564549050374a6 (127.22.184.194). New cstate: current_term: 1 leader_uuid: "5cac2e745a724fa6ac564549050374a6" committed_config { opid_index: -1 OBSOLETE_local: false peers { permanent_uuid: "da714a4249594175ac8077da11828d56" member_type: VOTER last_known_addr { host: "127.22.184.193" port: 36985 } health_report { overall_health: UNKNOWN } } peers { permanent_uuid: "5cac2e745a724fa6ac564549050374a6" member_type: VOTER last_known_addr { host: "127.22.184.194" port: 36689 } health_report { overall_health: HEALTHY } } peers { permanent_uuid: "5413982129f44f29963ce3fb11f4f6b4" member_type: VOTER last_known_addr { host: "127.22.184.195" port: 43165 } health_report { overall_health: UNKNOWN } } }
I20260709 12:21:47.658536 24625 raft_consensus.cc:359] T b7d4841660e94d428755f136aa4012c8 P da714a4249594175ac8077da11828d56 [term 0 FOLLOWER]: Replica starting. Triggering 0 pending ops. Active config: opid_index: -1 OBSOLETE_local: false peers { permanent_uuid: "da714a4249594175ac8077da11828d56" member_type: VOTER last_known_addr { host: "127.22.184.193" port: 36985 } } peers { permanent_uuid: "5cac2e745a724fa6ac564549050374a6" member_type: VOTER last_known_addr { host: "127.22.184.194" port: 36689 } } peers { permanent_uuid: "5413982129f44f29963ce3fb11f4f6b4" member_type: VOTER last_known_addr { host: "127.22.184.195" port: 43165 } }
I20260709 12:21:47.672688 24625 raft_consensus.cc:385] T b7d4841660e94d428755f136aa4012c8 P da714a4249594175ac8077da11828d56 [term 0 FOLLOWER]: Consensus starting up: Expiring failure detector timer to make a prompt election more likely
I20260709 12:21:47.672993 24625 raft_consensus.cc:740] T b7d4841660e94d428755f136aa4012c8 P da714a4249594175ac8077da11828d56 [term 0 FOLLOWER]: Becoming Follower/Learner. State: Replica: da714a4249594175ac8077da11828d56, State: Initialized, Role: FOLLOWER
I20260709 12:21:47.673883 24626 tablet_bootstrap.cc:654] T 481073617e5747b6b509224bda909585 P 5cac2e745a724fa6ac564549050374a6: Neither blocks nor log segments found. Creating new log.
I20260709 12:21:47.673614 24625 consensus_queue.cc:260] T b7d4841660e94d428755f136aa4012c8 P da714a4249594175ac8077da11828d56 [NON_LEADER]: Queue going to NON_LEADER mode. State: All replicated index: 0, Majority replicated index: 0, Committed index: 0, Last appended: 0.0, Last appended by leader: 0, Current term: 0, Majority size: -1, State: 0, Mode: NON_LEADER, active raft config: opid_index: -1 OBSOLETE_local: false peers { permanent_uuid: "da714a4249594175ac8077da11828d56" member_type: VOTER last_known_addr { host: "127.22.184.193" port: 36985 } } peers { permanent_uuid: "5cac2e745a724fa6ac564549050374a6" member_type: VOTER last_known_addr { host: "127.22.184.194" port: 36689 } } peers { permanent_uuid: "5413982129f44f29963ce3fb11f4f6b4" member_type: VOTER last_known_addr { host: "127.22.184.195" port: 43165 } }
I20260709 12:21:47.675806 24625 ts_tablet_manager.cc:1434] T b7d4841660e94d428755f136aa4012c8 P da714a4249594175ac8077da11828d56: Time spent starting tablet: real 0.020s	user 0.006s	sys 0.000s
I20260709 12:21:47.676653 24625 tablet_bootstrap.cc:492] T db47decf8b0e40f09bbcd6664ec22f2c P da714a4249594175ac8077da11828d56: Bootstrap starting.
I20260709 12:21:47.677380 24741 consensus_queue.cc:1048] T 26d43f678d8c4ac3a7d87fe6db8cdcff P da714a4249594175ac8077da11828d56 [LEADER]: Connected to new peer: Peer: permanent_uuid: "5413982129f44f29963ce3fb11f4f6b4" member_type: VOTER last_known_addr { host: "127.22.184.195" port: 43165 }, Status: LMP_MISMATCH, Last received: 0.0, Next index: 1, Last known committed idx: 0, Time since last communication: 0.000s
I20260709 12:21:47.680572 24627 tablet_bootstrap.cc:654] T 75b67a66b64c432db910116151542cf9 P 5413982129f44f29963ce3fb11f4f6b4: Neither blocks nor log segments found. Creating new log.
I20260709 12:21:47.691728 24626 tablet_bootstrap.cc:492] T 481073617e5747b6b509224bda909585 P 5cac2e745a724fa6ac564549050374a6: No bootstrap required, opened a new log
I20260709 12:21:47.692270 24626 ts_tablet_manager.cc:1403] T 481073617e5747b6b509224bda909585 P 5cac2e745a724fa6ac564549050374a6: Time spent bootstrapping tablet: real 0.051s	user 0.015s	sys 0.007s
I20260709 12:21:47.696218 24625 tablet_bootstrap.cc:654] T db47decf8b0e40f09bbcd6664ec22f2c P da714a4249594175ac8077da11828d56: Neither blocks nor log segments found. Creating new log.
I20260709 12:21:47.702307 24627 tablet_bootstrap.cc:492] T 75b67a66b64c432db910116151542cf9 P 5413982129f44f29963ce3fb11f4f6b4: No bootstrap required, opened a new log
I20260709 12:21:47.702749 24627 ts_tablet_manager.cc:1403] T 75b67a66b64c432db910116151542cf9 P 5413982129f44f29963ce3fb11f4f6b4: Time spent bootstrapping tablet: real 0.053s	user 0.014s	sys 0.001s
I20260709 12:21:47.702823 24626 raft_consensus.cc:359] T 481073617e5747b6b509224bda909585 P 5cac2e745a724fa6ac564549050374a6 [term 0 FOLLOWER]: Replica starting. Triggering 0 pending ops. Active config: opid_index: -1 OBSOLETE_local: false peers { permanent_uuid: "da714a4249594175ac8077da11828d56" member_type: VOTER last_known_addr { host: "127.22.184.193" port: 36985 } } peers { permanent_uuid: "5cac2e745a724fa6ac564549050374a6" member_type: VOTER last_known_addr { host: "127.22.184.194" port: 36689 } } peers { permanent_uuid: "5413982129f44f29963ce3fb11f4f6b4" member_type: VOTER last_known_addr { host: "127.22.184.195" port: 43165 } }
I20260709 12:21:47.703521 24626 raft_consensus.cc:385] T 481073617e5747b6b509224bda909585 P 5cac2e745a724fa6ac564549050374a6 [term 0 FOLLOWER]: Consensus starting up: Expiring failure detector timer to make a prompt election more likely
I20260709 12:21:47.703788 24626 raft_consensus.cc:740] T 481073617e5747b6b509224bda909585 P 5cac2e745a724fa6ac564549050374a6 [term 0 FOLLOWER]: Becoming Follower/Learner. State: Replica: 5cac2e745a724fa6ac564549050374a6, State: Initialized, Role: FOLLOWER
I20260709 12:21:47.703980 24749 raft_consensus.cc:493] T 45849555ebee4ecab1c26f64986529b7 P 5413982129f44f29963ce3fb11f4f6b4 [term 0 FOLLOWER]: Starting pre-election (no leader contacted us within the election timeout)
I20260709 12:21:47.704396 24626 consensus_queue.cc:260] T 481073617e5747b6b509224bda909585 P 5cac2e745a724fa6ac564549050374a6 [NON_LEADER]: Queue going to NON_LEADER mode. State: All replicated index: 0, Majority replicated index: 0, Committed index: 0, Last appended: 0.0, Last appended by leader: 0, Current term: 0, Majority size: -1, State: 0, Mode: NON_LEADER, active raft config: opid_index: -1 OBSOLETE_local: false peers { permanent_uuid: "da714a4249594175ac8077da11828d56" member_type: VOTER last_known_addr { host: "127.22.184.193" port: 36985 } } peers { permanent_uuid: "5cac2e745a724fa6ac564549050374a6" member_type: VOTER last_known_addr { host: "127.22.184.194" port: 36689 } } peers { permanent_uuid: "5413982129f44f29963ce3fb11f4f6b4" member_type: VOTER last_known_addr { host: "127.22.184.195" port: 43165 } }
I20260709 12:21:47.704527 24749 raft_consensus.cc:515] T 45849555ebee4ecab1c26f64986529b7 P 5413982129f44f29963ce3fb11f4f6b4 [term 0 FOLLOWER]: Starting pre-election with config: opid_index: -1 OBSOLETE_local: false peers { permanent_uuid: "da714a4249594175ac8077da11828d56" member_type: VOTER last_known_addr { host: "127.22.184.193" port: 36985 } } peers { permanent_uuid: "5cac2e745a724fa6ac564549050374a6" member_type: VOTER last_known_addr { host: "127.22.184.194" port: 36689 } } peers { permanent_uuid: "5413982129f44f29963ce3fb11f4f6b4" member_type: VOTER last_known_addr { host: "127.22.184.195" port: 43165 } }
I20260709 12:21:47.705184 24627 raft_consensus.cc:359] T 75b67a66b64c432db910116151542cf9 P 5413982129f44f29963ce3fb11f4f6b4 [term 0 FOLLOWER]: Replica starting. Triggering 0 pending ops. Active config: opid_index: -1 OBSOLETE_local: false peers { permanent_uuid: "da714a4249594175ac8077da11828d56" member_type: VOTER last_known_addr { host: "127.22.184.193" port: 36985 } } peers { permanent_uuid: "5cac2e745a724fa6ac564549050374a6" member_type: VOTER last_known_addr { host: "127.22.184.194" port: 36689 } } peers { permanent_uuid: "5413982129f44f29963ce3fb11f4f6b4" member_type: VOTER last_known_addr { host: "127.22.184.195" port: 43165 } }
I20260709 12:21:47.705821 24627 raft_consensus.cc:385] T 75b67a66b64c432db910116151542cf9 P 5413982129f44f29963ce3fb11f4f6b4 [term 0 FOLLOWER]: Consensus starting up: Expiring failure detector timer to make a prompt election more likely
I20260709 12:21:47.706054 24627 raft_consensus.cc:740] T 75b67a66b64c432db910116151542cf9 P 5413982129f44f29963ce3fb11f4f6b4 [term 0 FOLLOWER]: Becoming Follower/Learner. State: Replica: 5413982129f44f29963ce3fb11f4f6b4, State: Initialized, Role: FOLLOWER
I20260709 12:21:47.706895 24627 consensus_queue.cc:260] T 75b67a66b64c432db910116151542cf9 P 5413982129f44f29963ce3fb11f4f6b4 [NON_LEADER]: Queue going to NON_LEADER mode. State: All replicated index: 0, Majority replicated index: 0, Committed index: 0, Last appended: 0.0, Last appended by leader: 0, Current term: 0, Majority size: -1, State: 0, Mode: NON_LEADER, active raft config: opid_index: -1 OBSOLETE_local: false peers { permanent_uuid: "da714a4249594175ac8077da11828d56" member_type: VOTER last_known_addr { host: "127.22.184.193" port: 36985 } } peers { permanent_uuid: "5cac2e745a724fa6ac564549050374a6" member_type: VOTER last_known_addr { host: "127.22.184.194" port: 36689 } } peers { permanent_uuid: "5413982129f44f29963ce3fb11f4f6b4" member_type: VOTER last_known_addr { host: "127.22.184.195" port: 43165 } }
W20260709 12:21:47.709451 24547 consensus_peers.cc:597] T db47decf8b0e40f09bbcd6664ec22f2c P 5413982129f44f29963ce3fb11f4f6b4 -> Peer da714a4249594175ac8077da11828d56 (127.22.184.193:36985): Couldn't send request to peer da714a4249594175ac8077da11828d56. Error code: TABLET_NOT_RUNNING (12). Status: Illegal state: Tablet not RUNNING: BOOTSTRAPPING. This is attempt 1: this message will repeat every 5th retry.
I20260709 12:21:47.713129 24625 tablet_bootstrap.cc:492] T db47decf8b0e40f09bbcd6664ec22f2c P da714a4249594175ac8077da11828d56: No bootstrap required, opened a new log
I20260709 12:21:47.713279 24509 tablet_service.cc:1917] Received RequestConsensusVote() RPC: tablet_id: "45849555ebee4ecab1c26f64986529b7" candidate_uuid: "5413982129f44f29963ce3fb11f4f6b4" candidate_term: 1 candidate_status { last_received { term: 0 index: 0 } } ignore_live_leader: false dest_uuid: "5cac2e745a724fa6ac564549050374a6" is_pre_election: true
I20260709 12:21:47.713681 24625 ts_tablet_manager.cc:1403] T db47decf8b0e40f09bbcd6664ec22f2c P da714a4249594175ac8077da11828d56: Time spent bootstrapping tablet: real 0.037s	user 0.011s	sys 0.002s
I20260709 12:21:47.715075 24627 ts_tablet_manager.cc:1434] T 75b67a66b64c432db910116151542cf9 P 5413982129f44f29963ce3fb11f4f6b4: Time spent starting tablet: real 0.012s	user 0.002s	sys 0.004s
I20260709 12:21:47.706452 24626 ts_tablet_manager.cc:1434] T 481073617e5747b6b509224bda909585 P 5cac2e745a724fa6ac564549050374a6: Time spent starting tablet: real 0.014s	user 0.002s	sys 0.002s
W20260709 12:21:47.714967 24547 leader_election.cc:343] T 45849555ebee4ecab1c26f64986529b7 P 5413982129f44f29963ce3fb11f4f6b4 [CANDIDATE]: Term 1 pre-election: Tablet error from VoteRequest() call to peer 5cac2e745a724fa6ac564549050374a6 (127.22.184.194:36689): Illegal state: must be running to vote when last-logged opid is not known
I20260709 12:21:47.708442 24433 tablet_service.cc:1917] Received RequestConsensusVote() RPC: tablet_id: "45849555ebee4ecab1c26f64986529b7" candidate_uuid: "5413982129f44f29963ce3fb11f4f6b4" candidate_term: 1 candidate_status { last_received { term: 0 index: 0 } } ignore_live_leader: false dest_uuid: "da714a4249594175ac8077da11828d56" is_pre_election: true
I20260709 12:21:47.717056 24627 tablet_bootstrap.cc:492] T b7d4841660e94d428755f136aa4012c8 P 5413982129f44f29963ce3fb11f4f6b4: Bootstrap starting.
I20260709 12:21:47.710299 24749 leader_election.cc:290] T 45849555ebee4ecab1c26f64986529b7 P 5413982129f44f29963ce3fb11f4f6b4 [CANDIDATE]: Term 1 pre-election: Requested pre-vote from peers da714a4249594175ac8077da11828d56 (127.22.184.193:36985), 5cac2e745a724fa6ac564549050374a6 (127.22.184.194:36689)
W20260709 12:21:47.719130 24547 leader_election.cc:343] T 45849555ebee4ecab1c26f64986529b7 P 5413982129f44f29963ce3fb11f4f6b4 [CANDIDATE]: Term 1 pre-election: Tablet error from VoteRequest() call to peer da714a4249594175ac8077da11828d56 (127.22.184.193:36985): Illegal state: must be running to vote when last-logged opid is not known
I20260709 12:21:47.719566 24547 leader_election.cc:304] T 45849555ebee4ecab1c26f64986529b7 P 5413982129f44f29963ce3fb11f4f6b4 [CANDIDATE]: Term 1 pre-election: Election decided. Result: candidate lost. Election summary: received 3 responses out of 3 voters: 1 yes votes; 2 no votes. yes voters: 5413982129f44f29963ce3fb11f4f6b4; no voters: 5cac2e745a724fa6ac564549050374a6, da714a4249594175ac8077da11828d56
I20260709 12:21:47.720328 24749 raft_consensus.cc:2749] T 45849555ebee4ecab1c26f64986529b7 P 5413982129f44f29963ce3fb11f4f6b4 [term 0 FOLLOWER]: Leader pre-election lost for term 1. Reason: could not achieve majority
I20260709 12:21:47.722702 24627 tablet_bootstrap.cc:654] T b7d4841660e94d428755f136aa4012c8 P 5413982129f44f29963ce3fb11f4f6b4: Neither blocks nor log segments found. Creating new log.
I20260709 12:21:47.718714 24625 raft_consensus.cc:359] T db47decf8b0e40f09bbcd6664ec22f2c P da714a4249594175ac8077da11828d56 [term 0 FOLLOWER]: Replica starting. Triggering 0 pending ops. Active config: opid_index: -1 OBSOLETE_local: false peers { permanent_uuid: "da714a4249594175ac8077da11828d56" member_type: VOTER last_known_addr { host: "127.22.184.193" port: 36985 } } peers { permanent_uuid: "5cac2e745a724fa6ac564549050374a6" member_type: VOTER last_known_addr { host: "127.22.184.194" port: 36689 } } peers { permanent_uuid: "5413982129f44f29963ce3fb11f4f6b4" member_type: VOTER last_known_addr { host: "127.22.184.195" port: 43165 } }
I20260709 12:21:47.723448 24625 raft_consensus.cc:385] T db47decf8b0e40f09bbcd6664ec22f2c P da714a4249594175ac8077da11828d56 [term 0 FOLLOWER]: Consensus starting up: Expiring failure detector timer to make a prompt election more likely
I20260709 12:21:47.723779 24625 raft_consensus.cc:740] T db47decf8b0e40f09bbcd6664ec22f2c P da714a4249594175ac8077da11828d56 [term 0 FOLLOWER]: Becoming Follower/Learner. State: Replica: da714a4249594175ac8077da11828d56, State: Initialized, Role: FOLLOWER
I20260709 12:21:47.723884 24749 consensus_queue.cc:1048] T fc7c306d565b4ee19ea3592b4ad508e8 P 5413982129f44f29963ce3fb11f4f6b4 [LEADER]: Connected to new peer: Peer: permanent_uuid: "da714a4249594175ac8077da11828d56" member_type: VOTER last_known_addr { host: "127.22.184.193" port: 36985 }, Status: LMP_MISMATCH, Last received: 0.0, Next index: 1, Last known committed idx: 0, Time since last communication: 0.000s
