I20260709 12:21:41.483718  9639 raft_consensus.cc:515] T 0251f4e2c5fa4e67a1d9467c9ddb046d P db21a312197e4e71bba94fcfee8a4995 [term 1 FOLLOWER]: Starting pre-election with config: opid_index: -1 OBSOLETE_local: false peers { permanent_uuid: "c7a4077aa0664279a7989f03e13f24ab" member_type: VOTER last_known_addr { host: "127.7.254.193" port: 34349 } } peers { permanent_uuid: "376ca4e262d44561b29f9fa5d7fb90e8" member_type: VOTER last_known_addr { host: "127.7.254.194" port: 38459 } } peers { permanent_uuid: "db21a312197e4e71bba94fcfee8a4995" member_type: VOTER last_known_addr { host: "127.7.254.195" port: 46179 } }
I20260709 12:21:41.500476  9570 raft_consensus.cc:493] T 207f3c31e42b4de789a0d280bb094c92 P 376ca4e262d44561b29f9fa5d7fb90e8 [term 0 FOLLOWER]: Starting pre-election (no leader contacted us within the election timeout)
I20260709 12:21:41.499197  9646 consensus_queue.cc:237] T 26910519b6ea49298e88ad690c37e517 P 376ca4e262d44561b29f9fa5d7fb90e8 [LEADER]: Queue going to LEADER mode. State: All replicated index: 0, Majority replicated index: 0, Committed index: 0, Last appended: 0.0, Last appended by leader: 0, Current term: 1, Majority size: 2, State: 0, Mode: LEADER, active raft config: opid_index: -1 OBSOLETE_local: false peers { permanent_uuid: "c7a4077aa0664279a7989f03e13f24ab" member_type: VOTER last_known_addr { host: "127.7.254.193" port: 34349 } } peers { permanent_uuid: "376ca4e262d44561b29f9fa5d7fb90e8" member_type: VOTER last_known_addr { host: "127.7.254.194" port: 38459 } } peers { permanent_uuid: "db21a312197e4e71bba94fcfee8a4995" member_type: VOTER last_known_addr { host: "127.7.254.195" port: 46179 } }
I20260709 12:21:41.500954  9570 raft_consensus.cc:515] T 207f3c31e42b4de789a0d280bb094c92 P 376ca4e262d44561b29f9fa5d7fb90e8 [term 0 FOLLOWER]: Starting pre-election with config: opid_index: -1 OBSOLETE_local: false peers { permanent_uuid: "c7a4077aa0664279a7989f03e13f24ab" member_type: VOTER last_known_addr { host: "127.7.254.193" port: 34349 } } peers { permanent_uuid: "376ca4e262d44561b29f9fa5d7fb90e8" member_type: VOTER last_known_addr { host: "127.7.254.194" port: 38459 } } peers { permanent_uuid: "db21a312197e4e71bba94fcfee8a4995" member_type: VOTER last_known_addr { host: "127.7.254.195" port: 46179 } }
I20260709 12:21:41.503062  9570 leader_election.cc:290] T 207f3c31e42b4de789a0d280bb094c92 P 376ca4e262d44561b29f9fa5d7fb90e8 [CANDIDATE]: Term 1 pre-election: Requested pre-vote from peers c7a4077aa0664279a7989f03e13f24ab (127.7.254.193:34349), db21a312197e4e71bba94fcfee8a4995 (127.7.254.195:46179)
I20260709 12:21:41.499987  9341 leader_election.cc:304] T f3642fe062de47d99bc057eeb7bf287f P c7a4077aa0664279a7989f03e13f24ab [CANDIDATE]: Term 1 pre-election: Election decided. Result: candidate won. Election summary: received 2 responses out of 3 voters: 2 yes votes; 0 no votes. yes voters: c7a4077aa0664279a7989f03e13f24ab, db21a312197e4e71bba94fcfee8a4995; no voters: 
I20260709 12:21:41.488816  9636 raft_consensus.cc:515] T 624d700c16dd439cbb1a5bd57a55c37a P 376ca4e262d44561b29f9fa5d7fb90e8 [term 0 FOLLOWER]: Starting pre-election with config: opid_index: -1 OBSOLETE_local: false peers { permanent_uuid: "c7a4077aa0664279a7989f03e13f24ab" member_type: VOTER last_known_addr { host: "127.7.254.193" port: 34349 } } peers { permanent_uuid: "376ca4e262d44561b29f9fa5d7fb90e8" member_type: VOTER last_known_addr { host: "127.7.254.194" port: 38459 } } peers { permanent_uuid: "db21a312197e4e71bba94fcfee8a4995" member_type: VOTER last_known_addr { host: "127.7.254.195" port: 46179 } }
I20260709 12:21:41.510684  9565 tablet_bootstrap.cc:654] T 47b790f414e243b5bc3a923a8f360d16 P 376ca4e262d44561b29f9fa5d7fb90e8: Neither blocks nor log segments found. Creating new log.
I20260709 12:21:41.509349  9602 raft_consensus.cc:2804] T f3642fe062de47d99bc057eeb7bf287f P c7a4077aa0664279a7989f03e13f24ab [term 0 FOLLOWER]: Leader pre-election won for term 1
I20260709 12:21:41.515321  9573 consensus_queue.cc:1048] T 0251f4e2c5fa4e67a1d9467c9ddb046d P c7a4077aa0664279a7989f03e13f24ab [LEADER]: Connected to new peer: Peer: permanent_uuid: "db21a312197e4e71bba94fcfee8a4995" member_type: VOTER last_known_addr { host: "127.7.254.195" port: 46179 }, Status: LMP_MISMATCH, Last received: 0.0, Next index: 1, Last known committed idx: 0, Time since last communication: 0.000s
I20260709 12:21:41.514225  9602 raft_consensus.cc:493] T f3642fe062de47d99bc057eeb7bf287f P c7a4077aa0664279a7989f03e13f24ab [term 0 FOLLOWER]: Starting leader election (no leader contacted us within the election timeout)
I20260709 12:21:41.516263  9602 raft_consensus.cc:3060] T f3642fe062de47d99bc057eeb7bf287f P c7a4077aa0664279a7989f03e13f24ab [term 0 FOLLOWER]: Advancing to term 1
I20260709 12:21:41.518950  9524 tablet_service.cc:1917] Received RequestConsensusVote() RPC: tablet_id: "bfcc312f7b3a41df8dad22baeb32ca74" candidate_uuid: "376ca4e262d44561b29f9fa5d7fb90e8" candidate_term: 1 candidate_status { last_received { term: 0 index: 0 } } ignore_live_leader: false dest_uuid: "db21a312197e4e71bba94fcfee8a4995"
I20260709 12:21:41.520342  9374 tablet_service.cc:1917] Received RequestConsensusVote() RPC: tablet_id: "207f3c31e42b4de789a0d280bb094c92" candidate_uuid: "376ca4e262d44561b29f9fa5d7fb90e8" candidate_term: 1 candidate_status { last_received { term: 0 index: 0 } } ignore_live_leader: false dest_uuid: "c7a4077aa0664279a7989f03e13f24ab" is_pre_election: true
I20260709 12:21:41.523423  9522 raft_consensus.cc:3060] T 60cc3e094f714048b5b3df73b20692b2 P db21a312197e4e71bba94fcfee8a4995 [term 0 FOLLOWER]: Advancing to term 1
I20260709 12:21:41.528872  9525 tablet_service.cc:1917] Received RequestConsensusVote() RPC: tablet_id: "207f3c31e42b4de789a0d280bb094c92" candidate_uuid: "376ca4e262d44561b29f9fa5d7fb90e8" candidate_term: 1 candidate_status { last_received { term: 0 index: 0 } } ignore_live_leader: false dest_uuid: "db21a312197e4e71bba94fcfee8a4995" is_pre_election: true
I20260709 12:21:41.529732  9525 raft_consensus.cc:2468] T 207f3c31e42b4de789a0d280bb094c92 P db21a312197e4e71bba94fcfee8a4995 [term 0 FOLLOWER]: Leader pre-election vote request: Granting yes vote for candidate 376ca4e262d44561b29f9fa5d7fb90e8 in term 0.
I20260709 12:21:41.529793  9273 catalog_manager.cc:5697] T 4270b84737a843f4ab55de1499fa8d00 P db21a312197e4e71bba94fcfee8a4995 reported cstate change: term changed from 0 to 1, leader changed from <none> to db21a312197e4e71bba94fcfee8a4995 (127.7.254.195). New cstate: current_term: 1 leader_uuid: "db21a312197e4e71bba94fcfee8a4995" committed_config { opid_index: -1 OBSOLETE_local: false peers { permanent_uuid: "c7a4077aa0664279a7989f03e13f24ab" member_type: VOTER last_known_addr { host: "127.7.254.193" port: 34349 } health_report { overall_health: UNKNOWN } } peers { permanent_uuid: "376ca4e262d44561b29f9fa5d7fb90e8" member_type: VOTER last_known_addr { host: "127.7.254.194" port: 38459 } health_report { overall_health: UNKNOWN } } peers { permanent_uuid: "db21a312197e4e71bba94fcfee8a4995" member_type: VOTER last_known_addr { host: "127.7.254.195" port: 46179 } health_report { overall_health: HEALTHY } } }
I20260709 12:21:41.539528  9374 raft_consensus.cc:2468] T 207f3c31e42b4de789a0d280bb094c92 P c7a4077aa0664279a7989f03e13f24ab [term 0 FOLLOWER]: Leader pre-election vote request: Granting yes vote for candidate 376ca4e262d44561b29f9fa5d7fb90e8 in term 0.
I20260709 12:21:41.546319  9415 leader_election.cc:304] T 207f3c31e42b4de789a0d280bb094c92 P 376ca4e262d44561b29f9fa5d7fb90e8 [CANDIDATE]: Term 1 pre-election: Election decided. Result: candidate won. Election summary: received 2 responses out of 3 voters: 2 yes votes; 0 no votes. yes voters: 376ca4e262d44561b29f9fa5d7fb90e8, c7a4077aa0664279a7989f03e13f24ab; no voters: 
I20260709 12:21:41.523643  9416 leader_election.cc:304] T bfcc312f7b3a41df8dad22baeb32ca74 P 376ca4e262d44561b29f9fa5d7fb90e8 [CANDIDATE]: Term 1 election: Election decided. Result: candidate lost. Election summary: received 3 responses out of 3 voters: 1 yes votes; 2 no votes. yes voters: 376ca4e262d44561b29f9fa5d7fb90e8; no voters: c7a4077aa0664279a7989f03e13f24ab, db21a312197e4e71bba94fcfee8a4995
I20260709 12:21:41.547578  9570 raft_consensus.cc:2804] T 207f3c31e42b4de789a0d280bb094c92 P 376ca4e262d44561b29f9fa5d7fb90e8 [term 0 FOLLOWER]: Leader pre-election won for term 1
I20260709 12:21:41.548043  9570 raft_consensus.cc:493] T 207f3c31e42b4de789a0d280bb094c92 P 376ca4e262d44561b29f9fa5d7fb90e8 [term 0 FOLLOWER]: Starting leader election (no leader contacted us within the election timeout)
I20260709 12:21:41.548476  9570 raft_consensus.cc:3060] T 207f3c31e42b4de789a0d280bb094c92 P 376ca4e262d44561b29f9fa5d7fb90e8 [term 0 FOLLOWER]: Advancing to term 1
I20260709 12:21:41.550091  9604 leader_election.cc:290] T a6109ea66dad44d386c380e6493f6a28 P c7a4077aa0664279a7989f03e13f24ab [CANDIDATE]: Term 1 pre-election: Requested pre-vote from peers 376ca4e262d44561b29f9fa5d7fb90e8 (127.7.254.194:38459), db21a312197e4e71bba94fcfee8a4995 (127.7.254.195:46179)
I20260709 12:21:41.561208  9639 leader_election.cc:290] T 0251f4e2c5fa4e67a1d9467c9ddb046d P db21a312197e4e71bba94fcfee8a4995 [CANDIDATE]: Term 2 pre-election: Requested pre-vote from peers c7a4077aa0664279a7989f03e13f24ab (127.7.254.193:34349), 376ca4e262d44561b29f9fa5d7fb90e8 (127.7.254.194:38459)
I20260709 12:21:41.562218  9374 tablet_service.cc:1917] Received RequestConsensusVote() RPC: tablet_id: "0251f4e2c5fa4e67a1d9467c9ddb046d" candidate_uuid: "db21a312197e4e71bba94fcfee8a4995" candidate_term: 2 candidate_status { last_received { term: 0 index: 0 } } ignore_live_leader: false dest_uuid: "c7a4077aa0664279a7989f03e13f24ab" is_pre_election: true
I20260709 12:21:41.563205  9451 tablet_service.cc:1917] Received RequestConsensusVote() RPC: tablet_id: "0251f4e2c5fa4e67a1d9467c9ddb046d" candidate_uuid: "db21a312197e4e71bba94fcfee8a4995" candidate_term: 2 candidate_status { last_received { term: 0 index: 0 } } ignore_live_leader: false dest_uuid: "376ca4e262d44561b29f9fa5d7fb90e8" is_pre_election: true
I20260709 12:21:41.565615  9490 leader_election.cc:304] T 0251f4e2c5fa4e67a1d9467c9ddb046d P db21a312197e4e71bba94fcfee8a4995 [CANDIDATE]: Term 2 pre-election: Election decided. Result: candidate lost. Election summary: received 3 responses out of 3 voters: 1 yes votes; 2 no votes. yes voters: db21a312197e4e71bba94fcfee8a4995; no voters: 376ca4e262d44561b29f9fa5d7fb90e8, c7a4077aa0664279a7989f03e13f24ab
I20260709 12:21:41.567020  9639 raft_consensus.cc:2749] T 0251f4e2c5fa4e67a1d9467c9ddb046d P db21a312197e4e71bba94fcfee8a4995 [term 1 FOLLOWER]: Leader pre-election lost for term 2. Reason: could not achieve majority
I20260709 12:21:41.568930  9636 leader_election.cc:290] T 624d700c16dd439cbb1a5bd57a55c37a P 376ca4e262d44561b29f9fa5d7fb90e8 [CANDIDATE]: Term 1 pre-election: Requested pre-vote from peers c7a4077aa0664279a7989f03e13f24ab (127.7.254.193:34349), db21a312197e4e71bba94fcfee8a4995 (127.7.254.195:46179)
I20260709 12:21:41.569476  9636 raft_consensus.cc:2749] T bfcc312f7b3a41df8dad22baeb32ca74 P 376ca4e262d44561b29f9fa5d7fb90e8 [term 1 FOLLOWER]: Leader election lost for term 1. Reason: could not achieve majority
I20260709 12:21:41.570051  9525 tablet_service.cc:1917] Received RequestConsensusVote() RPC: tablet_id: "624d700c16dd439cbb1a5bd57a55c37a" candidate_uuid: "376ca4e262d44561b29f9fa5d7fb90e8" candidate_term: 1 candidate_status { last_received { term: 0 index: 0 } } ignore_live_leader: false dest_uuid: "db21a312197e4e71bba94fcfee8a4995" is_pre_election: true
W20260709 12:21:41.571280  9416 leader_election.cc:343] T 624d700c16dd439cbb1a5bd57a55c37a P 376ca4e262d44561b29f9fa5d7fb90e8 [CANDIDATE]: Term 1 pre-election: Tablet error from VoteRequest() call to peer db21a312197e4e71bba94fcfee8a4995 (127.7.254.195:46179): Illegal state: must be running to vote when last-logged opid is not known
I20260709 12:21:41.575021  9568 tablet_bootstrap.cc:492] T edf81aea49894d37a706e119f8e81fa4 P c7a4077aa0664279a7989f03e13f24ab: No bootstrap required, opened a new log
I20260709 12:21:41.575655  9568 ts_tablet_manager.cc:1403] T edf81aea49894d37a706e119f8e81fa4 P c7a4077aa0664279a7989f03e13f24ab: Time spent bootstrapping tablet: real 0.215s	user 0.028s	sys 0.005s
I20260709 12:21:41.571568  9374 tablet_service.cc:1917] Received RequestConsensusVote() RPC: tablet_id: "624d700c16dd439cbb1a5bd57a55c37a" candidate_uuid: "376ca4e262d44561b29f9fa5d7fb90e8" candidate_term: 1 candidate_status { last_received { term: 0 index: 0 } } ignore_live_leader: false dest_uuid: "c7a4077aa0664279a7989f03e13f24ab" is_pre_election: true
W20260709 12:21:41.580185  9341 outbound_call.cc:321] RPC callback for RPC call kudu.consensus.ConsensusService.UpdateConsensus -> {remote=127.7.254.194:38459, user_credentials={real_user=slave}} blocked reactor thread for 59602.3us
I20260709 12:21:41.576402  9602 raft_consensus.cc:515] T f3642fe062de47d99bc057eeb7bf287f P c7a4077aa0664279a7989f03e13f24ab [term 1 FOLLOWER]: Starting leader election with config: opid_index: -1 OBSOLETE_local: false peers { permanent_uuid: "c7a4077aa0664279a7989f03e13f24ab" member_type: VOTER last_known_addr { host: "127.7.254.193" port: 34349 } } peers { permanent_uuid: "376ca4e262d44561b29f9fa5d7fb90e8" member_type: VOTER last_known_addr { host: "127.7.254.194" port: 38459 } } peers { permanent_uuid: "db21a312197e4e71bba94fcfee8a4995" member_type: VOTER last_known_addr { host: "127.7.254.195" port: 46179 } }
W20260709 12:21:41.592319  9415 leader_election.cc:343] T 624d700c16dd439cbb1a5bd57a55c37a P 376ca4e262d44561b29f9fa5d7fb90e8 [CANDIDATE]: Term 1 pre-election: Tablet error from VoteRequest() call to peer c7a4077aa0664279a7989f03e13f24ab (127.7.254.193:34349): Illegal state: must be running to vote when last-logged opid is not known
I20260709 12:21:41.592758  9415 leader_election.cc:304] T 624d700c16dd439cbb1a5bd57a55c37a P 376ca4e262d44561b29f9fa5d7fb90e8 [CANDIDATE]: Term 1 pre-election: Election decided. Result: candidate lost. Election summary: received 3 responses out of 3 voters: 1 yes votes; 2 no votes. yes voters: 376ca4e262d44561b29f9fa5d7fb90e8; no voters: c7a4077aa0664279a7989f03e13f24ab, db21a312197e4e71bba94fcfee8a4995
I20260709 12:21:41.591702  9639 raft_consensus.cc:493] T 60cc3e094f714048b5b3df73b20692b2 P db21a312197e4e71bba94fcfee8a4995 [term 1 FOLLOWER]: Starting pre-election (no leader contacted us within the election timeout)
I20260709 12:21:41.599952  9524 tablet_service.cc:1917] Received RequestConsensusVote() RPC: tablet_id: "a6109ea66dad44d386c380e6493f6a28" candidate_uuid: "c7a4077aa0664279a7989f03e13f24ab" candidate_term: 1 candidate_status { last_received { term: 0 index: 0 } } ignore_live_leader: false dest_uuid: "db21a312197e4e71bba94fcfee8a4995" is_pre_election: true
I20260709 12:21:41.600571  9524 raft_consensus.cc:2468] T a6109ea66dad44d386c380e6493f6a28 P db21a312197e4e71bba94fcfee8a4995 [term 0 FOLLOWER]: Leader pre-election vote request: Granting yes vote for candidate c7a4077aa0664279a7989f03e13f24ab in term 0.
I20260709 12:21:41.595139  9639 raft_consensus.cc:515] T 60cc3e094f714048b5b3df73b20692b2 P db21a312197e4e71bba94fcfee8a4995 [term 1 FOLLOWER]: Starting pre-election with config: opid_index: -1 OBSOLETE_local: false peers { permanent_uuid: "c7a4077aa0664279a7989f03e13f24ab" member_type: VOTER last_known_addr { host: "127.7.254.193" port: 34349 } } peers { permanent_uuid: "376ca4e262d44561b29f9fa5d7fb90e8" member_type: VOTER last_known_addr { host: "127.7.254.194" port: 38459 } } peers { permanent_uuid: "db21a312197e4e71bba94fcfee8a4995" member_type: VOTER last_known_addr { host: "127.7.254.195" port: 46179 } }
I20260709 12:21:41.618167  9271 catalog_manager.cc:5697] T bfcc312f7b3a41df8dad22baeb32ca74 P db21a312197e4e71bba94fcfee8a4995 reported cstate change: term changed from 0 to 1, leader changed from <none> to db21a312197e4e71bba94fcfee8a4995 (127.7.254.195). New cstate: current_term: 1 leader_uuid: "db21a312197e4e71bba94fcfee8a4995" committed_config { opid_index: -1 OBSOLETE_local: false peers { permanent_uuid: "c7a4077aa0664279a7989f03e13f24ab" member_type: VOTER last_known_addr { host: "127.7.254.193" port: 34349 } health_report { overall_health: UNKNOWN } } peers { permanent_uuid: "376ca4e262d44561b29f9fa5d7fb90e8" member_type: VOTER last_known_addr { host: "127.7.254.194" port: 38459 } health_report { overall_health: UNKNOWN } } peers { permanent_uuid: "db21a312197e4e71bba94fcfee8a4995" member_type: VOTER last_known_addr { host: "127.7.254.195" port: 46179 } health_report { overall_health: HEALTHY } } }
I20260709 12:21:41.623574  9570 raft_consensus.cc:515] T 207f3c31e42b4de789a0d280bb094c92 P 376ca4e262d44561b29f9fa5d7fb90e8 [term 1 FOLLOWER]: Starting leader election with config: opid_index: -1 OBSOLETE_local: false peers { permanent_uuid: "c7a4077aa0664279a7989f03e13f24ab" member_type: VOTER last_known_addr { host: "127.7.254.193" port: 34349 } } peers { permanent_uuid: "376ca4e262d44561b29f9fa5d7fb90e8" member_type: VOTER last_known_addr { host: "127.7.254.194" port: 38459 } } peers { permanent_uuid: "db21a312197e4e71bba94fcfee8a4995" member_type: VOTER last_known_addr { host: "127.7.254.195" port: 46179 } }
I20260709 12:21:41.643563  9572 consensus_queue.cc:1048] T 34e0d4f052be4301b74f6319c85d0c2a P db21a312197e4e71bba94fcfee8a4995 [LEADER]: Connected to new peer: Peer: permanent_uuid: "c7a4077aa0664279a7989f03e13f24ab" member_type: VOTER last_known_addr { host: "127.7.254.193" port: 34349 }, Status: LMP_MISMATCH, Last received: 0.0, Next index: 1, Last known committed idx: 0, Time since last communication: 0.001s
I20260709 12:21:41.644560  9570 leader_election.cc:290] T 207f3c31e42b4de789a0d280bb094c92 P 376ca4e262d44561b29f9fa5d7fb90e8 [CANDIDATE]: Term 1 election: Requested vote from peers c7a4077aa0664279a7989f03e13f24ab (127.7.254.193:34349), db21a312197e4e71bba94fcfee8a4995 (127.7.254.195:46179)
I20260709 12:21:41.645901  9566 tablet_bootstrap.cc:492] T 624d700c16dd439cbb1a5bd57a55c37a P db21a312197e4e71bba94fcfee8a4995: No bootstrap required, opened a new log
I20260709 12:21:41.646339  9566 ts_tablet_manager.cc:1403] T 624d700c16dd439cbb1a5bd57a55c37a P db21a312197e4e71bba94fcfee8a4995: Time spent bootstrapping tablet: real 0.206s	user 0.007s	sys 0.010s
I20260709 12:21:41.649727  9566 raft_consensus.cc:359] T 624d700c16dd439cbb1a5bd57a55c37a P db21a312197e4e71bba94fcfee8a4995 [term 0 FOLLOWER]: Replica starting. Triggering 0 pending ops. Active config: opid_index: -1 OBSOLETE_local: false peers { permanent_uuid: "c7a4077aa0664279a7989f03e13f24ab" member_type: VOTER last_known_addr { host: "127.7.254.193" port: 34349 } } peers { permanent_uuid: "376ca4e262d44561b29f9fa5d7fb90e8" member_type: VOTER last_known_addr { host: "127.7.254.194" port: 38459 } } peers { permanent_uuid: "db21a312197e4e71bba94fcfee8a4995" member_type: VOTER last_known_addr { host: "127.7.254.195" port: 46179 } }
I20260709 12:21:41.650218  9374 tablet_service.cc:1917] Received RequestConsensusVote() RPC: tablet_id: "207f3c31e42b4de789a0d280bb094c92" candidate_uuid: "376ca4e262d44561b29f9fa5d7fb90e8" candidate_term: 1 candidate_status { last_received { term: 0 index: 0 } } ignore_live_leader: false dest_uuid: "c7a4077aa0664279a7989f03e13f24ab"
I20260709 12:21:41.631080  9605 raft_consensus.cc:515] T f3642fe062de47d99bc057eeb7bf287f P 376ca4e262d44561b29f9fa5d7fb90e8 [term 1 FOLLOWER]: Starting leader election with config: opid_index: -1 OBSOLETE_local: false peers { permanent_uuid: "c7a4077aa0664279a7989f03e13f24ab" member_type: VOTER last_known_addr { host: "127.7.254.193" port: 34349 } } peers { permanent_uuid: "376ca4e262d44561b29f9fa5d7fb90e8" member_type: VOTER last_known_addr { host: "127.7.254.194" port: 38459 } } peers { permanent_uuid: "db21a312197e4e71bba94fcfee8a4995" member_type: VOTER last_known_addr { host: "127.7.254.195" port: 46179 } }
I20260709 12:21:41.650607  9566 raft_consensus.cc:385] T 624d700c16dd439cbb1a5bd57a55c37a P db21a312197e4e71bba94fcfee8a4995 [term 0 FOLLOWER]: Consensus starting up: Expiring failure detector timer to make a prompt election more likely
I20260709 12:21:41.650835  9374 raft_consensus.cc:3060] T 207f3c31e42b4de789a0d280bb094c92 P c7a4077aa0664279a7989f03e13f24ab [term 0 FOLLOWER]: Advancing to term 1
I20260709 12:21:41.662362  9566 raft_consensus.cc:740] T 624d700c16dd439cbb1a5bd57a55c37a P db21a312197e4e71bba94fcfee8a4995 [term 0 FOLLOWER]: Becoming Follower/Learner. State: Replica: db21a312197e4e71bba94fcfee8a4995, State: Initialized, Role: FOLLOWER
I20260709 12:21:41.663173  9566 consensus_queue.cc:260] T 624d700c16dd439cbb1a5bd57a55c37a P db21a312197e4e71bba94fcfee8a4995 [NON_LEADER]: Queue going to NON_LEADER mode. State: All replicated index: 0, Majority replicated index: 0, Committed index: 0, Last appended: 0.0, Last appended by leader: 0, Current term: 0, Majority size: -1, State: 0, Mode: NON_LEADER, active raft config: opid_index: -1 OBSOLETE_local: false peers { permanent_uuid: "c7a4077aa0664279a7989f03e13f24ab" member_type: VOTER last_known_addr { host: "127.7.254.193" port: 34349 } } peers { permanent_uuid: "376ca4e262d44561b29f9fa5d7fb90e8" member_type: VOTER last_known_addr { host: "127.7.254.194" port: 38459 } } peers { permanent_uuid: "db21a312197e4e71bba94fcfee8a4995" member_type: VOTER last_known_addr { host: "127.7.254.195" port: 46179 } }
I20260709 12:21:41.654513  9448 tablet_service.cc:1917] Received RequestConsensusVote() RPC: tablet_id: "f3642fe062de47d99bc057eeb7bf287f" candidate_uuid: "c7a4077aa0664279a7989f03e13f24ab" candidate_term: 1 candidate_status { last_received { term: 0 index: 0 } } ignore_live_leader: false dest_uuid: "376ca4e262d44561b29f9fa5d7fb90e8"
I20260709 12:21:41.665270  9566 ts_tablet_manager.cc:1434] T 624d700c16dd439cbb1a5bd57a55c37a P db21a312197e4e71bba94fcfee8a4995: Time spent starting tablet: real 0.019s	user 0.003s	sys 0.002s
I20260709 12:21:41.652366  9524 tablet_service.cc:1917] Received RequestConsensusVote() RPC: tablet_id: "207f3c31e42b4de789a0d280bb094c92" candidate_uuid: "376ca4e262d44561b29f9fa5d7fb90e8" candidate_term: 1 candidate_status { last_received { term: 0 index: 0 } } ignore_live_leader: false dest_uuid: "db21a312197e4e71bba94fcfee8a4995"
I20260709 12:21:41.666580  9524 raft_consensus.cc:3060] T 207f3c31e42b4de789a0d280bb094c92 P db21a312197e4e71bba94fcfee8a4995 [term 0 FOLLOWER]: Advancing to term 1
I20260709 12:21:41.668462  9565 tablet_bootstrap.cc:492] T 47b790f414e243b5bc3a923a8f360d16 P 376ca4e262d44561b29f9fa5d7fb90e8: No bootstrap required, opened a new log
I20260709 12:21:41.668731  9374 raft_consensus.cc:2468] T 207f3c31e42b4de789a0d280bb094c92 P c7a4077aa0664279a7989f03e13f24ab [term 1 FOLLOWER]: Leader election vote request: Granting yes vote for candidate 376ca4e262d44561b29f9fa5d7fb90e8 in term 1.
I20260709 12:21:41.668951  9565 ts_tablet_manager.cc:1403] T 47b790f414e243b5bc3a923a8f360d16 P 376ca4e262d44561b29f9fa5d7fb90e8: Time spent bootstrapping tablet: real 0.203s	user 0.040s	sys 0.038s
I20260709 12:21:41.669620  9415 leader_election.cc:304] T 207f3c31e42b4de789a0d280bb094c92 P 376ca4e262d44561b29f9fa5d7fb90e8 [CANDIDATE]: Term 1 election: Election decided. Result: candidate won. Election summary: received 2 responses out of 3 voters: 2 yes votes; 0 no votes. yes voters: 376ca4e262d44561b29f9fa5d7fb90e8, c7a4077aa0664279a7989f03e13f24ab; no voters: 
I20260709 12:21:41.660283  9449 tablet_service.cc:1917] Received RequestConsensusVote() RPC: tablet_id: "60cc3e094f714048b5b3df73b20692b2" candidate_uuid: "db21a312197e4e71bba94fcfee8a4995" candidate_term: 2 candidate_status { last_received { term: 0 index: 0 } } ignore_live_leader: false dest_uuid: "376ca4e262d44561b29f9fa5d7fb90e8" is_pre_election: true
I20260709 12:21:41.670514  9570 raft_consensus.cc:2804] T 207f3c31e42b4de789a0d280bb094c92 P 376ca4e262d44561b29f9fa5d7fb90e8 [term 1 FOLLOWER]: Leader election won for term 1
I20260709 12:21:41.671041  9570 raft_consensus.cc:697] T 207f3c31e42b4de789a0d280bb094c92 P 376ca4e262d44561b29f9fa5d7fb90e8 [term 1 LEADER]: Becoming Leader. State: Replica: 376ca4e262d44561b29f9fa5d7fb90e8, State: Running, Role: LEADER
I20260709 12:21:41.607733  9646 raft_consensus.cc:2749] T 624d700c16dd439cbb1a5bd57a55c37a P 376ca4e262d44561b29f9fa5d7fb90e8 [term 0 FOLLOWER]: Leader pre-election lost for term 1. Reason: could not achieve majority
I20260709 12:21:41.671857  9570 consensus_queue.cc:237] T 207f3c31e42b4de789a0d280bb094c92 P 376ca4e262d44561b29f9fa5d7fb90e8 [LEADER]: Queue going to LEADER mode. State: All replicated index: 0, Majority replicated index: 0, Committed index: 0, Last appended: 0.0, Last appended by leader: 0, Current term: 1, Majority size: 2, State: 0, Mode: LEADER, active raft config: opid_index: -1 OBSOLETE_local: false peers { permanent_uuid: "c7a4077aa0664279a7989f03e13f24ab" member_type: VOTER last_known_addr { host: "127.7.254.193" port: 34349 } } peers { permanent_uuid: "376ca4e262d44561b29f9fa5d7fb90e8" member_type: VOTER last_known_addr { host: "127.7.254.194" port: 38459 } } peers { permanent_uuid: "db21a312197e4e71bba94fcfee8a4995" member_type: VOTER last_known_addr { host: "127.7.254.195" port: 46179 } }
I20260709 12:21:41.672005  9565 raft_consensus.cc:359] T 47b790f414e243b5bc3a923a8f360d16 P 376ca4e262d44561b29f9fa5d7fb90e8 [term 0 FOLLOWER]: Replica starting. Triggering 0 pending ops. Active config: opid_index: -1 OBSOLETE_local: false peers { permanent_uuid: "c7a4077aa0664279a7989f03e13f24ab" member_type: VOTER last_known_addr { host: "127.7.254.193" port: 34349 } } peers { permanent_uuid: "376ca4e262d44561b29f9fa5d7fb90e8" member_type: VOTER last_known_addr { host: "127.7.254.194" port: 38459 } } peers { permanent_uuid: "db21a312197e4e71bba94fcfee8a4995" member_type: VOTER last_known_addr { host: "127.7.254.195" port: 46179 } }
I20260709 12:21:41.672830  9565 raft_consensus.cc:385] T 47b790f414e243b5bc3a923a8f360d16 P 376ca4e262d44561b29f9fa5d7fb90e8 [term 0 FOLLOWER]: Consensus starting up: Expiring failure detector timer to make a prompt election more likely
I20260709 12:21:41.673161  9565 raft_consensus.cc:740] T 47b790f414e243b5bc3a923a8f360d16 P 376ca4e262d44561b29f9fa5d7fb90e8 [term 0 FOLLOWER]: Becoming Follower/Learner. State: Replica: 376ca4e262d44561b29f9fa5d7fb90e8, State: Initialized, Role: FOLLOWER
I20260709 12:21:41.673795  9565 consensus_queue.cc:260] T 47b790f414e243b5bc3a923a8f360d16 P 376ca4e262d44561b29f9fa5d7fb90e8 [NON_LEADER]: Queue going to NON_LEADER mode. State: All replicated index: 0, Majority replicated index: 0, Committed index: 0, Last appended: 0.0, Last appended by leader: 0, Current term: 0, Majority size: -1, State: 0, Mode: NON_LEADER, active raft config: opid_index: -1 OBSOLETE_local: false peers { permanent_uuid: "c7a4077aa0664279a7989f03e13f24ab" member_type: VOTER last_known_addr { host: "127.7.254.193" port: 34349 } } peers { permanent_uuid: "376ca4e262d44561b29f9fa5d7fb90e8" member_type: VOTER last_known_addr { host: "127.7.254.194" port: 38459 } } peers { permanent_uuid: "db21a312197e4e71bba94fcfee8a4995" member_type: VOTER last_known_addr { host: "127.7.254.195" port: 46179 } }
I20260709 12:21:41.639783  9602 leader_election.cc:290] T f3642fe062de47d99bc057eeb7bf287f P c7a4077aa0664279a7989f03e13f24ab [CANDIDATE]: Term 1 election: Requested vote from peers 376ca4e262d44561b29f9fa5d7fb90e8 (127.7.254.194:38459), db21a312197e4e71bba94fcfee8a4995 (127.7.254.195:46179)
I20260709 12:21:41.640345  9451 tablet_service.cc:1917] Received RequestConsensusVote() RPC: tablet_id: "a6109ea66dad44d386c380e6493f6a28" candidate_uuid: "c7a4077aa0664279a7989f03e13f24ab" candidate_term: 1 candidate_status { last_received { term: 0 index: 0 } } ignore_live_leader: false dest_uuid: "376ca4e262d44561b29f9fa5d7fb90e8" is_pre_election: true
I20260709 12:21:41.674369  9568 raft_consensus.cc:359] T edf81aea49894d37a706e119f8e81fa4 P c7a4077aa0664279a7989f03e13f24ab [term 0 FOLLOWER]: Replica starting. Triggering 0 pending ops. Active config: opid_index: -1 OBSOLETE_local: false peers { permanent_uuid: "c7a4077aa0664279a7989f03e13f24ab" member_type: VOTER last_known_addr { host: "127.7.254.193" port: 34349 } } peers { permanent_uuid: "376ca4e262d44561b29f9fa5d7fb90e8" member_type: VOTER last_known_addr { host: "127.7.254.194" port: 38459 } } peers { permanent_uuid: "db21a312197e4e71bba94fcfee8a4995" member_type: VOTER last_known_addr { host: "127.7.254.195" port: 46179 } }
I20260709 12:21:41.675071  9568 raft_consensus.cc:385] T edf81aea49894d37a706e119f8e81fa4 P c7a4077aa0664279a7989f03e13f24ab [term 0 FOLLOWER]: Consensus starting up: Expiring failure detector timer to make a prompt election more likely
I20260709 12:21:41.661815  9573 consensus_queue.cc:1048] T 60cc3e094f714048b5b3df73b20692b2 P c7a4077aa0664279a7989f03e13f24ab [LEADER]: Connected to new peer: Peer: permanent_uuid: "db21a312197e4e71bba94fcfee8a4995" member_type: VOTER last_known_addr { host: "127.7.254.195" port: 46179 }, Status: LMP_MISMATCH, Last received: 0.0, Next index: 1, Last known committed idx: 0, Time since last communication: 0.014s
I20260709 12:21:41.675431  9568 raft_consensus.cc:740] T edf81aea49894d37a706e119f8e81fa4 P c7a4077aa0664279a7989f03e13f24ab [term 0 FOLLOWER]: Becoming Follower/Learner. State: Replica: c7a4077aa0664279a7989f03e13f24ab, State: Initialized, Role: FOLLOWER
I20260709 12:21:41.661950  9341 leader_election.cc:304] T a6109ea66dad44d386c380e6493f6a28 P c7a4077aa0664279a7989f03e13f24ab [CANDIDATE]: Term 1 pre-election: Election decided. Result: candidate won. Election summary: received 2 responses out of 3 voters: 2 yes votes; 0 no votes. yes voters: c7a4077aa0664279a7989f03e13f24ab, db21a312197e4e71bba94fcfee8a4995; no voters: 
I20260709 12:21:41.676457  9565 ts_tablet_manager.cc:1434] T 47b790f414e243b5bc3a923a8f360d16 P 376ca4e262d44561b29f9fa5d7fb90e8: Time spent starting tablet: real 0.007s	user 0.003s	sys 0.003s
I20260709 12:21:41.677486  9565 tablet_bootstrap.cc:492] T a6109ea66dad44d386c380e6493f6a28 P 376ca4e262d44561b29f9fa5d7fb90e8: Bootstrap starting.
I20260709 12:21:41.677904  9605 leader_election.cc:290] T f3642fe062de47d99bc057eeb7bf287f P 376ca4e262d44561b29f9fa5d7fb90e8 [CANDIDATE]: Term 1 election: Requested vote from peers c7a4077aa0664279a7989f03e13f24ab (127.7.254.193:34349), db21a312197e4e71bba94fcfee8a4995 (127.7.254.195:46179)
I20260709 12:21:41.678772  9652 raft_consensus.cc:2804] T a6109ea66dad44d386c380e6493f6a28 P c7a4077aa0664279a7989f03e13f24ab [term 0 FOLLOWER]: Leader pre-election won for term 1
I20260709 12:21:41.679168  9652 raft_consensus.cc:493] T a6109ea66dad44d386c380e6493f6a28 P c7a4077aa0664279a7989f03e13f24ab [term 0 FOLLOWER]: Starting leader election (no leader contacted us within the election timeout)
I20260709 12:21:41.679517  9652 raft_consensus.cc:3060] T a6109ea66dad44d386c380e6493f6a28 P c7a4077aa0664279a7989f03e13f24ab [term 0 FOLLOWER]: Advancing to term 1
I20260709 12:21:41.681759  9523 tablet_service.cc:1917] Received RequestConsensusVote() RPC: tablet_id: "f3642fe062de47d99bc057eeb7bf287f" candidate_uuid: "376ca4e262d44561b29f9fa5d7fb90e8" candidate_term: 1 candidate_status { last_received { term: 0 index: 0 } } ignore_live_leader: false dest_uuid: "db21a312197e4e71bba94fcfee8a4995"
I20260709 12:21:41.682353  9523 raft_consensus.cc:3060] T f3642fe062de47d99bc057eeb7bf287f P db21a312197e4e71bba94fcfee8a4995 [term 0 FOLLOWER]: Advancing to term 1
I20260709 12:21:41.685316  9565 tablet_bootstrap.cc:654] T a6109ea66dad44d386c380e6493f6a28 P 376ca4e262d44561b29f9fa5d7fb90e8: Neither blocks nor log segments found. Creating new log.
I20260709 12:21:41.656720  9273 catalog_manager.cc:5697] T 26910519b6ea49298e88ad690c37e517 P 376ca4e262d44561b29f9fa5d7fb90e8 reported cstate change: term changed from 0 to 1, leader changed from <none> to 376ca4e262d44561b29f9fa5d7fb90e8 (127.7.254.194). New cstate: current_term: 1 leader_uuid: "376ca4e262d44561b29f9fa5d7fb90e8" committed_config { opid_index: -1 OBSOLETE_local: false peers { permanent_uuid: "c7a4077aa0664279a7989f03e13f24ab" member_type: VOTER last_known_addr { host: "127.7.254.193" port: 34349 } health_report { overall_health: UNKNOWN } } peers { permanent_uuid: "376ca4e262d44561b29f9fa5d7fb90e8" member_type: VOTER last_known_addr { host: "127.7.254.194" port: 38459 } health_report { overall_health: HEALTHY } } peers { permanent_uuid: "db21a312197e4e71bba94fcfee8a4995" member_type: VOTER last_known_addr { host: "127.7.254.195" port: 46179 } health_report { overall_health: UNKNOWN } } }
I20260709 12:21:41.684885  9568 consensus_queue.cc:260] T edf81aea49894d37a706e119f8e81fa4 P c7a4077aa0664279a7989f03e13f24ab [NON_LEADER]: Queue going to NON_LEADER mode. State: All replicated index: 0, Majority replicated index: 0, Committed index: 0, Last appended: 0.0, Last appended by leader: 0, Current term: 0, Majority size: -1, State: 0, Mode: NON_LEADER, active raft config: opid_index: -1 OBSOLETE_local: false peers { permanent_uuid: "c7a4077aa0664279a7989f03e13f24ab" member_type: VOTER last_known_addr { host: "127.7.254.193" port: 34349 } } peers { permanent_uuid: "376ca4e262d44561b29f9fa5d7fb90e8" member_type: VOTER last_known_addr { host: "127.7.254.194" port: 38459 } } peers { permanent_uuid: "db21a312197e4e71bba94fcfee8a4995" member_type: VOTER last_known_addr { host: "127.7.254.195" port: 46179 } }
I20260709 12:21:41.687525  9568 ts_tablet_manager.cc:1434] T edf81aea49894d37a706e119f8e81fa4 P c7a4077aa0664279a7989f03e13f24ab: Time spent starting tablet: real 0.112s	user 0.008s	sys 0.001s
I20260709 12:21:41.657747  9376 tablet_service.cc:1917] Received RequestConsensusVote() RPC: tablet_id: "60cc3e094f714048b5b3df73b20692b2" candidate_uuid: "db21a312197e4e71bba94fcfee8a4995" candidate_term: 2 candidate_status { last_received { term: 0 index: 0 } } ignore_live_leader: false dest_uuid: "c7a4077aa0664279a7989f03e13f24ab" is_pre_election: true
I20260709 12:21:41.661345  9450 raft_consensus.cc:2393] T f3642fe062de47d99bc057eeb7bf287f P 376ca4e262d44561b29f9fa5d7fb90e8 [term 1 FOLLOWER]: Leader pre-election vote request: Denying vote to candidate c7a4077aa0664279a7989f03e13f24ab in current term 1: Already voted for candidate 376ca4e262d44561b29f9fa5d7fb90e8 in this term.
W20260709 12:21:41.689379  9341 leader_election.cc:343] T a6109ea66dad44d386c380e6493f6a28 P c7a4077aa0664279a7989f03e13f24ab [CANDIDATE]: Term 1 pre-election: Tablet error from VoteRequest() call to peer 376ca4e262d44561b29f9fa5d7fb90e8 (127.7.254.194:38459): Illegal state: must be running to vote when last-logged opid is not known
I20260709 12:21:41.689949  9523 raft_consensus.cc:2468] T f3642fe062de47d99bc057eeb7bf287f P db21a312197e4e71bba94fcfee8a4995 [term 1 FOLLOWER]: Leader election vote request: Granting yes vote for candidate 376ca4e262d44561b29f9fa5d7fb90e8 in term 1.
I20260709 12:21:41.655074  9572 consensus_queue.cc:1048] T 34e0d4f052be4301b74f6319c85d0c2a P db21a312197e4e71bba94fcfee8a4995 [LEADER]: Connected to new peer: Peer: permanent_uuid: "376ca4e262d44561b29f9fa5d7fb90e8" member_type: VOTER last_known_addr { host: "127.7.254.194" port: 38459 }, Status: LMP_MISMATCH, Last received: 0.0, Next index: 1, Last known committed idx: 0, Time since last communication: 0.035s
I20260709 12:21:41.695211  9565 tablet_bootstrap.cc:492] T a6109ea66dad44d386c380e6493f6a28 P 376ca4e262d44561b29f9fa5d7fb90e8: No bootstrap required, opened a new log
I20260709 12:21:41.695618  9565 ts_tablet_manager.cc:1403] T a6109ea66dad44d386c380e6493f6a28 P 376ca4e262d44561b29f9fa5d7fb90e8: Time spent bootstrapping tablet: real 0.018s	user 0.008s	sys 0.002s
I20260709 12:21:41.696820  9416 leader_election.cc:304] T f3642fe062de47d99bc057eeb7bf287f P 376ca4e262d44561b29f9fa5d7fb90e8 [CANDIDATE]: Term 1 election: Election decided. Result: candidate won. Election summary: received 2 responses out of 3 voters: 2 yes votes; 0 no votes. yes voters: 376ca4e262d44561b29f9fa5d7fb90e8, db21a312197e4e71bba94fcfee8a4995; no voters: 
I20260709 12:21:41.698362  9646 raft_consensus.cc:2804] T f3642fe062de47d99bc057eeb7bf287f P 376ca4e262d44561b29f9fa5d7fb90e8 [term 1 FOLLOWER]: Leader election won for term 1
I20260709 12:21:41.698869  9646 raft_consensus.cc:697] T f3642fe062de47d99bc057eeb7bf287f P 376ca4e262d44561b29f9fa5d7fb90e8 [term 1 LEADER]: Becoming Leader. State: Replica: 376ca4e262d44561b29f9fa5d7fb90e8, State: Running, Role: LEADER
I20260709 12:21:41.698992  9565 raft_consensus.cc:359] T a6109ea66dad44d386c380e6493f6a28 P 376ca4e262d44561b29f9fa5d7fb90e8 [term 0 FOLLOWER]: Replica starting. Triggering 0 pending ops. Active config: opid_index: -1 OBSOLETE_local: false peers { permanent_uuid: "c7a4077aa0664279a7989f03e13f24ab" member_type: VOTER last_known_addr { host: "127.7.254.193" port: 34349 } } peers { permanent_uuid: "376ca4e262d44561b29f9fa5d7fb90e8" member_type: VOTER last_known_addr { host: "127.7.254.194" port: 38459 } } peers { permanent_uuid: "db21a312197e4e71bba94fcfee8a4995" member_type: VOTER last_known_addr { host: "127.7.254.195" port: 46179 } }
I20260709 12:21:41.699761  9565 raft_consensus.cc:385] T a6109ea66dad44d386c380e6493f6a28 P 376ca4e262d44561b29f9fa5d7fb90e8 [term 0 FOLLOWER]: Consensus starting up: Expiring failure detector timer to make a prompt election more likely
I20260709 12:21:41.700059  9565 raft_consensus.cc:740] T a6109ea66dad44d386c380e6493f6a28 P 376ca4e262d44561b29f9fa5d7fb90e8 [term 0 FOLLOWER]: Becoming Follower/Learner. State: Replica: 376ca4e262d44561b29f9fa5d7fb90e8, State: Initialized, Role: FOLLOWER
I20260709 12:21:41.699842  9646 consensus_queue.cc:237] T f3642fe062de47d99bc057eeb7bf287f P 376ca4e262d44561b29f9fa5d7fb90e8 [LEADER]: Queue going to LEADER mode. State: All replicated index: 0, Majority replicated index: 0, Committed index: 0, Last appended: 0.0, Last appended by leader: 0, Current term: 1, Majority size: 2, State: 0, Mode: LEADER, active raft config: opid_index: -1 OBSOLETE_local: false peers { permanent_uuid: "c7a4077aa0664279a7989f03e13f24ab" member_type: VOTER last_known_addr { host: "127.7.254.193" port: 34349 } } peers { permanent_uuid: "376ca4e262d44561b29f9fa5d7fb90e8" member_type: VOTER last_known_addr { host: "127.7.254.194" port: 38459 } } peers { permanent_uuid: "db21a312197e4e71bba94fcfee8a4995" member_type: VOTER last_known_addr { host: "127.7.254.195" port: 46179 } }
I20260709 12:21:41.700706  9565 consensus_queue.cc:260] T a6109ea66dad44d386c380e6493f6a28 P 376ca4e262d44561b29f9fa5d7fb90e8 [NON_LEADER]: Queue going to NON_LEADER mode. State: All replicated index: 0, Majority replicated index: 0, Committed index: 0, Last appended: 0.0, Last appended by leader: 0, Current term: 0, Majority size: -1, State: 0, Mode: NON_LEADER, active raft config: opid_index: -1 OBSOLETE_local: false peers { permanent_uuid: "c7a4077aa0664279a7989f03e13f24ab" member_type: VOTER last_known_addr { host: "127.7.254.193" port: 34349 } } peers { permanent_uuid: "376ca4e262d44561b29f9fa5d7fb90e8" member_type: VOTER last_known_addr { host: "127.7.254.194" port: 38459 } } peers { permanent_uuid: "db21a312197e4e71bba94fcfee8a4995" member_type: VOTER last_known_addr { host: "127.7.254.195" port: 46179 } }
I20260709 12:21:41.702378  9489 leader_election.cc:304] T 60cc3e094f714048b5b3df73b20692b2 P db21a312197e4e71bba94fcfee8a4995 [CANDIDATE]: Term 2 pre-election: Election decided. Result: candidate lost. Election summary: received 3 responses out of 3 voters: 1 yes votes; 2 no votes. yes voters: db21a312197e4e71bba94fcfee8a4995; no voters: 376ca4e262d44561b29f9fa5d7fb90e8, c7a4077aa0664279a7989f03e13f24ab
I20260709 12:21:41.704985  9375 tablet_service.cc:1917] Received RequestConsensusVote() RPC: tablet_id: "f3642fe062de47d99bc057eeb7bf287f" candidate_uuid: "376ca4e262d44561b29f9fa5d7fb90e8" candidate_term: 1 candidate_status { last_received { term: 0 index: 0 } } ignore_live_leader: false dest_uuid: "c7a4077aa0664279a7989f03e13f24ab"
I20260709 12:21:41.705991  9375 raft_consensus.cc:2393] T f3642fe062de47d99bc057eeb7bf287f P c7a4077aa0664279a7989f03e13f24ab [term 1 FOLLOWER]: Leader election vote request: Denying vote to candidate 376ca4e262d44561b29f9fa5d7fb90e8 in current term 1: Already voted for candidate c7a4077aa0664279a7989f03e13f24ab in this term.
I20260709 12:21:41.717016  9660 consensus_queue.cc:1048] T 9d065b94abf54f29abe197e0628e23dd P c7a4077aa0664279a7989f03e13f24ab [LEADER]: Connected to new peer: Peer: permanent_uuid: "db21a312197e4e71bba94fcfee8a4995" member_type: VOTER last_known_addr { host: "127.7.254.195" port: 46179 }, Status: LMP_MISMATCH, Last received: 0.0, Next index: 1, Last known committed idx: 0, Time since last communication: 0.001s
I20260709 12:21:41.718104  9565 ts_tablet_manager.cc:1434] T a6109ea66dad44d386c380e6493f6a28 P 376ca4e262d44561b29f9fa5d7fb90e8: Time spent starting tablet: real 0.022s	user 0.007s	sys 0.000s
I20260709 12:21:41.720817  9565 tablet_bootstrap.cc:492] T 858f8324c96d4ccf8105740347f80d6f P 376ca4e262d44561b29f9fa5d7fb90e8: Bootstrap starting.
I20260709 12:21:41.670622  9566 tablet_bootstrap.cc:492] T edf81aea49894d37a706e119f8e81fa4 P db21a312197e4e71bba94fcfee8a4995: Bootstrap starting.
I20260709 12:21:41.724725  9652 raft_consensus.cc:515] T a6109ea66dad44d386c380e6493f6a28 P c7a4077aa0664279a7989f03e13f24ab [term 1 FOLLOWER]: Starting leader election with config: opid_index: -1 OBSOLETE_local: false peers { permanent_uuid: "c7a4077aa0664279a7989f03e13f24ab" member_type: VOTER last_known_addr { host: "127.7.254.193" port: 34349 } } peers { permanent_uuid: "376ca4e262d44561b29f9fa5d7fb90e8" member_type: VOTER last_known_addr { host: "127.7.254.194" port: 38459 } } peers { permanent_uuid: "db21a312197e4e71bba94fcfee8a4995" member_type: VOTER last_known_addr { host: "127.7.254.195" port: 46179 } }
I20260709 12:21:41.726745  9565 tablet_bootstrap.cc:654] T 858f8324c96d4ccf8105740347f80d6f P 376ca4e262d44561b29f9fa5d7fb90e8: Neither blocks nor log segments found. Creating new log.
I20260709 12:21:41.727665  9566 tablet_bootstrap.cc:654] T edf81aea49894d37a706e119f8e81fa4 P db21a312197e4e71bba94fcfee8a4995: Neither blocks nor log segments found. Creating new log.
I20260709 12:21:41.728031  9451 tablet_service.cc:1917] Received RequestConsensusVote() RPC: tablet_id: "a6109ea66dad44d386c380e6493f6a28" candidate_uuid: "c7a4077aa0664279a7989f03e13f24ab" candidate_term: 1 candidate_status { last_received { term: 0 index: 0 } } ignore_live_leader: false dest_uuid: "376ca4e262d44561b29f9fa5d7fb90e8"
I20260709 12:21:41.728575  9451 raft_consensus.cc:3060] T a6109ea66dad44d386c380e6493f6a28 P 376ca4e262d44561b29f9fa5d7fb90e8 [term 0 FOLLOWER]: Advancing to term 1
I20260709 12:21:41.660635  9522 tablet_service.cc:1917] Received RequestConsensusVote() RPC: tablet_id: "f3642fe062de47d99bc057eeb7bf287f" candidate_uuid: "c7a4077aa0664279a7989f03e13f24ab" candidate_term: 1 candidate_status { last_received { term: 0 index: 0 } } ignore_live_leader: false dest_uuid: "db21a312197e4e71bba94fcfee8a4995"
I20260709 12:21:41.730412  9522 raft_consensus.cc:2393] T f3642fe062de47d99bc057eeb7bf287f P db21a312197e4e71bba94fcfee8a4995 [term 1 FOLLOWER]: Leader election vote request: Denying vote to candidate c7a4077aa0664279a7989f03e13f24ab in current term 1: Already voted for candidate 376ca4e262d44561b29f9fa5d7fb90e8 in this term.
I20260709 12:21:41.735621  9524 raft_consensus.cc:2468] T 207f3c31e42b4de789a0d280bb094c92 P db21a312197e4e71bba94fcfee8a4995 [term 1 FOLLOWER]: Leader election vote request: Granting yes vote for candidate 376ca4e262d44561b29f9fa5d7fb90e8 in term 1.
I20260709 12:21:41.736063  9341 leader_election.cc:304] T f3642fe062de47d99bc057eeb7bf287f P c7a4077aa0664279a7989f03e13f24ab [CANDIDATE]: Term 1 election: Election decided. Result: candidate lost. Election summary: received 3 responses out of 3 voters: 1 yes votes; 2 no votes. yes voters: c7a4077aa0664279a7989f03e13f24ab; no voters: 376ca4e262d44561b29f9fa5d7fb90e8, db21a312197e4e71bba94fcfee8a4995
I20260709 12:21:41.736838  9660 raft_consensus.cc:2749] T f3642fe062de47d99bc057eeb7bf287f P c7a4077aa0664279a7989f03e13f24ab [term 1 FOLLOWER]: Leader election lost for term 1. Reason: could not achieve majority
I20260709 12:21:41.676352  9639 leader_election.cc:290] T 60cc3e094f714048b5b3df73b20692b2 P db21a312197e4e71bba94fcfee8a4995 [CANDIDATE]: Term 2 pre-election: Requested pre-vote from peers c7a4077aa0664279a7989f03e13f24ab (127.7.254.193:34349), 376ca4e262d44561b29f9fa5d7fb90e8 (127.7.254.194:38459)
I20260709 12:21:41.742915  9660 raft_consensus.cc:493] T edf81aea49894d37a706e119f8e81fa4 P c7a4077aa0664279a7989f03e13f24ab [term 0 FOLLOWER]: Starting pre-election (no leader contacted us within the election timeout)
I20260709 12:21:41.743403  9660 raft_consensus.cc:515] T edf81aea49894d37a706e119f8e81fa4 P c7a4077aa0664279a7989f03e13f24ab [term 0 FOLLOWER]: Starting pre-election with config: opid_index: -1 OBSOLETE_local: false peers { permanent_uuid: "c7a4077aa0664279a7989f03e13f24ab" member_type: VOTER last_known_addr { host: "127.7.254.193" port: 34349 } } peers { permanent_uuid: "376ca4e262d44561b29f9fa5d7fb90e8" member_type: VOTER last_known_addr { host: "127.7.254.194" port: 38459 } } peers { permanent_uuid: "db21a312197e4e71bba94fcfee8a4995" member_type: VOTER last_known_addr { host: "127.7.254.195" port: 46179 } }
I20260709 12:21:41.745653  9660 leader_election.cc:290] T edf81aea49894d37a706e119f8e81fa4 P c7a4077aa0664279a7989f03e13f24ab [CANDIDATE]: Term 1 pre-election: Requested pre-vote from peers 376ca4e262d44561b29f9fa5d7fb90e8 (127.7.254.194:38459), db21a312197e4e71bba94fcfee8a4995 (127.7.254.195:46179)
I20260709 12:21:41.746285  9652 leader_election.cc:290] T a6109ea66dad44d386c380e6493f6a28 P c7a4077aa0664279a7989f03e13f24ab [CANDIDATE]: Term 1 election: Requested vote from peers 376ca4e262d44561b29f9fa5d7fb90e8 (127.7.254.194:38459), db21a312197e4e71bba94fcfee8a4995 (127.7.254.195:46179)
I20260709 12:21:41.747653  9449 tablet_service.cc:1917] Received RequestConsensusVote() RPC: tablet_id: "edf81aea49894d37a706e119f8e81fa4" candidate_uuid: "c7a4077aa0664279a7989f03e13f24ab" candidate_term: 1 candidate_status { last_received { term: 0 index: 0 } } ignore_live_leader: false dest_uuid: "376ca4e262d44561b29f9fa5d7fb90e8" is_pre_election: true
I20260709 12:21:41.750551  9522 tablet_service.cc:1917] Received RequestConsensusVote() RPC: tablet_id: "a6109ea66dad44d386c380e6493f6a28" candidate_uuid: "c7a4077aa0664279a7989f03e13f24ab" candidate_term: 1 candidate_status { last_received { term: 0 index: 0 } } ignore_live_leader: false dest_uuid: "db21a312197e4e71bba94fcfee8a4995"
I20260709 12:21:41.751098  9522 raft_consensus.cc:3060] T a6109ea66dad44d386c380e6493f6a28 P db21a312197e4e71bba94fcfee8a4995 [term 0 FOLLOWER]: Advancing to term 1
I20260709 12:21:41.753429  9451 raft_consensus.cc:2468] T a6109ea66dad44d386c380e6493f6a28 P 376ca4e262d44561b29f9fa5d7fb90e8 [term 1 FOLLOWER]: Leader election vote request: Granting yes vote for candidate c7a4077aa0664279a7989f03e13f24ab in term 1.
I20260709 12:21:41.755053  9524 tablet_service.cc:1917] Received RequestConsensusVote() RPC: tablet_id: "edf81aea49894d37a706e119f8e81fa4" candidate_uuid: "c7a4077aa0664279a7989f03e13f24ab" candidate_term: 1 candidate_status { last_received { term: 0 index: 0 } } ignore_live_leader: false dest_uuid: "db21a312197e4e71bba94fcfee8a4995" is_pre_election: true
I20260709 12:21:41.756716  9568 tablet_bootstrap.cc:492] T 8cf704ad8efd4c20abece27dbfd4f2e0 P c7a4077aa0664279a7989f03e13f24ab: Bootstrap starting.
I20260709 12:21:41.768759  9522 raft_consensus.cc:2468] T a6109ea66dad44d386c380e6493f6a28 P db21a312197e4e71bba94fcfee8a4995 [term 1 FOLLOWER]: Leader election vote request: Granting yes vote for candidate c7a4077aa0664279a7989f03e13f24ab in term 1.
I20260709 12:21:41.770890  9572 raft_consensus.cc:2749] T 60cc3e094f714048b5b3df73b20692b2 P db21a312197e4e71bba94fcfee8a4995 [term 1 FOLLOWER]: Leader pre-election lost for term 2. Reason: could not achieve majority
I20260709 12:21:41.778810  9566 tablet_bootstrap.cc:492] T edf81aea49894d37a706e119f8e81fa4 P db21a312197e4e71bba94fcfee8a4995: No bootstrap required, opened a new log
I20260709 12:21:41.779248  9566 ts_tablet_manager.cc:1403] T edf81aea49894d37a706e119f8e81fa4 P db21a312197e4e71bba94fcfee8a4995: Time spent bootstrapping tablet: real 0.109s	user 0.006s	sys 0.045s
W20260709 12:21:41.781226  9341 leader_election.cc:343] T edf81aea49894d37a706e119f8e81fa4 P c7a4077aa0664279a7989f03e13f24ab [CANDIDATE]: Term 1 pre-election: Tablet error from VoteRequest() call to peer db21a312197e4e71bba94fcfee8a4995 (127.7.254.195:46179): Illegal state: must be running to vote when last-logged opid is not known
I20260709 12:21:41.782328  9341 leader_election.cc:304] T a6109ea66dad44d386c380e6493f6a28 P c7a4077aa0664279a7989f03e13f24ab [CANDIDATE]: Term 1 election: Election decided. Result: candidate won. Election summary: received 2 responses out of 3 voters: 2 yes votes; 0 no votes. yes voters: c7a4077aa0664279a7989f03e13f24ab, db21a312197e4e71bba94fcfee8a4995; no voters: 
I20260709 12:21:41.783136  9652 raft_consensus.cc:2804] T a6109ea66dad44d386c380e6493f6a28 P c7a4077aa0664279a7989f03e13f24ab [term 1 FOLLOWER]: Leader election won for term 1
I20260709 12:21:41.783598  9652 raft_consensus.cc:697] T a6109ea66dad44d386c380e6493f6a28 P c7a4077aa0664279a7989f03e13f24ab [term 1 LEADER]: Becoming Leader. State: Replica: c7a4077aa0664279a7989f03e13f24ab, State: Running, Role: LEADER
