I20260709 12:21:40.545503 15364 tablet_bootstrap.cc:492] T 3b4a940e7a84492a979da81921a3d596 P b01c4eb6231b494b8005a596d03083c2: No bootstrap required, opened a new log
I20260709 12:21:40.545953 15364 ts_tablet_manager.cc:1403] T 3b4a940e7a84492a979da81921a3d596 P b01c4eb6231b494b8005a596d03083c2: Time spent bootstrapping tablet: real 0.020s	user 0.010s	sys 0.004s
I20260709 12:21:40.546868 15423 raft_consensus.cc:493] T 9b2303dbfe7547ecba67e09ea9d0bfa2 P 4aa1c56edde744df80e7b70f91934991 [term 0 FOLLOWER]: Starting pre-election (no leader contacted us within the election timeout)
I20260709 12:21:40.547305 15423 raft_consensus.cc:515] T 9b2303dbfe7547ecba67e09ea9d0bfa2 P 4aa1c56edde744df80e7b70f91934991 [term 0 FOLLOWER]: Starting pre-election with config: opid_index: -1 OBSOLETE_local: false peers { permanent_uuid: "b01c4eb6231b494b8005a596d03083c2" member_type: VOTER last_known_addr { host: "127.13.174.129" port: 38065 } } peers { permanent_uuid: "4aa1c56edde744df80e7b70f91934991" member_type: VOTER last_known_addr { host: "127.13.174.130" port: 42153 } } peers { permanent_uuid: "2feb71c1f8944dfeb7aece4982747b96" member_type: VOTER last_known_addr { host: "127.13.174.131" port: 38801 } }
I20260709 12:21:40.548358 15364 raft_consensus.cc:359] T 3b4a940e7a84492a979da81921a3d596 P b01c4eb6231b494b8005a596d03083c2 [term 0 FOLLOWER]: Replica starting. Triggering 0 pending ops. Active config: opid_index: -1 OBSOLETE_local: false peers { permanent_uuid: "b01c4eb6231b494b8005a596d03083c2" member_type: VOTER last_known_addr { host: "127.13.174.129" port: 38065 } } peers { permanent_uuid: "4aa1c56edde744df80e7b70f91934991" member_type: VOTER last_known_addr { host: "127.13.174.130" port: 42153 } } peers { permanent_uuid: "2feb71c1f8944dfeb7aece4982747b96" member_type: VOTER last_known_addr { host: "127.13.174.131" port: 38801 } }
I20260709 12:21:40.548944 15364 raft_consensus.cc:385] T 3b4a940e7a84492a979da81921a3d596 P b01c4eb6231b494b8005a596d03083c2 [term 0 FOLLOWER]: Consensus starting up: Expiring failure detector timer to make a prompt election more likely
I20260709 12:21:40.549206 15364 raft_consensus.cc:740] T 3b4a940e7a84492a979da81921a3d596 P b01c4eb6231b494b8005a596d03083c2 [term 0 FOLLOWER]: Becoming Follower/Learner. State: Replica: b01c4eb6231b494b8005a596d03083c2, State: Initialized, Role: FOLLOWER
I20260709 12:21:40.549777 15364 consensus_queue.cc:260] T 3b4a940e7a84492a979da81921a3d596 P b01c4eb6231b494b8005a596d03083c2 [NON_LEADER]: Queue going to NON_LEADER mode. State: All replicated index: 0, Majority replicated index: 0, Committed index: 0, Last appended: 0.0, Last appended by leader: 0, Current term: 0, Majority size: -1, State: 0, Mode: NON_LEADER, active raft config: opid_index: -1 OBSOLETE_local: false peers { permanent_uuid: "b01c4eb6231b494b8005a596d03083c2" member_type: VOTER last_known_addr { host: "127.13.174.129" port: 38065 } } peers { permanent_uuid: "4aa1c56edde744df80e7b70f91934991" member_type: VOTER last_known_addr { host: "127.13.174.130" port: 42153 } } peers { permanent_uuid: "2feb71c1f8944dfeb7aece4982747b96" member_type: VOTER last_known_addr { host: "127.13.174.131" port: 38801 } }
I20260709 12:21:40.551424 15423 leader_election.cc:290] T 9b2303dbfe7547ecba67e09ea9d0bfa2 P 4aa1c56edde744df80e7b70f91934991 [CANDIDATE]: Term 1 pre-election: Requested pre-vote from peers b01c4eb6231b494b8005a596d03083c2 (127.13.174.129:38065), 2feb71c1f8944dfeb7aece4982747b96 (127.13.174.131:38801)
I20260709 12:21:40.551677 15364 ts_tablet_manager.cc:1434] T 3b4a940e7a84492a979da81921a3d596 P b01c4eb6231b494b8005a596d03083c2: Time spent starting tablet: real 0.005s	user 0.004s	sys 0.000s
I20260709 12:21:40.552564 15364 tablet_bootstrap.cc:492] T f5f66e14606e49349bc9a112e09a423f P b01c4eb6231b494b8005a596d03083c2: Bootstrap starting.
I20260709 12:21:40.558022 15174 tablet_service.cc:1917] Received RequestConsensusVote() RPC: tablet_id: "9b2303dbfe7547ecba67e09ea9d0bfa2" candidate_uuid: "4aa1c56edde744df80e7b70f91934991" candidate_term: 1 candidate_status { last_received { term: 0 index: 0 } } ignore_live_leader: false dest_uuid: "b01c4eb6231b494b8005a596d03083c2" is_pre_election: true
I20260709 12:21:40.558715 15174 raft_consensus.cc:2393] T 9b2303dbfe7547ecba67e09ea9d0bfa2 P b01c4eb6231b494b8005a596d03083c2 [term 1 FOLLOWER]: Leader pre-election vote request: Denying vote to candidate 4aa1c56edde744df80e7b70f91934991 in current term 1: Already voted for candidate b01c4eb6231b494b8005a596d03083c2 in this term.
I20260709 12:21:40.558876 15320 tablet_service.cc:1917] Received RequestConsensusVote() RPC: tablet_id: "9b2303dbfe7547ecba67e09ea9d0bfa2" candidate_uuid: "4aa1c56edde744df80e7b70f91934991" candidate_term: 1 candidate_status { last_received { term: 0 index: 0 } } ignore_live_leader: false dest_uuid: "2feb71c1f8944dfeb7aece4982747b96" is_pre_election: true
I20260709 12:21:40.559593 15320 raft_consensus.cc:2393] T 9b2303dbfe7547ecba67e09ea9d0bfa2 P 2feb71c1f8944dfeb7aece4982747b96 [term 1 FOLLOWER]: Leader pre-election vote request: Denying vote to candidate 4aa1c56edde744df80e7b70f91934991 in current term 1: Already voted for candidate 2feb71c1f8944dfeb7aece4982747b96 in this term.
I20260709 12:21:40.560266 15365 ts_tablet_manager.cc:1434] T 78ce3f629b01486c8ef7ee3be6b619e4 P 2feb71c1f8944dfeb7aece4982747b96: Time spent starting tablet: real 0.028s	user 0.006s	sys 0.001s
I20260709 12:21:40.560937 15213 leader_election.cc:304] T 9b2303dbfe7547ecba67e09ea9d0bfa2 P 4aa1c56edde744df80e7b70f91934991 [CANDIDATE]: Term 1 pre-election: Election decided. Result: candidate lost. Election summary: received 3 responses out of 3 voters: 1 yes votes; 2 no votes. yes voters: 4aa1c56edde744df80e7b70f91934991; no voters: 2feb71c1f8944dfeb7aece4982747b96, b01c4eb6231b494b8005a596d03083c2
I20260709 12:21:40.561143 15365 tablet_bootstrap.cc:492] T 1c545f6c97474c7ba5dc9cd80a0f7410 P 2feb71c1f8944dfeb7aece4982747b96: Bootstrap starting.
I20260709 12:21:40.562393 15423 raft_consensus.cc:3060] T 9b2303dbfe7547ecba67e09ea9d0bfa2 P 4aa1c56edde744df80e7b70f91934991 [term 0 FOLLOWER]: Advancing to term 1
I20260709 12:21:40.563403 15364 tablet_bootstrap.cc:654] T f5f66e14606e49349bc9a112e09a423f P b01c4eb6231b494b8005a596d03083c2: Neither blocks nor log segments found. Creating new log.
I20260709 12:21:40.567291 15365 tablet_bootstrap.cc:654] T 1c545f6c97474c7ba5dc9cd80a0f7410 P 2feb71c1f8944dfeb7aece4982747b96: Neither blocks nor log segments found. Creating new log.
W20260709 12:21:40.572433 15121 auto_rebalancer.cc:288] Could not retrieve cluster info: Service unavailable: Tablet not running
I20260709 12:21:40.579319 15604 raft_consensus.cc:493] T 7e6c95619ae44b1caf580e457f7a270c P 4aa1c56edde744df80e7b70f91934991 [term 0 FOLLOWER]: Starting pre-election (no leader contacted us within the election timeout)
I20260709 12:21:40.580185 15423 raft_consensus.cc:2749] T 9b2303dbfe7547ecba67e09ea9d0bfa2 P 4aa1c56edde744df80e7b70f91934991 [term 1 FOLLOWER]: Leader pre-election lost for term 1. Reason: could not achieve majority
I20260709 12:21:40.579871 15604 raft_consensus.cc:515] T 7e6c95619ae44b1caf580e457f7a270c P 4aa1c56edde744df80e7b70f91934991 [term 0 FOLLOWER]: Starting pre-election with config: opid_index: -1 OBSOLETE_local: false peers { permanent_uuid: "b01c4eb6231b494b8005a596d03083c2" member_type: VOTER last_known_addr { host: "127.13.174.129" port: 38065 } } peers { permanent_uuid: "4aa1c56edde744df80e7b70f91934991" member_type: VOTER last_known_addr { host: "127.13.174.130" port: 42153 } } peers { permanent_uuid: "2feb71c1f8944dfeb7aece4982747b96" member_type: VOTER last_known_addr { host: "127.13.174.131" port: 38801 } }
I20260709 12:21:40.582751 15604 leader_election.cc:290] T 7e6c95619ae44b1caf580e457f7a270c P 4aa1c56edde744df80e7b70f91934991 [CANDIDATE]: Term 1 pre-election: Requested pre-vote from peers b01c4eb6231b494b8005a596d03083c2 (127.13.174.129:38065), 2feb71c1f8944dfeb7aece4982747b96 (127.13.174.131:38801)
I20260709 12:21:40.583593 15320 tablet_service.cc:1917] Received RequestConsensusVote() RPC: tablet_id: "7e6c95619ae44b1caf580e457f7a270c" candidate_uuid: "4aa1c56edde744df80e7b70f91934991" candidate_term: 1 candidate_status { last_received { term: 0 index: 0 } } ignore_live_leader: false dest_uuid: "2feb71c1f8944dfeb7aece4982747b96" is_pre_election: true
I20260709 12:21:40.584175 15320 raft_consensus.cc:2468] T 7e6c95619ae44b1caf580e457f7a270c P 2feb71c1f8944dfeb7aece4982747b96 [term 0 FOLLOWER]: Leader pre-election vote request: Granting yes vote for candidate 4aa1c56edde744df80e7b70f91934991 in term 0.
I20260709 12:21:40.584565 15366 tablet_bootstrap.cc:492] T ea0d67ba241c4a35bcfa0ee642a3e912 P 4aa1c56edde744df80e7b70f91934991: No bootstrap required, opened a new log
I20260709 12:21:40.585016 15366 ts_tablet_manager.cc:1403] T ea0d67ba241c4a35bcfa0ee642a3e912 P 4aa1c56edde744df80e7b70f91934991: Time spent bootstrapping tablet: real 0.122s	user 0.028s	sys 0.030s
I20260709 12:21:40.585666 15213 leader_election.cc:304] T 7e6c95619ae44b1caf580e457f7a270c P 4aa1c56edde744df80e7b70f91934991 [CANDIDATE]: Term 1 pre-election: Election decided. Result: candidate won. Election summary: received 2 responses out of 3 voters: 2 yes votes; 0 no votes. yes voters: 2feb71c1f8944dfeb7aece4982747b96, 4aa1c56edde744df80e7b70f91934991; no voters: 
I20260709 12:21:40.586886 15587 raft_consensus.cc:2804] T 7e6c95619ae44b1caf580e457f7a270c P 4aa1c56edde744df80e7b70f91934991 [term 0 FOLLOWER]: Leader pre-election won for term 1
I20260709 12:21:40.587265 15587 raft_consensus.cc:493] T 7e6c95619ae44b1caf580e457f7a270c P 4aa1c56edde744df80e7b70f91934991 [term 0 FOLLOWER]: Starting leader election (no leader contacted us within the election timeout)
I20260709 12:21:40.587575 15587 raft_consensus.cc:3060] T 7e6c95619ae44b1caf580e457f7a270c P 4aa1c56edde744df80e7b70f91934991 [term 0 FOLLOWER]: Advancing to term 1
I20260709 12:21:40.593519 15375 raft_consensus.cc:493] T 12c30a7d4a3d43bba67a587af02b2681 P 2feb71c1f8944dfeb7aece4982747b96 [term 0 FOLLOWER]: Starting pre-election (no leader contacted us within the election timeout)
I20260709 12:21:40.593994 15375 raft_consensus.cc:515] T 12c30a7d4a3d43bba67a587af02b2681 P 2feb71c1f8944dfeb7aece4982747b96 [term 0 FOLLOWER]: Starting pre-election with config: opid_index: -1 OBSOLETE_local: false peers { permanent_uuid: "b01c4eb6231b494b8005a596d03083c2" member_type: VOTER last_known_addr { host: "127.13.174.129" port: 38065 } } peers { permanent_uuid: "4aa1c56edde744df80e7b70f91934991" member_type: VOTER last_known_addr { host: "127.13.174.130" port: 42153 } } peers { permanent_uuid: "2feb71c1f8944dfeb7aece4982747b96" member_type: VOTER last_known_addr { host: "127.13.174.131" port: 38801 } }
I20260709 12:21:40.595831 15375 leader_election.cc:290] T 12c30a7d4a3d43bba67a587af02b2681 P 2feb71c1f8944dfeb7aece4982747b96 [CANDIDATE]: Term 1 pre-election: Requested pre-vote from peers b01c4eb6231b494b8005a596d03083c2 (127.13.174.129:38065), 4aa1c56edde744df80e7b70f91934991 (127.13.174.130:42153)
I20260709 12:21:40.587502 15366 raft_consensus.cc:359] T ea0d67ba241c4a35bcfa0ee642a3e912 P 4aa1c56edde744df80e7b70f91934991 [term 0 FOLLOWER]: Replica starting. Triggering 0 pending ops. Active config: opid_index: -1 OBSOLETE_local: false peers { permanent_uuid: "b01c4eb6231b494b8005a596d03083c2" member_type: VOTER last_known_addr { host: "127.13.174.129" port: 38065 } } peers { permanent_uuid: "4aa1c56edde744df80e7b70f91934991" member_type: VOTER last_known_addr { host: "127.13.174.130" port: 42153 } } peers { permanent_uuid: "2feb71c1f8944dfeb7aece4982747b96" member_type: VOTER last_known_addr { host: "127.13.174.131" port: 38801 } }
I20260709 12:21:40.596875 15366 raft_consensus.cc:385] T ea0d67ba241c4a35bcfa0ee642a3e912 P 4aa1c56edde744df80e7b70f91934991 [term 0 FOLLOWER]: Consensus starting up: Expiring failure detector timer to make a prompt election more likely
I20260709 12:21:40.597194 15366 raft_consensus.cc:740] T ea0d67ba241c4a35bcfa0ee642a3e912 P 4aa1c56edde744df80e7b70f91934991 [term 0 FOLLOWER]: Becoming Follower/Learner. State: Replica: 4aa1c56edde744df80e7b70f91934991, State: Initialized, Role: FOLLOWER
I20260709 12:21:40.597896 15366 consensus_queue.cc:260] T ea0d67ba241c4a35bcfa0ee642a3e912 P 4aa1c56edde744df80e7b70f91934991 [NON_LEADER]: Queue going to NON_LEADER mode. State: All replicated index: 0, Majority replicated index: 0, Committed index: 0, Last appended: 0.0, Last appended by leader: 0, Current term: 0, Majority size: -1, State: 0, Mode: NON_LEADER, active raft config: opid_index: -1 OBSOLETE_local: false peers { permanent_uuid: "b01c4eb6231b494b8005a596d03083c2" member_type: VOTER last_known_addr { host: "127.13.174.129" port: 38065 } } peers { permanent_uuid: "4aa1c56edde744df80e7b70f91934991" member_type: VOTER last_known_addr { host: "127.13.174.130" port: 42153 } } peers { permanent_uuid: "2feb71c1f8944dfeb7aece4982747b96" member_type: VOTER last_known_addr { host: "127.13.174.131" port: 38801 } }
I20260709 12:21:40.598635 15248 tablet_service.cc:1917] Received RequestConsensusVote() RPC: tablet_id: "12c30a7d4a3d43bba67a587af02b2681" candidate_uuid: "2feb71c1f8944dfeb7aece4982747b96" candidate_term: 1 candidate_status { last_received { term: 0 index: 0 } } ignore_live_leader: false dest_uuid: "4aa1c56edde744df80e7b70f91934991" is_pre_election: true
W20260709 12:21:40.599996 15290 leader_election.cc:343] T 12c30a7d4a3d43bba67a587af02b2681 P 2feb71c1f8944dfeb7aece4982747b96 [CANDIDATE]: Term 1 pre-election: Tablet error from VoteRequest() call to peer 4aa1c56edde744df80e7b70f91934991 (127.13.174.130:42153): Illegal state: must be running to vote when last-logged opid is not known
I20260709 12:21:40.585047 15171 tablet_service.cc:1917] Received RequestConsensusVote() RPC: tablet_id: "7e6c95619ae44b1caf580e457f7a270c" candidate_uuid: "4aa1c56edde744df80e7b70f91934991" candidate_term: 1 candidate_status { last_received { term: 0 index: 0 } } ignore_live_leader: false dest_uuid: "b01c4eb6231b494b8005a596d03083c2" is_pre_election: true
W20260709 12:21:40.603977 15216 leader_election.cc:343] T 7e6c95619ae44b1caf580e457f7a270c P 4aa1c56edde744df80e7b70f91934991 [CANDIDATE]: Term 1 pre-election: Tablet error from VoteRequest() call to peer b01c4eb6231b494b8005a596d03083c2 (127.13.174.129:38065): Illegal state: must be running to vote when last-logged opid is not known
I20260709 12:21:40.605432 15171 tablet_service.cc:1917] Received RequestConsensusVote() RPC: tablet_id: "12c30a7d4a3d43bba67a587af02b2681" candidate_uuid: "2feb71c1f8944dfeb7aece4982747b96" candidate_term: 1 candidate_status { last_received { term: 0 index: 0 } } ignore_live_leader: false dest_uuid: "b01c4eb6231b494b8005a596d03083c2" is_pre_election: true
W20260709 12:21:40.606753 15290 leader_election.cc:343] T 12c30a7d4a3d43bba67a587af02b2681 P 2feb71c1f8944dfeb7aece4982747b96 [CANDIDATE]: Term 1 pre-election: Tablet error from VoteRequest() call to peer b01c4eb6231b494b8005a596d03083c2 (127.13.174.129:38065): Illegal state: must be running to vote when last-logged opid is not known
I20260709 12:21:40.606982 15366 ts_tablet_manager.cc:1434] T ea0d67ba241c4a35bcfa0ee642a3e912 P 4aa1c56edde744df80e7b70f91934991: Time spent starting tablet: real 0.022s	user 0.005s	sys 0.000s
I20260709 12:21:40.609195 15366 tablet_bootstrap.cc:492] T 12c30a7d4a3d43bba67a587af02b2681 P 4aa1c56edde744df80e7b70f91934991: Bootstrap starting.
I20260709 12:21:40.612562 15375 raft_consensus.cc:493] T 78ce3f629b01486c8ef7ee3be6b619e4 P 2feb71c1f8944dfeb7aece4982747b96 [term 0 FOLLOWER]: Starting pre-election (no leader contacted us within the election timeout)
I20260709 12:21:40.614643 15375 raft_consensus.cc:515] T 78ce3f629b01486c8ef7ee3be6b619e4 P 2feb71c1f8944dfeb7aece4982747b96 [term 0 FOLLOWER]: Starting pre-election with config: opid_index: -1 OBSOLETE_local: false peers { permanent_uuid: "b01c4eb6231b494b8005a596d03083c2" member_type: VOTER last_known_addr { host: "127.13.174.129" port: 38065 } } peers { permanent_uuid: "4aa1c56edde744df80e7b70f91934991" member_type: VOTER last_known_addr { host: "127.13.174.130" port: 42153 } } peers { permanent_uuid: "2feb71c1f8944dfeb7aece4982747b96" member_type: VOTER last_known_addr { host: "127.13.174.131" port: 38801 } }
I20260709 12:21:40.616478 15375 leader_election.cc:290] T 78ce3f629b01486c8ef7ee3be6b619e4 P 2feb71c1f8944dfeb7aece4982747b96 [CANDIDATE]: Term 1 pre-election: Requested pre-vote from peers b01c4eb6231b494b8005a596d03083c2 (127.13.174.129:38065), 4aa1c56edde744df80e7b70f91934991 (127.13.174.130:42153)
I20260709 12:21:40.616456 15290 leader_election.cc:304] T 12c30a7d4a3d43bba67a587af02b2681 P 2feb71c1f8944dfeb7aece4982747b96 [CANDIDATE]: Term 1 pre-election: Election decided. Result: candidate lost. Election summary: received 3 responses out of 3 voters: 1 yes votes; 2 no votes. yes voters: 2feb71c1f8944dfeb7aece4982747b96; no voters: 4aa1c56edde744df80e7b70f91934991, b01c4eb6231b494b8005a596d03083c2
I20260709 12:21:40.617271 15504 raft_consensus.cc:2749] T 12c30a7d4a3d43bba67a587af02b2681 P 2feb71c1f8944dfeb7aece4982747b96 [term 0 FOLLOWER]: Leader pre-election lost for term 1. Reason: could not achieve majority
I20260709 12:21:40.618821 15375 raft_consensus.cc:493] T ea0d67ba241c4a35bcfa0ee642a3e912 P 2feb71c1f8944dfeb7aece4982747b96 [term 0 FOLLOWER]: Starting pre-election (no leader contacted us within the election timeout)
I20260709 12:21:40.619247 15375 raft_consensus.cc:515] T ea0d67ba241c4a35bcfa0ee642a3e912 P 2feb71c1f8944dfeb7aece4982747b96 [term 0 FOLLOWER]: Starting pre-election with config: opid_index: -1 OBSOLETE_local: false peers { permanent_uuid: "b01c4eb6231b494b8005a596d03083c2" member_type: VOTER last_known_addr { host: "127.13.174.129" port: 38065 } } peers { permanent_uuid: "4aa1c56edde744df80e7b70f91934991" member_type: VOTER last_known_addr { host: "127.13.174.130" port: 42153 } } peers { permanent_uuid: "2feb71c1f8944dfeb7aece4982747b96" member_type: VOTER last_known_addr { host: "127.13.174.131" port: 38801 } }
I20260709 12:21:40.620520 15366 tablet_bootstrap.cc:654] T 12c30a7d4a3d43bba67a587af02b2681 P 4aa1c56edde744df80e7b70f91934991: Neither blocks nor log segments found. Creating new log.
I20260709 12:21:40.621013 15375 leader_election.cc:290] T ea0d67ba241c4a35bcfa0ee642a3e912 P 2feb71c1f8944dfeb7aece4982747b96 [CANDIDATE]: Term 1 pre-election: Requested pre-vote from peers b01c4eb6231b494b8005a596d03083c2 (127.13.174.129:38065), 4aa1c56edde744df80e7b70f91934991 (127.13.174.130:42153)
I20260709 12:21:40.621997 15250 tablet_service.cc:1917] Received RequestConsensusVote() RPC: tablet_id: "78ce3f629b01486c8ef7ee3be6b619e4" candidate_uuid: "2feb71c1f8944dfeb7aece4982747b96" candidate_term: 1 candidate_status { last_received { term: 0 index: 0 } } ignore_live_leader: false dest_uuid: "4aa1c56edde744df80e7b70f91934991" is_pre_election: true
I20260709 12:21:40.625792 15250 tablet_service.cc:1917] Received RequestConsensusVote() RPC: tablet_id: "ea0d67ba241c4a35bcfa0ee642a3e912" candidate_uuid: "2feb71c1f8944dfeb7aece4982747b96" candidate_term: 1 candidate_status { last_received { term: 0 index: 0 } } ignore_live_leader: false dest_uuid: "4aa1c56edde744df80e7b70f91934991" is_pre_election: true
I20260709 12:21:40.626375 15250 raft_consensus.cc:2468] T ea0d67ba241c4a35bcfa0ee642a3e912 P 4aa1c56edde744df80e7b70f91934991 [term 0 FOLLOWER]: Leader pre-election vote request: Granting yes vote for candidate 2feb71c1f8944dfeb7aece4982747b96 in term 0.
I20260709 12:21:40.628734 15171 tablet_service.cc:1917] Received RequestConsensusVote() RPC: tablet_id: "78ce3f629b01486c8ef7ee3be6b619e4" candidate_uuid: "2feb71c1f8944dfeb7aece4982747b96" candidate_term: 1 candidate_status { last_received { term: 0 index: 0 } } ignore_live_leader: false dest_uuid: "b01c4eb6231b494b8005a596d03083c2" is_pre_election: true
I20260709 12:21:40.630905 15171 tablet_service.cc:1917] Received RequestConsensusVote() RPC: tablet_id: "ea0d67ba241c4a35bcfa0ee642a3e912" candidate_uuid: "2feb71c1f8944dfeb7aece4982747b96" candidate_term: 1 candidate_status { last_received { term: 0 index: 0 } } ignore_live_leader: false dest_uuid: "b01c4eb6231b494b8005a596d03083c2" is_pre_election: true
I20260709 12:21:40.631608 15171 raft_consensus.cc:2468] T ea0d67ba241c4a35bcfa0ee642a3e912 P b01c4eb6231b494b8005a596d03083c2 [term 0 FOLLOWER]: Leader pre-election vote request: Granting yes vote for candidate 2feb71c1f8944dfeb7aece4982747b96 in term 0.
I20260709 12:21:40.632593 15366 tablet_bootstrap.cc:492] T 12c30a7d4a3d43bba67a587af02b2681 P 4aa1c56edde744df80e7b70f91934991: No bootstrap required, opened a new log
I20260709 12:21:40.633088 15366 ts_tablet_manager.cc:1403] T 12c30a7d4a3d43bba67a587af02b2681 P 4aa1c56edde744df80e7b70f91934991: Time spent bootstrapping tablet: real 0.024s	user 0.006s	sys 0.010s
W20260709 12:21:40.633682 15290 leader_election.cc:343] T 78ce3f629b01486c8ef7ee3be6b619e4 P 2feb71c1f8944dfeb7aece4982747b96 [CANDIDATE]: Term 1 pre-election: Tablet error from VoteRequest() call to peer b01c4eb6231b494b8005a596d03083c2 (127.13.174.129:38065): Illegal state: must be running to vote when last-logged opid is not known
I20260709 12:21:40.634614 15290 leader_election.cc:304] T ea0d67ba241c4a35bcfa0ee642a3e912 P 2feb71c1f8944dfeb7aece4982747b96 [CANDIDATE]: Term 1 pre-election: Election decided. Result: candidate won. Election summary: received 2 responses out of 3 voters: 2 yes votes; 0 no votes. yes voters: 2feb71c1f8944dfeb7aece4982747b96, b01c4eb6231b494b8005a596d03083c2; no voters: 
I20260709 12:21:40.635278 15375 raft_consensus.cc:2804] T ea0d67ba241c4a35bcfa0ee642a3e912 P 2feb71c1f8944dfeb7aece4982747b96 [term 0 FOLLOWER]: Leader pre-election won for term 1
W20260709 12:21:40.635607 15290 leader_election.cc:343] T 78ce3f629b01486c8ef7ee3be6b619e4 P 2feb71c1f8944dfeb7aece4982747b96 [CANDIDATE]: Term 1 pre-election: Tablet error from VoteRequest() call to peer 4aa1c56edde744df80e7b70f91934991 (127.13.174.130:42153): Illegal state: must be running to vote when last-logged opid is not known
I20260709 12:21:40.635856 15375 raft_consensus.cc:493] T ea0d67ba241c4a35bcfa0ee642a3e912 P 2feb71c1f8944dfeb7aece4982747b96 [term 0 FOLLOWER]: Starting leader election (no leader contacted us within the election timeout)
I20260709 12:21:40.636070 15290 leader_election.cc:304] T 78ce3f629b01486c8ef7ee3be6b619e4 P 2feb71c1f8944dfeb7aece4982747b96 [CANDIDATE]: Term 1 pre-election: Election decided. Result: candidate lost. Election summary: received 3 responses out of 3 voters: 1 yes votes; 2 no votes. yes voters: 2feb71c1f8944dfeb7aece4982747b96; no voters: 4aa1c56edde744df80e7b70f91934991, b01c4eb6231b494b8005a596d03083c2
I20260709 12:21:40.636250 15375 raft_consensus.cc:3060] T ea0d67ba241c4a35bcfa0ee642a3e912 P 2feb71c1f8944dfeb7aece4982747b96 [term 0 FOLLOWER]: Advancing to term 1
I20260709 12:21:40.636771 15584 raft_consensus.cc:2749] T 78ce3f629b01486c8ef7ee3be6b619e4 P 2feb71c1f8944dfeb7aece4982747b96 [term 0 FOLLOWER]: Leader pre-election lost for term 1. Reason: could not achieve majority
I20260709 12:21:40.636839 15366 raft_consensus.cc:359] T 12c30a7d4a3d43bba67a587af02b2681 P 4aa1c56edde744df80e7b70f91934991 [term 0 FOLLOWER]: Replica starting. Triggering 0 pending ops. Active config: opid_index: -1 OBSOLETE_local: false peers { permanent_uuid: "b01c4eb6231b494b8005a596d03083c2" member_type: VOTER last_known_addr { host: "127.13.174.129" port: 38065 } } peers { permanent_uuid: "4aa1c56edde744df80e7b70f91934991" member_type: VOTER last_known_addr { host: "127.13.174.130" port: 42153 } } peers { permanent_uuid: "2feb71c1f8944dfeb7aece4982747b96" member_type: VOTER last_known_addr { host: "127.13.174.131" port: 38801 } }
I20260709 12:21:40.637601 15366 raft_consensus.cc:385] T 12c30a7d4a3d43bba67a587af02b2681 P 4aa1c56edde744df80e7b70f91934991 [term 0 FOLLOWER]: Consensus starting up: Expiring failure detector timer to make a prompt election more likely
I20260709 12:21:40.637893 15366 raft_consensus.cc:740] T 12c30a7d4a3d43bba67a587af02b2681 P 4aa1c56edde744df80e7b70f91934991 [term 0 FOLLOWER]: Becoming Follower/Learner. State: Replica: 4aa1c56edde744df80e7b70f91934991, State: Initialized, Role: FOLLOWER
I20260709 12:21:40.638540 15366 consensus_queue.cc:260] T 12c30a7d4a3d43bba67a587af02b2681 P 4aa1c56edde744df80e7b70f91934991 [NON_LEADER]: Queue going to NON_LEADER mode. State: All replicated index: 0, Majority replicated index: 0, Committed index: 0, Last appended: 0.0, Last appended by leader: 0, Current term: 0, Majority size: -1, State: 0, Mode: NON_LEADER, active raft config: opid_index: -1 OBSOLETE_local: false peers { permanent_uuid: "b01c4eb6231b494b8005a596d03083c2" member_type: VOTER last_known_addr { host: "127.13.174.129" port: 38065 } } peers { permanent_uuid: "4aa1c56edde744df80e7b70f91934991" member_type: VOTER last_known_addr { host: "127.13.174.130" port: 42153 } } peers { permanent_uuid: "2feb71c1f8944dfeb7aece4982747b96" member_type: VOTER last_known_addr { host: "127.13.174.131" port: 38801 } }
I20260709 12:21:40.639984 15587 raft_consensus.cc:515] T 7e6c95619ae44b1caf580e457f7a270c P 4aa1c56edde744df80e7b70f91934991 [term 1 FOLLOWER]: Starting leader election with config: opid_index: -1 OBSOLETE_local: false peers { permanent_uuid: "b01c4eb6231b494b8005a596d03083c2" member_type: VOTER last_known_addr { host: "127.13.174.129" port: 38065 } } peers { permanent_uuid: "4aa1c56edde744df80e7b70f91934991" member_type: VOTER last_known_addr { host: "127.13.174.130" port: 42153 } } peers { permanent_uuid: "2feb71c1f8944dfeb7aece4982747b96" member_type: VOTER last_known_addr { host: "127.13.174.131" port: 38801 } }
I20260709 12:21:40.641057 15366 ts_tablet_manager.cc:1434] T 12c30a7d4a3d43bba67a587af02b2681 P 4aa1c56edde744df80e7b70f91934991: Time spent starting tablet: real 0.008s	user 0.005s	sys 0.000s
I20260709 12:21:40.642354 15366 tablet_bootstrap.cc:492] T 3b4a940e7a84492a979da81921a3d596 P 4aa1c56edde744df80e7b70f91934991: Bootstrap starting.
I20260709 12:21:40.642468 15375 raft_consensus.cc:515] T ea0d67ba241c4a35bcfa0ee642a3e912 P 2feb71c1f8944dfeb7aece4982747b96 [term 1 FOLLOWER]: Starting leader election with config: opid_index: -1 OBSOLETE_local: false peers { permanent_uuid: "b01c4eb6231b494b8005a596d03083c2" member_type: VOTER last_known_addr { host: "127.13.174.129" port: 38065 } } peers { permanent_uuid: "4aa1c56edde744df80e7b70f91934991" member_type: VOTER last_known_addr { host: "127.13.174.130" port: 42153 } } peers { permanent_uuid: "2feb71c1f8944dfeb7aece4982747b96" member_type: VOTER last_known_addr { host: "127.13.174.131" port: 38801 } }
I20260709 12:21:40.642720 15171 tablet_service.cc:1917] Received RequestConsensusVote() RPC: tablet_id: "7e6c95619ae44b1caf580e457f7a270c" candidate_uuid: "4aa1c56edde744df80e7b70f91934991" candidate_term: 1 candidate_status { last_received { term: 0 index: 0 } } ignore_live_leader: false dest_uuid: "b01c4eb6231b494b8005a596d03083c2"
W20260709 12:21:40.643998 15216 leader_election.cc:343] T 7e6c95619ae44b1caf580e457f7a270c P 4aa1c56edde744df80e7b70f91934991 [CANDIDATE]: Term 1 election: Tablet error from VoteRequest() call to peer b01c4eb6231b494b8005a596d03083c2 (127.13.174.129:38065): Illegal state: must be running to vote when last-logged opid is not known
I20260709 12:21:40.644256 15375 leader_election.cc:290] T ea0d67ba241c4a35bcfa0ee642a3e912 P 2feb71c1f8944dfeb7aece4982747b96 [CANDIDATE]: Term 1 election: Requested vote from peers b01c4eb6231b494b8005a596d03083c2 (127.13.174.129:38065), 4aa1c56edde744df80e7b70f91934991 (127.13.174.130:42153)
I20260709 12:21:40.648624 15366 tablet_bootstrap.cc:654] T 3b4a940e7a84492a979da81921a3d596 P 4aa1c56edde744df80e7b70f91934991: Neither blocks nor log segments found. Creating new log.
I20260709 12:21:40.656318 15587 leader_election.cc:290] T 7e6c95619ae44b1caf580e457f7a270c P 4aa1c56edde744df80e7b70f91934991 [CANDIDATE]: Term 1 election: Requested vote from peers b01c4eb6231b494b8005a596d03083c2 (127.13.174.129:38065), 2feb71c1f8944dfeb7aece4982747b96 (127.13.174.131:38801)
I20260709 12:21:40.660392 15171 tablet_service.cc:1917] Received RequestConsensusVote() RPC: tablet_id: "ea0d67ba241c4a35bcfa0ee642a3e912" candidate_uuid: "2feb71c1f8944dfeb7aece4982747b96" candidate_term: 1 candidate_status { last_received { term: 0 index: 0 } } ignore_live_leader: false dest_uuid: "b01c4eb6231b494b8005a596d03083c2"
I20260709 12:21:40.661319 15171 raft_consensus.cc:3060] T ea0d67ba241c4a35bcfa0ee642a3e912 P b01c4eb6231b494b8005a596d03083c2 [term 0 FOLLOWER]: Advancing to term 1
I20260709 12:21:40.674639 15250 tablet_service.cc:1917] Received RequestConsensusVote() RPC: tablet_id: "ea0d67ba241c4a35bcfa0ee642a3e912" candidate_uuid: "2feb71c1f8944dfeb7aece4982747b96" candidate_term: 1 candidate_status { last_received { term: 0 index: 0 } } ignore_live_leader: false dest_uuid: "4aa1c56edde744df80e7b70f91934991"
I20260709 12:21:40.675232 15250 raft_consensus.cc:3060] T ea0d67ba241c4a35bcfa0ee642a3e912 P 4aa1c56edde744df80e7b70f91934991 [term 0 FOLLOWER]: Advancing to term 1
I20260709 12:21:40.682206 15250 raft_consensus.cc:2468] T ea0d67ba241c4a35bcfa0ee642a3e912 P 4aa1c56edde744df80e7b70f91934991 [term 1 FOLLOWER]: Leader election vote request: Granting yes vote for candidate 2feb71c1f8944dfeb7aece4982747b96 in term 1.
I20260709 12:21:40.685091 15366 tablet_bootstrap.cc:492] T 3b4a940e7a84492a979da81921a3d596 P 4aa1c56edde744df80e7b70f91934991: No bootstrap required, opened a new log
I20260709 12:21:40.685263 15320 tablet_service.cc:1917] Received RequestConsensusVote() RPC: tablet_id: "7e6c95619ae44b1caf580e457f7a270c" candidate_uuid: "4aa1c56edde744df80e7b70f91934991" candidate_term: 1 candidate_status { last_received { term: 0 index: 0 } } ignore_live_leader: false dest_uuid: "2feb71c1f8944dfeb7aece4982747b96"
I20260709 12:21:40.685688 15366 ts_tablet_manager.cc:1403] T 3b4a940e7a84492a979da81921a3d596 P 4aa1c56edde744df80e7b70f91934991: Time spent bootstrapping tablet: real 0.044s	user 0.008s	sys 0.007s
I20260709 12:21:40.685920 15320 raft_consensus.cc:3060] T 7e6c95619ae44b1caf580e457f7a270c P 2feb71c1f8944dfeb7aece4982747b96 [term 0 FOLLOWER]: Advancing to term 1
I20260709 12:21:40.688526 15366 raft_consensus.cc:359] T 3b4a940e7a84492a979da81921a3d596 P 4aa1c56edde744df80e7b70f91934991 [term 0 FOLLOWER]: Replica starting. Triggering 0 pending ops. Active config: opid_index: -1 OBSOLETE_local: false peers { permanent_uuid: "b01c4eb6231b494b8005a596d03083c2" member_type: VOTER last_known_addr { host: "127.13.174.129" port: 38065 } } peers { permanent_uuid: "4aa1c56edde744df80e7b70f91934991" member_type: VOTER last_known_addr { host: "127.13.174.130" port: 42153 } } peers { permanent_uuid: "2feb71c1f8944dfeb7aece4982747b96" member_type: VOTER last_known_addr { host: "127.13.174.131" port: 38801 } }
I20260709 12:21:40.689249 15366 raft_consensus.cc:385] T 3b4a940e7a84492a979da81921a3d596 P 4aa1c56edde744df80e7b70f91934991 [term 0 FOLLOWER]: Consensus starting up: Expiring failure detector timer to make a prompt election more likely
I20260709 12:21:40.689587 15366 raft_consensus.cc:740] T 3b4a940e7a84492a979da81921a3d596 P 4aa1c56edde744df80e7b70f91934991 [term 0 FOLLOWER]: Becoming Follower/Learner. State: Replica: 4aa1c56edde744df80e7b70f91934991, State: Initialized, Role: FOLLOWER
I20260709 12:21:40.690263 15366 consensus_queue.cc:260] T 3b4a940e7a84492a979da81921a3d596 P 4aa1c56edde744df80e7b70f91934991 [NON_LEADER]: Queue going to NON_LEADER mode. State: All replicated index: 0, Majority replicated index: 0, Committed index: 0, Last appended: 0.0, Last appended by leader: 0, Current term: 0, Majority size: -1, State: 0, Mode: NON_LEADER, active raft config: opid_index: -1 OBSOLETE_local: false peers { permanent_uuid: "b01c4eb6231b494b8005a596d03083c2" member_type: VOTER last_known_addr { host: "127.13.174.129" port: 38065 } } peers { permanent_uuid: "4aa1c56edde744df80e7b70f91934991" member_type: VOTER last_known_addr { host: "127.13.174.130" port: 42153 } } peers { permanent_uuid: "2feb71c1f8944dfeb7aece4982747b96" member_type: VOTER last_known_addr { host: "127.13.174.131" port: 38801 } }
I20260709 12:21:40.692670 15366 ts_tablet_manager.cc:1434] T 3b4a940e7a84492a979da81921a3d596 P 4aa1c56edde744df80e7b70f91934991: Time spent starting tablet: real 0.007s	user 0.006s	sys 0.000s
I20260709 12:21:40.693634 15366 tablet_bootstrap.cc:492] T 78ce3f629b01486c8ef7ee3be6b619e4 P 4aa1c56edde744df80e7b70f91934991: Bootstrap starting.
I20260709 12:21:40.693780 15491 raft_consensus.cc:493] T aff910387e074194994bc940256930be P b01c4eb6231b494b8005a596d03083c2 [term 0 FOLLOWER]: Starting pre-election (no leader contacted us within the election timeout)
I20260709 12:21:40.694284 15491 raft_consensus.cc:515] T aff910387e074194994bc940256930be P b01c4eb6231b494b8005a596d03083c2 [term 0 FOLLOWER]: Starting pre-election with config: opid_index: -1 OBSOLETE_local: false peers { permanent_uuid: "b01c4eb6231b494b8005a596d03083c2" member_type: VOTER last_known_addr { host: "127.13.174.129" port: 38065 } } peers { permanent_uuid: "4aa1c56edde744df80e7b70f91934991" member_type: VOTER last_known_addr { host: "127.13.174.130" port: 42153 } } peers { permanent_uuid: "2feb71c1f8944dfeb7aece4982747b96" member_type: VOTER last_known_addr { host: "127.13.174.131" port: 38801 } }
I20260709 12:21:40.699079 15248 tablet_service.cc:1917] Received RequestConsensusVote() RPC: tablet_id: "aff910387e074194994bc940256930be" candidate_uuid: "b01c4eb6231b494b8005a596d03083c2" candidate_term: 1 candidate_status { last_received { term: 0 index: 0 } } ignore_live_leader: false dest_uuid: "4aa1c56edde744df80e7b70f91934991" is_pre_election: true
I20260709 12:21:40.699698 15248 raft_consensus.cc:2468] T aff910387e074194994bc940256930be P 4aa1c56edde744df80e7b70f91934991 [term 0 FOLLOWER]: Leader pre-election vote request: Granting yes vote for candidate b01c4eb6231b494b8005a596d03083c2 in term 0.
I20260709 12:21:40.700944 15141 leader_election.cc:304] T aff910387e074194994bc940256930be P b01c4eb6231b494b8005a596d03083c2 [CANDIDATE]: Term 1 pre-election: Election decided. Result: candidate won. Election summary: received 2 responses out of 3 voters: 2 yes votes; 0 no votes. yes voters: 4aa1c56edde744df80e7b70f91934991, b01c4eb6231b494b8005a596d03083c2; no voters: 
I20260709 12:21:40.701793 15503 raft_consensus.cc:2804] T aff910387e074194994bc940256930be P b01c4eb6231b494b8005a596d03083c2 [term 0 FOLLOWER]: Leader pre-election won for term 1
I20260709 12:21:40.702162 15503 raft_consensus.cc:493] T aff910387e074194994bc940256930be P b01c4eb6231b494b8005a596d03083c2 [term 0 FOLLOWER]: Starting leader election (no leader contacted us within the election timeout)
I20260709 12:21:40.702502 15503 raft_consensus.cc:3060] T aff910387e074194994bc940256930be P b01c4eb6231b494b8005a596d03083c2 [term 0 FOLLOWER]: Advancing to term 1
I20260709 12:21:40.703917 15366 tablet_bootstrap.cc:654] T 78ce3f629b01486c8ef7ee3be6b619e4 P 4aa1c56edde744df80e7b70f91934991: Neither blocks nor log segments found. Creating new log.
I20260709 12:21:40.704452 15491 leader_election.cc:290] T aff910387e074194994bc940256930be P b01c4eb6231b494b8005a596d03083c2 [CANDIDATE]: Term 1 pre-election: Requested pre-vote from peers 4aa1c56edde744df80e7b70f91934991 (127.13.174.130:42153), 2feb71c1f8944dfeb7aece4982747b96 (127.13.174.131:38801)
I20260709 12:21:40.706122 15322 tablet_service.cc:1917] Received RequestConsensusVote() RPC: tablet_id: "aff910387e074194994bc940256930be" candidate_uuid: "b01c4eb6231b494b8005a596d03083c2" candidate_term: 1 candidate_status { last_received { term: 0 index: 0 } } ignore_live_leader: false dest_uuid: "2feb71c1f8944dfeb7aece4982747b96" is_pre_election: true
W20260709 12:21:40.707502 15138 leader_election.cc:343] T aff910387e074194994bc940256930be P b01c4eb6231b494b8005a596d03083c2 [CANDIDATE]: Term 1 pre-election: Tablet error from VoteRequest() call to peer 2feb71c1f8944dfeb7aece4982747b96 (127.13.174.131:38801): Illegal state: must be running to vote when last-logged opid is not known
I20260709 12:21:40.710935 15503 raft_consensus.cc:515] T aff910387e074194994bc940256930be P b01c4eb6231b494b8005a596d03083c2 [term 1 FOLLOWER]: Starting leader election with config: opid_index: -1 OBSOLETE_local: false peers { permanent_uuid: "b01c4eb6231b494b8005a596d03083c2" member_type: VOTER last_known_addr { host: "127.13.174.129" port: 38065 } } peers { permanent_uuid: "4aa1c56edde744df80e7b70f91934991" member_type: VOTER last_known_addr { host: "127.13.174.130" port: 42153 } } peers { permanent_uuid: "2feb71c1f8944dfeb7aece4982747b96" member_type: VOTER last_known_addr { host: "127.13.174.131" port: 38801 } }
I20260709 12:21:40.693276 15320 raft_consensus.cc:2468] T 7e6c95619ae44b1caf580e457f7a270c P 2feb71c1f8944dfeb7aece4982747b96 [term 1 FOLLOWER]: Leader election vote request: Granting yes vote for candidate 4aa1c56edde744df80e7b70f91934991 in term 1.
I20260709 12:21:40.714481 15250 tablet_service.cc:1917] Received RequestConsensusVote() RPC: tablet_id: "aff910387e074194994bc940256930be" candidate_uuid: "b01c4eb6231b494b8005a596d03083c2" candidate_term: 1 candidate_status { last_received { term: 0 index: 0 } } ignore_live_leader: false dest_uuid: "4aa1c56edde744df80e7b70f91934991"
I20260709 12:21:40.715111 15250 raft_consensus.cc:3060] T aff910387e074194994bc940256930be P 4aa1c56edde744df80e7b70f91934991 [term 0 FOLLOWER]: Advancing to term 1
I20260709 12:21:40.716499 15366 tablet_bootstrap.cc:492] T 78ce3f629b01486c8ef7ee3be6b619e4 P 4aa1c56edde744df80e7b70f91934991: No bootstrap required, opened a new log
I20260709 12:21:40.717008 15366 ts_tablet_manager.cc:1403] T 78ce3f629b01486c8ef7ee3be6b619e4 P 4aa1c56edde744df80e7b70f91934991: Time spent bootstrapping tablet: real 0.024s	user 0.014s	sys 0.002s
I20260709 12:21:40.720759 15171 raft_consensus.cc:2468] T ea0d67ba241c4a35bcfa0ee642a3e912 P b01c4eb6231b494b8005a596d03083c2 [term 1 FOLLOWER]: Leader election vote request: Granting yes vote for candidate 2feb71c1f8944dfeb7aece4982747b96 in term 1.
I20260709 12:21:40.721262 15322 tablet_service.cc:1917] Received RequestConsensusVote() RPC: tablet_id: "aff910387e074194994bc940256930be" candidate_uuid: "b01c4eb6231b494b8005a596d03083c2" candidate_term: 1 candidate_status { last_received { term: 0 index: 0 } } ignore_live_leader: false dest_uuid: "2feb71c1f8944dfeb7aece4982747b96"
I20260709 12:21:40.722208 15213 leader_election.cc:304] T 7e6c95619ae44b1caf580e457f7a270c P 4aa1c56edde744df80e7b70f91934991 [CANDIDATE]: Term 1 election: Election decided. Result: candidate won. Election summary: received 3 responses out of 3 voters: 2 yes votes; 1 no votes. yes voters: 2feb71c1f8944dfeb7aece4982747b96, 4aa1c56edde744df80e7b70f91934991; no voters: b01c4eb6231b494b8005a596d03083c2
W20260709 12:21:40.722640 15138 leader_election.cc:343] T aff910387e074194994bc940256930be P b01c4eb6231b494b8005a596d03083c2 [CANDIDATE]: Term 1 election: Tablet error from VoteRequest() call to peer 2feb71c1f8944dfeb7aece4982747b96 (127.13.174.131:38801): Illegal state: must be running to vote when last-logged opid is not known
I20260709 12:21:40.723150 15604 raft_consensus.cc:2804] T 7e6c95619ae44b1caf580e457f7a270c P 4aa1c56edde744df80e7b70f91934991 [term 1 FOLLOWER]: Leader election won for term 1
I20260709 12:21:40.722424 15366 raft_consensus.cc:359] T 78ce3f629b01486c8ef7ee3be6b619e4 P 4aa1c56edde744df80e7b70f91934991 [term 0 FOLLOWER]: Replica starting. Triggering 0 pending ops. Active config: opid_index: -1 OBSOLETE_local: false peers { permanent_uuid: "b01c4eb6231b494b8005a596d03083c2" member_type: VOTER last_known_addr { host: "127.13.174.129" port: 38065 } } peers { permanent_uuid: "4aa1c56edde744df80e7b70f91934991" member_type: VOTER last_known_addr { host: "127.13.174.130" port: 42153 } } peers { permanent_uuid: "2feb71c1f8944dfeb7aece4982747b96" member_type: VOTER last_known_addr { host: "127.13.174.131" port: 38801 } }
I20260709 12:21:40.723691 15366 raft_consensus.cc:385] T 78ce3f629b01486c8ef7ee3be6b619e4 P 4aa1c56edde744df80e7b70f91934991 [term 0 FOLLOWER]: Consensus starting up: Expiring failure detector timer to make a prompt election more likely
I20260709 12:21:40.723665 15604 raft_consensus.cc:697] T 7e6c95619ae44b1caf580e457f7a270c P 4aa1c56edde744df80e7b70f91934991 [term 1 LEADER]: Becoming Leader. State: Replica: 4aa1c56edde744df80e7b70f91934991, State: Running, Role: LEADER
I20260709 12:21:40.725037 15604 consensus_queue.cc:237] T 7e6c95619ae44b1caf580e457f7a270c P 4aa1c56edde744df80e7b70f91934991 [LEADER]: Queue going to LEADER mode. State: All replicated index: 0, Majority replicated index: 0, Committed index: 0, Last appended: 0.0, Last appended by leader: 0, Current term: 1, Majority size: 2, State: 0, Mode: LEADER, active raft config: opid_index: -1 OBSOLETE_local: false peers { permanent_uuid: "b01c4eb6231b494b8005a596d03083c2" member_type: VOTER last_known_addr { host: "127.13.174.129" port: 38065 } } peers { permanent_uuid: "4aa1c56edde744df80e7b70f91934991" member_type: VOTER last_known_addr { host: "127.13.174.130" port: 42153 } } peers { permanent_uuid: "2feb71c1f8944dfeb7aece4982747b96" member_type: VOTER last_known_addr { host: "127.13.174.131" port: 38801 } }
I20260709 12:21:40.726651 15290 leader_election.cc:304] T ea0d67ba241c4a35bcfa0ee642a3e912 P 2feb71c1f8944dfeb7aece4982747b96 [CANDIDATE]: Term 1 election: Election decided. Result: candidate won. Election summary: received 2 responses out of 3 voters: 2 yes votes; 0 no votes. yes voters: 2feb71c1f8944dfeb7aece4982747b96, 4aa1c56edde744df80e7b70f91934991; no voters: 
I20260709 12:21:40.728675 15430 raft_consensus.cc:2804] T ea0d67ba241c4a35bcfa0ee642a3e912 P 2feb71c1f8944dfeb7aece4982747b96 [term 1 FOLLOWER]: Leader election won for term 1
I20260709 12:21:40.729159 15430 raft_consensus.cc:697] T ea0d67ba241c4a35bcfa0ee642a3e912 P 2feb71c1f8944dfeb7aece4982747b96 [term 1 LEADER]: Becoming Leader. State: Replica: 2feb71c1f8944dfeb7aece4982747b96, State: Running, Role: LEADER
I20260709 12:21:40.729758 15366 raft_consensus.cc:740] T 78ce3f629b01486c8ef7ee3be6b619e4 P 4aa1c56edde744df80e7b70f91934991 [term 0 FOLLOWER]: Becoming Follower/Learner. State: Replica: 4aa1c56edde744df80e7b70f91934991, State: Initialized, Role: FOLLOWER
I20260709 12:21:40.729959 15430 consensus_queue.cc:237] T ea0d67ba241c4a35bcfa0ee642a3e912 P 2feb71c1f8944dfeb7aece4982747b96 [LEADER]: Queue going to LEADER mode. State: All replicated index: 0, Majority replicated index: 0, Committed index: 0, Last appended: 0.0, Last appended by leader: 0, Current term: 1, Majority size: 2, State: 0, Mode: LEADER, active raft config: opid_index: -1 OBSOLETE_local: false peers { permanent_uuid: "b01c4eb6231b494b8005a596d03083c2" member_type: VOTER last_known_addr { host: "127.13.174.129" port: 38065 } } peers { permanent_uuid: "4aa1c56edde744df80e7b70f91934991" member_type: VOTER last_known_addr { host: "127.13.174.130" port: 42153 } } peers { permanent_uuid: "2feb71c1f8944dfeb7aece4982747b96" member_type: VOTER last_known_addr { host: "127.13.174.131" port: 38801 } }
I20260709 12:21:40.731585 15366 consensus_queue.cc:260] T 78ce3f629b01486c8ef7ee3be6b619e4 P 4aa1c56edde744df80e7b70f91934991 [NON_LEADER]: Queue going to NON_LEADER mode. State: All replicated index: 0, Majority replicated index: 0, Committed index: 0, Last appended: 0.0, Last appended by leader: 0, Current term: 0, Majority size: -1, State: 0, Mode: NON_LEADER, active raft config: opid_index: -1 OBSOLETE_local: false peers { permanent_uuid: "b01c4eb6231b494b8005a596d03083c2" member_type: VOTER last_known_addr { host: "127.13.174.129" port: 38065 } } peers { permanent_uuid: "4aa1c56edde744df80e7b70f91934991" member_type: VOTER last_known_addr { host: "127.13.174.130" port: 42153 } } peers { permanent_uuid: "2feb71c1f8944dfeb7aece4982747b96" member_type: VOTER last_known_addr { host: "127.13.174.131" port: 38801 } }
I20260709 12:21:40.734050 15366 ts_tablet_manager.cc:1434] T 78ce3f629b01486c8ef7ee3be6b619e4 P 4aa1c56edde744df80e7b70f91934991: Time spent starting tablet: real 0.017s	user 0.004s	sys 0.001s
I20260709 12:21:40.735213 15366 tablet_bootstrap.cc:492] T d1433494a128449d8a1b0f0688da1bc4 P 4aa1c56edde744df80e7b70f91934991: Bootstrap starting.
I20260709 12:21:40.723233 15503 leader_election.cc:290] T aff910387e074194994bc940256930be P b01c4eb6231b494b8005a596d03083c2 [CANDIDATE]: Term 1 election: Requested vote from peers 4aa1c56edde744df80e7b70f91934991 (127.13.174.130:42153), 2feb71c1f8944dfeb7aece4982747b96 (127.13.174.131:38801)
I20260709 12:21:40.740846 15366 tablet_bootstrap.cc:654] T d1433494a128449d8a1b0f0688da1bc4 P 4aa1c56edde744df80e7b70f91934991: Neither blocks nor log segments found. Creating new log.
I20260709 12:21:40.740756 15375 consensus_queue.cc:1048] T 3e9366d2dbb04dbab83debe1450d3de7 P 2feb71c1f8944dfeb7aece4982747b96 [LEADER]: Connected to new peer: Peer: permanent_uuid: "4aa1c56edde744df80e7b70f91934991" member_type: VOTER last_known_addr { host: "127.13.174.130" port: 42153 }, Status: LMP_MISMATCH, Last received: 0.0, Next index: 1, Last known committed idx: 0, Time since last communication: 0.000s
I20260709 12:21:40.750237 15365 tablet_bootstrap.cc:492] T 1c545f6c97474c7ba5dc9cd80a0f7410 P 2feb71c1f8944dfeb7aece4982747b96: No bootstrap required, opened a new log
I20260709 12:21:40.750689 15365 ts_tablet_manager.cc:1403] T 1c545f6c97474c7ba5dc9cd80a0f7410 P 2feb71c1f8944dfeb7aece4982747b96: Time spent bootstrapping tablet: real 0.190s	user 0.071s	sys 0.060s
I20260709 12:21:40.751518 15250 raft_consensus.cc:2468] T aff910387e074194994bc940256930be P 4aa1c56edde744df80e7b70f91934991 [term 1 FOLLOWER]: Leader election vote request: Granting yes vote for candidate b01c4eb6231b494b8005a596d03083c2 in term 1.
I20260709 12:21:40.752501 15141 leader_election.cc:304] T aff910387e074194994bc940256930be P b01c4eb6231b494b8005a596d03083c2 [CANDIDATE]: Term 1 election: Election decided. Result: candidate won. Election summary: received 3 responses out of 3 voters: 2 yes votes; 1 no votes. yes voters: 4aa1c56edde744df80e7b70f91934991, b01c4eb6231b494b8005a596d03083c2; no voters: 2feb71c1f8944dfeb7aece4982747b96
I20260709 12:21:40.753538 15503 raft_consensus.cc:2804] T aff910387e074194994bc940256930be P b01c4eb6231b494b8005a596d03083c2 [term 1 FOLLOWER]: Leader election won for term 1
I20260709 12:21:40.753981 15503 raft_consensus.cc:697] T aff910387e074194994bc940256930be P b01c4eb6231b494b8005a596d03083c2 [term 1 LEADER]: Becoming Leader. State: Replica: b01c4eb6231b494b8005a596d03083c2, State: Running, Role: LEADER
I20260709 12:21:40.754738 15503 consensus_queue.cc:237] T aff910387e074194994bc940256930be P b01c4eb6231b494b8005a596d03083c2 [LEADER]: Queue going to LEADER mode. State: All replicated index: 0, Majority replicated index: 0, Committed index: 0, Last appended: 0.0, Last appended by leader: 0, Current term: 1, Majority size: 2, State: 0, Mode: LEADER, active raft config: opid_index: -1 OBSOLETE_local: false peers { permanent_uuid: "b01c4eb6231b494b8005a596d03083c2" member_type: VOTER last_known_addr { host: "127.13.174.129" port: 38065 } } peers { permanent_uuid: "4aa1c56edde744df80e7b70f91934991" member_type: VOTER last_known_addr { host: "127.13.174.130" port: 42153 } } peers { permanent_uuid: "2feb71c1f8944dfeb7aece4982747b96" member_type: VOTER last_known_addr { host: "127.13.174.131" port: 38801 } }
I20260709 12:21:40.757371 15365 raft_consensus.cc:359] T 1c545f6c97474c7ba5dc9cd80a0f7410 P 2feb71c1f8944dfeb7aece4982747b96 [term 0 FOLLOWER]: Replica starting. Triggering 0 pending ops. Active config: opid_index: -1 OBSOLETE_local: false peers { permanent_uuid: "b01c4eb6231b494b8005a596d03083c2" member_type: VOTER last_known_addr { host: "127.13.174.129" port: 38065 } } peers { permanent_uuid: "4aa1c56edde744df80e7b70f91934991" member_type: VOTER last_known_addr { host: "127.13.174.130" port: 42153 } } peers { permanent_uuid: "2feb71c1f8944dfeb7aece4982747b96" member_type: VOTER last_known_addr { host: "127.13.174.131" port: 38801 } }
I20260709 12:21:40.758065 15365 raft_consensus.cc:385] T 1c545f6c97474c7ba5dc9cd80a0f7410 P 2feb71c1f8944dfeb7aece4982747b96 [term 0 FOLLOWER]: Consensus starting up: Expiring failure detector timer to make a prompt election more likely
I20260709 12:21:40.758325 15365 raft_consensus.cc:740] T 1c545f6c97474c7ba5dc9cd80a0f7410 P 2feb71c1f8944dfeb7aece4982747b96 [term 0 FOLLOWER]: Becoming Follower/Learner. State: Replica: 2feb71c1f8944dfeb7aece4982747b96, State: Initialized, Role: FOLLOWER
I20260709 12:21:40.759001 15365 consensus_queue.cc:260] T 1c545f6c97474c7ba5dc9cd80a0f7410 P 2feb71c1f8944dfeb7aece4982747b96 [NON_LEADER]: Queue going to NON_LEADER mode. State: All replicated index: 0, Majority replicated index: 0, Committed index: 0, Last appended: 0.0, Last appended by leader: 0, Current term: 0, Majority size: -1, State: 0, Mode: NON_LEADER, active raft config: opid_index: -1 OBSOLETE_local: false peers { permanent_uuid: "b01c4eb6231b494b8005a596d03083c2" member_type: VOTER last_known_addr { host: "127.13.174.129" port: 38065 } } peers { permanent_uuid: "4aa1c56edde744df80e7b70f91934991" member_type: VOTER last_known_addr { host: "127.13.174.130" port: 42153 } } peers { permanent_uuid: "2feb71c1f8944dfeb7aece4982747b96" member_type: VOTER last_known_addr { host: "127.13.174.131" port: 38801 } }
I20260709 12:21:40.761127 15365 ts_tablet_manager.cc:1434] T 1c545f6c97474c7ba5dc9cd80a0f7410 P 2feb71c1f8944dfeb7aece4982747b96: Time spent starting tablet: real 0.010s	user 0.007s	sys 0.000s
I20260709 12:21:40.761858 15449 raft_consensus.cc:493] T 78ce3f629b01486c8ef7ee3be6b619e4 P 4aa1c56edde744df80e7b70f91934991 [term 0 FOLLOWER]: Starting pre-election (no leader contacted us within the election timeout)
