W20260709 12:21:33.635826 13974 leader_election.cc:343] T cc349db291b04c6d8968be22915f864a P 4bcce7b2553747afbc81e7e3d02e5d67 [CANDIDATE]: Term 1 pre-election: Tablet error from VoteRequest() call to peer 129d5afc4d724f0b86dbce20016c594f (127.12.90.193:36221): Illegal state: must be running to vote when last-logged opid is not known
W20260709 12:21:33.637887 13823 leader_election.cc:343] T 0a595d1b87a7412087a4f737f0baf8c4 P 129d5afc4d724f0b86dbce20016c594f [CANDIDATE]: Term 1 pre-election: Tablet error from VoteRequest() call to peer 6489fe2d62c840a6a680d455a4009547 (127.12.90.194:35207): Illegal state: must be running to vote when last-logged opid is not known
I20260709 12:21:33.638433 13823 leader_election.cc:304] T 0a595d1b87a7412087a4f737f0baf8c4 P 129d5afc4d724f0b86dbce20016c594f [CANDIDATE]: Term 1 pre-election: Election decided. Result: candidate lost. Election summary: received 3 responses out of 3 voters: 1 yes votes; 2 no votes. yes voters: 129d5afc4d724f0b86dbce20016c594f; no voters: 4bcce7b2553747afbc81e7e3d02e5d67, 6489fe2d62c840a6a680d455a4009547
I20260709 12:21:33.639744 14079 raft_consensus.cc:2749] T 0a595d1b87a7412087a4f737f0baf8c4 P 129d5afc4d724f0b86dbce20016c594f [term 0 FOLLOWER]: Leader pre-election lost for term 1. Reason: could not achieve majority
I20260709 12:21:33.640437 14079 consensus_queue.cc:1048] T 4711b6d8fbd140c2acba20db3e611d6f P 129d5afc4d724f0b86dbce20016c594f [LEADER]: Connected to new peer: Peer: permanent_uuid: "6489fe2d62c840a6a680d455a4009547" member_type: VOTER last_known_addr { host: "127.12.90.194" port: 35207 }, Status: LMP_MISMATCH, Last received: 0.0, Next index: 1, Last known committed idx: 0, Time since last communication: 0.000s
I20260709 12:21:33.641896 14145 raft_consensus.cc:2804] T cc349db291b04c6d8968be22915f864a P 4bcce7b2553747afbc81e7e3d02e5d67 [term 0 FOLLOWER]: Leader pre-election won for term 1
I20260709 12:21:33.642313 14145 raft_consensus.cc:493] T cc349db291b04c6d8968be22915f864a P 4bcce7b2553747afbc81e7e3d02e5d67 [term 0 FOLLOWER]: Starting leader election (no leader contacted us within the election timeout)
I20260709 12:21:33.642763 14145 raft_consensus.cc:3060] T cc349db291b04c6d8968be22915f864a P 4bcce7b2553747afbc81e7e3d02e5d67 [term 0 FOLLOWER]: Advancing to term 1
I20260709 12:21:33.649967 13857 raft_consensus.cc:2468] T c30deb3d94fb416c8bc2721adc958624 P 129d5afc4d724f0b86dbce20016c594f [term 1 FOLLOWER]: Leader election vote request: Granting yes vote for candidate 6489fe2d62c840a6a680d455a4009547 in term 1.
I20260709 12:21:33.651443 13900 leader_election.cc:304] T c30deb3d94fb416c8bc2721adc958624 P 6489fe2d62c840a6a680d455a4009547 [CANDIDATE]: Term 1 election: Election decided. Result: candidate won. Election summary: received 2 responses out of 3 voters: 2 yes votes; 0 no votes. yes voters: 129d5afc4d724f0b86dbce20016c594f, 6489fe2d62c840a6a680d455a4009547; no voters: 
I20260709 12:21:33.652320 14113 raft_consensus.cc:2804] T c30deb3d94fb416c8bc2721adc958624 P 6489fe2d62c840a6a680d455a4009547 [term 1 FOLLOWER]: Leader election won for term 1
I20260709 12:21:33.652859 14113 raft_consensus.cc:697] T c30deb3d94fb416c8bc2721adc958624 P 6489fe2d62c840a6a680d455a4009547 [term 1 LEADER]: Becoming Leader. State: Replica: 6489fe2d62c840a6a680d455a4009547, State: Running, Role: LEADER
I20260709 12:21:33.653285 14145 raft_consensus.cc:515] T cc349db291b04c6d8968be22915f864a P 4bcce7b2553747afbc81e7e3d02e5d67 [term 1 FOLLOWER]: Starting leader election with config: opid_index: -1 OBSOLETE_local: false peers { permanent_uuid: "129d5afc4d724f0b86dbce20016c594f" member_type: VOTER last_known_addr { host: "127.12.90.193" port: 36221 } } peers { permanent_uuid: "6489fe2d62c840a6a680d455a4009547" member_type: VOTER last_known_addr { host: "127.12.90.194" port: 35207 } } peers { permanent_uuid: "4bcce7b2553747afbc81e7e3d02e5d67" member_type: VOTER last_known_addr { host: "127.12.90.195" port: 39425 } }
I20260709 12:21:33.653779 14183 raft_consensus.cc:493] T 65088e8ce2a3472195e4467542597a98 P 4bcce7b2553747afbc81e7e3d02e5d67 [term 0 FOLLOWER]: Starting pre-election (no leader contacted us within the election timeout)
I20260709 12:21:33.653894 14113 consensus_queue.cc:237] T c30deb3d94fb416c8bc2721adc958624 P 6489fe2d62c840a6a680d455a4009547 [LEADER]: Queue going to LEADER mode. State: All replicated index: 0, Majority replicated index: 0, Committed index: 0, Last appended: 0.0, Last appended by leader: 0, Current term: 1, Majority size: 2, State: 0, Mode: LEADER, active raft config: opid_index: -1 OBSOLETE_local: false peers { permanent_uuid: "129d5afc4d724f0b86dbce20016c594f" member_type: VOTER last_known_addr { host: "127.12.90.193" port: 36221 } } peers { permanent_uuid: "6489fe2d62c840a6a680d455a4009547" member_type: VOTER last_known_addr { host: "127.12.90.194" port: 35207 } } peers { permanent_uuid: "4bcce7b2553747afbc81e7e3d02e5d67" member_type: VOTER last_known_addr { host: "127.12.90.195" port: 39425 } }
I20260709 12:21:33.654351 14183 raft_consensus.cc:515] T 65088e8ce2a3472195e4467542597a98 P 4bcce7b2553747afbc81e7e3d02e5d67 [term 0 FOLLOWER]: Starting pre-election with config: opid_index: -1 OBSOLETE_local: false peers { permanent_uuid: "129d5afc4d724f0b86dbce20016c594f" member_type: VOTER last_known_addr { host: "127.12.90.193" port: 36221 } } peers { permanent_uuid: "6489fe2d62c840a6a680d455a4009547" member_type: VOTER last_known_addr { host: "127.12.90.194" port: 35207 } } peers { permanent_uuid: "4bcce7b2553747afbc81e7e3d02e5d67" member_type: VOTER last_known_addr { host: "127.12.90.195" port: 39425 } }
I20260709 12:21:33.655656 14145 leader_election.cc:290] T cc349db291b04c6d8968be22915f864a P 4bcce7b2553747afbc81e7e3d02e5d67 [CANDIDATE]: Term 1 election: Requested vote from peers 129d5afc4d724f0b86dbce20016c594f (127.12.90.193:36221), 6489fe2d62c840a6a680d455a4009547 (127.12.90.194:35207)
I20260709 12:21:33.656694 14183 leader_election.cc:290] T 65088e8ce2a3472195e4467542597a98 P 4bcce7b2553747afbc81e7e3d02e5d67 [CANDIDATE]: Term 1 pre-election: Requested pre-vote from peers 129d5afc4d724f0b86dbce20016c594f (127.12.90.193:36221), 6489fe2d62c840a6a680d455a4009547 (127.12.90.194:35207)
I20260709 12:21:33.660094 14052 tablet_bootstrap.cc:654] T aae6aa0e7d014fecaa9c120d0b0ec2a4 P 6489fe2d62c840a6a680d455a4009547: Neither blocks nor log segments found. Creating new log.
I20260709 12:21:33.663578 13858 tablet_service.cc:1917] Received RequestConsensusVote() RPC: tablet_id: "65088e8ce2a3472195e4467542597a98" candidate_uuid: "4bcce7b2553747afbc81e7e3d02e5d67" candidate_term: 1 candidate_status { last_received { term: 0 index: 0 } } ignore_live_leader: false dest_uuid: "129d5afc4d724f0b86dbce20016c594f" is_pre_election: true
I20260709 12:21:33.664129 14050 tablet_bootstrap.cc:654] T 71bac3cee1154bf88e254b49f09f8593 P 4bcce7b2553747afbc81e7e3d02e5d67: Neither blocks nor log segments found. Creating new log.
W20260709 12:21:33.666278 13974 leader_election.cc:343] T 65088e8ce2a3472195e4467542597a98 P 4bcce7b2553747afbc81e7e3d02e5d67 [CANDIDATE]: Term 1 pre-election: Tablet error from VoteRequest() call to peer 129d5afc4d724f0b86dbce20016c594f (127.12.90.193:36221): Illegal state: must be running to vote when last-logged opid is not known
I20260709 12:21:33.671828 14054 tablet_bootstrap.cc:654] T aae6aa0e7d014fecaa9c120d0b0ec2a4 P 129d5afc4d724f0b86dbce20016c594f: Neither blocks nor log segments found. Creating new log.
I20260709 12:21:33.673669 14009 tablet_service.cc:1917] Received RequestConsensusVote() RPC: tablet_id: "c30deb3d94fb416c8bc2721adc958624" candidate_uuid: "6489fe2d62c840a6a680d455a4009547" candidate_term: 1 candidate_status { last_received { term: 0 index: 0 } } ignore_live_leader: false dest_uuid: "4bcce7b2553747afbc81e7e3d02e5d67"
I20260709 12:21:33.674333 14009 raft_consensus.cc:3060] T c30deb3d94fb416c8bc2721adc958624 P 4bcce7b2553747afbc81e7e3d02e5d67 [term 0 FOLLOWER]: Advancing to term 1
I20260709 12:21:33.675112 13935 tablet_service.cc:1917] Received RequestConsensusVote() RPC: tablet_id: "cc349db291b04c6d8968be22915f864a" candidate_uuid: "4bcce7b2553747afbc81e7e3d02e5d67" candidate_term: 1 candidate_status { last_received { term: 0 index: 0 } } ignore_live_leader: false dest_uuid: "6489fe2d62c840a6a680d455a4009547"
I20260709 12:21:33.675145 13934 tablet_service.cc:1917] Received RequestConsensusVote() RPC: tablet_id: "65088e8ce2a3472195e4467542597a98" candidate_uuid: "4bcce7b2553747afbc81e7e3d02e5d67" candidate_term: 1 candidate_status { last_received { term: 0 index: 0 } } ignore_live_leader: false dest_uuid: "6489fe2d62c840a6a680d455a4009547" is_pre_election: true
I20260709 12:21:33.675910 13935 raft_consensus.cc:3060] T cc349db291b04c6d8968be22915f864a P 6489fe2d62c840a6a680d455a4009547 [term 0 FOLLOWER]: Advancing to term 1
I20260709 12:21:33.677621 14052 tablet_bootstrap.cc:492] T aae6aa0e7d014fecaa9c120d0b0ec2a4 P 6489fe2d62c840a6a680d455a4009547: No bootstrap required, opened a new log
I20260709 12:21:33.678197 14052 ts_tablet_manager.cc:1403] T aae6aa0e7d014fecaa9c120d0b0ec2a4 P 6489fe2d62c840a6a680d455a4009547: Time spent bootstrapping tablet: real 0.065s	user 0.008s	sys 0.006s
W20260709 12:21:33.678797 13973 leader_election.cc:343] T 65088e8ce2a3472195e4467542597a98 P 4bcce7b2553747afbc81e7e3d02e5d67 [CANDIDATE]: Term 1 pre-election: Tablet error from VoteRequest() call to peer 6489fe2d62c840a6a680d455a4009547 (127.12.90.194:35207): Illegal state: must be running to vote when last-logged opid is not known
I20260709 12:21:33.685372 13973 leader_election.cc:304] T 65088e8ce2a3472195e4467542597a98 P 4bcce7b2553747afbc81e7e3d02e5d67 [CANDIDATE]: Term 1 pre-election: Election decided. Result: candidate lost. Election summary: received 3 responses out of 3 voters: 1 yes votes; 2 no votes. yes voters: 4bcce7b2553747afbc81e7e3d02e5d67; no voters: 129d5afc4d724f0b86dbce20016c594f, 6489fe2d62c840a6a680d455a4009547
I20260709 12:21:33.686300 14183 raft_consensus.cc:2749] T 65088e8ce2a3472195e4467542597a98 P 4bcce7b2553747afbc81e7e3d02e5d67 [term 0 FOLLOWER]: Leader pre-election lost for term 1. Reason: could not achieve majority
I20260709 12:21:33.680852 14050 tablet_bootstrap.cc:492] T 71bac3cee1154bf88e254b49f09f8593 P 4bcce7b2553747afbc81e7e3d02e5d67: No bootstrap required, opened a new log
I20260709 12:21:33.681691 14052 raft_consensus.cc:359] T aae6aa0e7d014fecaa9c120d0b0ec2a4 P 6489fe2d62c840a6a680d455a4009547 [term 0 FOLLOWER]: Replica starting. Triggering 0 pending ops. Active config: opid_index: -1 OBSOLETE_local: false peers { permanent_uuid: "129d5afc4d724f0b86dbce20016c594f" member_type: VOTER last_known_addr { host: "127.12.90.193" port: 36221 } } peers { permanent_uuid: "6489fe2d62c840a6a680d455a4009547" member_type: VOTER last_known_addr { host: "127.12.90.194" port: 35207 } } peers { permanent_uuid: "4bcce7b2553747afbc81e7e3d02e5d67" member_type: VOTER last_known_addr { host: "127.12.90.195" port: 39425 } }
I20260709 12:21:33.688035 14050 ts_tablet_manager.cc:1403] T 71bac3cee1154bf88e254b49f09f8593 P 4bcce7b2553747afbc81e7e3d02e5d67: Time spent bootstrapping tablet: real 0.078s	user 0.006s	sys 0.008s
I20260709 12:21:33.687953 14052 raft_consensus.cc:385] T aae6aa0e7d014fecaa9c120d0b0ec2a4 P 6489fe2d62c840a6a680d455a4009547 [term 0 FOLLOWER]: Consensus starting up: Expiring failure detector timer to make a prompt election more likely
I20260709 12:21:33.688714 14052 raft_consensus.cc:740] T aae6aa0e7d014fecaa9c120d0b0ec2a4 P 6489fe2d62c840a6a680d455a4009547 [term 0 FOLLOWER]: Becoming Follower/Learner. State: Replica: 6489fe2d62c840a6a680d455a4009547, State: Initialized, Role: FOLLOWER
I20260709 12:21:33.692660 14052 consensus_queue.cc:260] T aae6aa0e7d014fecaa9c120d0b0ec2a4 P 6489fe2d62c840a6a680d455a4009547 [NON_LEADER]: Queue going to NON_LEADER mode. State: All replicated index: 0, Majority replicated index: 0, Committed index: 0, Last appended: 0.0, Last appended by leader: 0, Current term: 0, Majority size: -1, State: 0, Mode: NON_LEADER, active raft config: opid_index: -1 OBSOLETE_local: false peers { permanent_uuid: "129d5afc4d724f0b86dbce20016c594f" member_type: VOTER last_known_addr { host: "127.12.90.193" port: 36221 } } peers { permanent_uuid: "6489fe2d62c840a6a680d455a4009547" member_type: VOTER last_known_addr { host: "127.12.90.194" port: 35207 } } peers { permanent_uuid: "4bcce7b2553747afbc81e7e3d02e5d67" member_type: VOTER last_known_addr { host: "127.12.90.195" port: 39425 } }
I20260709 12:21:33.694131 13935 raft_consensus.cc:2468] T cc349db291b04c6d8968be22915f864a P 6489fe2d62c840a6a680d455a4009547 [term 1 FOLLOWER]: Leader election vote request: Granting yes vote for candidate 4bcce7b2553747afbc81e7e3d02e5d67 in term 1.
I20260709 12:21:33.694211 13754 catalog_manager.cc:5697] T c30deb3d94fb416c8bc2721adc958624 P 6489fe2d62c840a6a680d455a4009547 reported cstate change: term changed from 0 to 1, leader changed from <none> to 6489fe2d62c840a6a680d455a4009547 (127.12.90.194). New cstate: current_term: 1 leader_uuid: "6489fe2d62c840a6a680d455a4009547" committed_config { opid_index: -1 OBSOLETE_local: false peers { permanent_uuid: "129d5afc4d724f0b86dbce20016c594f" member_type: VOTER last_known_addr { host: "127.12.90.193" port: 36221 } health_report { overall_health: UNKNOWN } } peers { permanent_uuid: "6489fe2d62c840a6a680d455a4009547" member_type: VOTER last_known_addr { host: "127.12.90.194" port: 35207 } health_report { overall_health: HEALTHY } } peers { permanent_uuid: "4bcce7b2553747afbc81e7e3d02e5d67" member_type: VOTER last_known_addr { host: "127.12.90.195" port: 39425 } health_report { overall_health: UNKNOWN } } }
I20260709 12:21:33.695587 14052 ts_tablet_manager.cc:1434] T aae6aa0e7d014fecaa9c120d0b0ec2a4 P 6489fe2d62c840a6a680d455a4009547: Time spent starting tablet: real 0.017s	user 0.006s	sys 0.001s
I20260709 12:21:33.695392 13973 leader_election.cc:304] T cc349db291b04c6d8968be22915f864a P 4bcce7b2553747afbc81e7e3d02e5d67 [CANDIDATE]: Term 1 election: Election decided. Result: candidate won. Election summary: received 2 responses out of 3 voters: 2 yes votes; 0 no votes. yes voters: 4bcce7b2553747afbc81e7e3d02e5d67, 6489fe2d62c840a6a680d455a4009547; no voters: 
I20260709 12:21:33.696226 14145 raft_consensus.cc:2804] T cc349db291b04c6d8968be22915f864a P 4bcce7b2553747afbc81e7e3d02e5d67 [term 1 FOLLOWER]: Leader election won for term 1
I20260709 12:21:33.696607 14052 tablet_bootstrap.cc:492] T 65088e8ce2a3472195e4467542597a98 P 6489fe2d62c840a6a680d455a4009547: Bootstrap starting.
I20260709 12:21:33.696746 14145 raft_consensus.cc:697] T cc349db291b04c6d8968be22915f864a P 4bcce7b2553747afbc81e7e3d02e5d67 [term 1 LEADER]: Becoming Leader. State: Replica: 4bcce7b2553747afbc81e7e3d02e5d67, State: Running, Role: LEADER
I20260709 12:21:33.697656 14145 consensus_queue.cc:237] T cc349db291b04c6d8968be22915f864a P 4bcce7b2553747afbc81e7e3d02e5d67 [LEADER]: Queue going to LEADER mode. State: All replicated index: 0, Majority replicated index: 0, Committed index: 0, Last appended: 0.0, Last appended by leader: 0, Current term: 1, Majority size: 2, State: 0, Mode: LEADER, active raft config: opid_index: -1 OBSOLETE_local: false peers { permanent_uuid: "129d5afc4d724f0b86dbce20016c594f" member_type: VOTER last_known_addr { host: "127.12.90.193" port: 36221 } } peers { permanent_uuid: "6489fe2d62c840a6a680d455a4009547" member_type: VOTER last_known_addr { host: "127.12.90.194" port: 35207 } } peers { permanent_uuid: "4bcce7b2553747afbc81e7e3d02e5d67" member_type: VOTER last_known_addr { host: "127.12.90.195" port: 39425 } }
I20260709 12:21:33.706178 14052 tablet_bootstrap.cc:654] T 65088e8ce2a3472195e4467542597a98 P 6489fe2d62c840a6a680d455a4009547: Neither blocks nor log segments found. Creating new log.
I20260709 12:21:33.711244 14050 raft_consensus.cc:359] T 71bac3cee1154bf88e254b49f09f8593 P 4bcce7b2553747afbc81e7e3d02e5d67 [term 0 FOLLOWER]: Replica starting. Triggering 0 pending ops. Active config: opid_index: -1 OBSOLETE_local: false peers { permanent_uuid: "129d5afc4d724f0b86dbce20016c594f" member_type: VOTER last_known_addr { host: "127.12.90.193" port: 36221 } } peers { permanent_uuid: "6489fe2d62c840a6a680d455a4009547" member_type: VOTER last_known_addr { host: "127.12.90.194" port: 35207 } } peers { permanent_uuid: "4bcce7b2553747afbc81e7e3d02e5d67" member_type: VOTER last_known_addr { host: "127.12.90.195" port: 39425 } }
I20260709 12:21:33.714438 14050 raft_consensus.cc:385] T 71bac3cee1154bf88e254b49f09f8593 P 4bcce7b2553747afbc81e7e3d02e5d67 [term 0 FOLLOWER]: Consensus starting up: Expiring failure detector timer to make a prompt election more likely
I20260709 12:21:33.716682 14054 tablet_bootstrap.cc:492] T aae6aa0e7d014fecaa9c120d0b0ec2a4 P 129d5afc4d724f0b86dbce20016c594f: No bootstrap required, opened a new log
I20260709 12:21:33.716873 14050 raft_consensus.cc:740] T 71bac3cee1154bf88e254b49f09f8593 P 4bcce7b2553747afbc81e7e3d02e5d67 [term 0 FOLLOWER]: Becoming Follower/Learner. State: Replica: 4bcce7b2553747afbc81e7e3d02e5d67, State: Initialized, Role: FOLLOWER
I20260709 12:21:33.719038 14196 consensus_queue.cc:1048] T daa4dd33aed0434eaf07221817f7ee99 P 129d5afc4d724f0b86dbce20016c594f [LEADER]: Connected to new peer: Peer: permanent_uuid: "6489fe2d62c840a6a680d455a4009547" member_type: VOTER last_known_addr { host: "127.12.90.194" port: 35207 }, Status: LMP_MISMATCH, Last received: 0.0, Next index: 1, Last known committed idx: 0, Time since last communication: 0.000s
I20260709 12:21:33.713644 13857 tablet_service.cc:1917] Received RequestConsensusVote() RPC: tablet_id: "cc349db291b04c6d8968be22915f864a" candidate_uuid: "4bcce7b2553747afbc81e7e3d02e5d67" candidate_term: 1 candidate_status { last_received { term: 0 index: 0 } } ignore_live_leader: false dest_uuid: "129d5afc4d724f0b86dbce20016c594f"
I20260709 12:21:33.714212 14056 consensus_queue.cc:1048] T 16f19796657d415d99d2aeb3c1d90420 P 6489fe2d62c840a6a680d455a4009547 [LEADER]: Connected to new peer: Peer: permanent_uuid: "129d5afc4d724f0b86dbce20016c594f" member_type: VOTER last_known_addr { host: "127.12.90.193" port: 36221 }, Status: LMP_MISMATCH, Last received: 0.0, Next index: 1, Last known committed idx: 0, Time since last communication: 0.000s
I20260709 12:21:33.684930 14009 raft_consensus.cc:2468] T c30deb3d94fb416c8bc2721adc958624 P 4bcce7b2553747afbc81e7e3d02e5d67 [term 1 FOLLOWER]: Leader election vote request: Granting yes vote for candidate 6489fe2d62c840a6a680d455a4009547 in term 1.
W20260709 12:21:33.721423 13974 leader_election.cc:343] T cc349db291b04c6d8968be22915f864a P 4bcce7b2553747afbc81e7e3d02e5d67 [CANDIDATE]: Term 1 election: Tablet error from VoteRequest() call to peer 129d5afc4d724f0b86dbce20016c594f (127.12.90.193:36221): Illegal state: must be running to vote when last-logged opid is not known
I20260709 12:21:33.719563 14050 consensus_queue.cc:260] T 71bac3cee1154bf88e254b49f09f8593 P 4bcce7b2553747afbc81e7e3d02e5d67 [NON_LEADER]: Queue going to NON_LEADER mode. State: All replicated index: 0, Majority replicated index: 0, Committed index: 0, Last appended: 0.0, Last appended by leader: 0, Current term: 0, Majority size: -1, State: 0, Mode: NON_LEADER, active raft config: opid_index: -1 OBSOLETE_local: false peers { permanent_uuid: "129d5afc4d724f0b86dbce20016c594f" member_type: VOTER last_known_addr { host: "127.12.90.193" port: 36221 } } peers { permanent_uuid: "6489fe2d62c840a6a680d455a4009547" member_type: VOTER last_known_addr { host: "127.12.90.194" port: 35207 } } peers { permanent_uuid: "4bcce7b2553747afbc81e7e3d02e5d67" member_type: VOTER last_known_addr { host: "127.12.90.195" port: 39425 } }
I20260709 12:21:33.732631 14050 ts_tablet_manager.cc:1434] T 71bac3cee1154bf88e254b49f09f8593 P 4bcce7b2553747afbc81e7e3d02e5d67: Time spent starting tablet: real 0.044s	user 0.007s	sys 0.000s
I20260709 12:21:33.734094 14050 tablet_bootstrap.cc:492] T aae6aa0e7d014fecaa9c120d0b0ec2a4 P 4bcce7b2553747afbc81e7e3d02e5d67: Bootstrap starting.
I20260709 12:21:33.740936 14054 ts_tablet_manager.cc:1403] T aae6aa0e7d014fecaa9c120d0b0ec2a4 P 129d5afc4d724f0b86dbce20016c594f: Time spent bootstrapping tablet: real 0.112s	user 0.009s	sys 0.015s
W20260709 12:21:33.745523 13898 consensus_peers.cc:597] T 16f19796657d415d99d2aeb3c1d90420 P 6489fe2d62c840a6a680d455a4009547 -> Peer 4bcce7b2553747afbc81e7e3d02e5d67 (127.12.90.195:39425): Couldn't send request to peer 4bcce7b2553747afbc81e7e3d02e5d67. Error code: TABLET_NOT_RUNNING (12). Status: Illegal state: Tablet not RUNNING: INITIALIZED. This is attempt 1: this message will repeat every 5th retry.
I20260709 12:21:33.746202 14050 tablet_bootstrap.cc:654] T aae6aa0e7d014fecaa9c120d0b0ec2a4 P 4bcce7b2553747afbc81e7e3d02e5d67: Neither blocks nor log segments found. Creating new log.
I20260709 12:21:33.754863 14054 raft_consensus.cc:359] T aae6aa0e7d014fecaa9c120d0b0ec2a4 P 129d5afc4d724f0b86dbce20016c594f [term 0 FOLLOWER]: Replica starting. Triggering 0 pending ops. Active config: opid_index: -1 OBSOLETE_local: false peers { permanent_uuid: "129d5afc4d724f0b86dbce20016c594f" member_type: VOTER last_known_addr { host: "127.12.90.193" port: 36221 } } peers { permanent_uuid: "6489fe2d62c840a6a680d455a4009547" member_type: VOTER last_known_addr { host: "127.12.90.194" port: 35207 } } peers { permanent_uuid: "4bcce7b2553747afbc81e7e3d02e5d67" member_type: VOTER last_known_addr { host: "127.12.90.195" port: 39425 } }
I20260709 12:21:33.761842 14054 raft_consensus.cc:385] T aae6aa0e7d014fecaa9c120d0b0ec2a4 P 129d5afc4d724f0b86dbce20016c594f [term 0 FOLLOWER]: Consensus starting up: Expiring failure detector timer to make a prompt election more likely
I20260709 12:21:33.762352 14054 raft_consensus.cc:740] T aae6aa0e7d014fecaa9c120d0b0ec2a4 P 129d5afc4d724f0b86dbce20016c594f [term 0 FOLLOWER]: Becoming Follower/Learner. State: Replica: 129d5afc4d724f0b86dbce20016c594f, State: Initialized, Role: FOLLOWER
I20260709 12:21:33.764462 14054 consensus_queue.cc:260] T aae6aa0e7d014fecaa9c120d0b0ec2a4 P 129d5afc4d724f0b86dbce20016c594f [NON_LEADER]: Queue going to NON_LEADER mode. State: All replicated index: 0, Majority replicated index: 0, Committed index: 0, Last appended: 0.0, Last appended by leader: 0, Current term: 0, Majority size: -1, State: 0, Mode: NON_LEADER, active raft config: opid_index: -1 OBSOLETE_local: false peers { permanent_uuid: "129d5afc4d724f0b86dbce20016c594f" member_type: VOTER last_known_addr { host: "127.12.90.193" port: 36221 } } peers { permanent_uuid: "6489fe2d62c840a6a680d455a4009547" member_type: VOTER last_known_addr { host: "127.12.90.194" port: 35207 } } peers { permanent_uuid: "4bcce7b2553747afbc81e7e3d02e5d67" member_type: VOTER last_known_addr { host: "127.12.90.195" port: 39425 } }
I20260709 12:21:34.523742 14053 raft_consensus.cc:493] T 71bac3cee1154bf88e254b49f09f8593 P 4bcce7b2553747afbc81e7e3d02e5d67 [term 0 FOLLOWER]: Starting pre-election (no leader contacted us within the election timeout)
I20260709 12:21:34.659968 14053 raft_consensus.cc:515] T 71bac3cee1154bf88e254b49f09f8593 P 4bcce7b2553747afbc81e7e3d02e5d67 [term 0 FOLLOWER]: Starting pre-election with config: opid_index: -1 OBSOLETE_local: false peers { permanent_uuid: "129d5afc4d724f0b86dbce20016c594f" member_type: VOTER last_known_addr { host: "127.12.90.193" port: 36221 } } peers { permanent_uuid: "6489fe2d62c840a6a680d455a4009547" member_type: VOTER last_known_addr { host: "127.12.90.194" port: 35207 } } peers { permanent_uuid: "4bcce7b2553747afbc81e7e3d02e5d67" member_type: VOTER last_known_addr { host: "127.12.90.195" port: 39425 } }
I20260709 12:21:34.852469 14052 tablet_bootstrap.cc:492] T 65088e8ce2a3472195e4467542597a98 P 6489fe2d62c840a6a680d455a4009547: No bootstrap required, opened a new log
I20260709 12:21:34.853276 14052 ts_tablet_manager.cc:1403] T 65088e8ce2a3472195e4467542597a98 P 6489fe2d62c840a6a680d455a4009547: Time spent bootstrapping tablet: real 1.157s	user 0.025s	sys 0.044s
I20260709 12:21:34.962211 14053 leader_election.cc:290] T 71bac3cee1154bf88e254b49f09f8593 P 4bcce7b2553747afbc81e7e3d02e5d67 [CANDIDATE]: Term 1 pre-election: Requested pre-vote from peers 129d5afc4d724f0b86dbce20016c594f (127.12.90.193:36221), 6489fe2d62c840a6a680d455a4009547 (127.12.90.194:35207)
I20260709 12:21:34.979514 14052 raft_consensus.cc:359] T 65088e8ce2a3472195e4467542597a98 P 6489fe2d62c840a6a680d455a4009547 [term 0 FOLLOWER]: Replica starting. Triggering 0 pending ops. Active config: opid_index: -1 OBSOLETE_local: false peers { permanent_uuid: "129d5afc4d724f0b86dbce20016c594f" member_type: VOTER last_known_addr { host: "127.12.90.193" port: 36221 } } peers { permanent_uuid: "6489fe2d62c840a6a680d455a4009547" member_type: VOTER last_known_addr { host: "127.12.90.194" port: 35207 } } peers { permanent_uuid: "4bcce7b2553747afbc81e7e3d02e5d67" member_type: VOTER last_known_addr { host: "127.12.90.195" port: 39425 } }
I20260709 12:21:34.980589 14052 raft_consensus.cc:385] T 65088e8ce2a3472195e4467542597a98 P 6489fe2d62c840a6a680d455a4009547 [term 0 FOLLOWER]: Consensus starting up: Expiring failure detector timer to make a prompt election more likely
I20260709 12:21:34.988493 14052 raft_consensus.cc:740] T 65088e8ce2a3472195e4467542597a98 P 6489fe2d62c840a6a680d455a4009547 [term 0 FOLLOWER]: Becoming Follower/Learner. State: Replica: 6489fe2d62c840a6a680d455a4009547, State: Initialized, Role: FOLLOWER
W20260709 12:21:35.085773 14050 thread.cc:641] log-alloc [worker] (thread pool) Time spent creating pthread: real 1.322s	user 0.000s	sys 0.011s
I20260709 12:21:35.040521 14052 consensus_queue.cc:260] T 65088e8ce2a3472195e4467542597a98 P 6489fe2d62c840a6a680d455a4009547 [NON_LEADER]: Queue going to NON_LEADER mode. State: All replicated index: 0, Majority replicated index: 0, Committed index: 0, Last appended: 0.0, Last appended by leader: 0, Current term: 0, Majority size: -1, State: 0, Mode: NON_LEADER, active raft config: opid_index: -1 OBSOLETE_local: false peers { permanent_uuid: "129d5afc4d724f0b86dbce20016c594f" member_type: VOTER last_known_addr { host: "127.12.90.193" port: 36221 } } peers { permanent_uuid: "6489fe2d62c840a6a680d455a4009547" member_type: VOTER last_known_addr { host: "127.12.90.194" port: 35207 } } peers { permanent_uuid: "4bcce7b2553747afbc81e7e3d02e5d67" member_type: VOTER last_known_addr { host: "127.12.90.195" port: 39425 } }
W20260709 12:21:35.086790 14050 thread.cc:608] log-alloc [worker] (thread pool) Time spent starting thread: real 1.337s	user 0.001s	sys 0.011s
W20260709 12:21:35.219107 13973 thread.cc:641] raft [worker] (thread pool) Time spent creating pthread: real 1.161s	user 0.001s	sys 0.011s
W20260709 12:21:35.201485 13972 thread.cc:641] raft [worker] (thread pool) Time spent creating pthread: real 0.653s	user 0.005s	sys 0.003s
W20260709 12:21:35.238672 13972 thread.cc:608] raft [worker] (thread pool) Time spent starting thread: real 0.812s	user 0.006s	sys 0.004s
W20260709 12:21:35.221622 13975 thread.cc:641] raft [worker] (thread pool) Time spent creating pthread: real 0.798s	user 0.005s	sys 0.009s
W20260709 12:21:35.223491 13973 thread.cc:608] raft [worker] (thread pool) Time spent starting thread: real 1.188s	user 0.001s	sys 0.011s
W20260709 12:21:35.243535 13975 thread.cc:608] raft [worker] (thread pool) Time spent starting thread: real 0.832s	user 0.005s	sys 0.009s
I20260709 12:21:35.246827 14050 tablet_bootstrap.cc:492] T aae6aa0e7d014fecaa9c120d0b0ec2a4 P 4bcce7b2553747afbc81e7e3d02e5d67: No bootstrap required, opened a new log
I20260709 12:21:35.247382 14050 ts_tablet_manager.cc:1403] T aae6aa0e7d014fecaa9c120d0b0ec2a4 P 4bcce7b2553747afbc81e7e3d02e5d67: Time spent bootstrapping tablet: real 1.514s	user 0.012s	sys 0.012s
I20260709 12:21:35.243130 14145 raft_consensus.cc:493] T 3883cbf18e154ccc94d37b1049393c16 P 4bcce7b2553747afbc81e7e3d02e5d67 [term 1 FOLLOWER]: Starting pre-election (detected failure of leader 129d5afc4d724f0b86dbce20016c594f)
I20260709 12:21:35.249384 14211 raft_consensus.cc:493] T 72d8b8cacb2b4e37802852c6e90c807c P 4bcce7b2553747afbc81e7e3d02e5d67 [term 1 FOLLOWER]: Starting pre-election (detected failure of leader 129d5afc4d724f0b86dbce20016c594f)
I20260709 12:21:35.262135 14213 raft_consensus.cc:493] T f206b70ede044d44b700126f3e983d6b P 4bcce7b2553747afbc81e7e3d02e5d67 [term 1 FOLLOWER]: Starting pre-election (detected failure of leader 6489fe2d62c840a6a680d455a4009547)
I20260709 12:21:35.262786 14213 raft_consensus.cc:515] T f206b70ede044d44b700126f3e983d6b P 4bcce7b2553747afbc81e7e3d02e5d67 [term 1 FOLLOWER]: Starting pre-election with config: opid_index: -1 OBSOLETE_local: false peers { permanent_uuid: "129d5afc4d724f0b86dbce20016c594f" member_type: VOTER last_known_addr { host: "127.12.90.193" port: 36221 } } peers { permanent_uuid: "6489fe2d62c840a6a680d455a4009547" member_type: VOTER last_known_addr { host: "127.12.90.194" port: 35207 } } peers { permanent_uuid: "4bcce7b2553747afbc81e7e3d02e5d67" member_type: VOTER last_known_addr { host: "127.12.90.195" port: 39425 } }
I20260709 12:21:35.258455 14214 raft_consensus.cc:493] T daa4dd33aed0434eaf07221817f7ee99 P 4bcce7b2553747afbc81e7e3d02e5d67 [term 1 FOLLOWER]: Starting pre-election (detected failure of leader 129d5afc4d724f0b86dbce20016c594f)
I20260709 12:21:35.266074 14214 raft_consensus.cc:515] T daa4dd33aed0434eaf07221817f7ee99 P 4bcce7b2553747afbc81e7e3d02e5d67 [term 1 FOLLOWER]: Starting pre-election with config: opid_index: -1 OBSOLETE_local: false peers { permanent_uuid: "129d5afc4d724f0b86dbce20016c594f" member_type: VOTER last_known_addr { host: "127.12.90.193" port: 36221 } } peers { permanent_uuid: "6489fe2d62c840a6a680d455a4009547" member_type: VOTER last_known_addr { host: "127.12.90.194" port: 35207 } } peers { permanent_uuid: "4bcce7b2553747afbc81e7e3d02e5d67" member_type: VOTER last_known_addr { host: "127.12.90.195" port: 39425 } }
I20260709 12:21:35.267850 14214 leader_election.cc:290] T daa4dd33aed0434eaf07221817f7ee99 P 4bcce7b2553747afbc81e7e3d02e5d67 [CANDIDATE]: Term 2 pre-election: Requested pre-vote from peers 129d5afc4d724f0b86dbce20016c594f (127.12.90.193:36221), 6489fe2d62c840a6a680d455a4009547 (127.12.90.194:35207)
I20260709 12:21:35.268265 14214 raft_consensus.cc:493] T fef2bc7fdadf4fb6a418ec8cc6bc4785 P 4bcce7b2553747afbc81e7e3d02e5d67 [term 1 FOLLOWER]: Starting pre-election (detected failure of leader 6489fe2d62c840a6a680d455a4009547)
I20260709 12:21:35.268594 14214 raft_consensus.cc:515] T fef2bc7fdadf4fb6a418ec8cc6bc4785 P 4bcce7b2553747afbc81e7e3d02e5d67 [term 1 FOLLOWER]: Starting pre-election with config: opid_index: -1 OBSOLETE_local: false peers { permanent_uuid: "129d5afc4d724f0b86dbce20016c594f" member_type: VOTER last_known_addr { host: "127.12.90.193" port: 36221 } } peers { permanent_uuid: "6489fe2d62c840a6a680d455a4009547" member_type: VOTER last_known_addr { host: "127.12.90.194" port: 35207 } } peers { permanent_uuid: "4bcce7b2553747afbc81e7e3d02e5d67" member_type: VOTER last_known_addr { host: "127.12.90.195" port: 39425 } }
I20260709 12:21:35.253235 14145 raft_consensus.cc:515] T 3883cbf18e154ccc94d37b1049393c16 P 4bcce7b2553747afbc81e7e3d02e5d67 [term 1 FOLLOWER]: Starting pre-election with config: opid_index: -1 OBSOLETE_local: false peers { permanent_uuid: "129d5afc4d724f0b86dbce20016c594f" member_type: VOTER last_known_addr { host: "127.12.90.193" port: 36221 } } peers { permanent_uuid: "6489fe2d62c840a6a680d455a4009547" member_type: VOTER last_known_addr { host: "127.12.90.194" port: 35207 } } peers { permanent_uuid: "4bcce7b2553747afbc81e7e3d02e5d67" member_type: VOTER last_known_addr { host: "127.12.90.195" port: 39425 } }
I20260709 12:21:35.271108 14145 leader_election.cc:290] T 3883cbf18e154ccc94d37b1049393c16 P 4bcce7b2553747afbc81e7e3d02e5d67 [CANDIDATE]: Term 2 pre-election: Requested pre-vote from peers 129d5afc4d724f0b86dbce20016c594f (127.12.90.193:36221), 6489fe2d62c840a6a680d455a4009547 (127.12.90.194:35207)
I20260709 12:21:35.273895 14214 leader_election.cc:290] T fef2bc7fdadf4fb6a418ec8cc6bc4785 P 4bcce7b2553747afbc81e7e3d02e5d67 [CANDIDATE]: Term 2 pre-election: Requested pre-vote from peers 129d5afc4d724f0b86dbce20016c594f (127.12.90.193:36221), 6489fe2d62c840a6a680d455a4009547 (127.12.90.194:35207)
I20260709 12:21:35.276244 14214 raft_consensus.cc:493] T d0cfb8f60ddc44e4ae8523732204be99 P 4bcce7b2553747afbc81e7e3d02e5d67 [term 1 FOLLOWER]: Starting pre-election (detected failure of leader 6489fe2d62c840a6a680d455a4009547)
I20260709 12:21:35.276804 14214 raft_consensus.cc:515] T d0cfb8f60ddc44e4ae8523732204be99 P 4bcce7b2553747afbc81e7e3d02e5d67 [term 1 FOLLOWER]: Starting pre-election with config: opid_index: -1 OBSOLETE_local: false peers { permanent_uuid: "129d5afc4d724f0b86dbce20016c594f" member_type: VOTER last_known_addr { host: "127.12.90.193" port: 36221 } } peers { permanent_uuid: "6489fe2d62c840a6a680d455a4009547" member_type: VOTER last_known_addr { host: "127.12.90.194" port: 35207 } } peers { permanent_uuid: "4bcce7b2553747afbc81e7e3d02e5d67" member_type: VOTER last_known_addr { host: "127.12.90.195" port: 39425 } }
I20260709 12:21:35.258024 14211 raft_consensus.cc:515] T 72d8b8cacb2b4e37802852c6e90c807c P 4bcce7b2553747afbc81e7e3d02e5d67 [term 1 FOLLOWER]: Starting pre-election with config: opid_index: -1 OBSOLETE_local: false peers { permanent_uuid: "129d5afc4d724f0b86dbce20016c594f" member_type: VOTER last_known_addr { host: "127.12.90.193" port: 36221 } } peers { permanent_uuid: "6489fe2d62c840a6a680d455a4009547" member_type: VOTER last_known_addr { host: "127.12.90.194" port: 35207 } } peers { permanent_uuid: "4bcce7b2553747afbc81e7e3d02e5d67" member_type: VOTER last_known_addr { host: "127.12.90.195" port: 39425 } }
I20260709 12:21:35.279227 14214 leader_election.cc:290] T d0cfb8f60ddc44e4ae8523732204be99 P 4bcce7b2553747afbc81e7e3d02e5d67 [CANDIDATE]: Term 2 pre-election: Requested pre-vote from peers 129d5afc4d724f0b86dbce20016c594f (127.12.90.193:36221), 6489fe2d62c840a6a680d455a4009547 (127.12.90.194:35207)
I20260709 12:21:35.279567 14211 leader_election.cc:290] T 72d8b8cacb2b4e37802852c6e90c807c P 4bcce7b2553747afbc81e7e3d02e5d67 [CANDIDATE]: Term 2 pre-election: Requested pre-vote from peers 129d5afc4d724f0b86dbce20016c594f (127.12.90.193:36221), 6489fe2d62c840a6a680d455a4009547 (127.12.90.194:35207)
I20260709 12:21:35.279806 14214 raft_consensus.cc:493] T 96eaded2787a40039d4c53f807ae03db P 4bcce7b2553747afbc81e7e3d02e5d67 [term 1 FOLLOWER]: Starting pre-election (detected failure of leader 129d5afc4d724f0b86dbce20016c594f)
I20260709 12:21:35.280347 14214 raft_consensus.cc:515] T 96eaded2787a40039d4c53f807ae03db P 4bcce7b2553747afbc81e7e3d02e5d67 [term 1 FOLLOWER]: Starting pre-election with config: opid_index: -1 OBSOLETE_local: false peers { permanent_uuid: "129d5afc4d724f0b86dbce20016c594f" member_type: VOTER last_known_addr { host: "127.12.90.193" port: 36221 } } peers { permanent_uuid: "6489fe2d62c840a6a680d455a4009547" member_type: VOTER last_known_addr { host: "127.12.90.194" port: 35207 } } peers { permanent_uuid: "4bcce7b2553747afbc81e7e3d02e5d67" member_type: VOTER last_known_addr { host: "127.12.90.195" port: 39425 } }
I20260709 12:21:35.282187 14213 leader_election.cc:290] T f206b70ede044d44b700126f3e983d6b P 4bcce7b2553747afbc81e7e3d02e5d67 [CANDIDATE]: Term 2 pre-election: Requested pre-vote from peers 129d5afc4d724f0b86dbce20016c594f (127.12.90.193:36221), 6489fe2d62c840a6a680d455a4009547 (127.12.90.194:35207)
I20260709 12:21:35.282939 14054 ts_tablet_manager.cc:1434] T aae6aa0e7d014fecaa9c120d0b0ec2a4 P 129d5afc4d724f0b86dbce20016c594f: Time spent starting tablet: real 1.541s	user 0.008s	sys 0.000s
W20260709 12:21:35.280817 13823 outbound_call.cc:321] RPC callback for RPC call kudu.consensus.ConsensusService.UpdateConsensus -> {remote=127.12.90.194:35207, user_credentials={real_user=slave}} blocked reactor thread for 1.53689e+06us
W20260709 12:21:35.283293 14054 ts_tablet_manager.cc:1467] T aae6aa0e7d014fecaa9c120d0b0ec2a4 P 129d5afc4d724f0b86dbce20016c594f: Tablet startup took 1541ms
W20260709 12:21:35.283640 14054 ts_tablet_manager.cc:1469] T aae6aa0e7d014fecaa9c120d0b0ec2a4 P 129d5afc4d724f0b86dbce20016c594f: Trace:
0709 12:21:29.923250 (+     0us) service_pool.cc:167] Inserting onto call queue
0709 12:21:30.329373 (+406123us) service_pool.cc:224] Handling call
0709 12:21:30.331403 (+  2030us) ts_tablet_manager.cc:669] Acquired tablet manager lock
0709 12:21:30.331583 (+   180us) ts_tablet_manager.cc:682] Creating new metadata...
0709 12:21:30.499108 (+167525us) tablet_metadata.cc:665] Metadata flushed
0709 12:21:30.596413 (+ 97305us) tablet_replica.cc:206] Creating consensus instance
0709 12:21:30.657406 (+ 60993us) inbound_call.cc:177] Queueing success response
0709 12:21:33.629106 (+2971700us) ts_tablet_manager.cc:1379] Bootstrapping tablet
0709 12:21:33.741457 (+112351us) ts_tablet_manager.cc:1435] Starting tablet replica
0709 12:21:33.742132 (+   675us) tablet_replica.cc:261] Starting instrumentation
0709 12:21:33.742738 (+   606us) tablet_replica.cc:280] Starting consensus
Metrics: {"mutex_wait_us":1515694,"raft.queue_time_us":1515861,"raft.run_cpu_time_us":100,"raft.run_wall_time_us":100,"tablet-open.queue_time_us":2971808}
I20260709 12:21:35.290385 14054 tablet_bootstrap.cc:492] T 2e93e742b4114ff3ba6e6585a17e4942 P 129d5afc4d724f0b86dbce20016c594f: Bootstrap starting.
I20260709 12:21:35.284755 14214 leader_election.cc:290] T 96eaded2787a40039d4c53f807ae03db P 4bcce7b2553747afbc81e7e3d02e5d67 [CANDIDATE]: Term 2 pre-election: Requested pre-vote from peers 129d5afc4d724f0b86dbce20016c594f (127.12.90.193:36221), 6489fe2d62c840a6a680d455a4009547 (127.12.90.194:35207)
I20260709 12:21:35.301904 14050 raft_consensus.cc:359] T aae6aa0e7d014fecaa9c120d0b0ec2a4 P 4bcce7b2553747afbc81e7e3d02e5d67 [term 0 FOLLOWER]: Replica starting. Triggering 0 pending ops. Active config: opid_index: -1 OBSOLETE_local: false peers { permanent_uuid: "129d5afc4d724f0b86dbce20016c594f" member_type: VOTER last_known_addr { host: "127.12.90.193" port: 36221 } } peers { permanent_uuid: "6489fe2d62c840a6a680d455a4009547" member_type: VOTER last_known_addr { host: "127.12.90.194" port: 35207 } } peers { permanent_uuid: "4bcce7b2553747afbc81e7e3d02e5d67" member_type: VOTER last_known_addr { host: "127.12.90.195" port: 39425 } }
I20260709 12:21:35.302505 14050 raft_consensus.cc:385] T aae6aa0e7d014fecaa9c120d0b0ec2a4 P 4bcce7b2553747afbc81e7e3d02e5d67 [term 0 FOLLOWER]: Consensus starting up: Expiring failure detector timer to make a prompt election more likely
I20260709 12:21:35.302735 14050 raft_consensus.cc:740] T aae6aa0e7d014fecaa9c120d0b0ec2a4 P 4bcce7b2553747afbc81e7e3d02e5d67 [term 0 FOLLOWER]: Becoming Follower/Learner. State: Replica: 4bcce7b2553747afbc81e7e3d02e5d67, State: Initialized, Role: FOLLOWER
I20260709 12:21:35.304085 14052 ts_tablet_manager.cc:1434] T 65088e8ce2a3472195e4467542597a98 P 6489fe2d62c840a6a680d455a4009547: Time spent starting tablet: real 0.450s	user 0.016s	sys 0.008s
I20260709 12:21:35.305088 14052 tablet_bootstrap.cc:492] T 0f0c204e49b84dfd9a6b0abbbd28ea26 P 6489fe2d62c840a6a680d455a4009547: Bootstrap starting.
I20260709 12:21:35.306748 14196 raft_consensus.cc:493] T f206b70ede044d44b700126f3e983d6b P 129d5afc4d724f0b86dbce20016c594f [term 1 FOLLOWER]: Starting pre-election (detected failure of leader 6489fe2d62c840a6a680d455a4009547)
I20260709 12:21:35.306963 14050 consensus_queue.cc:260] T aae6aa0e7d014fecaa9c120d0b0ec2a4 P 4bcce7b2553747afbc81e7e3d02e5d67 [NON_LEADER]: Queue going to NON_LEADER mode. State: All replicated index: 0, Majority replicated index: 0, Committed index: 0, Last appended: 0.0, Last appended by leader: 0, Current term: 0, Majority size: -1, State: 0, Mode: NON_LEADER, active raft config: opid_index: -1 OBSOLETE_local: false peers { permanent_uuid: "129d5afc4d724f0b86dbce20016c594f" member_type: VOTER last_known_addr { host: "127.12.90.193" port: 36221 } } peers { permanent_uuid: "6489fe2d62c840a6a680d455a4009547" member_type: VOTER last_known_addr { host: "127.12.90.194" port: 35207 } } peers { permanent_uuid: "4bcce7b2553747afbc81e7e3d02e5d67" member_type: VOTER last_known_addr { host: "127.12.90.195" port: 39425 } }
I20260709 12:21:35.300680 14214 raft_consensus.cc:493] T f489c733dab4409cb2529c31638a4095 P 4bcce7b2553747afbc81e7e3d02e5d67 [term 1 FOLLOWER]: Starting pre-election (detected failure of leader 129d5afc4d724f0b86dbce20016c594f)
I20260709 12:21:35.312089 14212 raft_consensus.cc:493] T 4711b6d8fbd140c2acba20db3e611d6f P 4bcce7b2553747afbc81e7e3d02e5d67 [term 1 FOLLOWER]: Starting pre-election (detected failure of leader 129d5afc4d724f0b86dbce20016c594f)
I20260709 12:21:35.316929 14212 raft_consensus.cc:515] T 4711b6d8fbd140c2acba20db3e611d6f P 4bcce7b2553747afbc81e7e3d02e5d67 [term 1 FOLLOWER]: Starting pre-election with config: opid_index: -1 OBSOLETE_local: false peers { permanent_uuid: "129d5afc4d724f0b86dbce20016c594f" member_type: VOTER last_known_addr { host: "127.12.90.193" port: 36221 } } peers { permanent_uuid: "6489fe2d62c840a6a680d455a4009547" member_type: VOTER last_known_addr { host: "127.12.90.194" port: 35207 } } peers { permanent_uuid: "4bcce7b2553747afbc81e7e3d02e5d67" member_type: VOTER last_known_addr { host: "127.12.90.195" port: 39425 } }
I20260709 12:21:35.320252 14050 ts_tablet_manager.cc:1434] T aae6aa0e7d014fecaa9c120d0b0ec2a4 P 4bcce7b2553747afbc81e7e3d02e5d67: Time spent starting tablet: real 0.073s	user 0.000s	sys 0.008s
I20260709 12:21:35.321122 14050 tablet_bootstrap.cc:492] T 16f19796657d415d99d2aeb3c1d90420 P 4bcce7b2553747afbc81e7e3d02e5d67: Bootstrap starting.
I20260709 12:21:35.307332 14196 raft_consensus.cc:515] T f206b70ede044d44b700126f3e983d6b P 129d5afc4d724f0b86dbce20016c594f [term 1 FOLLOWER]: Starting pre-election with config: opid_index: -1 OBSOLETE_local: false peers { permanent_uuid: "129d5afc4d724f0b86dbce20016c594f" member_type: VOTER last_known_addr { host: "127.12.90.193" port: 36221 } } peers { permanent_uuid: "6489fe2d62c840a6a680d455a4009547" member_type: VOTER last_known_addr { host: "127.12.90.194" port: 35207 } } peers { permanent_uuid: "4bcce7b2553747afbc81e7e3d02e5d67" member_type: VOTER last_known_addr { host: "127.12.90.195" port: 39425 } }
I20260709 12:21:35.310804 14214 raft_consensus.cc:515] T f489c733dab4409cb2529c31638a4095 P 4bcce7b2553747afbc81e7e3d02e5d67 [term 1 FOLLOWER]: Starting pre-election with config: opid_index: -1 OBSOLETE_local: false peers { permanent_uuid: "129d5afc4d724f0b86dbce20016c594f" member_type: VOTER last_known_addr { host: "127.12.90.193" port: 36221 } } peers { permanent_uuid: "6489fe2d62c840a6a680d455a4009547" member_type: VOTER last_known_addr { host: "127.12.90.194" port: 35207 } } peers { permanent_uuid: "4bcce7b2553747afbc81e7e3d02e5d67" member_type: VOTER last_known_addr { host: "127.12.90.195" port: 39425 } }
I20260709 12:21:35.324637 14216 raft_consensus.cc:493] T 0a27e339bbb14293934f44040c287427 P 4bcce7b2553747afbc81e7e3d02e5d67 [term 1 FOLLOWER]: Starting pre-election (detected failure of leader 129d5afc4d724f0b86dbce20016c594f)
I20260709 12:21:35.334393 14196 leader_election.cc:290] T f206b70ede044d44b700126f3e983d6b P 129d5afc4d724f0b86dbce20016c594f [CANDIDATE]: Term 2 pre-election: Requested pre-vote from peers 6489fe2d62c840a6a680d455a4009547 (127.12.90.194:35207), 4bcce7b2553747afbc81e7e3d02e5d67 (127.12.90.195:39425)
I20260709 12:21:35.335446 14212 leader_election.cc:290] T 4711b6d8fbd140c2acba20db3e611d6f P 4bcce7b2553747afbc81e7e3d02e5d67 [CANDIDATE]: Term 2 pre-election: Requested pre-vote from peers 129d5afc4d724f0b86dbce20016c594f (127.12.90.193:36221), 6489fe2d62c840a6a680d455a4009547 (127.12.90.194:35207)
I20260709 12:21:35.332234 14216 raft_consensus.cc:515] T 0a27e339bbb14293934f44040c287427 P 4bcce7b2553747afbc81e7e3d02e5d67 [term 1 FOLLOWER]: Starting pre-election with config: opid_index: -1 OBSOLETE_local: false peers { permanent_uuid: "129d5afc4d724f0b86dbce20016c594f" member_type: VOTER last_known_addr { host: "127.12.90.193" port: 36221 } } peers { permanent_uuid: "6489fe2d62c840a6a680d455a4009547" member_type: VOTER last_known_addr { host: "127.12.90.194" port: 35207 } } peers { permanent_uuid: "4bcce7b2553747afbc81e7e3d02e5d67" member_type: VOTER last_known_addr { host: "127.12.90.195" port: 39425 } }
I20260709 12:21:35.364194 14214 leader_election.cc:290] T f489c733dab4409cb2529c31638a4095 P 4bcce7b2553747afbc81e7e3d02e5d67 [CANDIDATE]: Term 2 pre-election: Requested pre-vote from peers 129d5afc4d724f0b86dbce20016c594f (127.12.90.193:36221), 6489fe2d62c840a6a680d455a4009547 (127.12.90.194:35207)
I20260709 12:21:35.364543 14218 raft_consensus.cc:493] T 5bd4d92a16ef4c7389d540465b5b51c1 P 6489fe2d62c840a6a680d455a4009547 [term 0 FOLLOWER]: Starting pre-election (no leader contacted us within the election timeout)
I20260709 12:21:35.365505 14218 raft_consensus.cc:515] T 5bd4d92a16ef4c7389d540465b5b51c1 P 6489fe2d62c840a6a680d455a4009547 [term 0 FOLLOWER]: Starting pre-election with config: opid_index: -1 OBSOLETE_local: false peers { permanent_uuid: "129d5afc4d724f0b86dbce20016c594f" member_type: VOTER last_known_addr { host: "127.12.90.193" port: 36221 } } peers { permanent_uuid: "6489fe2d62c840a6a680d455a4009547" member_type: VOTER last_known_addr { host: "127.12.90.194" port: 35207 } } peers { permanent_uuid: "4bcce7b2553747afbc81e7e3d02e5d67" member_type: VOTER last_known_addr { host: "127.12.90.195" port: 39425 } }
I20260709 12:21:35.372910 14218 leader_election.cc:290] T 5bd4d92a16ef4c7389d540465b5b51c1 P 6489fe2d62c840a6a680d455a4009547 [CANDIDATE]: Term 1 pre-election: Requested pre-vote from peers 129d5afc4d724f0b86dbce20016c594f (127.12.90.193:36221), 4bcce7b2553747afbc81e7e3d02e5d67 (127.12.90.195:39425)
I20260709 12:21:35.374495 14220 raft_consensus.cc:493] T f489c733dab4409cb2529c31638a4095 P 6489fe2d62c840a6a680d455a4009547 [term 1 FOLLOWER]: Starting pre-election (detected failure of leader 129d5afc4d724f0b86dbce20016c594f)
I20260709 12:21:35.373507 14218 raft_consensus.cc:493] T e3cb0b1f6eda426aa88fac290c7bfcf9 P 6489fe2d62c840a6a680d455a4009547 [term 1 FOLLOWER]: Starting pre-election (detected failure of leader 4bcce7b2553747afbc81e7e3d02e5d67)
I20260709 12:21:35.376736 14219 raft_consensus.cc:493] T 3ca2a91c033941a4b20fca46d57e9cde P 129d5afc4d724f0b86dbce20016c594f [term 1 FOLLOWER]: Starting pre-election (no leader contacted us within the election timeout)
I20260709 12:21:35.376688 14218 raft_consensus.cc:515] T e3cb0b1f6eda426aa88fac290c7bfcf9 P 6489fe2d62c840a6a680d455a4009547 [term 1 FOLLOWER]: Starting pre-election with config: opid_index: -1 OBSOLETE_local: false peers { permanent_uuid: "129d5afc4d724f0b86dbce20016c594f" member_type: VOTER last_known_addr { host: "127.12.90.193" port: 36221 } } peers { permanent_uuid: "6489fe2d62c840a6a680d455a4009547" member_type: VOTER last_known_addr { host: "127.12.90.194" port: 35207 } } peers { permanent_uuid: "4bcce7b2553747afbc81e7e3d02e5d67" member_type: VOTER last_known_addr { host: "127.12.90.195" port: 39425 } }
W20260709 12:21:35.380309 13805 auto_rebalancer.cc:288] Could not retrieve cluster info: Service unavailable: Tablet not running
I20260709 12:21:35.375151 14220 raft_consensus.cc:515] T f489c733dab4409cb2529c31638a4095 P 6489fe2d62c840a6a680d455a4009547 [term 1 FOLLOWER]: Starting pre-election with config: opid_index: -1 OBSOLETE_local: false peers { permanent_uuid: "129d5afc4d724f0b86dbce20016c594f" member_type: VOTER last_known_addr { host: "127.12.90.193" port: 36221 } } peers { permanent_uuid: "6489fe2d62c840a6a680d455a4009547" member_type: VOTER last_known_addr { host: "127.12.90.194" port: 35207 } } peers { permanent_uuid: "4bcce7b2553747afbc81e7e3d02e5d67" member_type: VOTER last_known_addr { host: "127.12.90.195" port: 39425 } }
I20260709 12:21:35.379681 14219 raft_consensus.cc:515] T 3ca2a91c033941a4b20fca46d57e9cde P 129d5afc4d724f0b86dbce20016c594f [term 1 FOLLOWER]: Starting pre-election with config: opid_index: -1 OBSOLETE_local: false peers { permanent_uuid: "129d5afc4d724f0b86dbce20016c594f" member_type: VOTER last_known_addr { host: "127.12.90.193" port: 36221 } } peers { permanent_uuid: "6489fe2d62c840a6a680d455a4009547" member_type: VOTER last_known_addr { host: "127.12.90.194" port: 35207 } } peers { permanent_uuid: "4bcce7b2553747afbc81e7e3d02e5d67" member_type: VOTER last_known_addr { host: "127.12.90.195" port: 39425 } }
I20260709 12:21:35.384438 14215 raft_consensus.cc:493] T daa4dd33aed0434eaf07221817f7ee99 P 6489fe2d62c840a6a680d455a4009547 [term 1 FOLLOWER]: Starting pre-election (detected failure of leader 129d5afc4d724f0b86dbce20016c594f)
I20260709 12:21:35.384992 14219 leader_election.cc:290] T 3ca2a91c033941a4b20fca46d57e9cde P 129d5afc4d724f0b86dbce20016c594f [CANDIDATE]: Term 2 pre-election: Requested pre-vote from peers 6489fe2d62c840a6a680d455a4009547 (127.12.90.194:35207), 4bcce7b2553747afbc81e7e3d02e5d67 (127.12.90.195:39425)
I20260709 12:21:35.384981 14215 raft_consensus.cc:515] T daa4dd33aed0434eaf07221817f7ee99 P 6489fe2d62c840a6a680d455a4009547 [term 1 FOLLOWER]: Starting pre-election with config: opid_index: -1 OBSOLETE_local: false peers { permanent_uuid: "129d5afc4d724f0b86dbce20016c594f" member_type: VOTER last_known_addr { host: "127.12.90.193" port: 36221 } } peers { permanent_uuid: "6489fe2d62c840a6a680d455a4009547" member_type: VOTER last_known_addr { host: "127.12.90.194" port: 35207 } } peers { permanent_uuid: "4bcce7b2553747afbc81e7e3d02e5d67" member_type: VOTER last_known_addr { host: "127.12.90.195" port: 39425 } }
I20260709 12:21:35.385627 14219 raft_consensus.cc:493] T d0cfb8f60ddc44e4ae8523732204be99 P 129d5afc4d724f0b86dbce20016c594f [term 1 FOLLOWER]: Starting pre-election (detected failure of leader 6489fe2d62c840a6a680d455a4009547)
