I20260709 12:21:19.958240 27132 consensus_queue.cc:260] T 504e44ff4c8b48bbb2b7399cb8547813 P 5b6a5eb7dd584218919f343a8661dd95 [NON_LEADER]: Queue going to NON_LEADER mode. State: All replicated index: 0, Majority replicated index: 0, Committed index: 0, Last appended: 0.0, Last appended by leader: 0, Current term: 0, Majority size: -1, State: 0, Mode: NON_LEADER, active raft config: opid_index: -1 OBSOLETE_local: false peers { permanent_uuid: "bbc0cf84770f4ab0865de06e62c95c96" member_type: VOTER last_known_addr { host: "127.25.44.1" port: 37503 } } peers { permanent_uuid: "79c86f3ce9e6493ca186baae443790a8" member_type: VOTER last_known_addr { host: "127.25.44.2" port: 38697 } } peers { permanent_uuid: "5b6a5eb7dd584218919f343a8661dd95" member_type: VOTER last_known_addr { host: "127.25.44.3" port: 40621 } }
I20260709 12:21:19.959071 27016 raft_consensus.cc:2393] T 2668f9a91438463fa12e1c9725acfb4b P 79c86f3ce9e6493ca186baae443790a8 [term 1 FOLLOWER]: Leader pre-election vote request: Denying vote to candidate bbc0cf84770f4ab0865de06e62c95c96 in current term 1: Already voted for candidate 5b6a5eb7dd584218919f343a8661dd95 in this term.
I20260709 12:21:19.960546 27132 ts_tablet_manager.cc:1434] T 504e44ff4c8b48bbb2b7399cb8547813 P 5b6a5eb7dd584218919f343a8661dd95: Time spent starting tablet: real 0.010s	user 0.005s	sys 0.001s
I20260709 12:21:19.961963 27132 tablet_bootstrap.cc:492] T 87749e43c4e346c2a0e555fdd4f197cb P 5b6a5eb7dd584218919f343a8661dd95: Bootstrap starting.
I20260709 12:21:19.963914 27163 raft_consensus.cc:493] T affb53aff0d34cdca05125fb8ccc7fa5 P 5b6a5eb7dd584218919f343a8661dd95 [term 0 FOLLOWER]: Starting pre-election (no leader contacted us within the election timeout)
I20260709 12:21:19.964417 27163 raft_consensus.cc:515] T affb53aff0d34cdca05125fb8ccc7fa5 P 5b6a5eb7dd584218919f343a8661dd95 [term 0 FOLLOWER]: Starting pre-election with config: opid_index: -1 OBSOLETE_local: false peers { permanent_uuid: "bbc0cf84770f4ab0865de06e62c95c96" member_type: VOTER last_known_addr { host: "127.25.44.1" port: 37503 } } peers { permanent_uuid: "79c86f3ce9e6493ca186baae443790a8" member_type: VOTER last_known_addr { host: "127.25.44.2" port: 38697 } } peers { permanent_uuid: "5b6a5eb7dd584218919f343a8661dd95" member_type: VOTER last_known_addr { host: "127.25.44.3" port: 40621 } }
I20260709 12:21:19.966403 27163 leader_election.cc:290] T affb53aff0d34cdca05125fb8ccc7fa5 P 5b6a5eb7dd584218919f343a8661dd95 [CANDIDATE]: Term 1 pre-election: Requested pre-vote from peers bbc0cf84770f4ab0865de06e62c95c96 (127.25.44.1:37503), 79c86f3ce9e6493ca186baae443790a8 (127.25.44.2:38697)
I20260709 12:21:19.967626 27132 tablet_bootstrap.cc:654] T 87749e43c4e346c2a0e555fdd4f197cb P 5b6a5eb7dd584218919f343a8661dd95: Neither blocks nor log segments found. Creating new log.
I20260709 12:21:19.968792 26940 tablet_service.cc:1917] Received RequestConsensusVote() RPC: tablet_id: "affb53aff0d34cdca05125fb8ccc7fa5" candidate_uuid: "5b6a5eb7dd584218919f343a8661dd95" candidate_term: 1 candidate_status { last_received { term: 0 index: 0 } } ignore_live_leader: false dest_uuid: "bbc0cf84770f4ab0865de06e62c95c96" is_pre_election: true
I20260709 12:21:19.969118 27131 tablet_bootstrap.cc:492] T 504e44ff4c8b48bbb2b7399cb8547813 P 79c86f3ce9e6493ca186baae443790a8: No bootstrap required, opened a new log
I20260709 12:21:19.968081 27016 tablet_service.cc:1917] Received RequestConsensusVote() RPC: tablet_id: "affb53aff0d34cdca05125fb8ccc7fa5" candidate_uuid: "5b6a5eb7dd584218919f343a8661dd95" candidate_term: 1 candidate_status { last_received { term: 0 index: 0 } } ignore_live_leader: false dest_uuid: "79c86f3ce9e6493ca186baae443790a8" is_pre_election: true
I20260709 12:21:19.969552 27131 ts_tablet_manager.cc:1403] T 504e44ff4c8b48bbb2b7399cb8547813 P 79c86f3ce9e6493ca186baae443790a8: Time spent bootstrapping tablet: real 0.031s	user 0.015s	sys 0.007s
I20260709 12:21:19.969789 27016 raft_consensus.cc:2468] T affb53aff0d34cdca05125fb8ccc7fa5 P 79c86f3ce9e6493ca186baae443790a8 [term 0 FOLLOWER]: Leader pre-election vote request: Granting yes vote for candidate 5b6a5eb7dd584218919f343a8661dd95 in term 0.
I20260709 12:21:19.971570 27053 leader_election.cc:304] T affb53aff0d34cdca05125fb8ccc7fa5 P 5b6a5eb7dd584218919f343a8661dd95 [CANDIDATE]: Term 1 pre-election: Election decided. Result: candidate won. Election summary: received 2 responses out of 3 voters: 2 yes votes; 0 no votes. yes voters: 5b6a5eb7dd584218919f343a8661dd95, 79c86f3ce9e6493ca186baae443790a8; no voters: 
I20260709 12:21:19.971854 27089 tablet_service.cc:1917] Received RequestConsensusVote() RPC: tablet_id: "2668f9a91438463fa12e1c9725acfb4b" candidate_uuid: "bbc0cf84770f4ab0865de06e62c95c96" candidate_term: 1 candidate_status { last_received { term: 0 index: 0 } } ignore_live_leader: false dest_uuid: "5b6a5eb7dd584218919f343a8661dd95" is_pre_election: true
W20260709 12:21:19.972517 27053 leader_election.cc:343] T affb53aff0d34cdca05125fb8ccc7fa5 P 5b6a5eb7dd584218919f343a8661dd95 [CANDIDATE]: Term 1 pre-election: Tablet error from VoteRequest() call to peer bbc0cf84770f4ab0865de06e62c95c96 (127.25.44.1:37503): Illegal state: must be running to vote when last-logged opid is not known
I20260709 12:21:19.972721 27131 raft_consensus.cc:359] T 504e44ff4c8b48bbb2b7399cb8547813 P 79c86f3ce9e6493ca186baae443790a8 [term 0 FOLLOWER]: Replica starting. Triggering 0 pending ops. Active config: opid_index: -1 OBSOLETE_local: false peers { permanent_uuid: "bbc0cf84770f4ab0865de06e62c95c96" member_type: VOTER last_known_addr { host: "127.25.44.1" port: 37503 } } peers { permanent_uuid: "79c86f3ce9e6493ca186baae443790a8" member_type: VOTER last_known_addr { host: "127.25.44.2" port: 38697 } } peers { permanent_uuid: "5b6a5eb7dd584218919f343a8661dd95" member_type: VOTER last_known_addr { host: "127.25.44.3" port: 40621 } }
I20260709 12:21:19.973357 27131 raft_consensus.cc:385] T 504e44ff4c8b48bbb2b7399cb8547813 P 79c86f3ce9e6493ca186baae443790a8 [term 0 FOLLOWER]: Consensus starting up: Expiring failure detector timer to make a prompt election more likely
I20260709 12:21:19.973650 27131 raft_consensus.cc:740] T 504e44ff4c8b48bbb2b7399cb8547813 P 79c86f3ce9e6493ca186baae443790a8 [term 0 FOLLOWER]: Becoming Follower/Learner. State: Replica: 79c86f3ce9e6493ca186baae443790a8, State: Initialized, Role: FOLLOWER
I20260709 12:21:19.971339 26837 catalog_manager.cc:5697] T 9f686231c26c461db913251d910e748f P 79c86f3ce9e6493ca186baae443790a8 reported cstate change: term changed from 0 to 1, leader changed from <none> to 79c86f3ce9e6493ca186baae443790a8 (127.25.44.2). New cstate: current_term: 1 leader_uuid: "79c86f3ce9e6493ca186baae443790a8" committed_config { opid_index: -1 OBSOLETE_local: false peers { permanent_uuid: "bbc0cf84770f4ab0865de06e62c95c96" member_type: VOTER last_known_addr { host: "127.25.44.1" port: 37503 } health_report { overall_health: UNKNOWN } } peers { permanent_uuid: "79c86f3ce9e6493ca186baae443790a8" member_type: VOTER last_known_addr { host: "127.25.44.2" port: 38697 } health_report { overall_health: HEALTHY } } peers { permanent_uuid: "5b6a5eb7dd584218919f343a8661dd95" member_type: VOTER last_known_addr { host: "127.25.44.3" port: 40621 } health_report { overall_health: UNKNOWN } } }
I20260709 12:21:19.974270 27131 consensus_queue.cc:260] T 504e44ff4c8b48bbb2b7399cb8547813 P 79c86f3ce9e6493ca186baae443790a8 [NON_LEADER]: Queue going to NON_LEADER mode. State: All replicated index: 0, Majority replicated index: 0, Committed index: 0, Last appended: 0.0, Last appended by leader: 0, Current term: 0, Majority size: -1, State: 0, Mode: NON_LEADER, active raft config: opid_index: -1 OBSOLETE_local: false peers { permanent_uuid: "bbc0cf84770f4ab0865de06e62c95c96" member_type: VOTER last_known_addr { host: "127.25.44.1" port: 37503 } } peers { permanent_uuid: "79c86f3ce9e6493ca186baae443790a8" member_type: VOTER last_known_addr { host: "127.25.44.2" port: 38697 } } peers { permanent_uuid: "5b6a5eb7dd584218919f343a8661dd95" member_type: VOTER last_known_addr { host: "127.25.44.3" port: 40621 } }
I20260709 12:21:19.973359 26905 leader_election.cc:304] T 2668f9a91438463fa12e1c9725acfb4b P bbc0cf84770f4ab0865de06e62c95c96 [CANDIDATE]: Term 1 pre-election: Election decided. Result: candidate lost. Election summary: received 3 responses out of 3 voters: 1 yes votes; 2 no votes. yes voters: bbc0cf84770f4ab0865de06e62c95c96; no voters: 5b6a5eb7dd584218919f343a8661dd95, 79c86f3ce9e6493ca186baae443790a8
I20260709 12:21:19.975425 27163 raft_consensus.cc:2804] T affb53aff0d34cdca05125fb8ccc7fa5 P 5b6a5eb7dd584218919f343a8661dd95 [term 0 FOLLOWER]: Leader pre-election won for term 1
I20260709 12:21:19.975833 27163 raft_consensus.cc:493] T affb53aff0d34cdca05125fb8ccc7fa5 P 5b6a5eb7dd584218919f343a8661dd95 [term 0 FOLLOWER]: Starting leader election (no leader contacted us within the election timeout)
I20260709 12:21:19.976178 27163 raft_consensus.cc:3060] T affb53aff0d34cdca05125fb8ccc7fa5 P 5b6a5eb7dd584218919f343a8661dd95 [term 0 FOLLOWER]: Advancing to term 1
I20260709 12:21:19.976408 27131 ts_tablet_manager.cc:1434] T 504e44ff4c8b48bbb2b7399cb8547813 P 79c86f3ce9e6493ca186baae443790a8: Time spent starting tablet: real 0.007s	user 0.006s	sys 0.001s
I20260709 12:21:19.977263 27131 tablet_bootstrap.cc:492] T 683134969f7d4917991cc031f411f613 P 79c86f3ce9e6493ca186baae443790a8: Bootstrap starting.
I20260709 12:21:19.980891 27133 tablet_bootstrap.cc:492] T affb53aff0d34cdca05125fb8ccc7fa5 P bbc0cf84770f4ab0865de06e62c95c96: Bootstrap starting.
I20260709 12:21:19.982069 27141 raft_consensus.cc:3060] T 2668f9a91438463fa12e1c9725acfb4b P bbc0cf84770f4ab0865de06e62c95c96 [term 0 FOLLOWER]: Advancing to term 1
I20260709 12:21:19.984881 27163 raft_consensus.cc:515] T affb53aff0d34cdca05125fb8ccc7fa5 P 5b6a5eb7dd584218919f343a8661dd95 [term 1 FOLLOWER]: Starting leader election with config: opid_index: -1 OBSOLETE_local: false peers { permanent_uuid: "bbc0cf84770f4ab0865de06e62c95c96" member_type: VOTER last_known_addr { host: "127.25.44.1" port: 37503 } } peers { permanent_uuid: "79c86f3ce9e6493ca186baae443790a8" member_type: VOTER last_known_addr { host: "127.25.44.2" port: 38697 } } peers { permanent_uuid: "5b6a5eb7dd584218919f343a8661dd95" member_type: VOTER last_known_addr { host: "127.25.44.3" port: 40621 } }
I20260709 12:21:19.985711 27131 tablet_bootstrap.cc:654] T 683134969f7d4917991cc031f411f613 P 79c86f3ce9e6493ca186baae443790a8: Neither blocks nor log segments found. Creating new log.
I20260709 12:21:19.989939 26940 tablet_service.cc:1917] Received RequestConsensusVote() RPC: tablet_id: "affb53aff0d34cdca05125fb8ccc7fa5" candidate_uuid: "5b6a5eb7dd584218919f343a8661dd95" candidate_term: 1 candidate_status { last_received { term: 0 index: 0 } } ignore_live_leader: false dest_uuid: "bbc0cf84770f4ab0865de06e62c95c96"
I20260709 12:21:19.990051 27163 leader_election.cc:290] T affb53aff0d34cdca05125fb8ccc7fa5 P 5b6a5eb7dd584218919f343a8661dd95 [CANDIDATE]: Term 1 election: Requested vote from peers bbc0cf84770f4ab0865de06e62c95c96 (127.25.44.1:37503), 79c86f3ce9e6493ca186baae443790a8 (127.25.44.2:38697)
I20260709 12:21:19.990602 27016 tablet_service.cc:1917] Received RequestConsensusVote() RPC: tablet_id: "affb53aff0d34cdca05125fb8ccc7fa5" candidate_uuid: "5b6a5eb7dd584218919f343a8661dd95" candidate_term: 1 candidate_status { last_received { term: 0 index: 0 } } ignore_live_leader: false dest_uuid: "79c86f3ce9e6493ca186baae443790a8"
I20260709 12:21:19.991151 27016 raft_consensus.cc:3060] T affb53aff0d34cdca05125fb8ccc7fa5 P 79c86f3ce9e6493ca186baae443790a8 [term 0 FOLLOWER]: Advancing to term 1
W20260709 12:21:19.991196 27053 leader_election.cc:343] T affb53aff0d34cdca05125fb8ccc7fa5 P 5b6a5eb7dd584218919f343a8661dd95 [CANDIDATE]: Term 1 election: Tablet error from VoteRequest() call to peer bbc0cf84770f4ab0865de06e62c95c96 (127.25.44.1:37503): Illegal state: must be running to vote when last-logged opid is not known
I20260709 12:21:19.992514 27133 tablet_bootstrap.cc:654] T affb53aff0d34cdca05125fb8ccc7fa5 P bbc0cf84770f4ab0865de06e62c95c96: Neither blocks nor log segments found. Creating new log.
I20260709 12:21:19.993902 27136 raft_consensus.cc:493] T 504e44ff4c8b48bbb2b7399cb8547813 P 79c86f3ce9e6493ca186baae443790a8 [term 0 FOLLOWER]: Starting pre-election (no leader contacted us within the election timeout)
I20260709 12:21:19.991842 27141 raft_consensus.cc:2749] T 2668f9a91438463fa12e1c9725acfb4b P bbc0cf84770f4ab0865de06e62c95c96 [term 1 FOLLOWER]: Leader pre-election lost for term 1. Reason: could not achieve majority
I20260709 12:21:19.997117 27132 tablet_bootstrap.cc:492] T 87749e43c4e346c2a0e555fdd4f197cb P 5b6a5eb7dd584218919f343a8661dd95: No bootstrap required, opened a new log
I20260709 12:21:19.997597 27132 ts_tablet_manager.cc:1403] T 87749e43c4e346c2a0e555fdd4f197cb P 5b6a5eb7dd584218919f343a8661dd95: Time spent bootstrapping tablet: real 0.036s	user 0.010s	sys 0.016s
I20260709 12:21:20.000171 27132 raft_consensus.cc:359] T 87749e43c4e346c2a0e555fdd4f197cb P 5b6a5eb7dd584218919f343a8661dd95 [term 0 FOLLOWER]: Replica starting. Triggering 0 pending ops. Active config: opid_index: -1 OBSOLETE_local: false peers { permanent_uuid: "bbc0cf84770f4ab0865de06e62c95c96" member_type: VOTER last_known_addr { host: "127.25.44.1" port: 37503 } } peers { permanent_uuid: "79c86f3ce9e6493ca186baae443790a8" member_type: VOTER last_known_addr { host: "127.25.44.2" port: 38697 } } peers { permanent_uuid: "5b6a5eb7dd584218919f343a8661dd95" member_type: VOTER last_known_addr { host: "127.25.44.3" port: 40621 } }
I20260709 12:21:20.000819 27132 raft_consensus.cc:385] T 87749e43c4e346c2a0e555fdd4f197cb P 5b6a5eb7dd584218919f343a8661dd95 [term 0 FOLLOWER]: Consensus starting up: Expiring failure detector timer to make a prompt election more likely
I20260709 12:21:20.001075 27132 raft_consensus.cc:740] T 87749e43c4e346c2a0e555fdd4f197cb P 5b6a5eb7dd584218919f343a8661dd95 [term 0 FOLLOWER]: Becoming Follower/Learner. State: Replica: 5b6a5eb7dd584218919f343a8661dd95, State: Initialized, Role: FOLLOWER
I20260709 12:21:20.001768 27132 consensus_queue.cc:260] T 87749e43c4e346c2a0e555fdd4f197cb P 5b6a5eb7dd584218919f343a8661dd95 [NON_LEADER]: Queue going to NON_LEADER mode. State: All replicated index: 0, Majority replicated index: 0, Committed index: 0, Last appended: 0.0, Last appended by leader: 0, Current term: 0, Majority size: -1, State: 0, Mode: NON_LEADER, active raft config: opid_index: -1 OBSOLETE_local: false peers { permanent_uuid: "bbc0cf84770f4ab0865de06e62c95c96" member_type: VOTER last_known_addr { host: "127.25.44.1" port: 37503 } } peers { permanent_uuid: "79c86f3ce9e6493ca186baae443790a8" member_type: VOTER last_known_addr { host: "127.25.44.2" port: 38697 } } peers { permanent_uuid: "5b6a5eb7dd584218919f343a8661dd95" member_type: VOTER last_known_addr { host: "127.25.44.3" port: 40621 } }
I20260709 12:21:20.003783 27132 ts_tablet_manager.cc:1434] T 87749e43c4e346c2a0e555fdd4f197cb P 5b6a5eb7dd584218919f343a8661dd95: Time spent starting tablet: real 0.006s	user 0.006s	sys 0.002s
I20260709 12:21:19.994987 27136 raft_consensus.cc:515] T 504e44ff4c8b48bbb2b7399cb8547813 P 79c86f3ce9e6493ca186baae443790a8 [term 0 FOLLOWER]: Starting pre-election with config: opid_index: -1 OBSOLETE_local: false peers { permanent_uuid: "bbc0cf84770f4ab0865de06e62c95c96" member_type: VOTER last_known_addr { host: "127.25.44.1" port: 37503 } } peers { permanent_uuid: "79c86f3ce9e6493ca186baae443790a8" member_type: VOTER last_known_addr { host: "127.25.44.2" port: 38697 } } peers { permanent_uuid: "5b6a5eb7dd584218919f343a8661dd95" member_type: VOTER last_known_addr { host: "127.25.44.3" port: 40621 } }
I20260709 12:21:20.009815 27136 leader_election.cc:290] T 504e44ff4c8b48bbb2b7399cb8547813 P 79c86f3ce9e6493ca186baae443790a8 [CANDIDATE]: Term 1 pre-election: Requested pre-vote from peers bbc0cf84770f4ab0865de06e62c95c96 (127.25.44.1:37503), 5b6a5eb7dd584218919f343a8661dd95 (127.25.44.3:40621)
I20260709 12:21:20.011279 26940 tablet_service.cc:1917] Received RequestConsensusVote() RPC: tablet_id: "504e44ff4c8b48bbb2b7399cb8547813" candidate_uuid: "79c86f3ce9e6493ca186baae443790a8" candidate_term: 1 candidate_status { last_received { term: 0 index: 0 } } ignore_live_leader: false dest_uuid: "bbc0cf84770f4ab0865de06e62c95c96" is_pre_election: true
I20260709 12:21:20.011721 27089 tablet_service.cc:1917] Received RequestConsensusVote() RPC: tablet_id: "504e44ff4c8b48bbb2b7399cb8547813" candidate_uuid: "79c86f3ce9e6493ca186baae443790a8" candidate_term: 1 candidate_status { last_received { term: 0 index: 0 } } ignore_live_leader: false dest_uuid: "5b6a5eb7dd584218919f343a8661dd95" is_pre_election: true
I20260709 12:21:20.012264 27089 raft_consensus.cc:2468] T 504e44ff4c8b48bbb2b7399cb8547813 P 5b6a5eb7dd584218919f343a8661dd95 [term 0 FOLLOWER]: Leader pre-election vote request: Granting yes vote for candidate 79c86f3ce9e6493ca186baae443790a8 in term 0.
W20260709 12:21:20.013085 26979 leader_election.cc:343] T 504e44ff4c8b48bbb2b7399cb8547813 P 79c86f3ce9e6493ca186baae443790a8 [CANDIDATE]: Term 1 pre-election: Tablet error from VoteRequest() call to peer bbc0cf84770f4ab0865de06e62c95c96 (127.25.44.1:37503): Illegal state: must be running to vote when last-logged opid is not known
I20260709 12:21:20.013888 26981 leader_election.cc:304] T 504e44ff4c8b48bbb2b7399cb8547813 P 79c86f3ce9e6493ca186baae443790a8 [CANDIDATE]: Term 1 pre-election: Election decided. Result: candidate won. Election summary: received 3 responses out of 3 voters: 2 yes votes; 1 no votes. yes voters: 5b6a5eb7dd584218919f343a8661dd95, 79c86f3ce9e6493ca186baae443790a8; no voters: bbc0cf84770f4ab0865de06e62c95c96
I20260709 12:21:20.017194 27136 raft_consensus.cc:2804] T 504e44ff4c8b48bbb2b7399cb8547813 P 79c86f3ce9e6493ca186baae443790a8 [term 0 FOLLOWER]: Leader pre-election won for term 1
I20260709 12:21:20.017582 27136 raft_consensus.cc:493] T 504e44ff4c8b48bbb2b7399cb8547813 P 79c86f3ce9e6493ca186baae443790a8 [term 0 FOLLOWER]: Starting leader election (no leader contacted us within the election timeout)
I20260709 12:21:20.017974 27136 raft_consensus.cc:3060] T 504e44ff4c8b48bbb2b7399cb8547813 P 79c86f3ce9e6493ca186baae443790a8 [term 0 FOLLOWER]: Advancing to term 1
I20260709 12:21:20.021562 27132 tablet_bootstrap.cc:492] T 83ec884eae77470c8c9054833cbecfdf P 5b6a5eb7dd584218919f343a8661dd95: Bootstrap starting.
I20260709 12:21:20.025220 27136 raft_consensus.cc:515] T 504e44ff4c8b48bbb2b7399cb8547813 P 79c86f3ce9e6493ca186baae443790a8 [term 1 FOLLOWER]: Starting leader election with config: opid_index: -1 OBSOLETE_local: false peers { permanent_uuid: "bbc0cf84770f4ab0865de06e62c95c96" member_type: VOTER last_known_addr { host: "127.25.44.1" port: 37503 } } peers { permanent_uuid: "79c86f3ce9e6493ca186baae443790a8" member_type: VOTER last_known_addr { host: "127.25.44.2" port: 38697 } } peers { permanent_uuid: "5b6a5eb7dd584218919f343a8661dd95" member_type: VOTER last_known_addr { host: "127.25.44.3" port: 40621 } }
I20260709 12:21:20.027863 26940 tablet_service.cc:1917] Received RequestConsensusVote() RPC: tablet_id: "504e44ff4c8b48bbb2b7399cb8547813" candidate_uuid: "79c86f3ce9e6493ca186baae443790a8" candidate_term: 1 candidate_status { last_received { term: 0 index: 0 } } ignore_live_leader: false dest_uuid: "bbc0cf84770f4ab0865de06e62c95c96"
I20260709 12:21:20.028158 27016 raft_consensus.cc:2468] T affb53aff0d34cdca05125fb8ccc7fa5 P 79c86f3ce9e6493ca186baae443790a8 [term 1 FOLLOWER]: Leader election vote request: Granting yes vote for candidate 5b6a5eb7dd584218919f343a8661dd95 in term 1.
I20260709 12:21:20.028326 27132 tablet_bootstrap.cc:654] T 83ec884eae77470c8c9054833cbecfdf P 5b6a5eb7dd584218919f343a8661dd95: Neither blocks nor log segments found. Creating new log.
W20260709 12:21:20.029295 26979 leader_election.cc:343] T 504e44ff4c8b48bbb2b7399cb8547813 P 79c86f3ce9e6493ca186baae443790a8 [CANDIDATE]: Term 1 election: Tablet error from VoteRequest() call to peer bbc0cf84770f4ab0865de06e62c95c96 (127.25.44.1:37503): Illegal state: must be running to vote when last-logged opid is not known
I20260709 12:21:20.030472 27053 leader_election.cc:304] T affb53aff0d34cdca05125fb8ccc7fa5 P 5b6a5eb7dd584218919f343a8661dd95 [CANDIDATE]: Term 1 election: Election decided. Result: candidate won. Election summary: received 3 responses out of 3 voters: 2 yes votes; 1 no votes. yes voters: 5b6a5eb7dd584218919f343a8661dd95, 79c86f3ce9e6493ca186baae443790a8; no voters: bbc0cf84770f4ab0865de06e62c95c96
I20260709 12:21:20.031663 27163 raft_consensus.cc:2804] T affb53aff0d34cdca05125fb8ccc7fa5 P 5b6a5eb7dd584218919f343a8661dd95 [term 1 FOLLOWER]: Leader election won for term 1
I20260709 12:21:20.032136 27163 raft_consensus.cc:697] T affb53aff0d34cdca05125fb8ccc7fa5 P 5b6a5eb7dd584218919f343a8661dd95 [term 1 LEADER]: Becoming Leader. State: Replica: 5b6a5eb7dd584218919f343a8661dd95, State: Running, Role: LEADER
I20260709 12:21:20.032918 27163 consensus_queue.cc:237] T affb53aff0d34cdca05125fb8ccc7fa5 P 5b6a5eb7dd584218919f343a8661dd95 [LEADER]: Queue going to LEADER mode. State: All replicated index: 0, Majority replicated index: 0, Committed index: 0, Last appended: 0.0, Last appended by leader: 0, Current term: 1, Majority size: 2, State: 0, Mode: LEADER, active raft config: opid_index: -1 OBSOLETE_local: false peers { permanent_uuid: "bbc0cf84770f4ab0865de06e62c95c96" member_type: VOTER last_known_addr { host: "127.25.44.1" port: 37503 } } peers { permanent_uuid: "79c86f3ce9e6493ca186baae443790a8" member_type: VOTER last_known_addr { host: "127.25.44.2" port: 38697 } } peers { permanent_uuid: "5b6a5eb7dd584218919f343a8661dd95" member_type: VOTER last_known_addr { host: "127.25.44.3" port: 40621 } }
I20260709 12:21:20.034377 27131 tablet_bootstrap.cc:492] T 683134969f7d4917991cc031f411f613 P 79c86f3ce9e6493ca186baae443790a8: No bootstrap required, opened a new log
I20260709 12:21:20.034842 27131 ts_tablet_manager.cc:1403] T 683134969f7d4917991cc031f411f613 P 79c86f3ce9e6493ca186baae443790a8: Time spent bootstrapping tablet: real 0.058s	user 0.018s	sys 0.028s
I20260709 12:21:20.037386 27131 raft_consensus.cc:359] T 683134969f7d4917991cc031f411f613 P 79c86f3ce9e6493ca186baae443790a8 [term 0 FOLLOWER]: Replica starting. Triggering 0 pending ops. Active config: opid_index: -1 OBSOLETE_local: false peers { permanent_uuid: "bbc0cf84770f4ab0865de06e62c95c96" member_type: VOTER last_known_addr { host: "127.25.44.1" port: 37503 } } peers { permanent_uuid: "79c86f3ce9e6493ca186baae443790a8" member_type: VOTER last_known_addr { host: "127.25.44.2" port: 38697 } } peers { permanent_uuid: "5b6a5eb7dd584218919f343a8661dd95" member_type: VOTER last_known_addr { host: "127.25.44.3" port: 40621 } }
I20260709 12:21:20.038039 27131 raft_consensus.cc:385] T 683134969f7d4917991cc031f411f613 P 79c86f3ce9e6493ca186baae443790a8 [term 0 FOLLOWER]: Consensus starting up: Expiring failure detector timer to make a prompt election more likely
I20260709 12:21:20.038286 27131 raft_consensus.cc:740] T 683134969f7d4917991cc031f411f613 P 79c86f3ce9e6493ca186baae443790a8 [term 0 FOLLOWER]: Becoming Follower/Learner. State: Replica: 79c86f3ce9e6493ca186baae443790a8, State: Initialized, Role: FOLLOWER
I20260709 12:21:20.038882 27131 consensus_queue.cc:260] T 683134969f7d4917991cc031f411f613 P 79c86f3ce9e6493ca186baae443790a8 [NON_LEADER]: Queue going to NON_LEADER mode. State: All replicated index: 0, Majority replicated index: 0, Committed index: 0, Last appended: 0.0, Last appended by leader: 0, Current term: 0, Majority size: -1, State: 0, Mode: NON_LEADER, active raft config: opid_index: -1 OBSOLETE_local: false peers { permanent_uuid: "bbc0cf84770f4ab0865de06e62c95c96" member_type: VOTER last_known_addr { host: "127.25.44.1" port: 37503 } } peers { permanent_uuid: "79c86f3ce9e6493ca186baae443790a8" member_type: VOTER last_known_addr { host: "127.25.44.2" port: 38697 } } peers { permanent_uuid: "5b6a5eb7dd584218919f343a8661dd95" member_type: VOTER last_known_addr { host: "127.25.44.3" port: 40621 } }
I20260709 12:21:20.041404 27131 ts_tablet_manager.cc:1434] T 683134969f7d4917991cc031f411f613 P 79c86f3ce9e6493ca186baae443790a8: Time spent starting tablet: real 0.006s	user 0.003s	sys 0.004s
I20260709 12:21:20.042873 27131 tablet_bootstrap.cc:492] T 63349143b6e54777b734ef8073156ba5 P 79c86f3ce9e6493ca186baae443790a8: Bootstrap starting.
I20260709 12:21:20.047909 27136 leader_election.cc:290] T 504e44ff4c8b48bbb2b7399cb8547813 P 79c86f3ce9e6493ca186baae443790a8 [CANDIDATE]: Term 1 election: Requested vote from peers bbc0cf84770f4ab0865de06e62c95c96 (127.25.44.1:37503), 5b6a5eb7dd584218919f343a8661dd95 (127.25.44.3:40621)
I20260709 12:21:20.048556 27131 tablet_bootstrap.cc:654] T 63349143b6e54777b734ef8073156ba5 P 79c86f3ce9e6493ca186baae443790a8: Neither blocks nor log segments found. Creating new log.
I20260709 12:21:20.048115 27089 tablet_service.cc:1917] Received RequestConsensusVote() RPC: tablet_id: "504e44ff4c8b48bbb2b7399cb8547813" candidate_uuid: "79c86f3ce9e6493ca186baae443790a8" candidate_term: 1 candidate_status { last_received { term: 0 index: 0 } } ignore_live_leader: false dest_uuid: "5b6a5eb7dd584218919f343a8661dd95"
I20260709 12:21:20.049369 27089 raft_consensus.cc:3060] T 504e44ff4c8b48bbb2b7399cb8547813 P 5b6a5eb7dd584218919f343a8661dd95 [term 0 FOLLOWER]: Advancing to term 1
I20260709 12:21:20.055941 27089 raft_consensus.cc:2468] T 504e44ff4c8b48bbb2b7399cb8547813 P 5b6a5eb7dd584218919f343a8661dd95 [term 1 FOLLOWER]: Leader election vote request: Granting yes vote for candidate 79c86f3ce9e6493ca186baae443790a8 in term 1.
I20260709 12:21:20.056977 26981 leader_election.cc:304] T 504e44ff4c8b48bbb2b7399cb8547813 P 79c86f3ce9e6493ca186baae443790a8 [CANDIDATE]: Term 1 election: Election decided. Result: candidate won. Election summary: received 3 responses out of 3 voters: 2 yes votes; 1 no votes. yes voters: 5b6a5eb7dd584218919f343a8661dd95, 79c86f3ce9e6493ca186baae443790a8; no voters: bbc0cf84770f4ab0865de06e62c95c96
I20260709 12:21:20.058032 27136 raft_consensus.cc:2804] T 504e44ff4c8b48bbb2b7399cb8547813 P 79c86f3ce9e6493ca186baae443790a8 [term 1 FOLLOWER]: Leader election won for term 1
I20260709 12:21:20.057324 26837 catalog_manager.cc:5697] T affb53aff0d34cdca05125fb8ccc7fa5 P 5b6a5eb7dd584218919f343a8661dd95 reported cstate change: term changed from 0 to 1, leader changed from <none> to 5b6a5eb7dd584218919f343a8661dd95 (127.25.44.3). New cstate: current_term: 1 leader_uuid: "5b6a5eb7dd584218919f343a8661dd95" committed_config { opid_index: -1 OBSOLETE_local: false peers { permanent_uuid: "bbc0cf84770f4ab0865de06e62c95c96" member_type: VOTER last_known_addr { host: "127.25.44.1" port: 37503 } health_report { overall_health: UNKNOWN } } peers { permanent_uuid: "79c86f3ce9e6493ca186baae443790a8" member_type: VOTER last_known_addr { host: "127.25.44.2" port: 38697 } health_report { overall_health: UNKNOWN } } peers { permanent_uuid: "5b6a5eb7dd584218919f343a8661dd95" member_type: VOTER last_known_addr { host: "127.25.44.3" port: 40621 } health_report { overall_health: HEALTHY } } }
I20260709 12:21:20.058669 27136 raft_consensus.cc:697] T 504e44ff4c8b48bbb2b7399cb8547813 P 79c86f3ce9e6493ca186baae443790a8 [term 1 LEADER]: Becoming Leader. State: Replica: 79c86f3ce9e6493ca186baae443790a8, State: Running, Role: LEADER
I20260709 12:21:20.061136 27133 tablet_bootstrap.cc:492] T affb53aff0d34cdca05125fb8ccc7fa5 P bbc0cf84770f4ab0865de06e62c95c96: No bootstrap required, opened a new log
I20260709 12:21:20.061620 27133 ts_tablet_manager.cc:1403] T affb53aff0d34cdca05125fb8ccc7fa5 P bbc0cf84770f4ab0865de06e62c95c96: Time spent bootstrapping tablet: real 0.081s	user 0.007s	sys 0.015s
I20260709 12:21:20.062011 27131 tablet_bootstrap.cc:492] T 63349143b6e54777b734ef8073156ba5 P 79c86f3ce9e6493ca186baae443790a8: No bootstrap required, opened a new log
I20260709 12:21:20.062865 27131 ts_tablet_manager.cc:1403] T 63349143b6e54777b734ef8073156ba5 P 79c86f3ce9e6493ca186baae443790a8: Time spent bootstrapping tablet: real 0.020s	user 0.004s	sys 0.011s
I20260709 12:21:20.064360 27133 raft_consensus.cc:359] T affb53aff0d34cdca05125fb8ccc7fa5 P bbc0cf84770f4ab0865de06e62c95c96 [term 0 FOLLOWER]: Replica starting. Triggering 0 pending ops. Active config: opid_index: -1 OBSOLETE_local: false peers { permanent_uuid: "bbc0cf84770f4ab0865de06e62c95c96" member_type: VOTER last_known_addr { host: "127.25.44.1" port: 37503 } } peers { permanent_uuid: "79c86f3ce9e6493ca186baae443790a8" member_type: VOTER last_known_addr { host: "127.25.44.2" port: 38697 } } peers { permanent_uuid: "5b6a5eb7dd584218919f343a8661dd95" member_type: VOTER last_known_addr { host: "127.25.44.3" port: 40621 } }
I20260709 12:21:20.065021 27133 raft_consensus.cc:385] T affb53aff0d34cdca05125fb8ccc7fa5 P bbc0cf84770f4ab0865de06e62c95c96 [term 0 FOLLOWER]: Consensus starting up: Expiring failure detector timer to make a prompt election more likely
I20260709 12:21:20.065346 27133 raft_consensus.cc:740] T affb53aff0d34cdca05125fb8ccc7fa5 P bbc0cf84770f4ab0865de06e62c95c96 [term 0 FOLLOWER]: Becoming Follower/Learner. State: Replica: bbc0cf84770f4ab0865de06e62c95c96, State: Initialized, Role: FOLLOWER
I20260709 12:21:20.065191 27131 raft_consensus.cc:359] T 63349143b6e54777b734ef8073156ba5 P 79c86f3ce9e6493ca186baae443790a8 [term 0 FOLLOWER]: Replica starting. Triggering 0 pending ops. Active config: opid_index: -1 OBSOLETE_local: false peers { permanent_uuid: "bbc0cf84770f4ab0865de06e62c95c96" member_type: VOTER last_known_addr { host: "127.25.44.1" port: 37503 } } peers { permanent_uuid: "79c86f3ce9e6493ca186baae443790a8" member_type: VOTER last_known_addr { host: "127.25.44.2" port: 38697 } } peers { permanent_uuid: "5b6a5eb7dd584218919f343a8661dd95" member_type: VOTER last_known_addr { host: "127.25.44.3" port: 40621 } }
I20260709 12:21:20.065845 27131 raft_consensus.cc:385] T 63349143b6e54777b734ef8073156ba5 P 79c86f3ce9e6493ca186baae443790a8 [term 0 FOLLOWER]: Consensus starting up: Expiring failure detector timer to make a prompt election more likely
I20260709 12:21:20.066154 27131 raft_consensus.cc:740] T 63349143b6e54777b734ef8073156ba5 P 79c86f3ce9e6493ca186baae443790a8 [term 0 FOLLOWER]: Becoming Follower/Learner. State: Replica: 79c86f3ce9e6493ca186baae443790a8, State: Initialized, Role: FOLLOWER
I20260709 12:21:20.066494 27133 consensus_queue.cc:260] T affb53aff0d34cdca05125fb8ccc7fa5 P bbc0cf84770f4ab0865de06e62c95c96 [NON_LEADER]: Queue going to NON_LEADER mode. State: All replicated index: 0, Majority replicated index: 0, Committed index: 0, Last appended: 0.0, Last appended by leader: 0, Current term: 0, Majority size: -1, State: 0, Mode: NON_LEADER, active raft config: opid_index: -1 OBSOLETE_local: false peers { permanent_uuid: "bbc0cf84770f4ab0865de06e62c95c96" member_type: VOTER last_known_addr { host: "127.25.44.1" port: 37503 } } peers { permanent_uuid: "79c86f3ce9e6493ca186baae443790a8" member_type: VOTER last_known_addr { host: "127.25.44.2" port: 38697 } } peers { permanent_uuid: "5b6a5eb7dd584218919f343a8661dd95" member_type: VOTER last_known_addr { host: "127.25.44.3" port: 40621 } }
I20260709 12:21:20.066756 27131 consensus_queue.cc:260] T 63349143b6e54777b734ef8073156ba5 P 79c86f3ce9e6493ca186baae443790a8 [NON_LEADER]: Queue going to NON_LEADER mode. State: All replicated index: 0, Majority replicated index: 0, Committed index: 0, Last appended: 0.0, Last appended by leader: 0, Current term: 0, Majority size: -1, State: 0, Mode: NON_LEADER, active raft config: opid_index: -1 OBSOLETE_local: false peers { permanent_uuid: "bbc0cf84770f4ab0865de06e62c95c96" member_type: VOTER last_known_addr { host: "127.25.44.1" port: 37503 } } peers { permanent_uuid: "79c86f3ce9e6493ca186baae443790a8" member_type: VOTER last_known_addr { host: "127.25.44.2" port: 38697 } } peers { permanent_uuid: "5b6a5eb7dd584218919f343a8661dd95" member_type: VOTER last_known_addr { host: "127.25.44.3" port: 40621 } }
I20260709 12:21:20.067209 27136 consensus_queue.cc:237] T 504e44ff4c8b48bbb2b7399cb8547813 P 79c86f3ce9e6493ca186baae443790a8 [LEADER]: Queue going to LEADER mode. State: All replicated index: 0, Majority replicated index: 0, Committed index: 0, Last appended: 0.0, Last appended by leader: 0, Current term: 1, Majority size: 2, State: 0, Mode: LEADER, active raft config: opid_index: -1 OBSOLETE_local: false peers { permanent_uuid: "bbc0cf84770f4ab0865de06e62c95c96" member_type: VOTER last_known_addr { host: "127.25.44.1" port: 37503 } } peers { permanent_uuid: "79c86f3ce9e6493ca186baae443790a8" member_type: VOTER last_known_addr { host: "127.25.44.2" port: 38697 } } peers { permanent_uuid: "5b6a5eb7dd584218919f343a8661dd95" member_type: VOTER last_known_addr { host: "127.25.44.3" port: 40621 } }
I20260709 12:21:20.068017 27132 tablet_bootstrap.cc:492] T 83ec884eae77470c8c9054833cbecfdf P 5b6a5eb7dd584218919f343a8661dd95: No bootstrap required, opened a new log
I20260709 12:21:20.068432 27132 ts_tablet_manager.cc:1403] T 83ec884eae77470c8c9054833cbecfdf P 5b6a5eb7dd584218919f343a8661dd95: Time spent bootstrapping tablet: real 0.048s	user 0.017s	sys 0.017s
I20260709 12:21:20.068796 27131 ts_tablet_manager.cc:1434] T 63349143b6e54777b734ef8073156ba5 P 79c86f3ce9e6493ca186baae443790a8: Time spent starting tablet: real 0.006s	user 0.007s	sys 0.000s
I20260709 12:21:20.069587 27131 tablet_bootstrap.cc:492] T 87749e43c4e346c2a0e555fdd4f197cb P 79c86f3ce9e6493ca186baae443790a8: Bootstrap starting.
I20260709 12:21:20.070735 27132 raft_consensus.cc:359] T 83ec884eae77470c8c9054833cbecfdf P 5b6a5eb7dd584218919f343a8661dd95 [term 0 FOLLOWER]: Replica starting. Triggering 0 pending ops. Active config: opid_index: -1 OBSOLETE_local: false peers { permanent_uuid: "bbc0cf84770f4ab0865de06e62c95c96" member_type: VOTER last_known_addr { host: "127.25.44.1" port: 37503 } } peers { permanent_uuid: "79c86f3ce9e6493ca186baae443790a8" member_type: VOTER last_known_addr { host: "127.25.44.2" port: 38697 } } peers { permanent_uuid: "5b6a5eb7dd584218919f343a8661dd95" member_type: VOTER last_known_addr { host: "127.25.44.3" port: 40621 } }
I20260709 12:21:20.071338 27132 raft_consensus.cc:385] T 83ec884eae77470c8c9054833cbecfdf P 5b6a5eb7dd584218919f343a8661dd95 [term 0 FOLLOWER]: Consensus starting up: Expiring failure detector timer to make a prompt election more likely
I20260709 12:21:20.071614 27132 raft_consensus.cc:740] T 83ec884eae77470c8c9054833cbecfdf P 5b6a5eb7dd584218919f343a8661dd95 [term 0 FOLLOWER]: Becoming Follower/Learner. State: Replica: 5b6a5eb7dd584218919f343a8661dd95, State: Initialized, Role: FOLLOWER
I20260709 12:21:20.072361 27132 consensus_queue.cc:260] T 83ec884eae77470c8c9054833cbecfdf P 5b6a5eb7dd584218919f343a8661dd95 [NON_LEADER]: Queue going to NON_LEADER mode. State: All replicated index: 0, Majority replicated index: 0, Committed index: 0, Last appended: 0.0, Last appended by leader: 0, Current term: 0, Majority size: -1, State: 0, Mode: NON_LEADER, active raft config: opid_index: -1 OBSOLETE_local: false peers { permanent_uuid: "bbc0cf84770f4ab0865de06e62c95c96" member_type: VOTER last_known_addr { host: "127.25.44.1" port: 37503 } } peers { permanent_uuid: "79c86f3ce9e6493ca186baae443790a8" member_type: VOTER last_known_addr { host: "127.25.44.2" port: 38697 } } peers { permanent_uuid: "5b6a5eb7dd584218919f343a8661dd95" member_type: VOTER last_known_addr { host: "127.25.44.3" port: 40621 } }
I20260709 12:21:20.075855 27131 tablet_bootstrap.cc:654] T 87749e43c4e346c2a0e555fdd4f197cb P 79c86f3ce9e6493ca186baae443790a8: Neither blocks nor log segments found. Creating new log.
I20260709 12:21:20.077503 27132 ts_tablet_manager.cc:1434] T 83ec884eae77470c8c9054833cbecfdf P 5b6a5eb7dd584218919f343a8661dd95: Time spent starting tablet: real 0.009s	user 0.005s	sys 0.001s
I20260709 12:21:20.078248 27133 ts_tablet_manager.cc:1434] T affb53aff0d34cdca05125fb8ccc7fa5 P bbc0cf84770f4ab0865de06e62c95c96: Time spent starting tablet: real 0.016s	user 0.005s	sys 0.000s
I20260709 12:21:20.078390 27132 tablet_bootstrap.cc:492] T f9633944f87c4b8282762c7e3afc68a1 P 5b6a5eb7dd584218919f343a8661dd95: Bootstrap starting.
I20260709 12:21:20.081911 27131 tablet_bootstrap.cc:492] T 87749e43c4e346c2a0e555fdd4f197cb P 79c86f3ce9e6493ca186baae443790a8: No bootstrap required, opened a new log
I20260709 12:21:20.082297 27131 ts_tablet_manager.cc:1403] T 87749e43c4e346c2a0e555fdd4f197cb P 79c86f3ce9e6493ca186baae443790a8: Time spent bootstrapping tablet: real 0.013s	user 0.007s	sys 0.003s
I20260709 12:21:20.084671 27131 raft_consensus.cc:359] T 87749e43c4e346c2a0e555fdd4f197cb P 79c86f3ce9e6493ca186baae443790a8 [term 0 FOLLOWER]: Replica starting. Triggering 0 pending ops. Active config: opid_index: -1 OBSOLETE_local: false peers { permanent_uuid: "bbc0cf84770f4ab0865de06e62c95c96" member_type: VOTER last_known_addr { host: "127.25.44.1" port: 37503 } } peers { permanent_uuid: "79c86f3ce9e6493ca186baae443790a8" member_type: VOTER last_known_addr { host: "127.25.44.2" port: 38697 } } peers { permanent_uuid: "5b6a5eb7dd584218919f343a8661dd95" member_type: VOTER last_known_addr { host: "127.25.44.3" port: 40621 } }
I20260709 12:21:20.085283 27131 raft_consensus.cc:385] T 87749e43c4e346c2a0e555fdd4f197cb P 79c86f3ce9e6493ca186baae443790a8 [term 0 FOLLOWER]: Consensus starting up: Expiring failure detector timer to make a prompt election more likely
I20260709 12:21:20.085589 27131 raft_consensus.cc:740] T 87749e43c4e346c2a0e555fdd4f197cb P 79c86f3ce9e6493ca186baae443790a8 [term 0 FOLLOWER]: Becoming Follower/Learner. State: Replica: 79c86f3ce9e6493ca186baae443790a8, State: Initialized, Role: FOLLOWER
I20260709 12:21:20.086496 27132 tablet_bootstrap.cc:654] T f9633944f87c4b8282762c7e3afc68a1 P 5b6a5eb7dd584218919f343a8661dd95: Neither blocks nor log segments found. Creating new log.
I20260709 12:21:20.086288 27131 consensus_queue.cc:260] T 87749e43c4e346c2a0e555fdd4f197cb P 79c86f3ce9e6493ca186baae443790a8 [NON_LEADER]: Queue going to NON_LEADER mode. State: All replicated index: 0, Majority replicated index: 0, Committed index: 0, Last appended: 0.0, Last appended by leader: 0, Current term: 0, Majority size: -1, State: 0, Mode: NON_LEADER, active raft config: opid_index: -1 OBSOLETE_local: false peers { permanent_uuid: "bbc0cf84770f4ab0865de06e62c95c96" member_type: VOTER last_known_addr { host: "127.25.44.1" port: 37503 } } peers { permanent_uuid: "79c86f3ce9e6493ca186baae443790a8" member_type: VOTER last_known_addr { host: "127.25.44.2" port: 38697 } } peers { permanent_uuid: "5b6a5eb7dd584218919f343a8661dd95" member_type: VOTER last_known_addr { host: "127.25.44.3" port: 40621 } }
I20260709 12:21:20.088753 27131 ts_tablet_manager.cc:1434] T 87749e43c4e346c2a0e555fdd4f197cb P 79c86f3ce9e6493ca186baae443790a8: Time spent starting tablet: real 0.006s	user 0.006s	sys 0.001s
I20260709 12:21:20.089619 27131 tablet_bootstrap.cc:492] T e7b0f022ecc04b80ac8b9fdd8bd1ad09 P 79c86f3ce9e6493ca186baae443790a8: Bootstrap starting.
I20260709 12:21:20.085325 27133 tablet_bootstrap.cc:492] T 83ec884eae77470c8c9054833cbecfdf P bbc0cf84770f4ab0865de06e62c95c96: Bootstrap starting.
I20260709 12:21:20.094940 27131 tablet_bootstrap.cc:654] T e7b0f022ecc04b80ac8b9fdd8bd1ad09 P 79c86f3ce9e6493ca186baae443790a8: Neither blocks nor log segments found. Creating new log.
I20260709 12:21:20.098165 26836 catalog_manager.cc:5697] T 504e44ff4c8b48bbb2b7399cb8547813 P 79c86f3ce9e6493ca186baae443790a8 reported cstate change: term changed from 0 to 1, leader changed from <none> to 79c86f3ce9e6493ca186baae443790a8 (127.25.44.2). New cstate: current_term: 1 leader_uuid: "79c86f3ce9e6493ca186baae443790a8" committed_config { opid_index: -1 OBSOLETE_local: false peers { permanent_uuid: "bbc0cf84770f4ab0865de06e62c95c96" member_type: VOTER last_known_addr { host: "127.25.44.1" port: 37503 } health_report { overall_health: UNKNOWN } } peers { permanent_uuid: "79c86f3ce9e6493ca186baae443790a8" member_type: VOTER last_known_addr { host: "127.25.44.2" port: 38697 } health_report { overall_health: HEALTHY } } peers { permanent_uuid: "5b6a5eb7dd584218919f343a8661dd95" member_type: VOTER last_known_addr { host: "127.25.44.3" port: 40621 } health_report { overall_health: UNKNOWN } } }
I20260709 12:21:20.102213 27132 tablet_bootstrap.cc:492] T f9633944f87c4b8282762c7e3afc68a1 P 5b6a5eb7dd584218919f343a8661dd95: No bootstrap required, opened a new log
I20260709 12:21:20.102702 27132 ts_tablet_manager.cc:1403] T f9633944f87c4b8282762c7e3afc68a1 P 5b6a5eb7dd584218919f343a8661dd95: Time spent bootstrapping tablet: real 0.025s	user 0.007s	sys 0.008s
I20260709 12:21:20.103704 27133 tablet_bootstrap.cc:654] T 83ec884eae77470c8c9054833cbecfdf P bbc0cf84770f4ab0865de06e62c95c96: Neither blocks nor log segments found. Creating new log.
I20260709 12:21:20.105193 27132 raft_consensus.cc:359] T f9633944f87c4b8282762c7e3afc68a1 P 5b6a5eb7dd584218919f343a8661dd95 [term 0 FOLLOWER]: Replica starting. Triggering 0 pending ops. Active config: opid_index: -1 OBSOLETE_local: false peers { permanent_uuid: "bbc0cf84770f4ab0865de06e62c95c96" member_type: VOTER last_known_addr { host: "127.25.44.1" port: 37503 } } peers { permanent_uuid: "79c86f3ce9e6493ca186baae443790a8" member_type: VOTER last_known_addr { host: "127.25.44.2" port: 38697 } } peers { permanent_uuid: "5b6a5eb7dd584218919f343a8661dd95" member_type: VOTER last_known_addr { host: "127.25.44.3" port: 40621 } }
I20260709 12:21:20.105810 27132 raft_consensus.cc:385] T f9633944f87c4b8282762c7e3afc68a1 P 5b6a5eb7dd584218919f343a8661dd95 [term 0 FOLLOWER]: Consensus starting up: Expiring failure detector timer to make a prompt election more likely
I20260709 12:21:20.106065 27132 raft_consensus.cc:740] T f9633944f87c4b8282762c7e3afc68a1 P 5b6a5eb7dd584218919f343a8661dd95 [term 0 FOLLOWER]: Becoming Follower/Learner. State: Replica: 5b6a5eb7dd584218919f343a8661dd95, State: Initialized, Role: FOLLOWER
I20260709 12:21:20.106348 27131 tablet_bootstrap.cc:492] T e7b0f022ecc04b80ac8b9fdd8bd1ad09 P 79c86f3ce9e6493ca186baae443790a8: No bootstrap required, opened a new log
I20260709 12:21:20.106732 27131 ts_tablet_manager.cc:1403] T e7b0f022ecc04b80ac8b9fdd8bd1ad09 P 79c86f3ce9e6493ca186baae443790a8: Time spent bootstrapping tablet: real 0.017s	user 0.008s	sys 0.006s
I20260709 12:21:20.106835 27132 consensus_queue.cc:260] T f9633944f87c4b8282762c7e3afc68a1 P 5b6a5eb7dd584218919f343a8661dd95 [NON_LEADER]: Queue going to NON_LEADER mode. State: All replicated index: 0, Majority replicated index: 0, Committed index: 0, Last appended: 0.0, Last appended by leader: 0, Current term: 0, Majority size: -1, State: 0, Mode: NON_LEADER, active raft config: opid_index: -1 OBSOLETE_local: false peers { permanent_uuid: "bbc0cf84770f4ab0865de06e62c95c96" member_type: VOTER last_known_addr { host: "127.25.44.1" port: 37503 } } peers { permanent_uuid: "79c86f3ce9e6493ca186baae443790a8" member_type: VOTER last_known_addr { host: "127.25.44.2" port: 38697 } } peers { permanent_uuid: "5b6a5eb7dd584218919f343a8661dd95" member_type: VOTER last_known_addr { host: "127.25.44.3" port: 40621 } }
I20260709 12:21:20.108126 27141 raft_consensus.cc:493] T affb53aff0d34cdca05125fb8ccc7fa5 P bbc0cf84770f4ab0865de06e62c95c96 [term 0 FOLLOWER]: Starting pre-election (no leader contacted us within the election timeout)
I20260709 12:21:20.108560 27141 raft_consensus.cc:515] T affb53aff0d34cdca05125fb8ccc7fa5 P bbc0cf84770f4ab0865de06e62c95c96 [term 0 FOLLOWER]: Starting pre-election with config: opid_index: -1 OBSOLETE_local: false peers { permanent_uuid: "bbc0cf84770f4ab0865de06e62c95c96" member_type: VOTER last_known_addr { host: "127.25.44.1" port: 37503 } } peers { permanent_uuid: "79c86f3ce9e6493ca186baae443790a8" member_type: VOTER last_known_addr { host: "127.25.44.2" port: 38697 } } peers { permanent_uuid: "5b6a5eb7dd584218919f343a8661dd95" member_type: VOTER last_known_addr { host: "127.25.44.3" port: 40621 } }
I20260709 12:21:20.109508 27131 raft_consensus.cc:359] T e7b0f022ecc04b80ac8b9fdd8bd1ad09 P 79c86f3ce9e6493ca186baae443790a8 [term 0 FOLLOWER]: Replica starting. Triggering 0 pending ops. Active config: opid_index: -1 OBSOLETE_local: false peers { permanent_uuid: "bbc0cf84770f4ab0865de06e62c95c96" member_type: VOTER last_known_addr { host: "127.25.44.1" port: 37503 } } peers { permanent_uuid: "79c86f3ce9e6493ca186baae443790a8" member_type: VOTER last_known_addr { host: "127.25.44.2" port: 38697 } } peers { permanent_uuid: "5b6a5eb7dd584218919f343a8661dd95" member_type: VOTER last_known_addr { host: "127.25.44.3" port: 40621 } }
I20260709 12:21:20.110108 27131 raft_consensus.cc:385] T e7b0f022ecc04b80ac8b9fdd8bd1ad09 P 79c86f3ce9e6493ca186baae443790a8 [term 0 FOLLOWER]: Consensus starting up: Expiring failure detector timer to make a prompt election more likely
I20260709 12:21:20.110344 27131 raft_consensus.cc:740] T e7b0f022ecc04b80ac8b9fdd8bd1ad09 P 79c86f3ce9e6493ca186baae443790a8 [term 0 FOLLOWER]: Becoming Follower/Learner. State: Replica: 79c86f3ce9e6493ca186baae443790a8, State: Initialized, Role: FOLLOWER
I20260709 12:21:20.110491 27141 leader_election.cc:290] T affb53aff0d34cdca05125fb8ccc7fa5 P bbc0cf84770f4ab0865de06e62c95c96 [CANDIDATE]: Term 1 pre-election: Requested pre-vote from peers 79c86f3ce9e6493ca186baae443790a8 (127.25.44.2:38697), 5b6a5eb7dd584218919f343a8661dd95 (127.25.44.3:40621)
I20260709 12:21:20.111102 27131 consensus_queue.cc:260] T e7b0f022ecc04b80ac8b9fdd8bd1ad09 P 79c86f3ce9e6493ca186baae443790a8 [NON_LEADER]: Queue going to NON_LEADER mode. State: All replicated index: 0, Majority replicated index: 0, Committed index: 0, Last appended: 0.0, Last appended by leader: 0, Current term: 0, Majority size: -1, State: 0, Mode: NON_LEADER, active raft config: opid_index: -1 OBSOLETE_local: false peers { permanent_uuid: "bbc0cf84770f4ab0865de06e62c95c96" member_type: VOTER last_known_addr { host: "127.25.44.1" port: 37503 } } peers { permanent_uuid: "79c86f3ce9e6493ca186baae443790a8" member_type: VOTER last_known_addr { host: "127.25.44.2" port: 38697 } } peers { permanent_uuid: "5b6a5eb7dd584218919f343a8661dd95" member_type: VOTER last_known_addr { host: "127.25.44.3" port: 40621 } }
I20260709 12:21:20.111831 27136 raft_consensus.cc:493] T fc0ade5573bc408a8c9a3b854a70d502 P 79c86f3ce9e6493ca186baae443790a8 [term 0 FOLLOWER]: Starting pre-election (no leader contacted us within the election timeout)
I20260709 12:21:20.112425 27132 ts_tablet_manager.cc:1434] T f9633944f87c4b8282762c7e3afc68a1 P 5b6a5eb7dd584218919f343a8661dd95: Time spent starting tablet: real 0.009s	user 0.007s	sys 0.000s
I20260709 12:21:20.112574 27089 tablet_service.cc:1917] Received RequestConsensusVote() RPC: tablet_id: "affb53aff0d34cdca05125fb8ccc7fa5" candidate_uuid: "bbc0cf84770f4ab0865de06e62c95c96" candidate_term: 1 candidate_status { last_received { term: 0 index: 0 } } ignore_live_leader: false dest_uuid: "5b6a5eb7dd584218919f343a8661dd95" is_pre_election: true
I20260709 12:21:20.113204 27131 ts_tablet_manager.cc:1434] T e7b0f022ecc04b80ac8b9fdd8bd1ad09 P 79c86f3ce9e6493ca186baae443790a8: Time spent starting tablet: real 0.006s	user 0.003s	sys 0.003s
I20260709 12:21:20.113322 27132 tablet_bootstrap.cc:492] T 683134969f7d4917991cc031f411f613 P 5b6a5eb7dd584218919f343a8661dd95: Bootstrap starting.
I20260709 12:21:20.112411 27163 raft_consensus.cc:493] T 63349143b6e54777b734ef8073156ba5 P 5b6a5eb7dd584218919f343a8661dd95 [term 0 FOLLOWER]: Starting pre-election (no leader contacted us within the election timeout)
I20260709 12:21:20.113729 27016 tablet_service.cc:1917] Received RequestConsensusVote() RPC: tablet_id: "affb53aff0d34cdca05125fb8ccc7fa5" candidate_uuid: "bbc0cf84770f4ab0865de06e62c95c96" candidate_term: 1 candidate_status { last_received { term: 0 index: 0 } } ignore_live_leader: false dest_uuid: "79c86f3ce9e6493ca186baae443790a8" is_pre_election: true
I20260709 12:21:20.114080 27131 tablet_bootstrap.cc:492] T 2531749dea5c445b9ad060514b795587 P 79c86f3ce9e6493ca186baae443790a8: Bootstrap starting.
I20260709 12:21:20.113806 27163 raft_consensus.cc:515] T 63349143b6e54777b734ef8073156ba5 P 5b6a5eb7dd584218919f343a8661dd95 [term 0 FOLLOWER]: Starting pre-election with config: opid_index: -1 OBSOLETE_local: false peers { permanent_uuid: "bbc0cf84770f4ab0865de06e62c95c96" member_type: VOTER last_known_addr { host: "127.25.44.1" port: 37503 } } peers { permanent_uuid: "79c86f3ce9e6493ca186baae443790a8" member_type: VOTER last_known_addr { host: "127.25.44.2" port: 38697 } } peers { permanent_uuid: "5b6a5eb7dd584218919f343a8661dd95" member_type: VOTER last_known_addr { host: "127.25.44.3" port: 40621 } }
I20260709 12:21:20.114439 27016 raft_consensus.cc:2393] T affb53aff0d34cdca05125fb8ccc7fa5 P 79c86f3ce9e6493ca186baae443790a8 [term 1 FOLLOWER]: Leader pre-election vote request: Denying vote to candidate bbc0cf84770f4ab0865de06e62c95c96 in current term 1: Already voted for candidate 5b6a5eb7dd584218919f343a8661dd95 in this term.
I20260709 12:21:20.115788 27163 leader_election.cc:290] T 63349143b6e54777b734ef8073156ba5 P 5b6a5eb7dd584218919f343a8661dd95 [CANDIDATE]: Term 1 pre-election: Requested pre-vote from peers bbc0cf84770f4ab0865de06e62c95c96 (127.25.44.1:37503), 79c86f3ce9e6493ca186baae443790a8 (127.25.44.2:38697)
I20260709 12:21:20.117209 27200 raft_consensus.cc:493] T 87749e43c4e346c2a0e555fdd4f197cb P 79c86f3ce9e6493ca186baae443790a8 [term 0 FOLLOWER]: Starting pre-election (no leader contacted us within the election timeout)
