I20260709 12:20:21.046293 26113 consensus_queue.cc:1048] T aa2fe417dabc4b07932cb49449331b7b P 082853f56a4d4ee38d80a36c61d62275 [LEADER]: Connected to new peer: Peer: permanent_uuid: "aae4231b1f264916b1b1170bac2d562e" member_type: VOTER last_known_addr { host: "127.25.44.3" port: 43563 }, Status: LMP_MISMATCH, Last received: 0.0, Next index: 2, Last known committed idx: 1, Time since last communication: 0.000s
I20260709 12:20:21.116799 26062 raft_consensus.cc:1275] T 04a4edb2a3dc4c2d9e05f18789738c7d P aae4231b1f264916b1b1170bac2d562e [term 2 FOLLOWER]: Refusing update from remote peer 83d12fcaaac843339a7a981bfe8c1a25: Log matching property violated. Preceding OpId in replica: term: 1 index: 1. Preceding OpId from leader: term: 2 index: 2. (index mismatch)
I20260709 12:20:21.118040 26142 consensus_queue.cc:1048] T 04a4edb2a3dc4c2d9e05f18789738c7d P 83d12fcaaac843339a7a981bfe8c1a25 [LEADER]: Connected to new peer: Peer: permanent_uuid: "aae4231b1f264916b1b1170bac2d562e" member_type: VOTER last_known_addr { host: "127.25.44.3" port: 43563 }, Status: LMP_MISMATCH, Last received: 0.0, Next index: 2, Last known committed idx: 1, Time since last communication: 0.000s
I20260709 12:20:21.125090 25912 raft_consensus.cc:1275] T 04a4edb2a3dc4c2d9e05f18789738c7d P 082853f56a4d4ee38d80a36c61d62275 [term 2 FOLLOWER]: Refusing update from remote peer 83d12fcaaac843339a7a981bfe8c1a25: Log matching property violated. Preceding OpId in replica: term: 1 index: 1. Preceding OpId from leader: term: 2 index: 2. (index mismatch)
I20260709 12:20:21.126555 26118 consensus_queue.cc:1048] T 04a4edb2a3dc4c2d9e05f18789738c7d P 83d12fcaaac843339a7a981bfe8c1a25 [LEADER]: Connected to new peer: Peer: permanent_uuid: "082853f56a4d4ee38d80a36c61d62275" member_type: VOTER last_known_addr { host: "127.25.44.1" port: 43393 }, Status: LMP_MISMATCH, Last received: 0.0, Next index: 2, Last known committed idx: 1, Time since last communication: 0.000s
I20260709 12:20:21.291376 25912 raft_consensus.cc:1275] T 5cc2da9b36bf46d0a93fe693fff7d09b P 082853f56a4d4ee38d80a36c61d62275 [term 2 FOLLOWER]: Refusing update from remote peer 83d12fcaaac843339a7a981bfe8c1a25: Log matching property violated. Preceding OpId in replica: term: 1 index: 1. Preceding OpId from leader: term: 2 index: 2. (index mismatch)
I20260709 12:20:21.292482 26118 consensus_queue.cc:1048] T 5cc2da9b36bf46d0a93fe693fff7d09b P 83d12fcaaac843339a7a981bfe8c1a25 [LEADER]: Connected to new peer: Peer: permanent_uuid: "082853f56a4d4ee38d80a36c61d62275" member_type: VOTER last_known_addr { host: "127.25.44.1" port: 43393 }, Status: LMP_MISMATCH, Last received: 0.0, Next index: 2, Last known committed idx: 1, Time since last communication: 0.000s
I20260709 12:20:21.298870 26062 raft_consensus.cc:1275] T 5cc2da9b36bf46d0a93fe693fff7d09b P aae4231b1f264916b1b1170bac2d562e [term 2 FOLLOWER]: Refusing update from remote peer 83d12fcaaac843339a7a981bfe8c1a25: Log matching property violated. Preceding OpId in replica: term: 1 index: 1. Preceding OpId from leader: term: 2 index: 2. (index mismatch)
I20260709 12:20:21.300763 26162 consensus_queue.cc:1048] T 5cc2da9b36bf46d0a93fe693fff7d09b P 83d12fcaaac843339a7a981bfe8c1a25 [LEADER]: Connected to new peer: Peer: permanent_uuid: "aae4231b1f264916b1b1170bac2d562e" member_type: VOTER last_known_addr { host: "127.25.44.3" port: 43563 }, Status: LMP_MISMATCH, Last received: 0.0, Next index: 2, Last known committed idx: 1, Time since last communication: 0.000s
I20260709 12:20:21.434201 25988 raft_consensus.cc:1275] T 09687d4827264a3b86014c9b5001af6d P 83d12fcaaac843339a7a981bfe8c1a25 [term 2 FOLLOWER]: Refusing update from remote peer aae4231b1f264916b1b1170bac2d562e: Log matching property violated. Preceding OpId in replica: term: 1 index: 1. Preceding OpId from leader: term: 2 index: 2. (index mismatch)
I20260709 12:20:21.435282 26115 consensus_queue.cc:1048] T 09687d4827264a3b86014c9b5001af6d P aae4231b1f264916b1b1170bac2d562e [LEADER]: Connected to new peer: Peer: permanent_uuid: "83d12fcaaac843339a7a981bfe8c1a25" member_type: VOTER last_known_addr { host: "127.25.44.2" port: 37121 }, Status: LMP_MISMATCH, Last received: 0.0, Next index: 2, Last known committed idx: 1, Time since last communication: 0.000s
I20260709 12:20:21.444504 25912 raft_consensus.cc:1275] T 09687d4827264a3b86014c9b5001af6d P 082853f56a4d4ee38d80a36c61d62275 [term 2 FOLLOWER]: Refusing update from remote peer aae4231b1f264916b1b1170bac2d562e: Log matching property violated. Preceding OpId in replica: term: 1 index: 1. Preceding OpId from leader: term: 2 index: 2. (index mismatch)
I20260709 12:20:21.445876 26192 consensus_queue.cc:1048] T 09687d4827264a3b86014c9b5001af6d P aae4231b1f264916b1b1170bac2d562e [LEADER]: Connected to new peer: Peer: permanent_uuid: "082853f56a4d4ee38d80a36c61d62275" member_type: VOTER last_known_addr { host: "127.25.44.1" port: 43393 }, Status: LMP_MISMATCH, Last received: 0.0, Next index: 2, Last known committed idx: 1, Time since last communication: 0.000s
I20260709 12:20:23.401690 25776 auto_leader_rebalancer-test.cc:294] The leader distribution is 
I20260709 12:20:23.402411 25776 auto_leader_rebalancer.cc:141] leader rebalance for table test-workload
I20260709 12:20:23.416281 25988 tablet_service.cc:2072] Received LeaderStepDown RPC: tablet_id: "393021229d7c4aeab81163c479fa13df"
dest_uuid: "83d12fcaaac843339a7a981bfe8c1a25"
mode: GRACEFUL
new_leader_uuid: "aae4231b1f264916b1b1170bac2d562e"
 from {username='slave'} at 127.0.0.1:56692
I20260709 12:20:23.416746 25988 raft_consensus.cc:606] T 393021229d7c4aeab81163c479fa13df P 83d12fcaaac843339a7a981bfe8c1a25 [term 1 LEADER]: Received request to transfer leadership to TS aae4231b1f264916b1b1170bac2d562e
I20260709 12:20:23.429600 25912 tablet_service.cc:2072] Received LeaderStepDown RPC: tablet_id: "431b2ce6c3894d5cbd90c3599575978a"
dest_uuid: "082853f56a4d4ee38d80a36c61d62275"
mode: GRACEFUL
new_leader_uuid: "aae4231b1f264916b1b1170bac2d562e"
 from {username='slave'} at 127.0.0.1:44370
I20260709 12:20:23.430053 25912 raft_consensus.cc:606] T 431b2ce6c3894d5cbd90c3599575978a P 082853f56a4d4ee38d80a36c61d62275 [term 1 LEADER]: Received request to transfer leadership to TS aae4231b1f264916b1b1170bac2d562e
I20260709 12:20:23.431058 25776 auto_leader_rebalancer.cc:440] table: test-workload, leader rebalance finish, leader transfer count: 2
I20260709 12:20:23.431471 25776 auto_leader_rebalancer.cc:515] All tables' leader rebalancing finished this round
I20260709 12:20:23.643429 26113 raft_consensus.cc:993] T 431b2ce6c3894d5cbd90c3599575978a P 082853f56a4d4ee38d80a36c61d62275: : Instructing follower aae4231b1f264916b1b1170bac2d562e to start an election
I20260709 12:20:23.643807 26202 raft_consensus.cc:1081] T 431b2ce6c3894d5cbd90c3599575978a P 082853f56a4d4ee38d80a36c61d62275 [term 1 LEADER]: Signalling peer aae4231b1f264916b1b1170bac2d562e to start an election
I20260709 12:20:23.645095 26061 tablet_service.cc:2044] Received Run Leader Election RPC: tablet_id: "431b2ce6c3894d5cbd90c3599575978a"
dest_uuid: "aae4231b1f264916b1b1170bac2d562e"
 from {username='slave'} at 127.0.0.1:57660
I20260709 12:20:23.645532 26061 raft_consensus.cc:493] T 431b2ce6c3894d5cbd90c3599575978a P aae4231b1f264916b1b1170bac2d562e [term 1 FOLLOWER]: Starting forced leader election (received explicit request)
I20260709 12:20:23.645803 26061 raft_consensus.cc:3060] T 431b2ce6c3894d5cbd90c3599575978a P aae4231b1f264916b1b1170bac2d562e [term 1 FOLLOWER]: Advancing to term 2
I20260709 12:20:23.650130 26061 raft_consensus.cc:515] T 431b2ce6c3894d5cbd90c3599575978a P aae4231b1f264916b1b1170bac2d562e [term 2 FOLLOWER]: Starting forced leader election with config: opid_index: -1 OBSOLETE_local: false peers { permanent_uuid: "082853f56a4d4ee38d80a36c61d62275" member_type: VOTER last_known_addr { host: "127.25.44.1" port: 43393 } } peers { permanent_uuid: "83d12fcaaac843339a7a981bfe8c1a25" member_type: VOTER last_known_addr { host: "127.25.44.2" port: 37121 } } peers { permanent_uuid: "aae4231b1f264916b1b1170bac2d562e" member_type: VOTER last_known_addr { host: "127.25.44.3" port: 43563 } }
I20260709 12:20:23.651681 26061 leader_election.cc:290] T 431b2ce6c3894d5cbd90c3599575978a P aae4231b1f264916b1b1170bac2d562e [CANDIDATE]: Term 2 election: Requested vote from peers 082853f56a4d4ee38d80a36c61d62275 (127.25.44.1:43393), 83d12fcaaac843339a7a981bfe8c1a25 (127.25.44.2:37121)
I20260709 12:20:23.652277 25912 tablet_service.cc:1917] Received RequestConsensusVote() RPC: tablet_id: "431b2ce6c3894d5cbd90c3599575978a" candidate_uuid: "aae4231b1f264916b1b1170bac2d562e" candidate_term: 2 candidate_status { last_received { term: 1 index: 1 } } ignore_live_leader: true dest_uuid: "082853f56a4d4ee38d80a36c61d62275"
I20260709 12:20:23.652623 25988 tablet_service.cc:1917] Received RequestConsensusVote() RPC: tablet_id: "431b2ce6c3894d5cbd90c3599575978a" candidate_uuid: "aae4231b1f264916b1b1170bac2d562e" candidate_term: 2 candidate_status { last_received { term: 1 index: 1 } } ignore_live_leader: true dest_uuid: "83d12fcaaac843339a7a981bfe8c1a25"
I20260709 12:20:23.652762 25912 raft_consensus.cc:3055] T 431b2ce6c3894d5cbd90c3599575978a P 082853f56a4d4ee38d80a36c61d62275 [term 1 LEADER]: Stepping down as leader of term 1
I20260709 12:20:23.653079 25988 raft_consensus.cc:3060] T 431b2ce6c3894d5cbd90c3599575978a P 83d12fcaaac843339a7a981bfe8c1a25 [term 1 FOLLOWER]: Advancing to term 2
I20260709 12:20:23.653064 25912 raft_consensus.cc:740] T 431b2ce6c3894d5cbd90c3599575978a P 082853f56a4d4ee38d80a36c61d62275 [term 1 LEADER]: Becoming Follower/Learner. State: Replica: 082853f56a4d4ee38d80a36c61d62275, State: Running, Role: LEADER
I20260709 12:20:23.653843 25912 consensus_queue.cc:260] T 431b2ce6c3894d5cbd90c3599575978a P 082853f56a4d4ee38d80a36c61d62275 [NON_LEADER]: Queue going to NON_LEADER mode. State: All replicated index: 0, Majority replicated index: 1, Committed index: 1, Last appended: 1.1, Last appended by leader: 1, Current term: 1, Majority size: -1, State: 0, Mode: NON_LEADER, active raft config: opid_index: -1 OBSOLETE_local: false peers { permanent_uuid: "082853f56a4d4ee38d80a36c61d62275" member_type: VOTER last_known_addr { host: "127.25.44.1" port: 43393 } } peers { permanent_uuid: "83d12fcaaac843339a7a981bfe8c1a25" member_type: VOTER last_known_addr { host: "127.25.44.2" port: 37121 } } peers { permanent_uuid: "aae4231b1f264916b1b1170bac2d562e" member_type: VOTER last_known_addr { host: "127.25.44.3" port: 43563 } }
I20260709 12:20:23.654642 25912 raft_consensus.cc:3060] T 431b2ce6c3894d5cbd90c3599575978a P 082853f56a4d4ee38d80a36c61d62275 [term 1 FOLLOWER]: Advancing to term 2
I20260709 12:20:23.656842 25988 raft_consensus.cc:2468] T 431b2ce6c3894d5cbd90c3599575978a P 83d12fcaaac843339a7a981bfe8c1a25 [term 2 FOLLOWER]: Leader election vote request: Granting yes vote for candidate aae4231b1f264916b1b1170bac2d562e in term 2.
I20260709 12:20:23.657723 26025 leader_election.cc:304] T 431b2ce6c3894d5cbd90c3599575978a P aae4231b1f264916b1b1170bac2d562e [CANDIDATE]: Term 2 election: Election decided. Result: candidate won. Election summary: received 2 responses out of 3 voters: 2 yes votes; 0 no votes. yes voters: 83d12fcaaac843339a7a981bfe8c1a25, aae4231b1f264916b1b1170bac2d562e; no voters: 
I20260709 12:20:23.658427 26192 raft_consensus.cc:2804] T 431b2ce6c3894d5cbd90c3599575978a P aae4231b1f264916b1b1170bac2d562e [term 2 FOLLOWER]: Leader election won for term 2
I20260709 12:20:23.658951 25912 raft_consensus.cc:2468] T 431b2ce6c3894d5cbd90c3599575978a P 082853f56a4d4ee38d80a36c61d62275 [term 2 FOLLOWER]: Leader election vote request: Granting yes vote for candidate aae4231b1f264916b1b1170bac2d562e in term 2.
I20260709 12:20:23.659431 26192 raft_consensus.cc:697] T 431b2ce6c3894d5cbd90c3599575978a P aae4231b1f264916b1b1170bac2d562e [term 2 LEADER]: Becoming Leader. State: Replica: aae4231b1f264916b1b1170bac2d562e, State: Running, Role: LEADER
I20260709 12:20:23.660225 26192 consensus_queue.cc:237] T 431b2ce6c3894d5cbd90c3599575978a P aae4231b1f264916b1b1170bac2d562e [LEADER]: Queue going to LEADER mode. State: All replicated index: 0, Majority replicated index: 1, Committed index: 1, Last appended: 1.1, Last appended by leader: 1, Current term: 2, Majority size: 2, State: 0, Mode: LEADER, active raft config: opid_index: -1 OBSOLETE_local: false peers { permanent_uuid: "082853f56a4d4ee38d80a36c61d62275" member_type: VOTER last_known_addr { host: "127.25.44.1" port: 43393 } } peers { permanent_uuid: "83d12fcaaac843339a7a981bfe8c1a25" member_type: VOTER last_known_addr { host: "127.25.44.2" port: 37121 } } peers { permanent_uuid: "aae4231b1f264916b1b1170bac2d562e" member_type: VOTER last_known_addr { host: "127.25.44.3" port: 43563 } }
I20260709 12:20:23.666383 25807 catalog_manager.cc:5697] T 431b2ce6c3894d5cbd90c3599575978a P aae4231b1f264916b1b1170bac2d562e reported cstate change: term changed from 1 to 2, leader changed from 082853f56a4d4ee38d80a36c61d62275 (127.25.44.1) to aae4231b1f264916b1b1170bac2d562e (127.25.44.3). New cstate: current_term: 2 leader_uuid: "aae4231b1f264916b1b1170bac2d562e" committed_config { opid_index: -1 OBSOLETE_local: false peers { permanent_uuid: "082853f56a4d4ee38d80a36c61d62275" member_type: VOTER last_known_addr { host: "127.25.44.1" port: 43393 } health_report { overall_health: UNKNOWN } } peers { permanent_uuid: "83d12fcaaac843339a7a981bfe8c1a25" member_type: VOTER last_known_addr { host: "127.25.44.2" port: 37121 } health_report { overall_health: UNKNOWN } } peers { permanent_uuid: "aae4231b1f264916b1b1170bac2d562e" member_type: VOTER last_known_addr { host: "127.25.44.3" port: 43563 } health_report { overall_health: HEALTHY } } }
I20260709 12:20:23.825187 26162 raft_consensus.cc:993] T 393021229d7c4aeab81163c479fa13df P 83d12fcaaac843339a7a981bfe8c1a25: : Instructing follower aae4231b1f264916b1b1170bac2d562e to start an election
I20260709 12:20:23.825567 26209 raft_consensus.cc:1081] T 393021229d7c4aeab81163c479fa13df P 83d12fcaaac843339a7a981bfe8c1a25 [term 1 LEADER]: Signalling peer aae4231b1f264916b1b1170bac2d562e to start an election
I20260709 12:20:23.826901 26061 tablet_service.cc:2044] Received Run Leader Election RPC: tablet_id: "393021229d7c4aeab81163c479fa13df"
dest_uuid: "aae4231b1f264916b1b1170bac2d562e"
 from {username='slave'} at 127.0.0.1:57676
I20260709 12:20:23.827332 26061 raft_consensus.cc:493] T 393021229d7c4aeab81163c479fa13df P aae4231b1f264916b1b1170bac2d562e [term 1 FOLLOWER]: Starting forced leader election (received explicit request)
I20260709 12:20:23.827615 26061 raft_consensus.cc:3060] T 393021229d7c4aeab81163c479fa13df P aae4231b1f264916b1b1170bac2d562e [term 1 FOLLOWER]: Advancing to term 2
I20260709 12:20:23.831668 26061 raft_consensus.cc:515] T 393021229d7c4aeab81163c479fa13df P aae4231b1f264916b1b1170bac2d562e [term 2 FOLLOWER]: Starting forced leader election with config: opid_index: -1 OBSOLETE_local: false peers { permanent_uuid: "082853f56a4d4ee38d80a36c61d62275" member_type: VOTER last_known_addr { host: "127.25.44.1" port: 43393 } } peers { permanent_uuid: "83d12fcaaac843339a7a981bfe8c1a25" member_type: VOTER last_known_addr { host: "127.25.44.2" port: 37121 } } peers { permanent_uuid: "aae4231b1f264916b1b1170bac2d562e" member_type: VOTER last_known_addr { host: "127.25.44.3" port: 43563 } }
I20260709 12:20:23.833033 26061 leader_election.cc:290] T 393021229d7c4aeab81163c479fa13df P aae4231b1f264916b1b1170bac2d562e [CANDIDATE]: Term 2 election: Requested vote from peers 082853f56a4d4ee38d80a36c61d62275 (127.25.44.1:43393), 83d12fcaaac843339a7a981bfe8c1a25 (127.25.44.2:37121)
I20260709 12:20:23.833734 25912 tablet_service.cc:1917] Received RequestConsensusVote() RPC: tablet_id: "393021229d7c4aeab81163c479fa13df" candidate_uuid: "aae4231b1f264916b1b1170bac2d562e" candidate_term: 2 candidate_status { last_received { term: 1 index: 1 } } ignore_live_leader: true dest_uuid: "082853f56a4d4ee38d80a36c61d62275"
I20260709 12:20:23.833868 25988 tablet_service.cc:1917] Received RequestConsensusVote() RPC: tablet_id: "393021229d7c4aeab81163c479fa13df" candidate_uuid: "aae4231b1f264916b1b1170bac2d562e" candidate_term: 2 candidate_status { last_received { term: 1 index: 1 } } ignore_live_leader: true dest_uuid: "83d12fcaaac843339a7a981bfe8c1a25"
I20260709 12:20:23.834316 25912 raft_consensus.cc:3060] T 393021229d7c4aeab81163c479fa13df P 082853f56a4d4ee38d80a36c61d62275 [term 1 FOLLOWER]: Advancing to term 2
I20260709 12:20:23.834332 25988 raft_consensus.cc:3055] T 393021229d7c4aeab81163c479fa13df P 83d12fcaaac843339a7a981bfe8c1a25 [term 1 LEADER]: Stepping down as leader of term 1
I20260709 12:20:23.834805 25988 raft_consensus.cc:740] T 393021229d7c4aeab81163c479fa13df P 83d12fcaaac843339a7a981bfe8c1a25 [term 1 LEADER]: Becoming Follower/Learner. State: Replica: 83d12fcaaac843339a7a981bfe8c1a25, State: Running, Role: LEADER
I20260709 12:20:23.835480 25988 consensus_queue.cc:260] T 393021229d7c4aeab81163c479fa13df P 83d12fcaaac843339a7a981bfe8c1a25 [NON_LEADER]: Queue going to NON_LEADER mode. State: All replicated index: 0, Majority replicated index: 1, Committed index: 1, Last appended: 1.1, Last appended by leader: 1, Current term: 1, Majority size: -1, State: 0, Mode: NON_LEADER, active raft config: opid_index: -1 OBSOLETE_local: false peers { permanent_uuid: "082853f56a4d4ee38d80a36c61d62275" member_type: VOTER last_known_addr { host: "127.25.44.1" port: 43393 } } peers { permanent_uuid: "83d12fcaaac843339a7a981bfe8c1a25" member_type: VOTER last_known_addr { host: "127.25.44.2" port: 37121 } } peers { permanent_uuid: "aae4231b1f264916b1b1170bac2d562e" member_type: VOTER last_known_addr { host: "127.25.44.3" port: 43563 } }
I20260709 12:20:23.836531 25988 raft_consensus.cc:3060] T 393021229d7c4aeab81163c479fa13df P 83d12fcaaac843339a7a981bfe8c1a25 [term 1 FOLLOWER]: Advancing to term 2
I20260709 12:20:23.840158 25912 raft_consensus.cc:2468] T 393021229d7c4aeab81163c479fa13df P 082853f56a4d4ee38d80a36c61d62275 [term 2 FOLLOWER]: Leader election vote request: Granting yes vote for candidate aae4231b1f264916b1b1170bac2d562e in term 2.
I20260709 12:20:23.841073 26028 leader_election.cc:304] T 393021229d7c4aeab81163c479fa13df P aae4231b1f264916b1b1170bac2d562e [CANDIDATE]: Term 2 election: Election decided. Result: candidate won. Election summary: received 2 responses out of 3 voters: 2 yes votes; 0 no votes. yes voters: 082853f56a4d4ee38d80a36c61d62275, aae4231b1f264916b1b1170bac2d562e; no voters: 
I20260709 12:20:23.841665 25988 raft_consensus.cc:2468] T 393021229d7c4aeab81163c479fa13df P 83d12fcaaac843339a7a981bfe8c1a25 [term 2 FOLLOWER]: Leader election vote request: Granting yes vote for candidate aae4231b1f264916b1b1170bac2d562e in term 2.
I20260709 12:20:23.841666 26192 raft_consensus.cc:2804] T 393021229d7c4aeab81163c479fa13df P aae4231b1f264916b1b1170bac2d562e [term 2 FOLLOWER]: Leader election won for term 2
I20260709 12:20:23.842159 26192 raft_consensus.cc:697] T 393021229d7c4aeab81163c479fa13df P aae4231b1f264916b1b1170bac2d562e [term 2 LEADER]: Becoming Leader. State: Replica: aae4231b1f264916b1b1170bac2d562e, State: Running, Role: LEADER
I20260709 12:20:23.842926 26192 consensus_queue.cc:237] T 393021229d7c4aeab81163c479fa13df P aae4231b1f264916b1b1170bac2d562e [LEADER]: Queue going to LEADER mode. State: All replicated index: 0, Majority replicated index: 1, Committed index: 1, Last appended: 1.1, Last appended by leader: 1, Current term: 2, Majority size: 2, State: 0, Mode: LEADER, active raft config: opid_index: -1 OBSOLETE_local: false peers { permanent_uuid: "082853f56a4d4ee38d80a36c61d62275" member_type: VOTER last_known_addr { host: "127.25.44.1" port: 43393 } } peers { permanent_uuid: "83d12fcaaac843339a7a981bfe8c1a25" member_type: VOTER last_known_addr { host: "127.25.44.2" port: 37121 } } peers { permanent_uuid: "aae4231b1f264916b1b1170bac2d562e" member_type: VOTER last_known_addr { host: "127.25.44.3" port: 43563 } }
I20260709 12:20:23.851648 25807 catalog_manager.cc:5697] T 393021229d7c4aeab81163c479fa13df P aae4231b1f264916b1b1170bac2d562e reported cstate change: term changed from 1 to 2, leader changed from 83d12fcaaac843339a7a981bfe8c1a25 (127.25.44.2) to aae4231b1f264916b1b1170bac2d562e (127.25.44.3). New cstate: current_term: 2 leader_uuid: "aae4231b1f264916b1b1170bac2d562e" committed_config { opid_index: -1 OBSOLETE_local: false peers { permanent_uuid: "082853f56a4d4ee38d80a36c61d62275" member_type: VOTER last_known_addr { host: "127.25.44.1" port: 43393 } health_report { overall_health: UNKNOWN } } peers { permanent_uuid: "83d12fcaaac843339a7a981bfe8c1a25" member_type: VOTER last_known_addr { host: "127.25.44.2" port: 37121 } health_report { overall_health: UNKNOWN } } peers { permanent_uuid: "aae4231b1f264916b1b1170bac2d562e" member_type: VOTER last_known_addr { host: "127.25.44.3" port: 43563 } health_report { overall_health: HEALTHY } } }
I20260709 12:20:24.120471 25988 raft_consensus.cc:1275] T 431b2ce6c3894d5cbd90c3599575978a P 83d12fcaaac843339a7a981bfe8c1a25 [term 2 FOLLOWER]: Refusing update from remote peer aae4231b1f264916b1b1170bac2d562e: Log matching property violated. Preceding OpId in replica: term: 1 index: 1. Preceding OpId from leader: term: 2 index: 2. (index mismatch)
I20260709 12:20:24.121516 26192 consensus_queue.cc:1048] T 431b2ce6c3894d5cbd90c3599575978a P aae4231b1f264916b1b1170bac2d562e [LEADER]: Connected to new peer: Peer: permanent_uuid: "83d12fcaaac843339a7a981bfe8c1a25" member_type: VOTER last_known_addr { host: "127.25.44.2" port: 37121 }, Status: LMP_MISMATCH, Last received: 0.0, Next index: 2, Last known committed idx: 1, Time since last communication: 0.000s
I20260709 12:20:24.129225 25912 raft_consensus.cc:1275] T 431b2ce6c3894d5cbd90c3599575978a P 082853f56a4d4ee38d80a36c61d62275 [term 2 FOLLOWER]: Refusing update from remote peer aae4231b1f264916b1b1170bac2d562e: Log matching property violated. Preceding OpId in replica: term: 1 index: 1. Preceding OpId from leader: term: 2 index: 2. (index mismatch)
I20260709 12:20:24.130685 26213 consensus_queue.cc:1048] T 431b2ce6c3894d5cbd90c3599575978a P aae4231b1f264916b1b1170bac2d562e [LEADER]: Connected to new peer: Peer: permanent_uuid: "082853f56a4d4ee38d80a36c61d62275" member_type: VOTER last_known_addr { host: "127.25.44.1" port: 43393 }, Status: LMP_MISMATCH, Last received: 0.0, Next index: 2, Last known committed idx: 1, Time since last communication: 0.000s
I20260709 12:20:24.229050 25988 raft_consensus.cc:1275] T 393021229d7c4aeab81163c479fa13df P 83d12fcaaac843339a7a981bfe8c1a25 [term 2 FOLLOWER]: Refusing update from remote peer aae4231b1f264916b1b1170bac2d562e: Log matching property violated. Preceding OpId in replica: term: 1 index: 1. Preceding OpId from leader: term: 2 index: 2. (index mismatch)
I20260709 12:20:24.230085 26213 consensus_queue.cc:1048] T 393021229d7c4aeab81163c479fa13df P aae4231b1f264916b1b1170bac2d562e [LEADER]: Connected to new peer: Peer: permanent_uuid: "83d12fcaaac843339a7a981bfe8c1a25" member_type: VOTER last_known_addr { host: "127.25.44.2" port: 37121 }, Status: LMP_MISMATCH, Last received: 0.0, Next index: 2, Last known committed idx: 1, Time since last communication: 0.000s
I20260709 12:20:24.237334 25912 raft_consensus.cc:1275] T 393021229d7c4aeab81163c479fa13df P 082853f56a4d4ee38d80a36c61d62275 [term 2 FOLLOWER]: Refusing update from remote peer aae4231b1f264916b1b1170bac2d562e: Log matching property violated. Preceding OpId in replica: term: 1 index: 1. Preceding OpId from leader: term: 2 index: 2. (index mismatch)
I20260709 12:20:24.238453 26192 consensus_queue.cc:1048] T 393021229d7c4aeab81163c479fa13df P aae4231b1f264916b1b1170bac2d562e [LEADER]: Connected to new peer: Peer: permanent_uuid: "082853f56a4d4ee38d80a36c61d62275" member_type: VOTER last_known_addr { host: "127.25.44.1" port: 43393 }, Status: LMP_MISMATCH, Last received: 0.0, Next index: 2, Last known committed idx: 1, Time since last communication: 0.000s
I20260709 12:20:24.432374 25776 auto_leader_rebalancer.cc:141] leader rebalance for table test-workload
I20260709 12:20:24.437027 25776 auto_leader_rebalancer.cc:440] table: test-workload, leader rebalance finish, leader transfer count: 0
I20260709 12:20:24.437374 25776 auto_leader_rebalancer.cc:515] All tables' leader rebalancing finished this round
I20260709 12:20:25.438237 25776 auto_leader_rebalancer.cc:141] leader rebalance for table test-workload
I20260709 12:20:25.442884 25776 auto_leader_rebalancer.cc:440] table: test-workload, leader rebalance finish, leader transfer count: 0
I20260709 12:20:25.443235 25776 auto_leader_rebalancer.cc:515] All tables' leader rebalancing finished this round
I20260709 12:20:26.444146 25776 auto_leader_rebalancer.cc:141] leader rebalance for table test-workload
I20260709 12:20:26.449170 25776 auto_leader_rebalancer.cc:440] table: test-workload, leader rebalance finish, leader transfer count: 0
I20260709 12:20:26.449476 25776 auto_leader_rebalancer.cc:515] All tables' leader rebalancing finished this round
I20260709 12:20:27.450433 25776 auto_leader_rebalancer.cc:141] leader rebalance for table test-workload
I20260709 12:20:27.455183 25776 auto_leader_rebalancer.cc:440] table: test-workload, leader rebalance finish, leader transfer count: 0
I20260709 12:20:27.455487 25776 auto_leader_rebalancer.cc:515] All tables' leader rebalancing finished this round
I20260709 12:20:28.456440 25776 auto_leader_rebalancer.cc:141] leader rebalance for table test-workload
I20260709 12:20:28.462086 25776 auto_leader_rebalancer.cc:440] table: test-workload, leader rebalance finish, leader transfer count: 0
I20260709 12:20:28.462441 25776 auto_leader_rebalancer.cc:515] All tables' leader rebalancing finished this round
I20260709 12:20:29.463304 25776 auto_leader_rebalancer.cc:141] leader rebalance for table test-workload
I20260709 12:20:29.467869 25776 auto_leader_rebalancer.cc:440] table: test-workload, leader rebalance finish, leader transfer count: 0
I20260709 12:20:29.468221 25776 auto_leader_rebalancer.cc:515] All tables' leader rebalancing finished this round
I20260709 12:20:30.469066 25776 auto_leader_rebalancer.cc:141] leader rebalance for table test-workload
I20260709 12:20:30.473794 25776 auto_leader_rebalancer.cc:440] table: test-workload, leader rebalance finish, leader transfer count: 0
I20260709 12:20:30.474181 25776 auto_leader_rebalancer.cc:515] All tables' leader rebalancing finished this round
I20260709 12:20:31.474937 25776 auto_leader_rebalancer.cc:141] leader rebalance for table test-workload
I20260709 12:20:31.479403 25776 auto_leader_rebalancer.cc:440] table: test-workload, leader rebalance finish, leader transfer count: 0
I20260709 12:20:31.479761 25776 auto_leader_rebalancer.cc:515] All tables' leader rebalancing finished this round
I20260709 12:20:32.480540 25776 auto_leader_rebalancer.cc:141] leader rebalance for table test-workload
I20260709 12:20:32.485270 25776 auto_leader_rebalancer.cc:440] table: test-workload, leader rebalance finish, leader transfer count: 0
I20260709 12:20:32.485625 25776 auto_leader_rebalancer.cc:515] All tables' leader rebalancing finished this round
I20260709 12:20:33.508765 25776 auto_leader_rebalancer-test.cc:313] The leader distribution is 
I20260709 12:20:33.512652 25912 tablet_service.cc:2072] Received LeaderStepDown RPC: tablet_id: "d50a0de073c9418d955ca61391c851b3"
dest_uuid: "082853f56a4d4ee38d80a36c61d62275"
mode: GRACEFUL
new_leader_uuid: "83d12fcaaac843339a7a981bfe8c1a25"
 from {username='slave'} at 127.0.0.1:35226
I20260709 12:20:33.513217 25912 raft_consensus.cc:606] T d50a0de073c9418d955ca61391c851b3 P 082853f56a4d4ee38d80a36c61d62275 [term 1 LEADER]: Received request to transfer leadership to TS 83d12fcaaac843339a7a981bfe8c1a25
I20260709 12:20:33.517465 26061 tablet_service.cc:2072] Received LeaderStepDown RPC: tablet_id: "431b2ce6c3894d5cbd90c3599575978a"
dest_uuid: "aae4231b1f264916b1b1170bac2d562e"
mode: GRACEFUL
new_leader_uuid: "83d12fcaaac843339a7a981bfe8c1a25"
 from {username='slave'} at 127.0.0.1:57688
I20260709 12:20:33.517867 26061 raft_consensus.cc:606] T 431b2ce6c3894d5cbd90c3599575978a P aae4231b1f264916b1b1170bac2d562e [term 2 LEADER]: Received request to transfer leadership to TS 83d12fcaaac843339a7a981bfe8c1a25
I20260709 12:20:33.521822 25912 tablet_service.cc:2072] Received LeaderStepDown RPC: tablet_id: "aa2fe417dabc4b07932cb49449331b7b"
dest_uuid: "082853f56a4d4ee38d80a36c61d62275"
mode: GRACEFUL
new_leader_uuid: "83d12fcaaac843339a7a981bfe8c1a25"
 from {username='slave'} at 127.0.0.1:35226
I20260709 12:20:33.522229 25912 raft_consensus.cc:606] T aa2fe417dabc4b07932cb49449331b7b P 082853f56a4d4ee38d80a36c61d62275 [term 2 LEADER]: Received request to transfer leadership to TS 83d12fcaaac843339a7a981bfe8c1a25
I20260709 12:20:33.526369 25912 tablet_service.cc:2072] Received LeaderStepDown RPC: tablet_id: "a5e19ab3725a48b9b4a0ab9b9d4e1464"
dest_uuid: "082853f56a4d4ee38d80a36c61d62275"
mode: GRACEFUL
new_leader_uuid: "83d12fcaaac843339a7a981bfe8c1a25"
 from {username='slave'} at 127.0.0.1:35226
I20260709 12:20:33.526748 25912 raft_consensus.cc:606] T a5e19ab3725a48b9b4a0ab9b9d4e1464 P 082853f56a4d4ee38d80a36c61d62275 [term 1 LEADER]: Received request to transfer leadership to TS 83d12fcaaac843339a7a981bfe8c1a25
I20260709 12:20:33.534778 26061 tablet_service.cc:2072] Received LeaderStepDown RPC: tablet_id: "393021229d7c4aeab81163c479fa13df"
dest_uuid: "aae4231b1f264916b1b1170bac2d562e"
mode: GRACEFUL
new_leader_uuid: "83d12fcaaac843339a7a981bfe8c1a25"
 from {username='slave'} at 127.0.0.1:57688
I20260709 12:20:33.535181 26061 raft_consensus.cc:606] T 393021229d7c4aeab81163c479fa13df P aae4231b1f264916b1b1170bac2d562e [term 2 LEADER]: Received request to transfer leadership to TS 83d12fcaaac843339a7a981bfe8c1a25
I20260709 12:20:33.605134 26227 raft_consensus.cc:993] T d50a0de073c9418d955ca61391c851b3 P 082853f56a4d4ee38d80a36c61d62275: : Instructing follower 83d12fcaaac843339a7a981bfe8c1a25 to start an election
I20260709 12:20:33.605623 26230 raft_consensus.cc:1081] T d50a0de073c9418d955ca61391c851b3 P 082853f56a4d4ee38d80a36c61d62275 [term 1 LEADER]: Signalling peer 83d12fcaaac843339a7a981bfe8c1a25 to start an election
I20260709 12:20:33.606987 25987 tablet_service.cc:2044] Received Run Leader Election RPC: tablet_id: "d50a0de073c9418d955ca61391c851b3"
dest_uuid: "83d12fcaaac843339a7a981bfe8c1a25"
 from {username='slave'} at 127.0.0.1:45574
I20260709 12:20:33.607429 25987 raft_consensus.cc:493] T d50a0de073c9418d955ca61391c851b3 P 83d12fcaaac843339a7a981bfe8c1a25 [term 1 FOLLOWER]: Starting forced leader election (received explicit request)
I20260709 12:20:33.607745 25987 raft_consensus.cc:3060] T d50a0de073c9418d955ca61391c851b3 P 83d12fcaaac843339a7a981bfe8c1a25 [term 1 FOLLOWER]: Advancing to term 2
I20260709 12:20:33.612493 25987 raft_consensus.cc:515] T d50a0de073c9418d955ca61391c851b3 P 83d12fcaaac843339a7a981bfe8c1a25 [term 2 FOLLOWER]: Starting forced leader election with config: opid_index: -1 OBSOLETE_local: false peers { permanent_uuid: "aae4231b1f264916b1b1170bac2d562e" member_type: VOTER last_known_addr { host: "127.25.44.3" port: 43563 } } peers { permanent_uuid: "082853f56a4d4ee38d80a36c61d62275" member_type: VOTER last_known_addr { host: "127.25.44.1" port: 43393 } } peers { permanent_uuid: "83d12fcaaac843339a7a981bfe8c1a25" member_type: VOTER last_known_addr { host: "127.25.44.2" port: 37121 } }
I20260709 12:20:33.614352 25987 leader_election.cc:290] T d50a0de073c9418d955ca61391c851b3 P 83d12fcaaac843339a7a981bfe8c1a25 [CANDIDATE]: Term 2 election: Requested vote from peers aae4231b1f264916b1b1170bac2d562e (127.25.44.3:43563), 082853f56a4d4ee38d80a36c61d62275 (127.25.44.1:43393)
I20260709 12:20:33.614881 26061 tablet_service.cc:1917] Received RequestConsensusVote() RPC: tablet_id: "d50a0de073c9418d955ca61391c851b3" candidate_uuid: "83d12fcaaac843339a7a981bfe8c1a25" candidate_term: 2 candidate_status { last_received { term: 1 index: 1 } } ignore_live_leader: true dest_uuid: "aae4231b1f264916b1b1170bac2d562e"
I20260709 12:20:33.615340 25912 tablet_service.cc:1917] Received RequestConsensusVote() RPC: tablet_id: "d50a0de073c9418d955ca61391c851b3" candidate_uuid: "83d12fcaaac843339a7a981bfe8c1a25" candidate_term: 2 candidate_status { last_received { term: 1 index: 1 } } ignore_live_leader: true dest_uuid: "082853f56a4d4ee38d80a36c61d62275"
I20260709 12:20:33.615583 26061 raft_consensus.cc:3060] T d50a0de073c9418d955ca61391c851b3 P aae4231b1f264916b1b1170bac2d562e [term 1 FOLLOWER]: Advancing to term 2
I20260709 12:20:33.615854 25912 raft_consensus.cc:3055] T d50a0de073c9418d955ca61391c851b3 P 082853f56a4d4ee38d80a36c61d62275 [term 1 LEADER]: Stepping down as leader of term 1
I20260709 12:20:33.616097 25912 raft_consensus.cc:740] T d50a0de073c9418d955ca61391c851b3 P 082853f56a4d4ee38d80a36c61d62275 [term 1 LEADER]: Becoming Follower/Learner. State: Replica: 082853f56a4d4ee38d80a36c61d62275, State: Running, Role: LEADER
I20260709 12:20:33.616662 25912 consensus_queue.cc:260] T d50a0de073c9418d955ca61391c851b3 P 082853f56a4d4ee38d80a36c61d62275 [NON_LEADER]: Queue going to NON_LEADER mode. State: All replicated index: 0, Majority replicated index: 1, Committed index: 1, Last appended: 1.1, Last appended by leader: 1, Current term: 1, Majority size: -1, State: 0, Mode: NON_LEADER, active raft config: opid_index: -1 OBSOLETE_local: false peers { permanent_uuid: "aae4231b1f264916b1b1170bac2d562e" member_type: VOTER last_known_addr { host: "127.25.44.3" port: 43563 } } peers { permanent_uuid: "082853f56a4d4ee38d80a36c61d62275" member_type: VOTER last_known_addr { host: "127.25.44.1" port: 43393 } } peers { permanent_uuid: "83d12fcaaac843339a7a981bfe8c1a25" member_type: VOTER last_known_addr { host: "127.25.44.2" port: 37121 } }
I20260709 12:20:33.617441 25912 raft_consensus.cc:3060] T d50a0de073c9418d955ca61391c851b3 P 082853f56a4d4ee38d80a36c61d62275 [term 1 FOLLOWER]: Advancing to term 2
I20260709 12:20:33.619437 26061 raft_consensus.cc:2468] T d50a0de073c9418d955ca61391c851b3 P aae4231b1f264916b1b1170bac2d562e [term 2 FOLLOWER]: Leader election vote request: Granting yes vote for candidate 83d12fcaaac843339a7a981bfe8c1a25 in term 2.
I20260709 12:20:33.620450 25953 leader_election.cc:304] T d50a0de073c9418d955ca61391c851b3 P 83d12fcaaac843339a7a981bfe8c1a25 [CANDIDATE]: Term 2 election: Election decided. Result: candidate won. Election summary: received 2 responses out of 3 voters: 2 yes votes; 0 no votes. yes voters: 83d12fcaaac843339a7a981bfe8c1a25, aae4231b1f264916b1b1170bac2d562e; no voters: 
I20260709 12:20:33.621182 26209 raft_consensus.cc:2804] T d50a0de073c9418d955ca61391c851b3 P 83d12fcaaac843339a7a981bfe8c1a25 [term 2 FOLLOWER]: Leader election won for term 2
I20260709 12:20:33.621348 25912 raft_consensus.cc:2468] T d50a0de073c9418d955ca61391c851b3 P 082853f56a4d4ee38d80a36c61d62275 [term 2 FOLLOWER]: Leader election vote request: Granting yes vote for candidate 83d12fcaaac843339a7a981bfe8c1a25 in term 2.
I20260709 12:20:33.622117 26209 raft_consensus.cc:697] T d50a0de073c9418d955ca61391c851b3 P 83d12fcaaac843339a7a981bfe8c1a25 [term 2 LEADER]: Becoming Leader. State: Replica: 83d12fcaaac843339a7a981bfe8c1a25, State: Running, Role: LEADER
I20260709 12:20:33.622926 26209 consensus_queue.cc:237] T d50a0de073c9418d955ca61391c851b3 P 83d12fcaaac843339a7a981bfe8c1a25 [LEADER]: Queue going to LEADER mode. State: All replicated index: 0, Majority replicated index: 1, Committed index: 1, Last appended: 1.1, Last appended by leader: 1, Current term: 2, Majority size: 2, State: 0, Mode: LEADER, active raft config: opid_index: -1 OBSOLETE_local: false peers { permanent_uuid: "aae4231b1f264916b1b1170bac2d562e" member_type: VOTER last_known_addr { host: "127.25.44.3" port: 43563 } } peers { permanent_uuid: "082853f56a4d4ee38d80a36c61d62275" member_type: VOTER last_known_addr { host: "127.25.44.1" port: 43393 } } peers { permanent_uuid: "83d12fcaaac843339a7a981bfe8c1a25" member_type: VOTER last_known_addr { host: "127.25.44.2" port: 37121 } }
I20260709 12:20:33.628545 25807 catalog_manager.cc:5697] T d50a0de073c9418d955ca61391c851b3 P 83d12fcaaac843339a7a981bfe8c1a25 reported cstate change: term changed from 1 to 2, leader changed from 082853f56a4d4ee38d80a36c61d62275 (127.25.44.1) to 83d12fcaaac843339a7a981bfe8c1a25 (127.25.44.2). New cstate: current_term: 2 leader_uuid: "83d12fcaaac843339a7a981bfe8c1a25" committed_config { opid_index: -1 OBSOLETE_local: false peers { permanent_uuid: "aae4231b1f264916b1b1170bac2d562e" member_type: VOTER last_known_addr { host: "127.25.44.3" port: 43563 } health_report { overall_health: UNKNOWN } } peers { permanent_uuid: "082853f56a4d4ee38d80a36c61d62275" member_type: VOTER last_known_addr { host: "127.25.44.1" port: 43393 } health_report { overall_health: UNKNOWN } } peers { permanent_uuid: "83d12fcaaac843339a7a981bfe8c1a25" member_type: VOTER last_known_addr { host: "127.25.44.2" port: 37121 } health_report { overall_health: HEALTHY } } }
I20260709 12:20:33.802704 26227 raft_consensus.cc:993] T aa2fe417dabc4b07932cb49449331b7b P 082853f56a4d4ee38d80a36c61d62275: : Instructing follower 83d12fcaaac843339a7a981bfe8c1a25 to start an election
I20260709 12:20:33.803102 26230 raft_consensus.cc:1081] T aa2fe417dabc4b07932cb49449331b7b P 082853f56a4d4ee38d80a36c61d62275 [term 2 LEADER]: Signalling peer 83d12fcaaac843339a7a981bfe8c1a25 to start an election
I20260709 12:20:33.804313 25987 tablet_service.cc:2044] Received Run Leader Election RPC: tablet_id: "aa2fe417dabc4b07932cb49449331b7b"
dest_uuid: "83d12fcaaac843339a7a981bfe8c1a25"
 from {username='slave'} at 127.0.0.1:45574
I20260709 12:20:33.804726 25987 raft_consensus.cc:493] T aa2fe417dabc4b07932cb49449331b7b P 83d12fcaaac843339a7a981bfe8c1a25 [term 2 FOLLOWER]: Starting forced leader election (received explicit request)
I20260709 12:20:33.804988 25987 raft_consensus.cc:3060] T aa2fe417dabc4b07932cb49449331b7b P 83d12fcaaac843339a7a981bfe8c1a25 [term 2 FOLLOWER]: Advancing to term 3
I20260709 12:20:33.809116 25987 raft_consensus.cc:515] T aa2fe417dabc4b07932cb49449331b7b P 83d12fcaaac843339a7a981bfe8c1a25 [term 3 FOLLOWER]: Starting forced leader election with config: opid_index: -1 OBSOLETE_local: false peers { permanent_uuid: "082853f56a4d4ee38d80a36c61d62275" member_type: VOTER last_known_addr { host: "127.25.44.1" port: 43393 } } peers { permanent_uuid: "83d12fcaaac843339a7a981bfe8c1a25" member_type: VOTER last_known_addr { host: "127.25.44.2" port: 37121 } } peers { permanent_uuid: "aae4231b1f264916b1b1170bac2d562e" member_type: VOTER last_known_addr { host: "127.25.44.3" port: 43563 } }
I20260709 12:20:33.810487 25987 leader_election.cc:290] T aa2fe417dabc4b07932cb49449331b7b P 83d12fcaaac843339a7a981bfe8c1a25 [CANDIDATE]: Term 3 election: Requested vote from peers 082853f56a4d4ee38d80a36c61d62275 (127.25.44.1:43393), aae4231b1f264916b1b1170bac2d562e (127.25.44.3:43563)
I20260709 12:20:33.811127 25912 tablet_service.cc:1917] Received RequestConsensusVote() RPC: tablet_id: "aa2fe417dabc4b07932cb49449331b7b" candidate_uuid: "83d12fcaaac843339a7a981bfe8c1a25" candidate_term: 3 candidate_status { last_received { term: 2 index: 2 } } ignore_live_leader: true dest_uuid: "082853f56a4d4ee38d80a36c61d62275"
I20260709 12:20:33.811515 25912 raft_consensus.cc:3055] T aa2fe417dabc4b07932cb49449331b7b P 082853f56a4d4ee38d80a36c61d62275 [term 2 LEADER]: Stepping down as leader of term 2
I20260709 12:20:33.811527 26061 tablet_service.cc:1917] Received RequestConsensusVote() RPC: tablet_id: "aa2fe417dabc4b07932cb49449331b7b" candidate_uuid: "83d12fcaaac843339a7a981bfe8c1a25" candidate_term: 3 candidate_status { last_received { term: 2 index: 2 } } ignore_live_leader: true dest_uuid: "aae4231b1f264916b1b1170bac2d562e"
I20260709 12:20:33.811887 25912 raft_consensus.cc:740] T aa2fe417dabc4b07932cb49449331b7b P 082853f56a4d4ee38d80a36c61d62275 [term 2 LEADER]: Becoming Follower/Learner. State: Replica: 082853f56a4d4ee38d80a36c61d62275, State: Running, Role: LEADER
I20260709 12:20:33.812105 26061 raft_consensus.cc:3060] T aa2fe417dabc4b07932cb49449331b7b P aae4231b1f264916b1b1170bac2d562e [term 2 FOLLOWER]: Advancing to term 3
I20260709 12:20:33.812583 25912 consensus_queue.cc:260] T aa2fe417dabc4b07932cb49449331b7b P 082853f56a4d4ee38d80a36c61d62275 [NON_LEADER]: Queue going to NON_LEADER mode. State: All replicated index: 0, Majority replicated index: 2, Committed index: 2, Last appended: 2.2, Last appended by leader: 2, Current term: 2, Majority size: -1, State: 0, Mode: NON_LEADER, active raft config: opid_index: -1 OBSOLETE_local: false peers { permanent_uuid: "082853f56a4d4ee38d80a36c61d62275" member_type: VOTER last_known_addr { host: "127.25.44.1" port: 43393 } } peers { permanent_uuid: "83d12fcaaac843339a7a981bfe8c1a25" member_type: VOTER last_known_addr { host: "127.25.44.2" port: 37121 } } peers { permanent_uuid: "aae4231b1f264916b1b1170bac2d562e" member_type: VOTER last_known_addr { host: "127.25.44.3" port: 43563 } }
I20260709 12:20:33.813628 25912 raft_consensus.cc:3060] T aa2fe417dabc4b07932cb49449331b7b P 082853f56a4d4ee38d80a36c61d62275 [term 2 FOLLOWER]: Advancing to term 3
I20260709 12:20:33.817513 26061 raft_consensus.cc:2468] T aa2fe417dabc4b07932cb49449331b7b P aae4231b1f264916b1b1170bac2d562e [term 3 FOLLOWER]: Leader election vote request: Granting yes vote for candidate 83d12fcaaac843339a7a981bfe8c1a25 in term 3.
I20260709 12:20:33.818415 25953 leader_election.cc:304] T aa2fe417dabc4b07932cb49449331b7b P 83d12fcaaac843339a7a981bfe8c1a25 [CANDIDATE]: Term 3 election: Election decided. Result: candidate won. Election summary: received 2 responses out of 3 voters: 2 yes votes; 0 no votes. yes voters: 83d12fcaaac843339a7a981bfe8c1a25, aae4231b1f264916b1b1170bac2d562e; no voters: 
I20260709 12:20:33.818892 25912 raft_consensus.cc:2468] T aa2fe417dabc4b07932cb49449331b7b P 082853f56a4d4ee38d80a36c61d62275 [term 3 FOLLOWER]: Leader election vote request: Granting yes vote for candidate 83d12fcaaac843339a7a981bfe8c1a25 in term 3.
I20260709 12:20:33.819037 26209 raft_consensus.cc:2804] T aa2fe417dabc4b07932cb49449331b7b P 83d12fcaaac843339a7a981bfe8c1a25 [term 3 FOLLOWER]: Leader election won for term 3
I20260709 12:20:33.819444 26209 raft_consensus.cc:697] T aa2fe417dabc4b07932cb49449331b7b P 83d12fcaaac843339a7a981bfe8c1a25 [term 3 LEADER]: Becoming Leader. State: Replica: 83d12fcaaac843339a7a981bfe8c1a25, State: Running, Role: LEADER
I20260709 12:20:33.820201 26209 consensus_queue.cc:237] T aa2fe417dabc4b07932cb49449331b7b P 83d12fcaaac843339a7a981bfe8c1a25 [LEADER]: Queue going to LEADER mode. State: All replicated index: 0, Majority replicated index: 2, Committed index: 2, Last appended: 2.2, Last appended by leader: 2, Current term: 3, Majority size: 2, State: 0, Mode: LEADER, active raft config: opid_index: -1 OBSOLETE_local: false peers { permanent_uuid: "082853f56a4d4ee38d80a36c61d62275" member_type: VOTER last_known_addr { host: "127.25.44.1" port: 43393 } } peers { permanent_uuid: "83d12fcaaac843339a7a981bfe8c1a25" member_type: VOTER last_known_addr { host: "127.25.44.2" port: 37121 } } peers { permanent_uuid: "aae4231b1f264916b1b1170bac2d562e" member_type: VOTER last_known_addr { host: "127.25.44.3" port: 43563 } }
I20260709 12:20:33.825480 25807 catalog_manager.cc:5697] T aa2fe417dabc4b07932cb49449331b7b P 83d12fcaaac843339a7a981bfe8c1a25 reported cstate change: term changed from 2 to 3, leader changed from 082853f56a4d4ee38d80a36c61d62275 (127.25.44.1) to 83d12fcaaac843339a7a981bfe8c1a25 (127.25.44.2). New cstate: current_term: 3 leader_uuid: "83d12fcaaac843339a7a981bfe8c1a25" committed_config { opid_index: -1 OBSOLETE_local: false peers { permanent_uuid: "082853f56a4d4ee38d80a36c61d62275" member_type: VOTER last_known_addr { host: "127.25.44.1" port: 43393 } health_report { overall_health: UNKNOWN } } peers { permanent_uuid: "83d12fcaaac843339a7a981bfe8c1a25" member_type: VOTER last_known_addr { host: "127.25.44.2" port: 37121 } health_report { overall_health: HEALTHY } } peers { permanent_uuid: "aae4231b1f264916b1b1170bac2d562e" member_type: VOTER last_known_addr { host: "127.25.44.3" port: 43563 } health_report { overall_health: UNKNOWN } } }
I20260709 12:20:33.862349 26229 raft_consensus.cc:993] T 431b2ce6c3894d5cbd90c3599575978a P aae4231b1f264916b1b1170bac2d562e: : Instructing follower 83d12fcaaac843339a7a981bfe8c1a25 to start an election
I20260709 12:20:33.862846 26238 raft_consensus.cc:1081] T 431b2ce6c3894d5cbd90c3599575978a P aae4231b1f264916b1b1170bac2d562e [term 2 LEADER]: Signalling peer 83d12fcaaac843339a7a981bfe8c1a25 to start an election
I20260709 12:20:33.864130 25987 tablet_service.cc:2044] Received Run Leader Election RPC: tablet_id: "431b2ce6c3894d5cbd90c3599575978a"
dest_uuid: "83d12fcaaac843339a7a981bfe8c1a25"
 from {username='slave'} at 127.0.0.1:45582
I20260709 12:20:33.864516 25987 raft_consensus.cc:493] T 431b2ce6c3894d5cbd90c3599575978a P 83d12fcaaac843339a7a981bfe8c1a25 [term 2 FOLLOWER]: Starting forced leader election (received explicit request)
I20260709 12:20:33.864765 25987 raft_consensus.cc:3060] T 431b2ce6c3894d5cbd90c3599575978a P 83d12fcaaac843339a7a981bfe8c1a25 [term 2 FOLLOWER]: Advancing to term 3
I20260709 12:20:33.868851 25987 raft_consensus.cc:515] T 431b2ce6c3894d5cbd90c3599575978a P 83d12fcaaac843339a7a981bfe8c1a25 [term 3 FOLLOWER]: Starting forced leader election with config: opid_index: -1 OBSOLETE_local: false peers { permanent_uuid: "082853f56a4d4ee38d80a36c61d62275" member_type: VOTER last_known_addr { host: "127.25.44.1" port: 43393 } } peers { permanent_uuid: "83d12fcaaac843339a7a981bfe8c1a25" member_type: VOTER last_known_addr { host: "127.25.44.2" port: 37121 } } peers { permanent_uuid: "aae4231b1f264916b1b1170bac2d562e" member_type: VOTER last_known_addr { host: "127.25.44.3" port: 43563 } }
I20260709 12:20:33.870308 25987 leader_election.cc:290] T 431b2ce6c3894d5cbd90c3599575978a P 83d12fcaaac843339a7a981bfe8c1a25 [CANDIDATE]: Term 3 election: Requested vote from peers 082853f56a4d4ee38d80a36c61d62275 (127.25.44.1:43393), aae4231b1f264916b1b1170bac2d562e (127.25.44.3:43563)
I20260709 12:20:33.870961 25912 tablet_service.cc:1917] Received RequestConsensusVote() RPC: tablet_id: "431b2ce6c3894d5cbd90c3599575978a" candidate_uuid: "83d12fcaaac843339a7a981bfe8c1a25" candidate_term: 3 candidate_status { last_received { term: 2 index: 2 } } ignore_live_leader: true dest_uuid: "082853f56a4d4ee38d80a36c61d62275"
I20260709 12:20:33.871305 26061 tablet_service.cc:1917] Received RequestConsensusVote() RPC: tablet_id: "431b2ce6c3894d5cbd90c3599575978a" candidate_uuid: "83d12fcaaac843339a7a981bfe8c1a25" candidate_term: 3 candidate_status { last_received { term: 2 index: 2 } } ignore_live_leader: true dest_uuid: "aae4231b1f264916b1b1170bac2d562e"
I20260709 12:20:33.871497 25912 raft_consensus.cc:3060] T 431b2ce6c3894d5cbd90c3599575978a P 082853f56a4d4ee38d80a36c61d62275 [term 2 FOLLOWER]: Advancing to term 3
I20260709 12:20:33.871821 26061 raft_consensus.cc:3055] T 431b2ce6c3894d5cbd90c3599575978a P aae4231b1f264916b1b1170bac2d562e [term 2 LEADER]: Stepping down as leader of term 2
I20260709 12:20:33.872099 26061 raft_consensus.cc:740] T 431b2ce6c3894d5cbd90c3599575978a P aae4231b1f264916b1b1170bac2d562e [term 2 LEADER]: Becoming Follower/Learner. State: Replica: aae4231b1f264916b1b1170bac2d562e, State: Running, Role: LEADER
I20260709 12:20:33.872779 26061 consensus_queue.cc:260] T 431b2ce6c3894d5cbd90c3599575978a P aae4231b1f264916b1b1170bac2d562e [NON_LEADER]: Queue going to NON_LEADER mode. State: All replicated index: 0, Majority replicated index: 2, Committed index: 2, Last appended: 2.2, Last appended by leader: 2, Current term: 2, Majority size: -1, State: 0, Mode: NON_LEADER, active raft config: opid_index: -1 OBSOLETE_local: false peers { permanent_uuid: "082853f56a4d4ee38d80a36c61d62275" member_type: VOTER last_known_addr { host: "127.25.44.1" port: 43393 } } peers { permanent_uuid: "83d12fcaaac843339a7a981bfe8c1a25" member_type: VOTER last_known_addr { host: "127.25.44.2" port: 37121 } } peers { permanent_uuid: "aae4231b1f264916b1b1170bac2d562e" member_type: VOTER last_known_addr { host: "127.25.44.3" port: 43563 } }
I20260709 12:20:33.873839 26061 raft_consensus.cc:3060] T 431b2ce6c3894d5cbd90c3599575978a P aae4231b1f264916b1b1170bac2d562e [term 2 FOLLOWER]: Advancing to term 3
I20260709 12:20:33.876966 25912 raft_consensus.cc:2468] T 431b2ce6c3894d5cbd90c3599575978a P 082853f56a4d4ee38d80a36c61d62275 [term 3 FOLLOWER]: Leader election vote request: Granting yes vote for candidate 83d12fcaaac843339a7a981bfe8c1a25 in term 3.
I20260709 12:20:33.878178 26229 raft_consensus.cc:993] T 393021229d7c4aeab81163c479fa13df P aae4231b1f264916b1b1170bac2d562e: : Instructing follower 83d12fcaaac843339a7a981bfe8c1a25 to start an election
I20260709 12:20:33.877975 25954 leader_election.cc:304] T 431b2ce6c3894d5cbd90c3599575978a P 83d12fcaaac843339a7a981bfe8c1a25 [CANDIDATE]: Term 3 election: Election decided. Result: candidate won. Election summary: received 2 responses out of 3 voters: 2 yes votes; 0 no votes. yes voters: 082853f56a4d4ee38d80a36c61d62275, 83d12fcaaac843339a7a981bfe8c1a25; no voters: 
I20260709 12:20:33.878561 26238 raft_consensus.cc:1081] T 393021229d7c4aeab81163c479fa13df P aae4231b1f264916b1b1170bac2d562e [term 2 LEADER]: Signalling peer 83d12fcaaac843339a7a981bfe8c1a25 to start an election
I20260709 12:20:33.878811 26209 raft_consensus.cc:2804] T 431b2ce6c3894d5cbd90c3599575978a P 83d12fcaaac843339a7a981bfe8c1a25 [term 3 FOLLOWER]: Leader election won for term 3
I20260709 12:20:33.879213 26209 raft_consensus.cc:697] T 431b2ce6c3894d5cbd90c3599575978a P 83d12fcaaac843339a7a981bfe8c1a25 [term 3 LEADER]: Becoming Leader. State: Replica: 83d12fcaaac843339a7a981bfe8c1a25, State: Running, Role: LEADER
