I20260709 12:09:20.514328 12063 raft_consensus.cc:359] T eba16e46f4d34fb7a53a7a797485a99c P 6b7d9b5a12ef4a6cb097df86b95e5bfa [term 0 FOLLOWER]: Replica starting. Triggering 0 pending ops. Active config: opid_index: -1 OBSOLETE_local: false peers { permanent_uuid: "4d7b7ec0a2604d808698037dbd6fa1ef" member_type: VOTER last_known_addr { host: "127.10.114.65" port: 39113 } } peers { permanent_uuid: "6b7d9b5a12ef4a6cb097df86b95e5bfa" member_type: VOTER last_known_addr { host: "127.10.114.66" port: 45949 } } peers { permanent_uuid: "46f08e8ff3774f25acad18252e5cd57d" member_type: VOTER last_known_addr { host: "127.10.114.67" port: 37161 } }
I20260709 12:09:20.514945 12063 raft_consensus.cc:385] T eba16e46f4d34fb7a53a7a797485a99c P 6b7d9b5a12ef4a6cb097df86b95e5bfa [term 0 FOLLOWER]: Consensus starting up: Expiring failure detector timer to make a prompt election more likely
I20260709 12:09:20.515195 12063 raft_consensus.cc:740] T eba16e46f4d34fb7a53a7a797485a99c P 6b7d9b5a12ef4a6cb097df86b95e5bfa [term 0 FOLLOWER]: Becoming Follower/Learner. State: Replica: 6b7d9b5a12ef4a6cb097df86b95e5bfa, State: Initialized, Role: FOLLOWER
I20260709 12:09:20.515837 12063 consensus_queue.cc:260] T eba16e46f4d34fb7a53a7a797485a99c P 6b7d9b5a12ef4a6cb097df86b95e5bfa [NON_LEADER]: Queue going to NON_LEADER mode. State: All replicated index: 0, Majority replicated index: 0, Committed index: 0, Last appended: 0.0, Last appended by leader: 0, Current term: 0, Majority size: -1, State: 0, Mode: NON_LEADER, active raft config: opid_index: -1 OBSOLETE_local: false peers { permanent_uuid: "4d7b7ec0a2604d808698037dbd6fa1ef" member_type: VOTER last_known_addr { host: "127.10.114.65" port: 39113 } } peers { permanent_uuid: "6b7d9b5a12ef4a6cb097df86b95e5bfa" member_type: VOTER last_known_addr { host: "127.10.114.66" port: 45949 } } peers { permanent_uuid: "46f08e8ff3774f25acad18252e5cd57d" member_type: VOTER last_known_addr { host: "127.10.114.67" port: 37161 } }
I20260709 12:09:20.517413 12063 ts_tablet_manager.cc:1434] T eba16e46f4d34fb7a53a7a797485a99c P 6b7d9b5a12ef4a6cb097df86b95e5bfa: Time spent starting tablet: real 0.005s	user 0.004s	sys 0.000s
W20260709 12:09:20.509811 11988 leader_election.cc:343] T b76f90dd7ad649d99cfdaddca2c38694 P 46f08e8ff3774f25acad18252e5cd57d [CANDIDATE]: Term 1 pre-election: Tablet error from VoteRequest() call to peer 4d7b7ec0a2604d808698037dbd6fa1ef (127.10.114.65:39113): Illegal state: must be running to vote when last-logged opid is not known
I20260709 12:09:20.504443 11771 catalog_manager.cc:5697] T a1d0a2103114406e9d43b045cd4acfe0 P 4d7b7ec0a2604d808698037dbd6fa1ef reported cstate change: term changed from 0 to 1, leader changed from <none> to 4d7b7ec0a2604d808698037dbd6fa1ef (127.10.114.65). New cstate: current_term: 1 leader_uuid: "4d7b7ec0a2604d808698037dbd6fa1ef" committed_config { opid_index: -1 OBSOLETE_local: false peers { permanent_uuid: "4d7b7ec0a2604d808698037dbd6fa1ef" member_type: VOTER last_known_addr { host: "127.10.114.65" port: 39113 } health_report { overall_health: HEALTHY } } peers { permanent_uuid: "6b7d9b5a12ef4a6cb097df86b95e5bfa" member_type: VOTER last_known_addr { host: "127.10.114.66" port: 45949 } health_report { overall_health: UNKNOWN } } peers { permanent_uuid: "46f08e8ff3774f25acad18252e5cd57d" member_type: VOTER last_known_addr { host: "127.10.114.67" port: 37161 } health_report { overall_health: UNKNOWN } } }
I20260709 12:09:20.518795 11988 leader_election.cc:304] T b76f90dd7ad649d99cfdaddca2c38694 P 46f08e8ff3774f25acad18252e5cd57d [CANDIDATE]: Term 1 pre-election: Election decided. Result: candidate lost. Election summary: received 3 responses out of 3 voters: 1 yes votes; 2 no votes. yes voters: 46f08e8ff3774f25acad18252e5cd57d; no voters: 4d7b7ec0a2604d808698037dbd6fa1ef, 6b7d9b5a12ef4a6cb097df86b95e5bfa
I20260709 12:09:20.519517 12259 raft_consensus.cc:2749] T b76f90dd7ad649d99cfdaddca2c38694 P 46f08e8ff3774f25acad18252e5cd57d [term 0 FOLLOWER]: Leader pre-election lost for term 1. Reason: could not achieve majority
I20260709 12:09:20.521646 12244 raft_consensus.cc:515] T 3e361e6345864efa81f207f2a9dafda0 P 46f08e8ff3774f25acad18252e5cd57d [term 1 FOLLOWER]: Starting leader election with config: opid_index: -1 OBSOLETE_local: false peers { permanent_uuid: "4d7b7ec0a2604d808698037dbd6fa1ef" member_type: VOTER last_known_addr { host: "127.10.114.65" port: 39113 } } peers { permanent_uuid: "6b7d9b5a12ef4a6cb097df86b95e5bfa" member_type: VOTER last_known_addr { host: "127.10.114.66" port: 45949 } } peers { permanent_uuid: "46f08e8ff3774f25acad18252e5cd57d" member_type: VOTER last_known_addr { host: "127.10.114.67" port: 37161 } }
I20260709 12:09:20.518338 12063 tablet_bootstrap.cc:492] T a1d0a2103114406e9d43b045cd4acfe0 P 6b7d9b5a12ef4a6cb097df86b95e5bfa: Bootstrap starting.
I20260709 12:09:20.533866 11872 tablet_service.cc:1917] Received RequestConsensusVote() RPC: tablet_id: "3e361e6345864efa81f207f2a9dafda0" candidate_uuid: "46f08e8ff3774f25acad18252e5cd57d" candidate_term: 1 candidate_status { last_received { term: 0 index: 0 } } ignore_live_leader: false dest_uuid: "4d7b7ec0a2604d808698037dbd6fa1ef"
I20260709 12:09:20.542232 12062 tablet_bootstrap.cc:654] T 6dded4de56124928b0b4c23213e34af4 P 4d7b7ec0a2604d808698037dbd6fa1ef: Neither blocks nor log segments found. Creating new log.
W20260709 12:09:20.535643 11988 leader_election.cc:343] T 3e361e6345864efa81f207f2a9dafda0 P 46f08e8ff3774f25acad18252e5cd57d [CANDIDATE]: Term 1 election: Tablet error from VoteRequest() call to peer 4d7b7ec0a2604d808698037dbd6fa1ef (127.10.114.65:39113): Illegal state: must be running to vote when last-logged opid is not known
I20260709 12:09:20.535351 12061 tablet_bootstrap.cc:654] T c0a71dd6e2e74227b7e93c1026aa2e8d P 46f08e8ff3774f25acad18252e5cd57d: Neither blocks nor log segments found. Creating new log.
I20260709 12:09:20.533875 12105 consensus_queue.cc:1048] T 6e6c59801bf644679a9e155c914bbc97 P 4d7b7ec0a2604d808698037dbd6fa1ef [LEADER]: Connected to new peer: Peer: permanent_uuid: "46f08e8ff3774f25acad18252e5cd57d" member_type: VOTER last_known_addr { host: "127.10.114.67" port: 37161 }, Status: LMP_MISMATCH, Last received: 0.0, Next index: 1, Last known committed idx: 0, Time since last communication: 0.012s
I20260709 12:09:20.543946 12273 raft_consensus.cc:515] T e4f11d66c6904b2bb34a6291c444fbcd P 6b7d9b5a12ef4a6cb097df86b95e5bfa [term 1 FOLLOWER]: Starting leader election with config: opid_index: -1 OBSOLETE_local: false peers { permanent_uuid: "4d7b7ec0a2604d808698037dbd6fa1ef" member_type: VOTER last_known_addr { host: "127.10.114.65" port: 39113 } } peers { permanent_uuid: "6b7d9b5a12ef4a6cb097df86b95e5bfa" member_type: VOTER last_known_addr { host: "127.10.114.66" port: 45949 } } peers { permanent_uuid: "46f08e8ff3774f25acad18252e5cd57d" member_type: VOTER last_known_addr { host: "127.10.114.67" port: 37161 } }
I20260709 12:09:20.546866 12112 raft_consensus.cc:493] T 0a5cd0fe2cf34ab5817d4b21dcbec80c P 6b7d9b5a12ef4a6cb097df86b95e5bfa [term 0 FOLLOWER]: Starting pre-election (no leader contacted us within the election timeout)
I20260709 12:09:20.551132 12112 raft_consensus.cc:515] T 0a5cd0fe2cf34ab5817d4b21dcbec80c P 6b7d9b5a12ef4a6cb097df86b95e5bfa [term 0 FOLLOWER]: Starting pre-election with config: opid_index: -1 OBSOLETE_local: false peers { permanent_uuid: "4d7b7ec0a2604d808698037dbd6fa1ef" member_type: VOTER last_known_addr { host: "127.10.114.65" port: 39113 } } peers { permanent_uuid: "6b7d9b5a12ef4a6cb097df86b95e5bfa" member_type: VOTER last_known_addr { host: "127.10.114.66" port: 45949 } } peers { permanent_uuid: "46f08e8ff3774f25acad18252e5cd57d" member_type: VOTER last_known_addr { host: "127.10.114.67" port: 37161 } }
I20260709 12:09:20.556613 11872 tablet_service.cc:1917] Received RequestConsensusVote() RPC: tablet_id: "0a5cd0fe2cf34ab5817d4b21dcbec80c" candidate_uuid: "6b7d9b5a12ef4a6cb097df86b95e5bfa" candidate_term: 1 candidate_status { last_received { term: 0 index: 0 } } ignore_live_leader: false dest_uuid: "4d7b7ec0a2604d808698037dbd6fa1ef" is_pre_election: true
W20260709 12:09:20.562541 11914 leader_election.cc:343] T 0a5cd0fe2cf34ab5817d4b21dcbec80c P 6b7d9b5a12ef4a6cb097df86b95e5bfa [CANDIDATE]: Term 1 pre-election: Tablet error from VoteRequest() call to peer 4d7b7ec0a2604d808698037dbd6fa1ef (127.10.114.65:39113): Illegal state: must be running to vote when last-logged opid is not known
I20260709 12:09:20.566609 11945 tablet_service.cc:1917] Received RequestConsensusVote() RPC: tablet_id: "3e361e6345864efa81f207f2a9dafda0" candidate_uuid: "46f08e8ff3774f25acad18252e5cd57d" candidate_term: 1 candidate_status { last_received { term: 0 index: 0 } } ignore_live_leader: false dest_uuid: "6b7d9b5a12ef4a6cb097df86b95e5bfa"
I20260709 12:09:20.567364 11945 raft_consensus.cc:3060] T 3e361e6345864efa81f207f2a9dafda0 P 6b7d9b5a12ef4a6cb097df86b95e5bfa [term 0 FOLLOWER]: Advancing to term 1
I20260709 12:09:20.558341 12112 leader_election.cc:290] T 0a5cd0fe2cf34ab5817d4b21dcbec80c P 6b7d9b5a12ef4a6cb097df86b95e5bfa [CANDIDATE]: Term 1 pre-election: Requested pre-vote from peers 4d7b7ec0a2604d808698037dbd6fa1ef (127.10.114.65:39113), 46f08e8ff3774f25acad18252e5cd57d (127.10.114.67:37161)
I20260709 12:09:20.576078 12021 tablet_service.cc:1917] Received RequestConsensusVote() RPC: tablet_id: "0a5cd0fe2cf34ab5817d4b21dcbec80c" candidate_uuid: "6b7d9b5a12ef4a6cb097df86b95e5bfa" candidate_term: 1 candidate_status { last_received { term: 0 index: 0 } } ignore_live_leader: false dest_uuid: "46f08e8ff3774f25acad18252e5cd57d" is_pre_election: true
I20260709 12:09:20.562541 12244 leader_election.cc:290] T 3e361e6345864efa81f207f2a9dafda0 P 46f08e8ff3774f25acad18252e5cd57d [CANDIDATE]: Term 1 election: Requested vote from peers 4d7b7ec0a2604d808698037dbd6fa1ef (127.10.114.65:39113), 6b7d9b5a12ef4a6cb097df86b95e5bfa (127.10.114.66:45949)
W20260709 12:09:20.582952 11914 leader_election.cc:343] T 0a5cd0fe2cf34ab5817d4b21dcbec80c P 6b7d9b5a12ef4a6cb097df86b95e5bfa [CANDIDATE]: Term 1 pre-election: Tablet error from VoteRequest() call to peer 46f08e8ff3774f25acad18252e5cd57d (127.10.114.67:37161): Illegal state: must be running to vote when last-logged opid is not known
I20260709 12:09:20.583500 11914 leader_election.cc:304] T 0a5cd0fe2cf34ab5817d4b21dcbec80c P 6b7d9b5a12ef4a6cb097df86b95e5bfa [CANDIDATE]: Term 1 pre-election: Election decided. Result: candidate lost. Election summary: received 3 responses out of 3 voters: 1 yes votes; 2 no votes. yes voters: 6b7d9b5a12ef4a6cb097df86b95e5bfa; no voters: 46f08e8ff3774f25acad18252e5cd57d, 4d7b7ec0a2604d808698037dbd6fa1ef
I20260709 12:09:20.584304 12147 consensus_queue.cc:1048] T 6e6c59801bf644679a9e155c914bbc97 P 4d7b7ec0a2604d808698037dbd6fa1ef [LEADER]: Connected to new peer: Peer: permanent_uuid: "6b7d9b5a12ef4a6cb097df86b95e5bfa" member_type: VOTER last_known_addr { host: "127.10.114.66" port: 45949 }, Status: LMP_MISMATCH, Last received: 0.0, Next index: 1, Last known committed idx: 0, Time since last communication: 0.003s
I20260709 12:09:20.592926 12273 leader_election.cc:290] T e4f11d66c6904b2bb34a6291c444fbcd P 6b7d9b5a12ef4a6cb097df86b95e5bfa [CANDIDATE]: Term 1 election: Requested vote from peers 4d7b7ec0a2604d808698037dbd6fa1ef (127.10.114.65:39113), 46f08e8ff3774f25acad18252e5cd57d (127.10.114.67:37161)
I20260709 12:09:20.585608 12068 raft_consensus.cc:2749] T 0a5cd0fe2cf34ab5817d4b21dcbec80c P 6b7d9b5a12ef4a6cb097df86b95e5bfa [term 0 FOLLOWER]: Leader pre-election lost for term 1. Reason: could not achieve majority
I20260709 12:09:20.602521 12020 tablet_service.cc:1917] Received RequestConsensusVote() RPC: tablet_id: "e4f11d66c6904b2bb34a6291c444fbcd" candidate_uuid: "6b7d9b5a12ef4a6cb097df86b95e5bfa" candidate_term: 1 candidate_status { last_received { term: 0 index: 0 } } ignore_live_leader: false dest_uuid: "46f08e8ff3774f25acad18252e5cd57d"
I20260709 12:09:20.605737 12020 raft_consensus.cc:3060] T e4f11d66c6904b2bb34a6291c444fbcd P 46f08e8ff3774f25acad18252e5cd57d [term 0 FOLLOWER]: Advancing to term 1
I20260709 12:09:20.607903 11872 tablet_service.cc:1917] Received RequestConsensusVote() RPC: tablet_id: "e4f11d66c6904b2bb34a6291c444fbcd" candidate_uuid: "6b7d9b5a12ef4a6cb097df86b95e5bfa" candidate_term: 1 candidate_status { last_received { term: 0 index: 0 } } ignore_live_leader: false dest_uuid: "4d7b7ec0a2604d808698037dbd6fa1ef"
W20260709 12:09:20.626819 11914 leader_election.cc:343] T e4f11d66c6904b2bb34a6291c444fbcd P 6b7d9b5a12ef4a6cb097df86b95e5bfa [CANDIDATE]: Term 1 election: Tablet error from VoteRequest() call to peer 4d7b7ec0a2604d808698037dbd6fa1ef (127.10.114.65:39113): Illegal state: must be running to vote when last-logged opid is not known
I20260709 12:09:20.613929 12273 raft_consensus.cc:493] T 8bcc1200587447cb913298cc7ed8c931 P 6b7d9b5a12ef4a6cb097df86b95e5bfa [term 0 FOLLOWER]: Starting pre-election (no leader contacted us within the election timeout)
I20260709 12:09:20.634044 12273 raft_consensus.cc:515] T 8bcc1200587447cb913298cc7ed8c931 P 6b7d9b5a12ef4a6cb097df86b95e5bfa [term 0 FOLLOWER]: Starting pre-election with config: opid_index: -1 OBSOLETE_local: false peers { permanent_uuid: "4d7b7ec0a2604d808698037dbd6fa1ef" member_type: VOTER last_known_addr { host: "127.10.114.65" port: 39113 } } peers { permanent_uuid: "6b7d9b5a12ef4a6cb097df86b95e5bfa" member_type: VOTER last_known_addr { host: "127.10.114.66" port: 45949 } } peers { permanent_uuid: "46f08e8ff3774f25acad18252e5cd57d" member_type: VOTER last_known_addr { host: "127.10.114.67" port: 37161 } }
I20260709 12:09:20.640378 12061 tablet_bootstrap.cc:492] T c0a71dd6e2e74227b7e93c1026aa2e8d P 46f08e8ff3774f25acad18252e5cd57d: No bootstrap required, opened a new log
I20260709 12:09:20.641211 12061 ts_tablet_manager.cc:1403] T c0a71dd6e2e74227b7e93c1026aa2e8d P 46f08e8ff3774f25acad18252e5cd57d: Time spent bootstrapping tablet: real 0.196s	user 0.020s	sys 0.009s
I20260709 12:09:20.647500 12063 tablet_bootstrap.cc:654] T a1d0a2103114406e9d43b045cd4acfe0 P 6b7d9b5a12ef4a6cb097df86b95e5bfa: Neither blocks nor log segments found. Creating new log.
I20260709 12:09:20.654006 11945 raft_consensus.cc:2468] T 3e361e6345864efa81f207f2a9dafda0 P 6b7d9b5a12ef4a6cb097df86b95e5bfa [term 1 FOLLOWER]: Leader election vote request: Granting yes vote for candidate 46f08e8ff3774f25acad18252e5cd57d in term 1.
I20260709 12:09:20.654536 12273 leader_election.cc:290] T 8bcc1200587447cb913298cc7ed8c931 P 6b7d9b5a12ef4a6cb097df86b95e5bfa [CANDIDATE]: Term 1 pre-election: Requested pre-vote from peers 4d7b7ec0a2604d808698037dbd6fa1ef (127.10.114.65:39113), 46f08e8ff3774f25acad18252e5cd57d (127.10.114.67:37161)
I20260709 12:09:20.654649 12061 raft_consensus.cc:359] T c0a71dd6e2e74227b7e93c1026aa2e8d P 46f08e8ff3774f25acad18252e5cd57d [term 0 FOLLOWER]: Replica starting. Triggering 0 pending ops. Active config: opid_index: -1 OBSOLETE_local: false peers { permanent_uuid: "4d7b7ec0a2604d808698037dbd6fa1ef" member_type: VOTER last_known_addr { host: "127.10.114.65" port: 39113 } } peers { permanent_uuid: "6b7d9b5a12ef4a6cb097df86b95e5bfa" member_type: VOTER last_known_addr { host: "127.10.114.66" port: 45949 } } peers { permanent_uuid: "46f08e8ff3774f25acad18252e5cd57d" member_type: VOTER last_known_addr { host: "127.10.114.67" port: 37161 } }
I20260709 12:09:20.655421 12061 raft_consensus.cc:385] T c0a71dd6e2e74227b7e93c1026aa2e8d P 46f08e8ff3774f25acad18252e5cd57d [term 0 FOLLOWER]: Consensus starting up: Expiring failure detector timer to make a prompt election more likely
I20260709 12:09:20.655676 11873 raft_consensus.cc:3060] T 8673bd187fa94b98baa982f36c6d2102 P 4d7b7ec0a2604d808698037dbd6fa1ef [term 0 FOLLOWER]: Advancing to term 1
I20260709 12:09:20.655689 12061 raft_consensus.cc:740] T c0a71dd6e2e74227b7e93c1026aa2e8d P 46f08e8ff3774f25acad18252e5cd57d [term 0 FOLLOWER]: Becoming Follower/Learner. State: Replica: 46f08e8ff3774f25acad18252e5cd57d, State: Initialized, Role: FOLLOWER
I20260709 12:09:20.657189 12061 consensus_queue.cc:260] T c0a71dd6e2e74227b7e93c1026aa2e8d P 46f08e8ff3774f25acad18252e5cd57d [NON_LEADER]: Queue going to NON_LEADER mode. State: All replicated index: 0, Majority replicated index: 0, Committed index: 0, Last appended: 0.0, Last appended by leader: 0, Current term: 0, Majority size: -1, State: 0, Mode: NON_LEADER, active raft config: opid_index: -1 OBSOLETE_local: false peers { permanent_uuid: "4d7b7ec0a2604d808698037dbd6fa1ef" member_type: VOTER last_known_addr { host: "127.10.114.65" port: 39113 } } peers { permanent_uuid: "6b7d9b5a12ef4a6cb097df86b95e5bfa" member_type: VOTER last_known_addr { host: "127.10.114.66" port: 45949 } } peers { permanent_uuid: "46f08e8ff3774f25acad18252e5cd57d" member_type: VOTER last_known_addr { host: "127.10.114.67" port: 37161 } }
I20260709 12:09:20.658318 11988 leader_election.cc:304] T 3e361e6345864efa81f207f2a9dafda0 P 46f08e8ff3774f25acad18252e5cd57d [CANDIDATE]: Term 1 election: Election decided. Result: candidate won. Election summary: received 3 responses out of 3 voters: 2 yes votes; 1 no votes. yes voters: 46f08e8ff3774f25acad18252e5cd57d, 6b7d9b5a12ef4a6cb097df86b95e5bfa; no voters: 4d7b7ec0a2604d808698037dbd6fa1ef
I20260709 12:09:20.662636 12021 tablet_service.cc:1917] Received RequestConsensusVote() RPC: tablet_id: "8bcc1200587447cb913298cc7ed8c931" candidate_uuid: "6b7d9b5a12ef4a6cb097df86b95e5bfa" candidate_term: 1 candidate_status { last_received { term: 0 index: 0 } } ignore_live_leader: false dest_uuid: "46f08e8ff3774f25acad18252e5cd57d" is_pre_election: true
I20260709 12:09:20.663350 12062 tablet_bootstrap.cc:492] T 6dded4de56124928b0b4c23213e34af4 P 4d7b7ec0a2604d808698037dbd6fa1ef: No bootstrap required, opened a new log
I20260709 12:09:20.663841 12062 ts_tablet_manager.cc:1403] T 6dded4de56124928b0b4c23213e34af4 P 4d7b7ec0a2604d808698037dbd6fa1ef: Time spent bootstrapping tablet: real 0.223s	user 0.014s	sys 0.007s
I20260709 12:09:20.663587 12021 raft_consensus.cc:2468] T 8bcc1200587447cb913298cc7ed8c931 P 46f08e8ff3774f25acad18252e5cd57d [term 0 FOLLOWER]: Leader pre-election vote request: Granting yes vote for candidate 6b7d9b5a12ef4a6cb097df86b95e5bfa in term 0.
I20260709 12:09:20.666711 11872 tablet_service.cc:1917] Received RequestConsensusVote() RPC: tablet_id: "8bcc1200587447cb913298cc7ed8c931" candidate_uuid: "6b7d9b5a12ef4a6cb097df86b95e5bfa" candidate_term: 1 candidate_status { last_received { term: 0 index: 0 } } ignore_live_leader: false dest_uuid: "4d7b7ec0a2604d808698037dbd6fa1ef" is_pre_election: true
I20260709 12:09:20.670385 11872 raft_consensus.cc:2468] T 8bcc1200587447cb913298cc7ed8c931 P 4d7b7ec0a2604d808698037dbd6fa1ef [term 0 FOLLOWER]: Leader pre-election vote request: Granting yes vote for candidate 6b7d9b5a12ef4a6cb097df86b95e5bfa in term 0.
I20260709 12:09:20.668025 12202 consensus_queue.cc:1048] T 6dded4de56124928b0b4c23213e34af4 P 6b7d9b5a12ef4a6cb097df86b95e5bfa [LEADER]: Connected to new peer: Peer: permanent_uuid: "46f08e8ff3774f25acad18252e5cd57d" member_type: VOTER last_known_addr { host: "127.10.114.67" port: 37161 }, Status: LMP_MISMATCH, Last received: 0.0, Next index: 1, Last known committed idx: 0, Time since last communication: 0.000s
I20260709 12:09:20.668421 12020 raft_consensus.cc:2468] T e4f11d66c6904b2bb34a6291c444fbcd P 46f08e8ff3774f25acad18252e5cd57d [term 1 FOLLOWER]: Leader election vote request: Granting yes vote for candidate 6b7d9b5a12ef4a6cb097df86b95e5bfa in term 1.
I20260709 12:09:20.669077 12062 raft_consensus.cc:359] T 6dded4de56124928b0b4c23213e34af4 P 4d7b7ec0a2604d808698037dbd6fa1ef [term 0 FOLLOWER]: Replica starting. Triggering 0 pending ops. Active config: opid_index: -1 OBSOLETE_local: false peers { permanent_uuid: "4d7b7ec0a2604d808698037dbd6fa1ef" member_type: VOTER last_known_addr { host: "127.10.114.65" port: 39113 } } peers { permanent_uuid: "6b7d9b5a12ef4a6cb097df86b95e5bfa" member_type: VOTER last_known_addr { host: "127.10.114.66" port: 45949 } } peers { permanent_uuid: "46f08e8ff3774f25acad18252e5cd57d" member_type: VOTER last_known_addr { host: "127.10.114.67" port: 37161 } }
I20260709 12:09:20.669790 12244 raft_consensus.cc:2804] T 3e361e6345864efa81f207f2a9dafda0 P 46f08e8ff3774f25acad18252e5cd57d [term 1 FOLLOWER]: Leader election won for term 1
I20260709 12:09:20.687206 12062 raft_consensus.cc:385] T 6dded4de56124928b0b4c23213e34af4 P 4d7b7ec0a2604d808698037dbd6fa1ef [term 0 FOLLOWER]: Consensus starting up: Expiring failure detector timer to make a prompt election more likely
I20260709 12:09:20.687592 12062 raft_consensus.cc:740] T 6dded4de56124928b0b4c23213e34af4 P 4d7b7ec0a2604d808698037dbd6fa1ef [term 0 FOLLOWER]: Becoming Follower/Learner. State: Replica: 4d7b7ec0a2604d808698037dbd6fa1ef, State: Initialized, Role: FOLLOWER
I20260709 12:09:20.688488 12244 raft_consensus.cc:697] T 3e361e6345864efa81f207f2a9dafda0 P 46f08e8ff3774f25acad18252e5cd57d [term 1 LEADER]: Becoming Leader. State: Replica: 46f08e8ff3774f25acad18252e5cd57d, State: Running, Role: LEADER
I20260709 12:09:20.691279 12244 consensus_queue.cc:237] T 3e361e6345864efa81f207f2a9dafda0 P 46f08e8ff3774f25acad18252e5cd57d [LEADER]: Queue going to LEADER mode. State: All replicated index: 0, Majority replicated index: 0, Committed index: 0, Last appended: 0.0, Last appended by leader: 0, Current term: 1, Majority size: 2, State: 0, Mode: LEADER, active raft config: opid_index: -1 OBSOLETE_local: false peers { permanent_uuid: "4d7b7ec0a2604d808698037dbd6fa1ef" member_type: VOTER last_known_addr { host: "127.10.114.65" port: 39113 } } peers { permanent_uuid: "6b7d9b5a12ef4a6cb097df86b95e5bfa" member_type: VOTER last_known_addr { host: "127.10.114.66" port: 45949 } } peers { permanent_uuid: "46f08e8ff3774f25acad18252e5cd57d" member_type: VOTER last_known_addr { host: "127.10.114.67" port: 37161 } }
I20260709 12:09:20.695470 12062 consensus_queue.cc:260] T 6dded4de56124928b0b4c23213e34af4 P 4d7b7ec0a2604d808698037dbd6fa1ef [NON_LEADER]: Queue going to NON_LEADER mode. State: All replicated index: 0, Majority replicated index: 0, Committed index: 0, Last appended: 0.0, Last appended by leader: 0, Current term: 0, Majority size: -1, State: 0, Mode: NON_LEADER, active raft config: opid_index: -1 OBSOLETE_local: false peers { permanent_uuid: "4d7b7ec0a2604d808698037dbd6fa1ef" member_type: VOTER last_known_addr { host: "127.10.114.65" port: 39113 } } peers { permanent_uuid: "6b7d9b5a12ef4a6cb097df86b95e5bfa" member_type: VOTER last_known_addr { host: "127.10.114.66" port: 45949 } } peers { permanent_uuid: "46f08e8ff3774f25acad18252e5cd57d" member_type: VOTER last_known_addr { host: "127.10.114.67" port: 37161 } }
I20260709 12:09:20.679040 11914 leader_election.cc:304] T 8bcc1200587447cb913298cc7ed8c931 P 6b7d9b5a12ef4a6cb097df86b95e5bfa [CANDIDATE]: Term 1 pre-election: Election decided. Result: candidate won. Election summary: received 2 responses out of 3 voters: 2 yes votes; 0 no votes. yes voters: 46f08e8ff3774f25acad18252e5cd57d, 6b7d9b5a12ef4a6cb097df86b95e5bfa; no voters: 
I20260709 12:09:20.701314 12061 ts_tablet_manager.cc:1434] T c0a71dd6e2e74227b7e93c1026aa2e8d P 46f08e8ff3774f25acad18252e5cd57d: Time spent starting tablet: real 0.060s	user 0.005s	sys 0.002s
I20260709 12:09:20.703696 12061 tablet_bootstrap.cc:492] T f31959fa0f994ee8a9587eb78cb124b3 P 46f08e8ff3774f25acad18252e5cd57d: Bootstrap starting.
I20260709 12:09:20.709468 12062 ts_tablet_manager.cc:1434] T 6dded4de56124928b0b4c23213e34af4 P 4d7b7ec0a2604d808698037dbd6fa1ef: Time spent starting tablet: real 0.045s	user 0.003s	sys 0.003s
I20260709 12:09:20.710752 12062 tablet_bootstrap.cc:492] T f845a1dd30e04dccb21da2a17ebf1415 P 4d7b7ec0a2604d808698037dbd6fa1ef: Bootstrap starting.
I20260709 12:09:20.700300 12213 raft_consensus.cc:493] T c0a71dd6e2e74227b7e93c1026aa2e8d P 46f08e8ff3774f25acad18252e5cd57d [term 0 FOLLOWER]: Starting pre-election (no leader contacted us within the election timeout)
I20260709 12:09:20.722523 12070 raft_consensus.cc:493] T 4755afb6a253477badd7f673bff77faa P 4d7b7ec0a2604d808698037dbd6fa1ef [term 0 FOLLOWER]: Starting pre-election (no leader contacted us within the election timeout)
I20260709 12:09:20.723138 12070 raft_consensus.cc:515] T 4755afb6a253477badd7f673bff77faa P 4d7b7ec0a2604d808698037dbd6fa1ef [term 0 FOLLOWER]: Starting pre-election with config: opid_index: -1 OBSOLETE_local: false peers { permanent_uuid: "4d7b7ec0a2604d808698037dbd6fa1ef" member_type: VOTER last_known_addr { host: "127.10.114.65" port: 39113 } } peers { permanent_uuid: "6b7d9b5a12ef4a6cb097df86b95e5bfa" member_type: VOTER last_known_addr { host: "127.10.114.66" port: 45949 } } peers { permanent_uuid: "46f08e8ff3774f25acad18252e5cd57d" member_type: VOTER last_known_addr { host: "127.10.114.67" port: 37161 } }
I20260709 12:09:20.704072 12303 raft_consensus.cc:2804] T 8bcc1200587447cb913298cc7ed8c931 P 6b7d9b5a12ef4a6cb097df86b95e5bfa [term 0 FOLLOWER]: Leader pre-election won for term 1
I20260709 12:09:20.726531 11914 leader_election.cc:304] T e4f11d66c6904b2bb34a6291c444fbcd P 6b7d9b5a12ef4a6cb097df86b95e5bfa [CANDIDATE]: Term 1 election: Election decided. Result: candidate won. Election summary: received 3 responses out of 3 voters: 2 yes votes; 1 no votes. yes voters: 46f08e8ff3774f25acad18252e5cd57d, 6b7d9b5a12ef4a6cb097df86b95e5bfa; no voters: 4d7b7ec0a2604d808698037dbd6fa1ef
I20260709 12:09:20.728436 12303 raft_consensus.cc:493] T 8bcc1200587447cb913298cc7ed8c931 P 6b7d9b5a12ef4a6cb097df86b95e5bfa [term 0 FOLLOWER]: Starting leader election (no leader contacted us within the election timeout)
I20260709 12:09:20.735785 12303 raft_consensus.cc:3060] T 8bcc1200587447cb913298cc7ed8c931 P 6b7d9b5a12ef4a6cb097df86b95e5bfa [term 0 FOLLOWER]: Advancing to term 1
I20260709 12:09:20.722981 12213 raft_consensus.cc:515] T c0a71dd6e2e74227b7e93c1026aa2e8d P 46f08e8ff3774f25acad18252e5cd57d [term 0 FOLLOWER]: Starting pre-election with config: opid_index: -1 OBSOLETE_local: false peers { permanent_uuid: "4d7b7ec0a2604d808698037dbd6fa1ef" member_type: VOTER last_known_addr { host: "127.10.114.65" port: 39113 } } peers { permanent_uuid: "6b7d9b5a12ef4a6cb097df86b95e5bfa" member_type: VOTER last_known_addr { host: "127.10.114.66" port: 45949 } } peers { permanent_uuid: "46f08e8ff3774f25acad18252e5cd57d" member_type: VOTER last_known_addr { host: "127.10.114.67" port: 37161 } }
I20260709 12:09:20.742529 11872 tablet_service.cc:1917] Received RequestConsensusVote() RPC: tablet_id: "c0a71dd6e2e74227b7e93c1026aa2e8d" candidate_uuid: "46f08e8ff3774f25acad18252e5cd57d" candidate_term: 1 candidate_status { last_received { term: 0 index: 0 } } ignore_live_leader: false dest_uuid: "4d7b7ec0a2604d808698037dbd6fa1ef" is_pre_election: true
I20260709 12:09:20.745922 11945 tablet_service.cc:1917] Received RequestConsensusVote() RPC: tablet_id: "c0a71dd6e2e74227b7e93c1026aa2e8d" candidate_uuid: "46f08e8ff3774f25acad18252e5cd57d" candidate_term: 1 candidate_status { last_received { term: 0 index: 0 } } ignore_live_leader: false dest_uuid: "6b7d9b5a12ef4a6cb097df86b95e5bfa" is_pre_election: true
I20260709 12:09:20.757509 12063 tablet_bootstrap.cc:492] T a1d0a2103114406e9d43b045cd4acfe0 P 6b7d9b5a12ef4a6cb097df86b95e5bfa: No bootstrap required, opened a new log
W20260709 12:09:20.769224 11988 leader_election.cc:343] T c0a71dd6e2e74227b7e93c1026aa2e8d P 46f08e8ff3774f25acad18252e5cd57d [CANDIDATE]: Term 1 pre-election: Tablet error from VoteRequest() call to peer 6b7d9b5a12ef4a6cb097df86b95e5bfa (127.10.114.66:45949): Illegal state: must be running to vote when last-logged opid is not known
I20260709 12:09:20.747465 12068 raft_consensus.cc:2804] T e4f11d66c6904b2bb34a6291c444fbcd P 6b7d9b5a12ef4a6cb097df86b95e5bfa [term 1 FOLLOWER]: Leader election won for term 1
W20260709 12:09:20.774133 11988 leader_election.cc:343] T c0a71dd6e2e74227b7e93c1026aa2e8d P 46f08e8ff3774f25acad18252e5cd57d [CANDIDATE]: Term 1 pre-election: Tablet error from VoteRequest() call to peer 4d7b7ec0a2604d808698037dbd6fa1ef (127.10.114.65:39113): Illegal state: must be running to vote when last-logged opid is not known
I20260709 12:09:20.774559 11988 leader_election.cc:304] T c0a71dd6e2e74227b7e93c1026aa2e8d P 46f08e8ff3774f25acad18252e5cd57d [CANDIDATE]: Term 1 pre-election: Election decided. Result: candidate lost. Election summary: received 3 responses out of 3 voters: 1 yes votes; 2 no votes. yes voters: 46f08e8ff3774f25acad18252e5cd57d; no voters: 4d7b7ec0a2604d808698037dbd6fa1ef, 6b7d9b5a12ef4a6cb097df86b95e5bfa
I20260709 12:09:20.775713 12068 raft_consensus.cc:697] T e4f11d66c6904b2bb34a6291c444fbcd P 6b7d9b5a12ef4a6cb097df86b95e5bfa [term 1 LEADER]: Becoming Leader. State: Replica: 6b7d9b5a12ef4a6cb097df86b95e5bfa, State: Running, Role: LEADER
I20260709 12:09:20.777907 12062 tablet_bootstrap.cc:654] T f845a1dd30e04dccb21da2a17ebf1415 P 4d7b7ec0a2604d808698037dbd6fa1ef: Neither blocks nor log segments found. Creating new log.
I20260709 12:09:20.781812 12257 raft_consensus.cc:2749] T c0a71dd6e2e74227b7e93c1026aa2e8d P 46f08e8ff3774f25acad18252e5cd57d [term 0 FOLLOWER]: Leader pre-election lost for term 1. Reason: could not achieve majority
I20260709 12:09:20.741422 12213 leader_election.cc:290] T c0a71dd6e2e74227b7e93c1026aa2e8d P 46f08e8ff3774f25acad18252e5cd57d [CANDIDATE]: Term 1 pre-election: Requested pre-vote from peers 4d7b7ec0a2604d808698037dbd6fa1ef (127.10.114.65:39113), 6b7d9b5a12ef4a6cb097df86b95e5bfa (127.10.114.66:45949)
I20260709 12:09:20.788407 12063 ts_tablet_manager.cc:1403] T a1d0a2103114406e9d43b045cd4acfe0 P 6b7d9b5a12ef4a6cb097df86b95e5bfa: Time spent bootstrapping tablet: real 0.270s	user 0.034s	sys 0.036s
I20260709 12:09:20.777005 12068 consensus_queue.cc:237] T e4f11d66c6904b2bb34a6291c444fbcd P 6b7d9b5a12ef4a6cb097df86b95e5bfa [LEADER]: Queue going to LEADER mode. State: All replicated index: 0, Majority replicated index: 0, Committed index: 0, Last appended: 0.0, Last appended by leader: 0, Current term: 1, Majority size: 2, State: 0, Mode: LEADER, active raft config: opid_index: -1 OBSOLETE_local: false peers { permanent_uuid: "4d7b7ec0a2604d808698037dbd6fa1ef" member_type: VOTER last_known_addr { host: "127.10.114.65" port: 39113 } } peers { permanent_uuid: "6b7d9b5a12ef4a6cb097df86b95e5bfa" member_type: VOTER last_known_addr { host: "127.10.114.66" port: 45949 } } peers { permanent_uuid: "46f08e8ff3774f25acad18252e5cd57d" member_type: VOTER last_known_addr { host: "127.10.114.67" port: 37161 } }
I20260709 12:09:20.792896 12273 raft_consensus.cc:493] T f845a1dd30e04dccb21da2a17ebf1415 P 6b7d9b5a12ef4a6cb097df86b95e5bfa [term 0 FOLLOWER]: Starting pre-election (no leader contacted us within the election timeout)
I20260709 12:09:20.798940 12070 leader_election.cc:290] T 4755afb6a253477badd7f673bff77faa P 4d7b7ec0a2604d808698037dbd6fa1ef [CANDIDATE]: Term 1 pre-election: Requested pre-vote from peers 6b7d9b5a12ef4a6cb097df86b95e5bfa (127.10.114.66:45949), 46f08e8ff3774f25acad18252e5cd57d (127.10.114.67:37161)
I20260709 12:09:20.796900 12112 consensus_queue.cc:1048] T 4755afb6a253477badd7f673bff77faa P 6b7d9b5a12ef4a6cb097df86b95e5bfa [LEADER]: Connected to new peer: Peer: permanent_uuid: "46f08e8ff3774f25acad18252e5cd57d" member_type: VOTER last_known_addr { host: "127.10.114.67" port: 37161 }, Status: LMP_MISMATCH, Last received: 0.0, Next index: 1, Last known committed idx: 0, Time since last communication: 0.013s
I20260709 12:09:20.800906 12273 raft_consensus.cc:515] T f845a1dd30e04dccb21da2a17ebf1415 P 6b7d9b5a12ef4a6cb097df86b95e5bfa [term 0 FOLLOWER]: Starting pre-election with config: opid_index: -1 OBSOLETE_local: false peers { permanent_uuid: "4d7b7ec0a2604d808698037dbd6fa1ef" member_type: VOTER last_known_addr { host: "127.10.114.65" port: 39113 } } peers { permanent_uuid: "6b7d9b5a12ef4a6cb097df86b95e5bfa" member_type: VOTER last_known_addr { host: "127.10.114.66" port: 45949 } } peers { permanent_uuid: "46f08e8ff3774f25acad18252e5cd57d" member_type: VOTER last_known_addr { host: "127.10.114.67" port: 37161 } }
I20260709 12:09:20.823274 12070 raft_consensus.cc:493] T 1867813aeb8b457984895a6ccb759346 P 4d7b7ec0a2604d808698037dbd6fa1ef [term 0 FOLLOWER]: Starting pre-election (no leader contacted us within the election timeout)
I20260709 12:09:20.823670 12070 raft_consensus.cc:515] T 1867813aeb8b457984895a6ccb759346 P 4d7b7ec0a2604d808698037dbd6fa1ef [term 0 FOLLOWER]: Starting pre-election with config: opid_index: -1 OBSOLETE_local: false peers { permanent_uuid: "4d7b7ec0a2604d808698037dbd6fa1ef" member_type: VOTER last_known_addr { host: "127.10.114.65" port: 39113 } } peers { permanent_uuid: "6b7d9b5a12ef4a6cb097df86b95e5bfa" member_type: VOTER last_known_addr { host: "127.10.114.66" port: 45949 } } peers { permanent_uuid: "46f08e8ff3774f25acad18252e5cd57d" member_type: VOTER last_known_addr { host: "127.10.114.67" port: 37161 } }
I20260709 12:09:20.822162 11872 raft_consensus.cc:3060] T 4755afb6a253477badd7f673bff77faa P 4d7b7ec0a2604d808698037dbd6fa1ef [term 0 FOLLOWER]: Advancing to term 1
I20260709 12:09:20.827425 12070 leader_election.cc:290] T 1867813aeb8b457984895a6ccb759346 P 4d7b7ec0a2604d808698037dbd6fa1ef [CANDIDATE]: Term 1 pre-election: Requested pre-vote from peers 6b7d9b5a12ef4a6cb097df86b95e5bfa (127.10.114.66:45949), 46f08e8ff3774f25acad18252e5cd57d (127.10.114.67:37161)
I20260709 12:09:20.836632 12022 tablet_service.cc:1917] Received RequestConsensusVote() RPC: tablet_id: "1867813aeb8b457984895a6ccb759346" candidate_uuid: "4d7b7ec0a2604d808698037dbd6fa1ef" candidate_term: 1 candidate_status { last_received { term: 0 index: 0 } } ignore_live_leader: false dest_uuid: "46f08e8ff3774f25acad18252e5cd57d" is_pre_election: true
I20260709 12:09:20.837574 12021 tablet_service.cc:1917] Received RequestConsensusVote() RPC: tablet_id: "4755afb6a253477badd7f673bff77faa" candidate_uuid: "4d7b7ec0a2604d808698037dbd6fa1ef" candidate_term: 1 candidate_status { last_received { term: 0 index: 0 } } ignore_live_leader: false dest_uuid: "46f08e8ff3774f25acad18252e5cd57d" is_pre_election: true
I20260709 12:09:20.838760 12021 raft_consensus.cc:2393] T 4755afb6a253477badd7f673bff77faa P 46f08e8ff3774f25acad18252e5cd57d [term 1 FOLLOWER]: Leader pre-election vote request: Denying vote to candidate 4d7b7ec0a2604d808698037dbd6fa1ef in current term 1: Already voted for candidate 6b7d9b5a12ef4a6cb097df86b95e5bfa in this term.
I20260709 12:09:20.840653 12061 tablet_bootstrap.cc:654] T f31959fa0f994ee8a9587eb78cb124b3 P 46f08e8ff3774f25acad18252e5cd57d: Neither blocks nor log segments found. Creating new log.
I20260709 12:09:20.835275 12213 raft_consensus.cc:493] T 9ff67aad7c28488cbcaa11428b8d0954 P 46f08e8ff3774f25acad18252e5cd57d [term 0 FOLLOWER]: Starting pre-election (no leader contacted us within the election timeout)
I20260709 12:09:20.841220 12213 raft_consensus.cc:515] T 9ff67aad7c28488cbcaa11428b8d0954 P 46f08e8ff3774f25acad18252e5cd57d [term 0 FOLLOWER]: Starting pre-election with config: opid_index: -1 OBSOLETE_local: false peers { permanent_uuid: "4d7b7ec0a2604d808698037dbd6fa1ef" member_type: VOTER last_known_addr { host: "127.10.114.65" port: 39113 } } peers { permanent_uuid: "6b7d9b5a12ef4a6cb097df86b95e5bfa" member_type: VOTER last_known_addr { host: "127.10.114.66" port: 45949 } } peers { permanent_uuid: "46f08e8ff3774f25acad18252e5cd57d" member_type: VOTER last_known_addr { host: "127.10.114.67" port: 37161 } }
I20260709 12:09:20.842242 11946 tablet_service.cc:1917] Received RequestConsensusVote() RPC: tablet_id: "4755afb6a253477badd7f673bff77faa" candidate_uuid: "4d7b7ec0a2604d808698037dbd6fa1ef" candidate_term: 1 candidate_status { last_received { term: 0 index: 0 } } ignore_live_leader: false dest_uuid: "6b7d9b5a12ef4a6cb097df86b95e5bfa" is_pre_election: true
I20260709 12:09:20.851998 11945 tablet_service.cc:1917] Received RequestConsensusVote() RPC: tablet_id: "1867813aeb8b457984895a6ccb759346" candidate_uuid: "4d7b7ec0a2604d808698037dbd6fa1ef" candidate_term: 1 candidate_status { last_received { term: 0 index: 0 } } ignore_live_leader: false dest_uuid: "6b7d9b5a12ef4a6cb097df86b95e5bfa" is_pre_election: true
I20260709 12:09:20.853364 12273 leader_election.cc:290] T f845a1dd30e04dccb21da2a17ebf1415 P 6b7d9b5a12ef4a6cb097df86b95e5bfa [CANDIDATE]: Term 1 pre-election: Requested pre-vote from peers 4d7b7ec0a2604d808698037dbd6fa1ef (127.10.114.65:39113), 46f08e8ff3774f25acad18252e5cd57d (127.10.114.67:37161)
I20260709 12:09:20.853526 11771 catalog_manager.cc:5697] T 3e361e6345864efa81f207f2a9dafda0 P 46f08e8ff3774f25acad18252e5cd57d reported cstate change: term changed from 0 to 1, leader changed from <none> to 46f08e8ff3774f25acad18252e5cd57d (127.10.114.67). New cstate: current_term: 1 leader_uuid: "46f08e8ff3774f25acad18252e5cd57d" committed_config { opid_index: -1 OBSOLETE_local: false peers { permanent_uuid: "4d7b7ec0a2604d808698037dbd6fa1ef" member_type: VOTER last_known_addr { host: "127.10.114.65" port: 39113 } health_report { overall_health: UNKNOWN } } peers { permanent_uuid: "6b7d9b5a12ef4a6cb097df86b95e5bfa" member_type: VOTER last_known_addr { host: "127.10.114.66" port: 45949 } health_report { overall_health: UNKNOWN } } peers { permanent_uuid: "46f08e8ff3774f25acad18252e5cd57d" member_type: VOTER last_known_addr { host: "127.10.114.67" port: 37161 } health_report { overall_health: HEALTHY } } }
I20260709 12:09:20.856588 12062 tablet_bootstrap.cc:492] T f845a1dd30e04dccb21da2a17ebf1415 P 4d7b7ec0a2604d808698037dbd6fa1ef: No bootstrap required, opened a new log
I20260709 12:09:20.857156 12062 ts_tablet_manager.cc:1403] T f845a1dd30e04dccb21da2a17ebf1415 P 4d7b7ec0a2604d808698037dbd6fa1ef: Time spent bootstrapping tablet: real 0.147s	user 0.007s	sys 0.014s
I20260709 12:09:20.859488 12303 raft_consensus.cc:515] T 8bcc1200587447cb913298cc7ed8c931 P 6b7d9b5a12ef4a6cb097df86b95e5bfa [term 1 FOLLOWER]: Starting leader election with config: opid_index: -1 OBSOLETE_local: false peers { permanent_uuid: "4d7b7ec0a2604d808698037dbd6fa1ef" member_type: VOTER last_known_addr { host: "127.10.114.65" port: 39113 } } peers { permanent_uuid: "6b7d9b5a12ef4a6cb097df86b95e5bfa" member_type: VOTER last_known_addr { host: "127.10.114.66" port: 45949 } } peers { permanent_uuid: "46f08e8ff3774f25acad18252e5cd57d" member_type: VOTER last_known_addr { host: "127.10.114.67" port: 37161 } }
I20260709 12:09:20.860412 11871 tablet_service.cc:1917] Received RequestConsensusVote() RPC: tablet_id: "f845a1dd30e04dccb21da2a17ebf1415" candidate_uuid: "6b7d9b5a12ef4a6cb097df86b95e5bfa" candidate_term: 1 candidate_status { last_received { term: 0 index: 0 } } ignore_live_leader: false dest_uuid: "4d7b7ec0a2604d808698037dbd6fa1ef" is_pre_election: true
I20260709 12:09:20.860715 12020 tablet_service.cc:1917] Received RequestConsensusVote() RPC: tablet_id: "f845a1dd30e04dccb21da2a17ebf1415" candidate_uuid: "6b7d9b5a12ef4a6cb097df86b95e5bfa" candidate_term: 1 candidate_status { last_received { term: 0 index: 0 } } ignore_live_leader: false dest_uuid: "46f08e8ff3774f25acad18252e5cd57d" is_pre_election: true
I20260709 12:09:20.859282 12063 raft_consensus.cc:359] T a1d0a2103114406e9d43b045cd4acfe0 P 6b7d9b5a12ef4a6cb097df86b95e5bfa [term 0 FOLLOWER]: Replica starting. Triggering 0 pending ops. Active config: opid_index: -1 OBSOLETE_local: false peers { permanent_uuid: "4d7b7ec0a2604d808698037dbd6fa1ef" member_type: VOTER last_known_addr { host: "127.10.114.65" port: 39113 } } peers { permanent_uuid: "6b7d9b5a12ef4a6cb097df86b95e5bfa" member_type: VOTER last_known_addr { host: "127.10.114.66" port: 45949 } } peers { permanent_uuid: "46f08e8ff3774f25acad18252e5cd57d" member_type: VOTER last_known_addr { host: "127.10.114.67" port: 37161 } }
I20260709 12:09:20.861588 12063 raft_consensus.cc:385] T a1d0a2103114406e9d43b045cd4acfe0 P 6b7d9b5a12ef4a6cb097df86b95e5bfa [term 0 FOLLOWER]: Consensus starting up: Expiring failure detector timer to make a prompt election more likely
I20260709 12:09:20.861894 12063 raft_consensus.cc:740] T a1d0a2103114406e9d43b045cd4acfe0 P 6b7d9b5a12ef4a6cb097df86b95e5bfa [term 0 FOLLOWER]: Becoming Follower/Learner. State: Replica: 6b7d9b5a12ef4a6cb097df86b95e5bfa, State: Initialized, Role: FOLLOWER
I20260709 12:09:20.862246 11839 leader_election.cc:304] T 4755afb6a253477badd7f673bff77faa P 4d7b7ec0a2604d808698037dbd6fa1ef [CANDIDATE]: Term 1 pre-election: Election decided. Result: candidate lost. Election summary: received 3 responses out of 3 voters: 1 yes votes; 2 no votes. yes voters: 4d7b7ec0a2604d808698037dbd6fa1ef; no voters: 46f08e8ff3774f25acad18252e5cd57d, 6b7d9b5a12ef4a6cb097df86b95e5bfa
I20260709 12:09:20.862779 12063 consensus_queue.cc:260] T a1d0a2103114406e9d43b045cd4acfe0 P 6b7d9b5a12ef4a6cb097df86b95e5bfa [NON_LEADER]: Queue going to NON_LEADER mode. State: All replicated index: 0, Majority replicated index: 0, Committed index: 0, Last appended: 0.0, Last appended by leader: 0, Current term: 0, Majority size: -1, State: 0, Mode: NON_LEADER, active raft config: opid_index: -1 OBSOLETE_local: false peers { permanent_uuid: "4d7b7ec0a2604d808698037dbd6fa1ef" member_type: VOTER last_known_addr { host: "127.10.114.65" port: 39113 } } peers { permanent_uuid: "6b7d9b5a12ef4a6cb097df86b95e5bfa" member_type: VOTER last_known_addr { host: "127.10.114.66" port: 45949 } } peers { permanent_uuid: "46f08e8ff3774f25acad18252e5cd57d" member_type: VOTER last_known_addr { host: "127.10.114.67" port: 37161 } }
I20260709 12:09:20.863377 11839 leader_election.cc:304] T 1867813aeb8b457984895a6ccb759346 P 4d7b7ec0a2604d808698037dbd6fa1ef [CANDIDATE]: Term 1 pre-election: Election decided. Result: candidate lost. Election summary: received 3 responses out of 3 voters: 1 yes votes; 2 no votes. yes voters: 4d7b7ec0a2604d808698037dbd6fa1ef; no voters: 46f08e8ff3774f25acad18252e5cd57d, 6b7d9b5a12ef4a6cb097df86b95e5bfa
I20260709 12:09:20.864377 12070 raft_consensus.cc:2749] T 1867813aeb8b457984895a6ccb759346 P 4d7b7ec0a2604d808698037dbd6fa1ef [term 0 FOLLOWER]: Leader pre-election lost for term 1. Reason: could not achieve majority
I20260709 12:09:20.871537 12020 raft_consensus.cc:2468] T f845a1dd30e04dccb21da2a17ebf1415 P 46f08e8ff3774f25acad18252e5cd57d [term 0 FOLLOWER]: Leader pre-election vote request: Granting yes vote for candidate 6b7d9b5a12ef4a6cb097df86b95e5bfa in term 0.
I20260709 12:09:20.882929 11870 tablet_service.cc:1917] Received RequestConsensusVote() RPC: tablet_id: "8bcc1200587447cb913298cc7ed8c931" candidate_uuid: "6b7d9b5a12ef4a6cb097df86b95e5bfa" candidate_term: 1 candidate_status { last_received { term: 0 index: 0 } } ignore_live_leader: false dest_uuid: "4d7b7ec0a2604d808698037dbd6fa1ef"
I20260709 12:09:20.883771 11870 raft_consensus.cc:3060] T 8bcc1200587447cb913298cc7ed8c931 P 4d7b7ec0a2604d808698037dbd6fa1ef [term 0 FOLLOWER]: Advancing to term 1
I20260709 12:09:20.883036 11768 catalog_manager.cc:5697] T e4f11d66c6904b2bb34a6291c444fbcd P 6b7d9b5a12ef4a6cb097df86b95e5bfa reported cstate change: term changed from 0 to 1, leader changed from <none> to 6b7d9b5a12ef4a6cb097df86b95e5bfa (127.10.114.66). New cstate: current_term: 1 leader_uuid: "6b7d9b5a12ef4a6cb097df86b95e5bfa" committed_config { opid_index: -1 OBSOLETE_local: false peers { permanent_uuid: "4d7b7ec0a2604d808698037dbd6fa1ef" member_type: VOTER last_known_addr { host: "127.10.114.65" port: 39113 } health_report { overall_health: UNKNOWN } } peers { permanent_uuid: "6b7d9b5a12ef4a6cb097df86b95e5bfa" member_type: VOTER last_known_addr { host: "127.10.114.66" port: 45949 } health_report { overall_health: HEALTHY } } peers { permanent_uuid: "46f08e8ff3774f25acad18252e5cd57d" member_type: VOTER last_known_addr { host: "127.10.114.67" port: 37161 } health_report { overall_health: UNKNOWN } } }
I20260709 12:09:21.082485 12213 leader_election.cc:290] T 9ff67aad7c28488cbcaa11428b8d0954 P 46f08e8ff3774f25acad18252e5cd57d [CANDIDATE]: Term 1 pre-election: Requested pre-vote from peers 4d7b7ec0a2604d808698037dbd6fa1ef (127.10.114.65:39113), 6b7d9b5a12ef4a6cb097df86b95e5bfa (127.10.114.66:45949)
W20260709 12:09:21.140791 12310 log.cc:927] Time spent T 3e361e6345864efa81f207f2a9dafda0 P 46f08e8ff3774f25acad18252e5cd57d: Append to log took a long time: real 0.187s	user 0.001s	sys 0.000s
I20260709 12:09:20.928125 12273 raft_consensus.cc:493] T eba16e46f4d34fb7a53a7a797485a99c P 6b7d9b5a12ef4a6cb097df86b95e5bfa [term 0 FOLLOWER]: Starting pre-election (no leader contacted us within the election timeout)
I20260709 12:09:21.171202 12273 raft_consensus.cc:515] T eba16e46f4d34fb7a53a7a797485a99c P 6b7d9b5a12ef4a6cb097df86b95e5bfa [term 0 FOLLOWER]: Starting pre-election with config: opid_index: -1 OBSOLETE_local: false peers { permanent_uuid: "4d7b7ec0a2604d808698037dbd6fa1ef" member_type: VOTER last_known_addr { host: "127.10.114.65" port: 39113 } } peers { permanent_uuid: "6b7d9b5a12ef4a6cb097df86b95e5bfa" member_type: VOTER last_known_addr { host: "127.10.114.66" port: 45949 } } peers { permanent_uuid: "46f08e8ff3774f25acad18252e5cd57d" member_type: VOTER last_known_addr { host: "127.10.114.67" port: 37161 } }
I20260709 12:09:21.113211 12105 raft_consensus.cc:2749] T 4755afb6a253477badd7f673bff77faa P 4d7b7ec0a2604d808698037dbd6fa1ef [term 1 FOLLOWER]: Leader pre-election lost for term 1. Reason: could not achieve majority
W20260709 12:09:21.106916 12315 log.cc:927] Time spent T e4f11d66c6904b2bb34a6291c444fbcd P 6b7d9b5a12ef4a6cb097df86b95e5bfa: Append to log took a long time: real 0.126s	user 0.000s	sys 0.000s
I20260709 12:09:20.900610 11914 leader_election.cc:304] T f845a1dd30e04dccb21da2a17ebf1415 P 6b7d9b5a12ef4a6cb097df86b95e5bfa [CANDIDATE]: Term 1 pre-election: Election decided. Result: candidate won. Election summary: received 2 responses out of 3 voters: 2 yes votes; 0 no votes. yes voters: 46f08e8ff3774f25acad18252e5cd57d, 6b7d9b5a12ef4a6cb097df86b95e5bfa; no voters: 
I20260709 12:09:20.889623 12303 leader_election.cc:290] T 8bcc1200587447cb913298cc7ed8c931 P 6b7d9b5a12ef4a6cb097df86b95e5bfa [CANDIDATE]: Term 1 election: Requested vote from peers 4d7b7ec0a2604d808698037dbd6fa1ef (127.10.114.65:39113), 46f08e8ff3774f25acad18252e5cd57d (127.10.114.67:37161)
I20260709 12:09:21.176698 12062 raft_consensus.cc:359] T f845a1dd30e04dccb21da2a17ebf1415 P 4d7b7ec0a2604d808698037dbd6fa1ef [term 0 FOLLOWER]: Replica starting. Triggering 0 pending ops. Active config: opid_index: -1 OBSOLETE_local: false peers { permanent_uuid: "4d7b7ec0a2604d808698037dbd6fa1ef" member_type: VOTER last_known_addr { host: "127.10.114.65" port: 39113 } } peers { permanent_uuid: "6b7d9b5a12ef4a6cb097df86b95e5bfa" member_type: VOTER last_known_addr { host: "127.10.114.66" port: 45949 } } peers { permanent_uuid: "46f08e8ff3774f25acad18252e5cd57d" member_type: VOTER last_known_addr { host: "127.10.114.67" port: 37161 } }
I20260709 12:09:21.181466 12062 raft_consensus.cc:385] T f845a1dd30e04dccb21da2a17ebf1415 P 4d7b7ec0a2604d808698037dbd6fa1ef [term 0 FOLLOWER]: Consensus starting up: Expiring failure detector timer to make a prompt election more likely
I20260709 12:09:21.181939 12062 raft_consensus.cc:740] T f845a1dd30e04dccb21da2a17ebf1415 P 4d7b7ec0a2604d808698037dbd6fa1ef [term 0 FOLLOWER]: Becoming Follower/Learner. State: Replica: 4d7b7ec0a2604d808698037dbd6fa1ef, State: Initialized, Role: FOLLOWER
I20260709 12:09:21.182757 12062 consensus_queue.cc:260] T f845a1dd30e04dccb21da2a17ebf1415 P 4d7b7ec0a2604d808698037dbd6fa1ef [NON_LEADER]: Queue going to NON_LEADER mode. State: All replicated index: 0, Majority replicated index: 0, Committed index: 0, Last appended: 0.0, Last appended by leader: 0, Current term: 0, Majority size: -1, State: 0, Mode: NON_LEADER, active raft config: opid_index: -1 OBSOLETE_local: false peers { permanent_uuid: "4d7b7ec0a2604d808698037dbd6fa1ef" member_type: VOTER last_known_addr { host: "127.10.114.65" port: 39113 } } peers { permanent_uuid: "6b7d9b5a12ef4a6cb097df86b95e5bfa" member_type: VOTER last_known_addr { host: "127.10.114.66" port: 45949 } } peers { permanent_uuid: "46f08e8ff3774f25acad18252e5cd57d" member_type: VOTER last_known_addr { host: "127.10.114.67" port: 37161 } }
W20260709 12:09:20.988143 12311 log.cc:927] Time spent T 8673bd187fa94b98baa982f36c6d2102 P 4d7b7ec0a2604d808698037dbd6fa1ef: Append to log took a long time: real 0.156s	user 0.001s	sys 0.000s
W20260709 12:09:21.192210 11914 outbound_call.cc:321] RPC callback for RPC call kudu.consensus.ConsensusService.RequestConsensusVote -> {remote=127.10.114.67:37161, user_credentials={real_user=slave}} blocked reactor thread for 291724us
I20260709 12:09:20.980079 12020 tablet_service.cc:1917] Received RequestConsensusVote() RPC: tablet_id: "8bcc1200587447cb913298cc7ed8c931" candidate_uuid: "6b7d9b5a12ef4a6cb097df86b95e5bfa" candidate_term: 1 candidate_status { last_received { term: 0 index: 0 } } ignore_live_leader: false dest_uuid: "46f08e8ff3774f25acad18252e5cd57d"
W20260709 12:09:21.197429 11914 leader_election.cc:343] T f845a1dd30e04dccb21da2a17ebf1415 P 6b7d9b5a12ef4a6cb097df86b95e5bfa [CANDIDATE]: Term 1 pre-election: Tablet error from VoteRequest() call to peer 4d7b7ec0a2604d808698037dbd6fa1ef (127.10.114.65:39113): Illegal state: must be running to vote when last-logged opid is not known
I20260709 12:09:21.199064 12020 raft_consensus.cc:3060] T 8bcc1200587447cb913298cc7ed8c931 P 46f08e8ff3774f25acad18252e5cd57d [term 0 FOLLOWER]: Advancing to term 1
I20260709 12:09:21.208392 12063 ts_tablet_manager.cc:1434] T a1d0a2103114406e9d43b045cd4acfe0 P 6b7d9b5a12ef4a6cb097df86b95e5bfa: Time spent starting tablet: real 0.417s	user 0.009s	sys 0.000s
I20260709 12:09:21.211081 12062 ts_tablet_manager.cc:1434] T f845a1dd30e04dccb21da2a17ebf1415 P 4d7b7ec0a2604d808698037dbd6fa1ef: Time spent starting tablet: real 0.354s	user 0.011s	sys 0.000s
I20260709 12:09:21.212230 12063 tablet_bootstrap.cc:492] T f31959fa0f994ee8a9587eb78cb124b3 P 6b7d9b5a12ef4a6cb097df86b95e5bfa: Bootstrap starting.
I20260709 12:09:21.213203 12062 tablet_bootstrap.cc:492] T e4f11d66c6904b2bb34a6291c444fbcd P 4d7b7ec0a2604d808698037dbd6fa1ef: Bootstrap starting.
