W20260709 12:21:05.030982 12338 leader_election.cc:343] T adca335dfa7843adbf2d0f31b45afa78 P 9930e3ded99e4aaf99b7cf897d0b8c27 [CANDIDATE]: Term 1 pre-election: Tablet error from VoteRequest() call to peer e4f9c36aabb244da9668da4a21dc8347 (127.10.239.131:38747): Illegal state: must be running to vote when last-logged opid is not known
I20260709 12:21:05.031428 12338 leader_election.cc:304] T adca335dfa7843adbf2d0f31b45afa78 P 9930e3ded99e4aaf99b7cf897d0b8c27 [CANDIDATE]: Term 1 pre-election: Election decided. Result: candidate lost. Election summary: received 3 responses out of 3 voters: 1 yes votes; 2 no votes. yes voters: 9930e3ded99e4aaf99b7cf897d0b8c27; no voters: 74c8976224be4e6fbad50a71c1bbf22e, e4f9c36aabb244da9668da4a21dc8347
I20260709 12:21:05.032158 12647 raft_consensus.cc:2749] T adca335dfa7843adbf2d0f31b45afa78 P 9930e3ded99e4aaf99b7cf897d0b8c27 [term 0 FOLLOWER]: Leader pre-election lost for term 1. Reason: could not achieve majority
I20260709 12:21:05.035903 12440 raft_consensus.cc:2468] T 42dfc88766b1431badda0d98b5747b4c P 74c8976224be4e6fbad50a71c1bbf22e [term 1 FOLLOWER]: Leader election vote request: Granting yes vote for candidate 9930e3ded99e4aaf99b7cf897d0b8c27 in term 1.
I20260709 12:21:05.038633 12647 consensus_queue.cc:1048] T 541d8aaad1714ff9b7647c71c0534ab1 P 9930e3ded99e4aaf99b7cf897d0b8c27 [LEADER]: Connected to new peer: Peer: permanent_uuid: "e4f9c36aabb244da9668da4a21dc8347" member_type: VOTER last_known_addr { host: "127.10.239.131" port: 38747 }, Status: LMP_MISMATCH, Last received: 0.0, Next index: 1, Last known committed idx: 0, Time since last communication: 0.000s
I20260709 12:21:05.039466 12718 leader_election.cc:290] T adca335dfa7843adbf2d0f31b45afa78 P 9930e3ded99e4aaf99b7cf897d0b8c27 [CANDIDATE]: Term 1 pre-election: Requested pre-vote from peers 74c8976224be4e6fbad50a71c1bbf22e (127.10.239.130:42273), e4f9c36aabb244da9668da4a21dc8347 (127.10.239.131:38747)
I20260709 12:21:05.041846 12517 tablet_service.cc:1917] Received RequestConsensusVote() RPC: tablet_id: "42dfc88766b1431badda0d98b5747b4c" candidate_uuid: "9930e3ded99e4aaf99b7cf897d0b8c27" candidate_term: 1 candidate_status { last_received { term: 0 index: 0 } } ignore_live_leader: false dest_uuid: "e4f9c36aabb244da9668da4a21dc8347"
I20260709 12:21:05.047626 12517 raft_consensus.cc:3060] T 42dfc88766b1431badda0d98b5747b4c P e4f9c36aabb244da9668da4a21dc8347 [term 0 FOLLOWER]: Advancing to term 1
I20260709 12:21:05.020661 12589 raft_consensus.cc:515] T f91f6be646104f1dad2c0f4fad2bbff6 P 74c8976224be4e6fbad50a71c1bbf22e [term 1 FOLLOWER]: Starting leader election with config: opid_index: -1 OBSOLETE_local: false peers { permanent_uuid: "9930e3ded99e4aaf99b7cf897d0b8c27" member_type: VOTER last_known_addr { host: "127.10.239.129" port: 43631 } } peers { permanent_uuid: "74c8976224be4e6fbad50a71c1bbf22e" member_type: VOTER last_known_addr { host: "127.10.239.130" port: 42273 } } peers { permanent_uuid: "e4f9c36aabb244da9668da4a21dc8347" member_type: VOTER last_known_addr { host: "127.10.239.131" port: 38747 } }
I20260709 12:21:05.050021 12561 tablet_bootstrap.cc:492] T 5575c408cdfc4722bb05b379a7732794 P 9930e3ded99e4aaf99b7cf897d0b8c27: Bootstrap starting.
I20260709 12:21:05.050944 12589 leader_election.cc:290] T f91f6be646104f1dad2c0f4fad2bbff6 P 74c8976224be4e6fbad50a71c1bbf22e [CANDIDATE]: Term 1 election: Requested vote from peers 9930e3ded99e4aaf99b7cf897d0b8c27 (127.10.239.129:43631), e4f9c36aabb244da9668da4a21dc8347 (127.10.239.131:38747)
I20260709 12:21:05.053812 12337 leader_election.cc:304] T 42dfc88766b1431badda0d98b5747b4c P 9930e3ded99e4aaf99b7cf897d0b8c27 [CANDIDATE]: Term 1 election: Election decided. Result: candidate won. Election summary: received 2 responses out of 3 voters: 2 yes votes; 0 no votes. yes voters: 74c8976224be4e6fbad50a71c1bbf22e, 9930e3ded99e4aaf99b7cf897d0b8c27; no voters: 
I20260709 12:21:05.054575 12647 raft_consensus.cc:2804] T 42dfc88766b1431badda0d98b5747b4c P 9930e3ded99e4aaf99b7cf897d0b8c27 [term 1 FOLLOWER]: Leader election won for term 1
I20260709 12:21:05.055009 12647 raft_consensus.cc:697] T 42dfc88766b1431badda0d98b5747b4c P 9930e3ded99e4aaf99b7cf897d0b8c27 [term 1 LEADER]: Becoming Leader. State: Replica: 9930e3ded99e4aaf99b7cf897d0b8c27, State: Running, Role: LEADER
I20260709 12:21:05.055716 12372 tablet_service.cc:1917] Received RequestConsensusVote() RPC: tablet_id: "f91f6be646104f1dad2c0f4fad2bbff6" candidate_uuid: "74c8976224be4e6fbad50a71c1bbf22e" candidate_term: 1 candidate_status { last_received { term: 0 index: 0 } } ignore_live_leader: false dest_uuid: "9930e3ded99e4aaf99b7cf897d0b8c27"
I20260709 12:21:05.055763 12647 consensus_queue.cc:237] T 42dfc88766b1431badda0d98b5747b4c P 9930e3ded99e4aaf99b7cf897d0b8c27 [LEADER]: Queue going to LEADER mode. State: All replicated index: 0, Majority replicated index: 0, Committed index: 0, Last appended: 0.0, Last appended by leader: 0, Current term: 1, Majority size: 2, State: 0, Mode: LEADER, active raft config: opid_index: -1 OBSOLETE_local: false peers { permanent_uuid: "9930e3ded99e4aaf99b7cf897d0b8c27" member_type: VOTER last_known_addr { host: "127.10.239.129" port: 43631 } } peers { permanent_uuid: "74c8976224be4e6fbad50a71c1bbf22e" member_type: VOTER last_known_addr { host: "127.10.239.130" port: 42273 } } peers { permanent_uuid: "e4f9c36aabb244da9668da4a21dc8347" member_type: VOTER last_known_addr { host: "127.10.239.131" port: 38747 } }
W20260709 12:21:05.057027 12412 leader_election.cc:343] T f91f6be646104f1dad2c0f4fad2bbff6 P 74c8976224be4e6fbad50a71c1bbf22e [CANDIDATE]: Term 1 election: Tablet error from VoteRequest() call to peer 9930e3ded99e4aaf99b7cf897d0b8c27 (127.10.239.129:43631): Illegal state: must be running to vote when last-logged opid is not known
I20260709 12:21:05.057543 12561 tablet_bootstrap.cc:654] T 5575c408cdfc4722bb05b379a7732794 P 9930e3ded99e4aaf99b7cf897d0b8c27: Neither blocks nor log segments found. Creating new log.
I20260709 12:21:05.059957 12563 tablet_bootstrap.cc:492] T 1e4408eb93cd484d83e2593157feda89 P 74c8976224be4e6fbad50a71c1bbf22e: No bootstrap required, opened a new log
I20260709 12:21:05.061112 12563 ts_tablet_manager.cc:1403] T 1e4408eb93cd484d83e2593157feda89 P 74c8976224be4e6fbad50a71c1bbf22e: Time spent bootstrapping tablet: real 0.102s	user 0.014s	sys 0.006s
I20260709 12:21:05.043572 12689 leader_election.cc:290] T 42dfc88766b1431badda0d98b5747b4c P 9930e3ded99e4aaf99b7cf897d0b8c27 [CANDIDATE]: Term 1 election: Requested vote from peers 74c8976224be4e6fbad50a71c1bbf22e (127.10.239.130:42273), e4f9c36aabb244da9668da4a21dc8347 (127.10.239.131:38747)
I20260709 12:21:05.051710 12679 raft_consensus.cc:493] T 5575c408cdfc4722bb05b379a7732794 P 74c8976224be4e6fbad50a71c1bbf22e [term 0 FOLLOWER]: Starting pre-election (no leader contacted us within the election timeout)
I20260709 12:21:05.052456 12520 tablet_service.cc:1917] Received RequestConsensusVote() RPC: tablet_id: "f91f6be646104f1dad2c0f4fad2bbff6" candidate_uuid: "74c8976224be4e6fbad50a71c1bbf22e" candidate_term: 1 candidate_status { last_received { term: 0 index: 0 } } ignore_live_leader: false dest_uuid: "e4f9c36aabb244da9668da4a21dc8347"
I20260709 12:21:05.046185 12569 raft_consensus.cc:515] T a7e873591f3b47bfaeef1490457d2405 P 74c8976224be4e6fbad50a71c1bbf22e [term 1 FOLLOWER]: Starting leader election with config: opid_index: -1 OBSOLETE_local: false peers { permanent_uuid: "9930e3ded99e4aaf99b7cf897d0b8c27" member_type: VOTER last_known_addr { host: "127.10.239.129" port: 43631 } } peers { permanent_uuid: "74c8976224be4e6fbad50a71c1bbf22e" member_type: VOTER last_known_addr { host: "127.10.239.130" port: 42273 } } peers { permanent_uuid: "e4f9c36aabb244da9668da4a21dc8347" member_type: VOTER last_known_addr { host: "127.10.239.131" port: 38747 } }
I20260709 12:21:05.062733 12520 raft_consensus.cc:3060] T f91f6be646104f1dad2c0f4fad2bbff6 P e4f9c36aabb244da9668da4a21dc8347 [term 0 FOLLOWER]: Advancing to term 1
I20260709 12:21:05.065040 12679 raft_consensus.cc:515] T 5575c408cdfc4722bb05b379a7732794 P 74c8976224be4e6fbad50a71c1bbf22e [term 0 FOLLOWER]: Starting pre-election with config: opid_index: -1 OBSOLETE_local: false peers { permanent_uuid: "9930e3ded99e4aaf99b7cf897d0b8c27" member_type: VOTER last_known_addr { host: "127.10.239.129" port: 43631 } } peers { permanent_uuid: "74c8976224be4e6fbad50a71c1bbf22e" member_type: VOTER last_known_addr { host: "127.10.239.130" port: 42273 } } peers { permanent_uuid: "e4f9c36aabb244da9668da4a21dc8347" member_type: VOTER last_known_addr { host: "127.10.239.131" port: 38747 } }
I20260709 12:21:05.066561 12372 tablet_service.cc:1917] Received RequestConsensusVote() RPC: tablet_id: "a7e873591f3b47bfaeef1490457d2405" candidate_uuid: "74c8976224be4e6fbad50a71c1bbf22e" candidate_term: 1 candidate_status { last_received { term: 0 index: 0 } } ignore_live_leader: false dest_uuid: "9930e3ded99e4aaf99b7cf897d0b8c27"
I20260709 12:21:05.067137 12372 raft_consensus.cc:3060] T a7e873591f3b47bfaeef1490457d2405 P 9930e3ded99e4aaf99b7cf897d0b8c27 [term 0 FOLLOWER]: Advancing to term 1
I20260709 12:21:05.073585 12679 leader_election.cc:290] T 5575c408cdfc4722bb05b379a7732794 P 74c8976224be4e6fbad50a71c1bbf22e [CANDIDATE]: Term 1 pre-election: Requested pre-vote from peers 9930e3ded99e4aaf99b7cf897d0b8c27 (127.10.239.129:43631), e4f9c36aabb244da9668da4a21dc8347 (127.10.239.131:38747)
I20260709 12:21:05.081459 12518 tablet_service.cc:1917] Received RequestConsensusVote() RPC: tablet_id: "5575c408cdfc4722bb05b379a7732794" candidate_uuid: "74c8976224be4e6fbad50a71c1bbf22e" candidate_term: 1 candidate_status { last_received { term: 0 index: 0 } } ignore_live_leader: false dest_uuid: "e4f9c36aabb244da9668da4a21dc8347" is_pre_election: true
I20260709 12:21:05.081583 12569 leader_election.cc:290] T a7e873591f3b47bfaeef1490457d2405 P 74c8976224be4e6fbad50a71c1bbf22e [CANDIDATE]: Term 1 election: Requested vote from peers 9930e3ded99e4aaf99b7cf897d0b8c27 (127.10.239.129:43631), e4f9c36aabb244da9668da4a21dc8347 (127.10.239.131:38747)
I20260709 12:21:05.084539 12563 raft_consensus.cc:359] T 1e4408eb93cd484d83e2593157feda89 P 74c8976224be4e6fbad50a71c1bbf22e [term 0 FOLLOWER]: Replica starting. Triggering 0 pending ops. Active config: opid_index: -1 OBSOLETE_local: false peers { permanent_uuid: "9930e3ded99e4aaf99b7cf897d0b8c27" member_type: VOTER last_known_addr { host: "127.10.239.129" port: 43631 } } peers { permanent_uuid: "74c8976224be4e6fbad50a71c1bbf22e" member_type: VOTER last_known_addr { host: "127.10.239.130" port: 42273 } } peers { permanent_uuid: "e4f9c36aabb244da9668da4a21dc8347" member_type: VOTER last_known_addr { host: "127.10.239.131" port: 38747 } }
I20260709 12:21:05.085268 12563 raft_consensus.cc:385] T 1e4408eb93cd484d83e2593157feda89 P 74c8976224be4e6fbad50a71c1bbf22e [term 0 FOLLOWER]: Consensus starting up: Expiring failure detector timer to make a prompt election more likely
I20260709 12:21:05.085522 12563 raft_consensus.cc:740] T 1e4408eb93cd484d83e2593157feda89 P 74c8976224be4e6fbad50a71c1bbf22e [term 0 FOLLOWER]: Becoming Follower/Learner. State: Replica: 74c8976224be4e6fbad50a71c1bbf22e, State: Initialized, Role: FOLLOWER
I20260709 12:21:05.086263 12370 tablet_service.cc:1917] Received RequestConsensusVote() RPC: tablet_id: "5575c408cdfc4722bb05b379a7732794" candidate_uuid: "74c8976224be4e6fbad50a71c1bbf22e" candidate_term: 1 candidate_status { last_received { term: 0 index: 0 } } ignore_live_leader: false dest_uuid: "9930e3ded99e4aaf99b7cf897d0b8c27" is_pre_election: true
I20260709 12:21:05.086107 12563 consensus_queue.cc:260] T 1e4408eb93cd484d83e2593157feda89 P 74c8976224be4e6fbad50a71c1bbf22e [NON_LEADER]: Queue going to NON_LEADER mode. State: All replicated index: 0, Majority replicated index: 0, Committed index: 0, Last appended: 0.0, Last appended by leader: 0, Current term: 0, Majority size: -1, State: 0, Mode: NON_LEADER, active raft config: opid_index: -1 OBSOLETE_local: false peers { permanent_uuid: "9930e3ded99e4aaf99b7cf897d0b8c27" member_type: VOTER last_known_addr { host: "127.10.239.129" port: 43631 } } peers { permanent_uuid: "74c8976224be4e6fbad50a71c1bbf22e" member_type: VOTER last_known_addr { host: "127.10.239.130" port: 42273 } } peers { permanent_uuid: "e4f9c36aabb244da9668da4a21dc8347" member_type: VOTER last_known_addr { host: "127.10.239.131" port: 38747 } }
I20260709 12:21:05.087332 12778 consensus_queue.cc:1048] T f53d87d2944f464f9e5ef4575a82ccd0 P e4f9c36aabb244da9668da4a21dc8347 [LEADER]: Connected to new peer: Peer: permanent_uuid: "9930e3ded99e4aaf99b7cf897d0b8c27" member_type: VOTER last_known_addr { host: "127.10.239.129" port: 43631 }, Status: LMP_MISMATCH, Last received: 0.0, Next index: 1, Last known committed idx: 0, Time since last communication: 0.000s
I20260709 12:21:05.087597 12520 raft_consensus.cc:2468] T f91f6be646104f1dad2c0f4fad2bbff6 P e4f9c36aabb244da9668da4a21dc8347 [term 1 FOLLOWER]: Leader election vote request: Granting yes vote for candidate 74c8976224be4e6fbad50a71c1bbf22e in term 1.
I20260709 12:21:05.088352 12563 ts_tablet_manager.cc:1434] T 1e4408eb93cd484d83e2593157feda89 P 74c8976224be4e6fbad50a71c1bbf22e: Time spent starting tablet: real 0.026s	user 0.005s	sys 0.001s
I20260709 12:21:05.089339 12563 tablet_bootstrap.cc:492] T da87205304e646148410ebeef1ba9b80 P 74c8976224be4e6fbad50a71c1bbf22e: Bootstrap starting.
I20260709 12:21:05.091789 12372 raft_consensus.cc:2468] T a7e873591f3b47bfaeef1490457d2405 P 9930e3ded99e4aaf99b7cf897d0b8c27 [term 1 FOLLOWER]: Leader election vote request: Granting yes vote for candidate 74c8976224be4e6fbad50a71c1bbf22e in term 1.
I20260709 12:21:05.087771 12516 tablet_service.cc:1917] Received RequestConsensusVote() RPC: tablet_id: "a7e873591f3b47bfaeef1490457d2405" candidate_uuid: "74c8976224be4e6fbad50a71c1bbf22e" candidate_term: 1 candidate_status { last_received { term: 0 index: 0 } } ignore_live_leader: false dest_uuid: "e4f9c36aabb244da9668da4a21dc8347"
I20260709 12:21:05.096812 12516 raft_consensus.cc:3060] T a7e873591f3b47bfaeef1490457d2405 P e4f9c36aabb244da9668da4a21dc8347 [term 0 FOLLOWER]: Advancing to term 1
I20260709 12:21:05.077271 12689 raft_consensus.cc:493] T 1e4408eb93cd484d83e2593157feda89 P 9930e3ded99e4aaf99b7cf897d0b8c27 [term 0 FOLLOWER]: Starting pre-election (no leader contacted us within the election timeout)
I20260709 12:21:05.099913 12413 leader_election.cc:304] T f91f6be646104f1dad2c0f4fad2bbff6 P 74c8976224be4e6fbad50a71c1bbf22e [CANDIDATE]: Term 1 election: Election decided. Result: candidate won. Election summary: received 3 responses out of 3 voters: 2 yes votes; 1 no votes. yes voters: 74c8976224be4e6fbad50a71c1bbf22e, e4f9c36aabb244da9668da4a21dc8347; no voters: 9930e3ded99e4aaf99b7cf897d0b8c27
I20260709 12:21:05.082068 12518 raft_consensus.cc:2468] T 5575c408cdfc4722bb05b379a7732794 P e4f9c36aabb244da9668da4a21dc8347 [term 0 FOLLOWER]: Leader pre-election vote request: Granting yes vote for candidate 74c8976224be4e6fbad50a71c1bbf22e in term 0.
I20260709 12:21:05.094321 12718 raft_consensus.cc:493] T 76ae94e593254eb7b2f95ec2191f4188 P 9930e3ded99e4aaf99b7cf897d0b8c27 [term 0 FOLLOWER]: Starting pre-election (no leader contacted us within the election timeout)
I20260709 12:21:05.106066 12718 raft_consensus.cc:515] T 76ae94e593254eb7b2f95ec2191f4188 P 9930e3ded99e4aaf99b7cf897d0b8c27 [term 0 FOLLOWER]: Starting pre-election with config: opid_index: -1 OBSOLETE_local: false peers { permanent_uuid: "9930e3ded99e4aaf99b7cf897d0b8c27" member_type: VOTER last_known_addr { host: "127.10.239.129" port: 43631 } } peers { permanent_uuid: "74c8976224be4e6fbad50a71c1bbf22e" member_type: VOTER last_known_addr { host: "127.10.239.130" port: 42273 } } peers { permanent_uuid: "e4f9c36aabb244da9668da4a21dc8347" member_type: VOTER last_known_addr { host: "127.10.239.131" port: 38747 } }
I20260709 12:21:05.110906 12718 leader_election.cc:290] T 76ae94e593254eb7b2f95ec2191f4188 P 9930e3ded99e4aaf99b7cf897d0b8c27 [CANDIDATE]: Term 1 pre-election: Requested pre-vote from peers 74c8976224be4e6fbad50a71c1bbf22e (127.10.239.130:42273), e4f9c36aabb244da9668da4a21dc8347 (127.10.239.131:38747)
I20260709 12:21:05.103425 12679 raft_consensus.cc:2804] T f91f6be646104f1dad2c0f4fad2bbff6 P 74c8976224be4e6fbad50a71c1bbf22e [term 1 FOLLOWER]: Leader election won for term 1
I20260709 12:21:05.112432 12679 raft_consensus.cc:697] T f91f6be646104f1dad2c0f4fad2bbff6 P 74c8976224be4e6fbad50a71c1bbf22e [term 1 LEADER]: Becoming Leader. State: Replica: 74c8976224be4e6fbad50a71c1bbf22e, State: Running, Role: LEADER
I20260709 12:21:05.113303 12679 consensus_queue.cc:237] T f91f6be646104f1dad2c0f4fad2bbff6 P 74c8976224be4e6fbad50a71c1bbf22e [LEADER]: Queue going to LEADER mode. State: All replicated index: 0, Majority replicated index: 0, Committed index: 0, Last appended: 0.0, Last appended by leader: 0, Current term: 1, Majority size: 2, State: 0, Mode: LEADER, active raft config: opid_index: -1 OBSOLETE_local: false peers { permanent_uuid: "9930e3ded99e4aaf99b7cf897d0b8c27" member_type: VOTER last_known_addr { host: "127.10.239.129" port: 43631 } } peers { permanent_uuid: "74c8976224be4e6fbad50a71c1bbf22e" member_type: VOTER last_known_addr { host: "127.10.239.130" port: 42273 } } peers { permanent_uuid: "e4f9c36aabb244da9668da4a21dc8347" member_type: VOTER last_known_addr { host: "127.10.239.131" port: 38747 } }
I20260709 12:21:05.115173 12519 tablet_service.cc:1917] Received RequestConsensusVote() RPC: tablet_id: "76ae94e593254eb7b2f95ec2191f4188" candidate_uuid: "9930e3ded99e4aaf99b7cf897d0b8c27" candidate_term: 1 candidate_status { last_received { term: 0 index: 0 } } ignore_live_leader: false dest_uuid: "e4f9c36aabb244da9668da4a21dc8347" is_pre_election: true
I20260709 12:21:05.116120 12519 raft_consensus.cc:2468] T 76ae94e593254eb7b2f95ec2191f4188 P e4f9c36aabb244da9668da4a21dc8347 [term 0 FOLLOWER]: Leader pre-election vote request: Granting yes vote for candidate 9930e3ded99e4aaf99b7cf897d0b8c27 in term 0.
I20260709 12:21:05.126353 12338 leader_election.cc:304] T 76ae94e593254eb7b2f95ec2191f4188 P 9930e3ded99e4aaf99b7cf897d0b8c27 [CANDIDATE]: Term 1 pre-election: Election decided. Result: candidate won. Election summary: received 2 responses out of 3 voters: 2 yes votes; 0 no votes. yes voters: 9930e3ded99e4aaf99b7cf897d0b8c27, e4f9c36aabb244da9668da4a21dc8347; no voters: 
I20260709 12:21:05.127051 12647 raft_consensus.cc:2804] T 76ae94e593254eb7b2f95ec2191f4188 P 9930e3ded99e4aaf99b7cf897d0b8c27 [term 0 FOLLOWER]: Leader pre-election won for term 1
I20260709 12:21:05.126987 12517 raft_consensus.cc:2468] T 42dfc88766b1431badda0d98b5747b4c P e4f9c36aabb244da9668da4a21dc8347 [term 1 FOLLOWER]: Leader election vote request: Granting yes vote for candidate 9930e3ded99e4aaf99b7cf897d0b8c27 in term 1.
I20260709 12:21:05.123634 12625 raft_consensus.cc:493] T 76ae94e593254eb7b2f95ec2191f4188 P 74c8976224be4e6fbad50a71c1bbf22e [term 0 FOLLOWER]: Starting pre-election (no leader contacted us within the election timeout)
I20260709 12:21:05.127991 12647 raft_consensus.cc:493] T 76ae94e593254eb7b2f95ec2191f4188 P 9930e3ded99e4aaf99b7cf897d0b8c27 [term 0 FOLLOWER]: Starting leader election (no leader contacted us within the election timeout)
I20260709 12:21:05.128408 12647 raft_consensus.cc:3060] T 76ae94e593254eb7b2f95ec2191f4188 P 9930e3ded99e4aaf99b7cf897d0b8c27 [term 0 FOLLOWER]: Advancing to term 1
I20260709 12:21:05.130036 12561 tablet_bootstrap.cc:492] T 5575c408cdfc4722bb05b379a7732794 P 9930e3ded99e4aaf99b7cf897d0b8c27: No bootstrap required, opened a new log
I20260709 12:21:05.130460 12561 ts_tablet_manager.cc:1403] T 5575c408cdfc4722bb05b379a7732794 P 9930e3ded99e4aaf99b7cf897d0b8c27: Time spent bootstrapping tablet: real 0.081s	user 0.009s	sys 0.015s
W20260709 12:21:05.132393 12412 leader_election.cc:343] T 5575c408cdfc4722bb05b379a7732794 P 74c8976224be4e6fbad50a71c1bbf22e [CANDIDATE]: Term 1 pre-election: Tablet error from VoteRequest() call to peer 9930e3ded99e4aaf99b7cf897d0b8c27 (127.10.239.129:43631): Illegal state: must be running to vote when last-logged opid is not known
I20260709 12:21:05.133155 12412 leader_election.cc:304] T a7e873591f3b47bfaeef1490457d2405 P 74c8976224be4e6fbad50a71c1bbf22e [CANDIDATE]: Term 1 election: Election decided. Result: candidate won. Election summary: received 2 responses out of 3 voters: 2 yes votes; 0 no votes. yes voters: 74c8976224be4e6fbad50a71c1bbf22e, 9930e3ded99e4aaf99b7cf897d0b8c27; no voters: 
I20260709 12:21:05.133924 12569 raft_consensus.cc:2804] T a7e873591f3b47bfaeef1490457d2405 P 74c8976224be4e6fbad50a71c1bbf22e [term 1 FOLLOWER]: Leader election won for term 1
I20260709 12:21:05.134367 12569 raft_consensus.cc:697] T a7e873591f3b47bfaeef1490457d2405 P 74c8976224be4e6fbad50a71c1bbf22e [term 1 LEADER]: Becoming Leader. State: Replica: 74c8976224be4e6fbad50a71c1bbf22e, State: Running, Role: LEADER
I20260709 12:21:05.104159 12689 raft_consensus.cc:515] T 1e4408eb93cd484d83e2593157feda89 P 9930e3ded99e4aaf99b7cf897d0b8c27 [term 0 FOLLOWER]: Starting pre-election with config: opid_index: -1 OBSOLETE_local: false peers { permanent_uuid: "9930e3ded99e4aaf99b7cf897d0b8c27" member_type: VOTER last_known_addr { host: "127.10.239.129" port: 43631 } } peers { permanent_uuid: "74c8976224be4e6fbad50a71c1bbf22e" member_type: VOTER last_known_addr { host: "127.10.239.130" port: 42273 } } peers { permanent_uuid: "e4f9c36aabb244da9668da4a21dc8347" member_type: VOTER last_known_addr { host: "127.10.239.131" port: 38747 } }
I20260709 12:21:05.135133 12569 consensus_queue.cc:237] T a7e873591f3b47bfaeef1490457d2405 P 74c8976224be4e6fbad50a71c1bbf22e [LEADER]: Queue going to LEADER mode. State: All replicated index: 0, Majority replicated index: 0, Committed index: 0, Last appended: 0.0, Last appended by leader: 0, Current term: 1, Majority size: 2, State: 0, Mode: LEADER, active raft config: opid_index: -1 OBSOLETE_local: false peers { permanent_uuid: "9930e3ded99e4aaf99b7cf897d0b8c27" member_type: VOTER last_known_addr { host: "127.10.239.129" port: 43631 } } peers { permanent_uuid: "74c8976224be4e6fbad50a71c1bbf22e" member_type: VOTER last_known_addr { host: "127.10.239.130" port: 42273 } } peers { permanent_uuid: "e4f9c36aabb244da9668da4a21dc8347" member_type: VOTER last_known_addr { host: "127.10.239.131" port: 38747 } }
I20260709 12:21:05.128129 12625 raft_consensus.cc:515] T 76ae94e593254eb7b2f95ec2191f4188 P 74c8976224be4e6fbad50a71c1bbf22e [term 0 FOLLOWER]: Starting pre-election with config: opid_index: -1 OBSOLETE_local: false peers { permanent_uuid: "9930e3ded99e4aaf99b7cf897d0b8c27" member_type: VOTER last_known_addr { host: "127.10.239.129" port: 43631 } } peers { permanent_uuid: "74c8976224be4e6fbad50a71c1bbf22e" member_type: VOTER last_known_addr { host: "127.10.239.130" port: 42273 } } peers { permanent_uuid: "e4f9c36aabb244da9668da4a21dc8347" member_type: VOTER last_known_addr { host: "127.10.239.131" port: 38747 } }
I20260709 12:21:05.137058 12689 leader_election.cc:290] T 1e4408eb93cd484d83e2593157feda89 P 9930e3ded99e4aaf99b7cf897d0b8c27 [CANDIDATE]: Term 1 pre-election: Requested pre-vote from peers 74c8976224be4e6fbad50a71c1bbf22e (127.10.239.130:42273), e4f9c36aabb244da9668da4a21dc8347 (127.10.239.131:38747)
I20260709 12:21:05.112627 12440 tablet_service.cc:1917] Received RequestConsensusVote() RPC: tablet_id: "76ae94e593254eb7b2f95ec2191f4188" candidate_uuid: "9930e3ded99e4aaf99b7cf897d0b8c27" candidate_term: 1 candidate_status { last_received { term: 0 index: 0 } } ignore_live_leader: false dest_uuid: "74c8976224be4e6fbad50a71c1bbf22e" is_pre_election: true
I20260709 12:21:05.133148 12561 raft_consensus.cc:359] T 5575c408cdfc4722bb05b379a7732794 P 9930e3ded99e4aaf99b7cf897d0b8c27 [term 0 FOLLOWER]: Replica starting. Triggering 0 pending ops. Active config: opid_index: -1 OBSOLETE_local: false peers { permanent_uuid: "9930e3ded99e4aaf99b7cf897d0b8c27" member_type: VOTER last_known_addr { host: "127.10.239.129" port: 43631 } } peers { permanent_uuid: "74c8976224be4e6fbad50a71c1bbf22e" member_type: VOTER last_known_addr { host: "127.10.239.130" port: 42273 } } peers { permanent_uuid: "e4f9c36aabb244da9668da4a21dc8347" member_type: VOTER last_known_addr { host: "127.10.239.131" port: 38747 } }
I20260709 12:21:05.139405 12413 leader_election.cc:304] T 5575c408cdfc4722bb05b379a7732794 P 74c8976224be4e6fbad50a71c1bbf22e [CANDIDATE]: Term 1 pre-election: Election decided. Result: candidate won. Election summary: received 3 responses out of 3 voters: 2 yes votes; 1 no votes. yes voters: 74c8976224be4e6fbad50a71c1bbf22e, e4f9c36aabb244da9668da4a21dc8347; no voters: 9930e3ded99e4aaf99b7cf897d0b8c27
I20260709 12:21:05.139582 12561 raft_consensus.cc:385] T 5575c408cdfc4722bb05b379a7732794 P 9930e3ded99e4aaf99b7cf897d0b8c27 [term 0 FOLLOWER]: Consensus starting up: Expiring failure detector timer to make a prompt election more likely
I20260709 12:21:05.140195 12561 raft_consensus.cc:740] T 5575c408cdfc4722bb05b379a7732794 P 9930e3ded99e4aaf99b7cf897d0b8c27 [term 0 FOLLOWER]: Becoming Follower/Learner. State: Replica: 9930e3ded99e4aaf99b7cf897d0b8c27, State: Initialized, Role: FOLLOWER
I20260709 12:21:05.143810 12561 consensus_queue.cc:260] T 5575c408cdfc4722bb05b379a7732794 P 9930e3ded99e4aaf99b7cf897d0b8c27 [NON_LEADER]: Queue going to NON_LEADER mode. State: All replicated index: 0, Majority replicated index: 0, Committed index: 0, Last appended: 0.0, Last appended by leader: 0, Current term: 0, Majority size: -1, State: 0, Mode: NON_LEADER, active raft config: opid_index: -1 OBSOLETE_local: false peers { permanent_uuid: "9930e3ded99e4aaf99b7cf897d0b8c27" member_type: VOTER last_known_addr { host: "127.10.239.129" port: 43631 } } peers { permanent_uuid: "74c8976224be4e6fbad50a71c1bbf22e" member_type: VOTER last_known_addr { host: "127.10.239.130" port: 42273 } } peers { permanent_uuid: "e4f9c36aabb244da9668da4a21dc8347" member_type: VOTER last_known_addr { host: "127.10.239.131" port: 38747 } }
I20260709 12:21:05.150020 12562 tablet_bootstrap.cc:492] T da87205304e646148410ebeef1ba9b80 P e4f9c36aabb244da9668da4a21dc8347: No bootstrap required, opened a new log
I20260709 12:21:05.151674 12562 ts_tablet_manager.cc:1403] T da87205304e646148410ebeef1ba9b80 P e4f9c36aabb244da9668da4a21dc8347: Time spent bootstrapping tablet: real 0.178s	user 0.057s	sys 0.047s
I20260709 12:21:05.152813 12625 leader_election.cc:290] T 76ae94e593254eb7b2f95ec2191f4188 P 74c8976224be4e6fbad50a71c1bbf22e [CANDIDATE]: Term 1 pre-election: Requested pre-vote from peers 9930e3ded99e4aaf99b7cf897d0b8c27 (127.10.239.129:43631), e4f9c36aabb244da9668da4a21dc8347 (127.10.239.131:38747)
I20260709 12:21:05.153497 12625 raft_consensus.cc:2804] T 5575c408cdfc4722bb05b379a7732794 P 74c8976224be4e6fbad50a71c1bbf22e [term 0 FOLLOWER]: Leader pre-election won for term 1
I20260709 12:21:05.153812 12625 raft_consensus.cc:493] T 5575c408cdfc4722bb05b379a7732794 P 74c8976224be4e6fbad50a71c1bbf22e [term 0 FOLLOWER]: Starting leader election (no leader contacted us within the election timeout)
I20260709 12:21:05.154122 12625 raft_consensus.cc:3060] T 5575c408cdfc4722bb05b379a7732794 P 74c8976224be4e6fbad50a71c1bbf22e [term 0 FOLLOWER]: Advancing to term 1
I20260709 12:21:05.143996 12440 raft_consensus.cc:2468] T 76ae94e593254eb7b2f95ec2191f4188 P 74c8976224be4e6fbad50a71c1bbf22e [term 0 FOLLOWER]: Leader pre-election vote request: Granting yes vote for candidate 9930e3ded99e4aaf99b7cf897d0b8c27 in term 0.
I20260709 12:21:05.154245 12562 raft_consensus.cc:359] T da87205304e646148410ebeef1ba9b80 P e4f9c36aabb244da9668da4a21dc8347 [term 0 FOLLOWER]: Replica starting. Triggering 0 pending ops. Active config: opid_index: -1 OBSOLETE_local: false peers { permanent_uuid: "9930e3ded99e4aaf99b7cf897d0b8c27" member_type: VOTER last_known_addr { host: "127.10.239.129" port: 43631 } } peers { permanent_uuid: "74c8976224be4e6fbad50a71c1bbf22e" member_type: VOTER last_known_addr { host: "127.10.239.130" port: 42273 } } peers { permanent_uuid: "e4f9c36aabb244da9668da4a21dc8347" member_type: VOTER last_known_addr { host: "127.10.239.131" port: 38747 } }
I20260709 12:21:05.155818 12562 raft_consensus.cc:385] T da87205304e646148410ebeef1ba9b80 P e4f9c36aabb244da9668da4a21dc8347 [term 0 FOLLOWER]: Consensus starting up: Expiring failure detector timer to make a prompt election more likely
I20260709 12:21:05.156107 12562 raft_consensus.cc:740] T da87205304e646148410ebeef1ba9b80 P e4f9c36aabb244da9668da4a21dc8347 [term 0 FOLLOWER]: Becoming Follower/Learner. State: Replica: e4f9c36aabb244da9668da4a21dc8347, State: Initialized, Role: FOLLOWER
I20260709 12:21:05.156922 12562 consensus_queue.cc:260] T da87205304e646148410ebeef1ba9b80 P e4f9c36aabb244da9668da4a21dc8347 [NON_LEADER]: Queue going to NON_LEADER mode. State: All replicated index: 0, Majority replicated index: 0, Committed index: 0, Last appended: 0.0, Last appended by leader: 0, Current term: 0, Majority size: -1, State: 0, Mode: NON_LEADER, active raft config: opid_index: -1 OBSOLETE_local: false peers { permanent_uuid: "9930e3ded99e4aaf99b7cf897d0b8c27" member_type: VOTER last_known_addr { host: "127.10.239.129" port: 43631 } } peers { permanent_uuid: "74c8976224be4e6fbad50a71c1bbf22e" member_type: VOTER last_known_addr { host: "127.10.239.130" port: 42273 } } peers { permanent_uuid: "e4f9c36aabb244da9668da4a21dc8347" member_type: VOTER last_known_addr { host: "127.10.239.131" port: 38747 } }
I20260709 12:21:05.158931 12265 catalog_manager.cc:5697] T 42dfc88766b1431badda0d98b5747b4c P 9930e3ded99e4aaf99b7cf897d0b8c27 reported cstate change: term changed from 0 to 1, leader changed from <none> to 9930e3ded99e4aaf99b7cf897d0b8c27 (127.10.239.129). New cstate: current_term: 1 leader_uuid: "9930e3ded99e4aaf99b7cf897d0b8c27" committed_config { opid_index: -1 OBSOLETE_local: false peers { permanent_uuid: "9930e3ded99e4aaf99b7cf897d0b8c27" member_type: VOTER last_known_addr { host: "127.10.239.129" port: 43631 } health_report { overall_health: HEALTHY } } peers { permanent_uuid: "74c8976224be4e6fbad50a71c1bbf22e" member_type: VOTER last_known_addr { host: "127.10.239.130" port: 42273 } health_report { overall_health: UNKNOWN } } peers { permanent_uuid: "e4f9c36aabb244da9668da4a21dc8347" member_type: VOTER last_known_addr { host: "127.10.239.131" port: 38747 } health_report { overall_health: UNKNOWN } } }
I20260709 12:21:05.167021 12561 ts_tablet_manager.cc:1434] T 5575c408cdfc4722bb05b379a7732794 P 9930e3ded99e4aaf99b7cf897d0b8c27: Time spent starting tablet: real 0.036s	user 0.008s	sys 0.000s
I20260709 12:21:05.168111 12561 tablet_bootstrap.cc:492] T 3611ee4d0f794d30aef0f318f03162fb P 9930e3ded99e4aaf99b7cf897d0b8c27: Bootstrap starting.
I20260709 12:21:05.168437 12562 ts_tablet_manager.cc:1434] T da87205304e646148410ebeef1ba9b80 P e4f9c36aabb244da9668da4a21dc8347: Time spent starting tablet: real 0.017s	user 0.006s	sys 0.000s
I20260709 12:21:05.169866 12562 tablet_bootstrap.cc:492] T adca335dfa7843adbf2d0f31b45afa78 P e4f9c36aabb244da9668da4a21dc8347: Bootstrap starting.
I20260709 12:21:05.171725 12647 raft_consensus.cc:515] T 76ae94e593254eb7b2f95ec2191f4188 P 9930e3ded99e4aaf99b7cf897d0b8c27 [term 1 FOLLOWER]: Starting leader election with config: opid_index: -1 OBSOLETE_local: false peers { permanent_uuid: "9930e3ded99e4aaf99b7cf897d0b8c27" member_type: VOTER last_known_addr { host: "127.10.239.129" port: 43631 } } peers { permanent_uuid: "74c8976224be4e6fbad50a71c1bbf22e" member_type: VOTER last_known_addr { host: "127.10.239.130" port: 42273 } } peers { permanent_uuid: "e4f9c36aabb244da9668da4a21dc8347" member_type: VOTER last_known_addr { host: "127.10.239.131" port: 38747 } }
I20260709 12:21:05.174230 12777 raft_consensus.cc:493] T ae384b364b9a4fb29ed7f39e5e598a4b P e4f9c36aabb244da9668da4a21dc8347 [term 0 FOLLOWER]: Starting pre-election (no leader contacted us within the election timeout)
I20260709 12:21:05.174675 12777 raft_consensus.cc:515] T ae384b364b9a4fb29ed7f39e5e598a4b P e4f9c36aabb244da9668da4a21dc8347 [term 0 FOLLOWER]: Starting pre-election with config: opid_index: -1 OBSOLETE_local: false peers { permanent_uuid: "9930e3ded99e4aaf99b7cf897d0b8c27" member_type: VOTER last_known_addr { host: "127.10.239.129" port: 43631 } } peers { permanent_uuid: "74c8976224be4e6fbad50a71c1bbf22e" member_type: VOTER last_known_addr { host: "127.10.239.130" port: 42273 } } peers { permanent_uuid: "e4f9c36aabb244da9668da4a21dc8347" member_type: VOTER last_known_addr { host: "127.10.239.131" port: 38747 } }
I20260709 12:21:05.174917 12518 tablet_service.cc:1917] Received RequestConsensusVote() RPC: tablet_id: "1e4408eb93cd484d83e2593157feda89" candidate_uuid: "9930e3ded99e4aaf99b7cf897d0b8c27" candidate_term: 1 candidate_status { last_received { term: 0 index: 0 } } ignore_live_leader: false dest_uuid: "e4f9c36aabb244da9668da4a21dc8347" is_pre_election: true
I20260709 12:21:05.172868 12563 tablet_bootstrap.cc:654] T da87205304e646148410ebeef1ba9b80 P 74c8976224be4e6fbad50a71c1bbf22e: Neither blocks nor log segments found. Creating new log.
I20260709 12:21:05.176578 12777 leader_election.cc:290] T ae384b364b9a4fb29ed7f39e5e598a4b P e4f9c36aabb244da9668da4a21dc8347 [CANDIDATE]: Term 1 pre-election: Requested pre-vote from peers 9930e3ded99e4aaf99b7cf897d0b8c27 (127.10.239.129:43631), 74c8976224be4e6fbad50a71c1bbf22e (127.10.239.130:42273)
W20260709 12:21:05.190842 12413 outbound_call.cc:321] RPC callback for RPC call kudu.consensus.ConsensusService.RequestConsensusVote -> {remote=127.10.239.131:38747, user_credentials={real_user=slave}} blocked reactor thread for 51515.8us
I20260709 12:21:05.173307 12516 raft_consensus.cc:2468] T a7e873591f3b47bfaeef1490457d2405 P e4f9c36aabb244da9668da4a21dc8347 [term 1 FOLLOWER]: Leader election vote request: Granting yes vote for candidate 74c8976224be4e6fbad50a71c1bbf22e in term 1.
W20260709 12:21:05.186228 12338 leader_election.cc:343] T 1e4408eb93cd484d83e2593157feda89 P 9930e3ded99e4aaf99b7cf897d0b8c27 [CANDIDATE]: Term 1 pre-election: Tablet error from VoteRequest() call to peer e4f9c36aabb244da9668da4a21dc8347 (127.10.239.131:38747): Illegal state: must be running to vote when last-logged opid is not known
I20260709 12:21:05.196375 12440 tablet_service.cc:1917] Received RequestConsensusVote() RPC: tablet_id: "1e4408eb93cd484d83e2593157feda89" candidate_uuid: "9930e3ded99e4aaf99b7cf897d0b8c27" candidate_term: 1 candidate_status { last_received { term: 0 index: 0 } } ignore_live_leader: false dest_uuid: "74c8976224be4e6fbad50a71c1bbf22e" is_pre_election: true
W20260709 12:21:05.189328 12412 outbound_call.cc:321] RPC callback for RPC call kudu.consensus.ConsensusService.UpdateConsensus -> {remote=127.10.239.129:43631, user_credentials={real_user=slave}} blocked reactor thread for 55343.6us
I20260709 12:21:05.211143 12625 raft_consensus.cc:515] T 5575c408cdfc4722bb05b379a7732794 P 74c8976224be4e6fbad50a71c1bbf22e [term 1 FOLLOWER]: Starting leader election with config: opid_index: -1 OBSOLETE_local: false peers { permanent_uuid: "9930e3ded99e4aaf99b7cf897d0b8c27" member_type: VOTER last_known_addr { host: "127.10.239.129" port: 43631 } } peers { permanent_uuid: "74c8976224be4e6fbad50a71c1bbf22e" member_type: VOTER last_known_addr { host: "127.10.239.130" port: 42273 } } peers { permanent_uuid: "e4f9c36aabb244da9668da4a21dc8347" member_type: VOTER last_known_addr { host: "127.10.239.131" port: 38747 } }
I20260709 12:21:05.213171 12440 raft_consensus.cc:2468] T 1e4408eb93cd484d83e2593157feda89 P 74c8976224be4e6fbad50a71c1bbf22e [term 0 FOLLOWER]: Leader pre-election vote request: Granting yes vote for candidate 9930e3ded99e4aaf99b7cf897d0b8c27 in term 0.
I20260709 12:21:05.215449 12647 leader_election.cc:290] T 76ae94e593254eb7b2f95ec2191f4188 P 9930e3ded99e4aaf99b7cf897d0b8c27 [CANDIDATE]: Term 1 election: Requested vote from peers 74c8976224be4e6fbad50a71c1bbf22e (127.10.239.130:42273), e4f9c36aabb244da9668da4a21dc8347 (127.10.239.131:38747)
I20260709 12:21:05.224315 12518 tablet_service.cc:1917] Received RequestConsensusVote() RPC: tablet_id: "76ae94e593254eb7b2f95ec2191f4188" candidate_uuid: "74c8976224be4e6fbad50a71c1bbf22e" candidate_term: 1 candidate_status { last_received { term: 0 index: 0 } } ignore_live_leader: false dest_uuid: "e4f9c36aabb244da9668da4a21dc8347" is_pre_election: true
I20260709 12:21:05.224987 12518 raft_consensus.cc:2468] T 76ae94e593254eb7b2f95ec2191f4188 P e4f9c36aabb244da9668da4a21dc8347 [term 0 FOLLOWER]: Leader pre-election vote request: Granting yes vote for candidate 74c8976224be4e6fbad50a71c1bbf22e in term 0.
I20260709 12:21:05.228761 12521 tablet_service.cc:1917] Received RequestConsensusVote() RPC: tablet_id: "76ae94e593254eb7b2f95ec2191f4188" candidate_uuid: "9930e3ded99e4aaf99b7cf897d0b8c27" candidate_term: 1 candidate_status { last_received { term: 0 index: 0 } } ignore_live_leader: false dest_uuid: "e4f9c36aabb244da9668da4a21dc8347"
I20260709 12:21:05.229312 12521 raft_consensus.cc:3060] T 76ae94e593254eb7b2f95ec2191f4188 P e4f9c36aabb244da9668da4a21dc8347 [term 0 FOLLOWER]: Advancing to term 1
I20260709 12:21:05.226598 12265 catalog_manager.cc:5697] T f91f6be646104f1dad2c0f4fad2bbff6 P 74c8976224be4e6fbad50a71c1bbf22e reported cstate change: term changed from 0 to 1, leader changed from <none> to 74c8976224be4e6fbad50a71c1bbf22e (127.10.239.130). New cstate: current_term: 1 leader_uuid: "74c8976224be4e6fbad50a71c1bbf22e" committed_config { opid_index: -1 OBSOLETE_local: false peers { permanent_uuid: "9930e3ded99e4aaf99b7cf897d0b8c27" member_type: VOTER last_known_addr { host: "127.10.239.129" port: 43631 } health_report { overall_health: UNKNOWN } } peers { permanent_uuid: "74c8976224be4e6fbad50a71c1bbf22e" member_type: VOTER last_known_addr { host: "127.10.239.130" port: 42273 } health_report { overall_health: HEALTHY } } peers { permanent_uuid: "e4f9c36aabb244da9668da4a21dc8347" member_type: VOTER last_known_addr { host: "127.10.239.131" port: 38747 } health_report { overall_health: UNKNOWN } } }
I20260709 12:21:05.234684 12367 tablet_service.cc:1917] Received RequestConsensusVote() RPC: tablet_id: "ae384b364b9a4fb29ed7f39e5e598a4b" candidate_uuid: "e4f9c36aabb244da9668da4a21dc8347" candidate_term: 1 candidate_status { last_received { term: 0 index: 0 } } ignore_live_leader: false dest_uuid: "9930e3ded99e4aaf99b7cf897d0b8c27" is_pre_election: true
I20260709 12:21:05.235625 12337 leader_election.cc:304] T 1e4408eb93cd484d83e2593157feda89 P 9930e3ded99e4aaf99b7cf897d0b8c27 [CANDIDATE]: Term 1 pre-election: Election decided. Result: candidate won. Election summary: received 3 responses out of 3 voters: 2 yes votes; 1 no votes. yes voters: 74c8976224be4e6fbad50a71c1bbf22e, 9930e3ded99e4aaf99b7cf897d0b8c27; no voters: e4f9c36aabb244da9668da4a21dc8347
I20260709 12:21:05.224376 12561 tablet_bootstrap.cc:654] T 3611ee4d0f794d30aef0f318f03162fb P 9930e3ded99e4aaf99b7cf897d0b8c27: Neither blocks nor log segments found. Creating new log.
W20260709 12:21:05.237075 12486 leader_election.cc:343] T ae384b364b9a4fb29ed7f39e5e598a4b P e4f9c36aabb244da9668da4a21dc8347 [CANDIDATE]: Term 1 pre-election: Tablet error from VoteRequest() call to peer 9930e3ded99e4aaf99b7cf897d0b8c27 (127.10.239.129:43631): Illegal state: must be running to vote when last-logged opid is not known
I20260709 12:21:05.238359 12718 raft_consensus.cc:2804] T 1e4408eb93cd484d83e2593157feda89 P 9930e3ded99e4aaf99b7cf897d0b8c27 [term 0 FOLLOWER]: Leader pre-election won for term 1
I20260709 12:21:05.238735 12718 raft_consensus.cc:493] T 1e4408eb93cd484d83e2593157feda89 P 9930e3ded99e4aaf99b7cf897d0b8c27 [term 0 FOLLOWER]: Starting leader election (no leader contacted us within the election timeout)
I20260709 12:21:05.239066 12718 raft_consensus.cc:3060] T 1e4408eb93cd484d83e2593157feda89 P 9930e3ded99e4aaf99b7cf897d0b8c27 [term 0 FOLLOWER]: Advancing to term 1
I20260709 12:21:05.240603 12521 raft_consensus.cc:2468] T 76ae94e593254eb7b2f95ec2191f4188 P e4f9c36aabb244da9668da4a21dc8347 [term 1 FOLLOWER]: Leader election vote request: Granting yes vote for candidate 9930e3ded99e4aaf99b7cf897d0b8c27 in term 1.
I20260709 12:21:05.220741 12625 leader_election.cc:290] T 5575c408cdfc4722bb05b379a7732794 P 74c8976224be4e6fbad50a71c1bbf22e [CANDIDATE]: Term 1 election: Requested vote from peers 9930e3ded99e4aaf99b7cf897d0b8c27 (127.10.239.129:43631), e4f9c36aabb244da9668da4a21dc8347 (127.10.239.131:38747)
I20260709 12:21:05.242808 12413 leader_election.cc:304] T 76ae94e593254eb7b2f95ec2191f4188 P 74c8976224be4e6fbad50a71c1bbf22e [CANDIDATE]: Term 1 pre-election: Election decided. Result: candidate won. Election summary: received 2 responses out of 3 voters: 2 yes votes; 0 no votes. yes voters: 74c8976224be4e6fbad50a71c1bbf22e, e4f9c36aabb244da9668da4a21dc8347; no voters: 
I20260709 12:21:05.244177 12812 raft_consensus.cc:2804] T 76ae94e593254eb7b2f95ec2191f4188 P 74c8976224be4e6fbad50a71c1bbf22e [term 0 FOLLOWER]: Leader pre-election won for term 1
I20260709 12:21:05.244431 12440 tablet_service.cc:1917] Received RequestConsensusVote() RPC: tablet_id: "76ae94e593254eb7b2f95ec2191f4188" candidate_uuid: "9930e3ded99e4aaf99b7cf897d0b8c27" candidate_term: 1 candidate_status { last_received { term: 0 index: 0 } } ignore_live_leader: false dest_uuid: "74c8976224be4e6fbad50a71c1bbf22e"
I20260709 12:21:05.246630 12372 tablet_service.cc:1917] Received RequestConsensusVote() RPC: tablet_id: "76ae94e593254eb7b2f95ec2191f4188" candidate_uuid: "74c8976224be4e6fbad50a71c1bbf22e" candidate_term: 1 candidate_status { last_received { term: 0 index: 0 } } ignore_live_leader: false dest_uuid: "9930e3ded99e4aaf99b7cf897d0b8c27" is_pre_election: true
I20260709 12:21:05.247277 12372 raft_consensus.cc:2393] T 76ae94e593254eb7b2f95ec2191f4188 P 9930e3ded99e4aaf99b7cf897d0b8c27 [term 1 FOLLOWER]: Leader pre-election vote request: Denying vote to candidate 74c8976224be4e6fbad50a71c1bbf22e in current term 1: Already voted for candidate 9930e3ded99e4aaf99b7cf897d0b8c27 in this term.
I20260709 12:21:05.251148 12367 tablet_service.cc:1917] Received RequestConsensusVote() RPC: tablet_id: "5575c408cdfc4722bb05b379a7732794" candidate_uuid: "74c8976224be4e6fbad50a71c1bbf22e" candidate_term: 1 candidate_status { last_received { term: 0 index: 0 } } ignore_live_leader: false dest_uuid: "9930e3ded99e4aaf99b7cf897d0b8c27"
I20260709 12:21:05.251685 12367 raft_consensus.cc:3060] T 5575c408cdfc4722bb05b379a7732794 P 9930e3ded99e4aaf99b7cf897d0b8c27 [term 0 FOLLOWER]: Advancing to term 1
I20260709 12:21:05.252856 12518 tablet_service.cc:1917] Received RequestConsensusVote() RPC: tablet_id: "5575c408cdfc4722bb05b379a7732794" candidate_uuid: "74c8976224be4e6fbad50a71c1bbf22e" candidate_term: 1 candidate_status { last_received { term: 0 index: 0 } } ignore_live_leader: false dest_uuid: "e4f9c36aabb244da9668da4a21dc8347"
I20260709 12:21:05.251384 12718 raft_consensus.cc:515] T 1e4408eb93cd484d83e2593157feda89 P 9930e3ded99e4aaf99b7cf897d0b8c27 [term 1 FOLLOWER]: Starting leader election with config: opid_index: -1 OBSOLETE_local: false peers { permanent_uuid: "9930e3ded99e4aaf99b7cf897d0b8c27" member_type: VOTER last_known_addr { host: "127.10.239.129" port: 43631 } } peers { permanent_uuid: "74c8976224be4e6fbad50a71c1bbf22e" member_type: VOTER last_known_addr { host: "127.10.239.130" port: 42273 } } peers { permanent_uuid: "e4f9c36aabb244da9668da4a21dc8347" member_type: VOTER last_known_addr { host: "127.10.239.131" port: 38747 } }
I20260709 12:21:05.245293 12812 raft_consensus.cc:493] T 76ae94e593254eb7b2f95ec2191f4188 P 74c8976224be4e6fbad50a71c1bbf22e [term 0 FOLLOWER]: Starting leader election (no leader contacted us within the election timeout)
I20260709 12:21:05.261968 12443 tablet_service.cc:1917] Received RequestConsensusVote() RPC: tablet_id: "ae384b364b9a4fb29ed7f39e5e598a4b" candidate_uuid: "e4f9c36aabb244da9668da4a21dc8347" candidate_term: 1 candidate_status { last_received { term: 0 index: 0 } } ignore_live_leader: false dest_uuid: "74c8976224be4e6fbad50a71c1bbf22e" is_pre_election: true
I20260709 12:21:05.260416 12518 raft_consensus.cc:3060] T 5575c408cdfc4722bb05b379a7732794 P e4f9c36aabb244da9668da4a21dc8347 [term 0 FOLLOWER]: Advancing to term 1
I20260709 12:21:05.263720 12367 raft_consensus.cc:2468] T 5575c408cdfc4722bb05b379a7732794 P 9930e3ded99e4aaf99b7cf897d0b8c27 [term 1 FOLLOWER]: Leader election vote request: Granting yes vote for candidate 74c8976224be4e6fbad50a71c1bbf22e in term 1.
I20260709 12:21:05.265122 12690 consensus_queue.cc:1048] T 541d8aaad1714ff9b7647c71c0534ab1 P 9930e3ded99e4aaf99b7cf897d0b8c27 [LEADER]: Connected to new peer: Peer: permanent_uuid: "74c8976224be4e6fbad50a71c1bbf22e" member_type: VOTER last_known_addr { host: "127.10.239.130" port: 42273 }, Status: LMP_MISMATCH, Last received: 0.0, Next index: 1, Last known committed idx: 0, Time since last communication: 0.000s
I20260709 12:21:05.266510 12338 leader_election.cc:304] T 76ae94e593254eb7b2f95ec2191f4188 P 9930e3ded99e4aaf99b7cf897d0b8c27 [CANDIDATE]: Term 1 election: Election decided. Result: candidate won. Election summary: received 2 responses out of 3 voters: 2 yes votes; 0 no votes. yes voters: 9930e3ded99e4aaf99b7cf897d0b8c27, e4f9c36aabb244da9668da4a21dc8347; no voters: 
I20260709 12:21:05.269240 12811 raft_consensus.cc:2804] T 76ae94e593254eb7b2f95ec2191f4188 P 9930e3ded99e4aaf99b7cf897d0b8c27 [term 1 FOLLOWER]: Leader election won for term 1
I20260709 12:21:05.269654 12811 raft_consensus.cc:697] T 76ae94e593254eb7b2f95ec2191f4188 P 9930e3ded99e4aaf99b7cf897d0b8c27 [term 1 LEADER]: Becoming Leader. State: Replica: 9930e3ded99e4aaf99b7cf897d0b8c27, State: Running, Role: LEADER
I20260709 12:21:05.270399 12811 consensus_queue.cc:237] T 76ae94e593254eb7b2f95ec2191f4188 P 9930e3ded99e4aaf99b7cf897d0b8c27 [LEADER]: Queue going to LEADER mode. State: All replicated index: 0, Majority replicated index: 0, Committed index: 0, Last appended: 0.0, Last appended by leader: 0, Current term: 1, Majority size: 2, State: 0, Mode: LEADER, active raft config: opid_index: -1 OBSOLETE_local: false peers { permanent_uuid: "9930e3ded99e4aaf99b7cf897d0b8c27" member_type: VOTER last_known_addr { host: "127.10.239.129" port: 43631 } } peers { permanent_uuid: "74c8976224be4e6fbad50a71c1bbf22e" member_type: VOTER last_known_addr { host: "127.10.239.130" port: 42273 } } peers { permanent_uuid: "e4f9c36aabb244da9668da4a21dc8347" member_type: VOTER last_known_addr { host: "127.10.239.131" port: 38747 } }
I20260709 12:21:05.275348 12265 catalog_manager.cc:5697] T a7e873591f3b47bfaeef1490457d2405 P 74c8976224be4e6fbad50a71c1bbf22e reported cstate change: term changed from 0 to 1, leader changed from <none> to 74c8976224be4e6fbad50a71c1bbf22e (127.10.239.130). New cstate: current_term: 1 leader_uuid: "74c8976224be4e6fbad50a71c1bbf22e" committed_config { opid_index: -1 OBSOLETE_local: false peers { permanent_uuid: "9930e3ded99e4aaf99b7cf897d0b8c27" member_type: VOTER last_known_addr { host: "127.10.239.129" port: 43631 } health_report { overall_health: UNKNOWN } } peers { permanent_uuid: "74c8976224be4e6fbad50a71c1bbf22e" member_type: VOTER last_known_addr { host: "127.10.239.130" port: 42273 } health_report { overall_health: HEALTHY } } peers { permanent_uuid: "e4f9c36aabb244da9668da4a21dc8347" member_type: VOTER last_known_addr { host: "127.10.239.131" port: 38747 } health_report { overall_health: UNKNOWN } } }
I20260709 12:21:05.280555 12562 tablet_bootstrap.cc:654] T adca335dfa7843adbf2d0f31b45afa78 P e4f9c36aabb244da9668da4a21dc8347: Neither blocks nor log segments found. Creating new log.
I20260709 12:21:05.257779 12812 raft_consensus.cc:3060] T 76ae94e593254eb7b2f95ec2191f4188 P 74c8976224be4e6fbad50a71c1bbf22e [term 0 FOLLOWER]: Advancing to term 1
W20260709 12:21:05.286883 12486 leader_election.cc:343] T ae384b364b9a4fb29ed7f39e5e598a4b P e4f9c36aabb244da9668da4a21dc8347 [CANDIDATE]: Term 1 pre-election: Tablet error from VoteRequest() call to peer 74c8976224be4e6fbad50a71c1bbf22e (127.10.239.130:42273): Illegal state: must be running to vote when last-logged opid is not known
I20260709 12:21:05.287318 12486 leader_election.cc:304] T ae384b364b9a4fb29ed7f39e5e598a4b P e4f9c36aabb244da9668da4a21dc8347 [CANDIDATE]: Term 1 pre-election: Election decided. Result: candidate lost. Election summary: received 3 responses out of 3 voters: 1 yes votes; 2 no votes. yes voters: e4f9c36aabb244da9668da4a21dc8347; no voters: 74c8976224be4e6fbad50a71c1bbf22e, 9930e3ded99e4aaf99b7cf897d0b8c27
I20260709 12:21:05.288763 12412 leader_election.cc:304] T 5575c408cdfc4722bb05b379a7732794 P 74c8976224be4e6fbad50a71c1bbf22e [CANDIDATE]: Term 1 election: Election decided. Result: candidate won. Election summary: received 2 responses out of 3 voters: 2 yes votes; 0 no votes. yes voters: 74c8976224be4e6fbad50a71c1bbf22e, 9930e3ded99e4aaf99b7cf897d0b8c27; no voters: 
I20260709 12:21:05.289319 12573 raft_consensus.cc:2749] T ae384b364b9a4fb29ed7f39e5e598a4b P e4f9c36aabb244da9668da4a21dc8347 [term 0 FOLLOWER]: Leader pre-election lost for term 1. Reason: could not achieve majority
I20260709 12:21:05.289919 12589 raft_consensus.cc:2804] T 5575c408cdfc4722bb05b379a7732794 P 74c8976224be4e6fbad50a71c1bbf22e [term 1 FOLLOWER]: Leader election won for term 1
I20260709 12:21:05.290310 12777 consensus_queue.cc:1048] T f53d87d2944f464f9e5ef4575a82ccd0 P e4f9c36aabb244da9668da4a21dc8347 [LEADER]: Connected to new peer: Peer: permanent_uuid: "74c8976224be4e6fbad50a71c1bbf22e" member_type: VOTER last_known_addr { host: "127.10.239.130" port: 42273 }, Status: LMP_MISMATCH, Last received: 0.0, Next index: 1, Last known committed idx: 0, Time since last communication: 0.001s
I20260709 12:21:05.290412 12589 raft_consensus.cc:697] T 5575c408cdfc4722bb05b379a7732794 P 74c8976224be4e6fbad50a71c1bbf22e [term 1 LEADER]: Becoming Leader. State: Replica: 74c8976224be4e6fbad50a71c1bbf22e, State: Running, Role: LEADER
