I20260709 12:21:02.679580 12562 ts_tablet_manager.cc:1434] T 620bcdb584924e1f8decb36284b9c518 P e4f9c36aabb244da9668da4a21dc8347: Time spent starting tablet: real 0.012s	user 0.005s	sys 0.000s
I20260709 12:21:02.679572 12567 raft_consensus.cc:2804] T 39397a874fb241649ef0a14ff12735bf P 9930e3ded99e4aaf99b7cf897d0b8c27 [term 1 FOLLOWER]: Leader election won for term 1
I20260709 12:21:02.680136 12567 raft_consensus.cc:697] T 39397a874fb241649ef0a14ff12735bf P 9930e3ded99e4aaf99b7cf897d0b8c27 [term 1 LEADER]: Becoming Leader. State: Replica: 9930e3ded99e4aaf99b7cf897d0b8c27, State: Running, Role: LEADER
I20260709 12:21:02.680706 12567 consensus_queue.cc:237] T 39397a874fb241649ef0a14ff12735bf P 9930e3ded99e4aaf99b7cf897d0b8c27 [LEADER]: Queue going to LEADER mode. State: All replicated index: 0, Majority replicated index: 0, Committed index: 0, Last appended: 0.0, Last appended by leader: 0, Current term: 1, Majority size: 2, State: 0, Mode: LEADER, active raft config: opid_index: -1 OBSOLETE_local: false peers { permanent_uuid: "9930e3ded99e4aaf99b7cf897d0b8c27" member_type: VOTER last_known_addr { host: "127.10.239.129" port: 43631 } } peers { permanent_uuid: "74c8976224be4e6fbad50a71c1bbf22e" member_type: VOTER last_known_addr { host: "127.10.239.130" port: 42273 } } peers { permanent_uuid: "e4f9c36aabb244da9668da4a21dc8347" member_type: VOTER last_known_addr { host: "127.10.239.131" port: 38747 } }
I20260709 12:21:02.682479 12563 tablet_bootstrap.cc:654] T 33a345c171eb45429b1c407a626671bb P 74c8976224be4e6fbad50a71c1bbf22e: Neither blocks nor log segments found. Creating new log.
I20260709 12:21:02.682723 12562 tablet_bootstrap.cc:492] T 33a345c171eb45429b1c407a626671bb P e4f9c36aabb244da9668da4a21dc8347: Bootstrap starting.
I20260709 12:21:02.673197 12616 leader_election.cc:290] T a530cd48ff4e4c8497436e3e7c2ab47e P 74c8976224be4e6fbad50a71c1bbf22e [CANDIDATE]: Term 1 election: Requested vote from peers 9930e3ded99e4aaf99b7cf897d0b8c27 (127.10.239.129:43631), e4f9c36aabb244da9668da4a21dc8347 (127.10.239.131:38747)
I20260709 12:21:02.684945 12647 raft_consensus.cc:493] T 44ba72eda8334b59bc12513498b68ac0 P 9930e3ded99e4aaf99b7cf897d0b8c27 [term 0 FOLLOWER]: Starting pre-election (no leader contacted us within the election timeout)
I20260709 12:21:02.685415 12647 raft_consensus.cc:515] T 44ba72eda8334b59bc12513498b68ac0 P 9930e3ded99e4aaf99b7cf897d0b8c27 [term 0 FOLLOWER]: Starting pre-election with config: opid_index: -1 OBSOLETE_local: false peers { permanent_uuid: "9930e3ded99e4aaf99b7cf897d0b8c27" member_type: VOTER last_known_addr { host: "127.10.239.129" port: 43631 } } peers { permanent_uuid: "74c8976224be4e6fbad50a71c1bbf22e" member_type: VOTER last_known_addr { host: "127.10.239.130" port: 42273 } } peers { permanent_uuid: "e4f9c36aabb244da9668da4a21dc8347" member_type: VOTER last_known_addr { host: "127.10.239.131" port: 38747 } }
I20260709 12:21:02.687377 12647 leader_election.cc:290] T 44ba72eda8334b59bc12513498b68ac0 P 9930e3ded99e4aaf99b7cf897d0b8c27 [CANDIDATE]: Term 1 pre-election: Requested pre-vote from peers 74c8976224be4e6fbad50a71c1bbf22e (127.10.239.130:42273), e4f9c36aabb244da9668da4a21dc8347 (127.10.239.131:38747)
I20260709 12:21:02.691136 12521 tablet_service.cc:1917] Received RequestConsensusVote() RPC: tablet_id: "44ba72eda8334b59bc12513498b68ac0" candidate_uuid: "9930e3ded99e4aaf99b7cf897d0b8c27" candidate_term: 1 candidate_status { last_received { term: 0 index: 0 } } ignore_live_leader: false dest_uuid: "e4f9c36aabb244da9668da4a21dc8347" is_pre_election: true
I20260709 12:21:02.691823 12521 raft_consensus.cc:2468] T 44ba72eda8334b59bc12513498b68ac0 P e4f9c36aabb244da9668da4a21dc8347 [term 0 FOLLOWER]: Leader pre-election vote request: Granting yes vote for candidate 9930e3ded99e4aaf99b7cf897d0b8c27 in term 0.
W20260709 12:21:02.677064 12486 outbound_call.cc:321] RPC callback for RPC call kudu.consensus.ConsensusService.RequestConsensusVote -> {remote=127.10.239.129:43631, user_credentials={real_user=slave}} blocked reactor thread for 92928.5us
I20260709 12:21:02.695014 12338 leader_election.cc:304] T 44ba72eda8334b59bc12513498b68ac0 P 9930e3ded99e4aaf99b7cf897d0b8c27 [CANDIDATE]: Term 1 pre-election: Election decided. Result: candidate won. Election summary: received 2 responses out of 3 voters: 2 yes votes; 0 no votes. yes voters: 9930e3ded99e4aaf99b7cf897d0b8c27, e4f9c36aabb244da9668da4a21dc8347; no voters: 
I20260709 12:21:02.695845 12567 raft_consensus.cc:2804] T 44ba72eda8334b59bc12513498b68ac0 P 9930e3ded99e4aaf99b7cf897d0b8c27 [term 0 FOLLOWER]: Leader pre-election won for term 1
I20260709 12:21:02.696203 12667 raft_consensus.cc:493] T 578fcf649c9249a68f490de289703552 P e4f9c36aabb244da9668da4a21dc8347 [term 0 FOLLOWER]: Starting pre-election (no leader contacted us within the election timeout)
I20260709 12:21:02.696231 12567 raft_consensus.cc:493] T 44ba72eda8334b59bc12513498b68ac0 P 9930e3ded99e4aaf99b7cf897d0b8c27 [term 0 FOLLOWER]: Starting leader election (no leader contacted us within the election timeout)
I20260709 12:21:02.696795 12567 raft_consensus.cc:3060] T 44ba72eda8334b59bc12513498b68ac0 P 9930e3ded99e4aaf99b7cf897d0b8c27 [term 0 FOLLOWER]: Advancing to term 1
I20260709 12:21:02.696750 12667 raft_consensus.cc:515] T 578fcf649c9249a68f490de289703552 P e4f9c36aabb244da9668da4a21dc8347 [term 0 FOLLOWER]: Starting pre-election with config: opid_index: -1 OBSOLETE_local: false peers { permanent_uuid: "9930e3ded99e4aaf99b7cf897d0b8c27" member_type: VOTER last_known_addr { host: "127.10.239.129" port: 43631 } } peers { permanent_uuid: "74c8976224be4e6fbad50a71c1bbf22e" member_type: VOTER last_known_addr { host: "127.10.239.130" port: 42273 } } peers { permanent_uuid: "e4f9c36aabb244da9668da4a21dc8347" member_type: VOTER last_known_addr { host: "127.10.239.131" port: 38747 } }
I20260709 12:21:02.703426 12567 raft_consensus.cc:515] T 44ba72eda8334b59bc12513498b68ac0 P 9930e3ded99e4aaf99b7cf897d0b8c27 [term 1 FOLLOWER]: Starting leader election with config: opid_index: -1 OBSOLETE_local: false peers { permanent_uuid: "9930e3ded99e4aaf99b7cf897d0b8c27" member_type: VOTER last_known_addr { host: "127.10.239.129" port: 43631 } } peers { permanent_uuid: "74c8976224be4e6fbad50a71c1bbf22e" member_type: VOTER last_known_addr { host: "127.10.239.130" port: 42273 } } peers { permanent_uuid: "e4f9c36aabb244da9668da4a21dc8347" member_type: VOTER last_known_addr { host: "127.10.239.131" port: 38747 } }
I20260709 12:21:02.724104 12446 tablet_service.cc:1917] Received RequestConsensusVote() RPC: tablet_id: "5cb1ee7b380545f38209e7b2e339f804" candidate_uuid: "e4f9c36aabb244da9668da4a21dc8347" candidate_term: 2 candidate_status { last_received { term: 0 index: 0 } } ignore_live_leader: false dest_uuid: "74c8976224be4e6fbad50a71c1bbf22e" is_pre_election: true
I20260709 12:21:02.724220 12486 leader_election.cc:304] T d76a5d41ca3e41fb86cf3aaea58dfe25 P e4f9c36aabb244da9668da4a21dc8347 [CANDIDATE]: Term 1 election: Election decided. Result: candidate won. Election summary: received 2 responses out of 3 voters: 2 yes votes; 0 no votes. yes voters: 74c8976224be4e6fbad50a71c1bbf22e, e4f9c36aabb244da9668da4a21dc8347; no voters: 
I20260709 12:21:02.725541 12447 raft_consensus.cc:3060] T 8ec5e5ec796744a58a87b8435ba5269f P 74c8976224be4e6fbad50a71c1bbf22e [term 0 FOLLOWER]: Advancing to term 1
I20260709 12:21:02.726034 12610 raft_consensus.cc:2804] T d76a5d41ca3e41fb86cf3aaea58dfe25 P e4f9c36aabb244da9668da4a21dc8347 [term 1 FOLLOWER]: Leader election won for term 1
I20260709 12:21:02.726519 12610 raft_consensus.cc:697] T d76a5d41ca3e41fb86cf3aaea58dfe25 P e4f9c36aabb244da9668da4a21dc8347 [term 1 LEADER]: Becoming Leader. State: Replica: e4f9c36aabb244da9668da4a21dc8347, State: Running, Role: LEADER
I20260709 12:21:02.721257 12368 tablet_service.cc:1917] Received RequestConsensusVote() RPC: tablet_id: "5cb1ee7b380545f38209e7b2e339f804" candidate_uuid: "e4f9c36aabb244da9668da4a21dc8347" candidate_term: 2 candidate_status { last_received { term: 0 index: 0 } } ignore_live_leader: false dest_uuid: "9930e3ded99e4aaf99b7cf897d0b8c27" is_pre_election: true
I20260709 12:21:02.727304 12610 consensus_queue.cc:237] T d76a5d41ca3e41fb86cf3aaea58dfe25 P e4f9c36aabb244da9668da4a21dc8347 [LEADER]: Queue going to LEADER mode. State: All replicated index: 0, Majority replicated index: 0, Committed index: 0, Last appended: 0.0, Last appended by leader: 0, Current term: 1, Majority size: 2, State: 0, Mode: LEADER, active raft config: opid_index: -1 OBSOLETE_local: false peers { permanent_uuid: "9930e3ded99e4aaf99b7cf897d0b8c27" member_type: VOTER last_known_addr { host: "127.10.239.129" port: 43631 } } peers { permanent_uuid: "74c8976224be4e6fbad50a71c1bbf22e" member_type: VOTER last_known_addr { host: "127.10.239.130" port: 42273 } } peers { permanent_uuid: "e4f9c36aabb244da9668da4a21dc8347" member_type: VOTER last_known_addr { host: "127.10.239.131" port: 38747 } }
I20260709 12:21:02.718878 12667 leader_election.cc:290] T 578fcf649c9249a68f490de289703552 P e4f9c36aabb244da9668da4a21dc8347 [CANDIDATE]: Term 1 pre-election: Requested pre-vote from peers 9930e3ded99e4aaf99b7cf897d0b8c27 (127.10.239.129:43631), 74c8976224be4e6fbad50a71c1bbf22e (127.10.239.130:42273)
I20260709 12:21:02.694497 12616 raft_consensus.cc:493] T 708ad30e40a04782ae024e0534556c9e P 74c8976224be4e6fbad50a71c1bbf22e [term 0 FOLLOWER]: Starting pre-election (no leader contacted us within the election timeout)
I20260709 12:21:02.733412 12367 tablet_service.cc:1917] Received RequestConsensusVote() RPC: tablet_id: "578fcf649c9249a68f490de289703552" candidate_uuid: "e4f9c36aabb244da9668da4a21dc8347" candidate_term: 1 candidate_status { last_received { term: 0 index: 0 } } ignore_live_leader: false dest_uuid: "9930e3ded99e4aaf99b7cf897d0b8c27" is_pre_election: true
I20260709 12:21:02.734009 12446 tablet_service.cc:1917] Received RequestConsensusVote() RPC: tablet_id: "578fcf649c9249a68f490de289703552" candidate_uuid: "e4f9c36aabb244da9668da4a21dc8347" candidate_term: 1 candidate_status { last_received { term: 0 index: 0 } } ignore_live_leader: false dest_uuid: "74c8976224be4e6fbad50a71c1bbf22e" is_pre_election: true
I20260709 12:21:02.734200 12667 consensus_queue.cc:1048] T 53a4c6d062384d1aae335346d73d346a P e4f9c36aabb244da9668da4a21dc8347 [LEADER]: Connected to new peer: Peer: permanent_uuid: "74c8976224be4e6fbad50a71c1bbf22e" member_type: VOTER last_known_addr { host: "127.10.239.130" port: 42273 }, Status: LMP_MISMATCH, Last received: 0.0, Next index: 1, Last known committed idx: 0, Time since last communication: 0.000s
I20260709 12:21:02.734597 12446 raft_consensus.cc:2468] T 578fcf649c9249a68f490de289703552 P 74c8976224be4e6fbad50a71c1bbf22e [term 0 FOLLOWER]: Leader pre-election vote request: Granting yes vote for candidate e4f9c36aabb244da9668da4a21dc8347 in term 0.
W20260709 12:21:02.735424 12486 leader_election.cc:343] T 578fcf649c9249a68f490de289703552 P e4f9c36aabb244da9668da4a21dc8347 [CANDIDATE]: Term 1 pre-election: Tablet error from VoteRequest() call to peer 9930e3ded99e4aaf99b7cf897d0b8c27 (127.10.239.129:43631): Illegal state: must be running to vote when last-logged opid is not known
I20260709 12:21:02.735338 12576 consensus_queue.cc:1048] T 708ad30e40a04782ae024e0534556c9e P e4f9c36aabb244da9668da4a21dc8347 [LEADER]: Connected to new peer: Peer: permanent_uuid: "9930e3ded99e4aaf99b7cf897d0b8c27" member_type: VOTER last_known_addr { host: "127.10.239.129" port: 43631 }, Status: LMP_MISMATCH, Last received: 0.0, Next index: 1, Last known committed idx: 0, Time since last communication: 0.000s
I20260709 12:21:02.738538 12567 leader_election.cc:290] T 44ba72eda8334b59bc12513498b68ac0 P 9930e3ded99e4aaf99b7cf897d0b8c27 [CANDIDATE]: Term 1 election: Requested vote from peers 74c8976224be4e6fbad50a71c1bbf22e (127.10.239.130:42273), e4f9c36aabb244da9668da4a21dc8347 (127.10.239.131:38747)
I20260709 12:21:02.741519 12520 tablet_service.cc:1917] Received RequestConsensusVote() RPC: tablet_id: "44ba72eda8334b59bc12513498b68ac0" candidate_uuid: "9930e3ded99e4aaf99b7cf897d0b8c27" candidate_term: 1 candidate_status { last_received { term: 0 index: 0 } } ignore_live_leader: false dest_uuid: "e4f9c36aabb244da9668da4a21dc8347"
I20260709 12:21:02.738879 12616 raft_consensus.cc:515] T 708ad30e40a04782ae024e0534556c9e P 74c8976224be4e6fbad50a71c1bbf22e [term 0 FOLLOWER]: Starting pre-election with config: opid_index: -1 OBSOLETE_local: false peers { permanent_uuid: "9930e3ded99e4aaf99b7cf897d0b8c27" member_type: VOTER last_known_addr { host: "127.10.239.129" port: 43631 } } peers { permanent_uuid: "74c8976224be4e6fbad50a71c1bbf22e" member_type: VOTER last_known_addr { host: "127.10.239.130" port: 42273 } } peers { permanent_uuid: "e4f9c36aabb244da9668da4a21dc8347" member_type: VOTER last_known_addr { host: "127.10.239.131" port: 38747 } }
I20260709 12:21:02.781152 12518 tablet_service.cc:1917] Received RequestConsensusVote() RPC: tablet_id: "a530cd48ff4e4c8497436e3e7c2ab47e" candidate_uuid: "74c8976224be4e6fbad50a71c1bbf22e" candidate_term: 1 candidate_status { last_received { term: 0 index: 0 } } ignore_live_leader: false dest_uuid: "e4f9c36aabb244da9668da4a21dc8347"
I20260709 12:21:02.761773 12520 raft_consensus.cc:3060] T 44ba72eda8334b59bc12513498b68ac0 P e4f9c36aabb244da9668da4a21dc8347 [term 0 FOLLOWER]: Advancing to term 1
I20260709 12:21:02.785692 12372 raft_consensus.cc:2468] T a530cd48ff4e4c8497436e3e7c2ab47e P 9930e3ded99e4aaf99b7cf897d0b8c27 [term 1 FOLLOWER]: Leader election vote request: Granting yes vote for candidate 74c8976224be4e6fbad50a71c1bbf22e in term 1.
I20260709 12:21:02.788532 12569 consensus_queue.cc:1048] T 78cc3c13300c4c3199709e38e25255e9 P 74c8976224be4e6fbad50a71c1bbf22e [LEADER]: Connected to new peer: Peer: permanent_uuid: "e4f9c36aabb244da9668da4a21dc8347" member_type: VOTER last_known_addr { host: "127.10.239.131" port: 38747 }, Status: LMP_MISMATCH, Last received: 0.0, Next index: 1, Last known committed idx: 0, Time since last communication: 0.001s
I20260709 12:21:02.785790 12518 raft_consensus.cc:3060] T a530cd48ff4e4c8497436e3e7c2ab47e P e4f9c36aabb244da9668da4a21dc8347 [term 0 FOLLOWER]: Advancing to term 1
I20260709 12:21:02.790217 12412 leader_election.cc:304] T a530cd48ff4e4c8497436e3e7c2ab47e P 74c8976224be4e6fbad50a71c1bbf22e [CANDIDATE]: Term 1 election: Election decided. Result: candidate won. Election summary: received 2 responses out of 3 voters: 2 yes votes; 0 no votes. yes voters: 74c8976224be4e6fbad50a71c1bbf22e, 9930e3ded99e4aaf99b7cf897d0b8c27; no voters: 
I20260709 12:21:02.797137 12517 raft_consensus.cc:3060] T a42002000765408bad223a0cb995204b P e4f9c36aabb244da9668da4a21dc8347 [term 0 FOLLOWER]: Advancing to term 1
I20260709 12:21:02.797528 12569 raft_consensus.cc:2804] T a530cd48ff4e4c8497436e3e7c2ab47e P 74c8976224be4e6fbad50a71c1bbf22e [term 1 FOLLOWER]: Leader election won for term 1
I20260709 12:21:02.739084 12486 leader_election.cc:304] T 578fcf649c9249a68f490de289703552 P e4f9c36aabb244da9668da4a21dc8347 [CANDIDATE]: Term 1 pre-election: Election decided. Result: candidate won. Election summary: received 3 responses out of 3 voters: 2 yes votes; 1 no votes. yes voters: 74c8976224be4e6fbad50a71c1bbf22e, e4f9c36aabb244da9668da4a21dc8347; no voters: 9930e3ded99e4aaf99b7cf897d0b8c27
W20260709 12:21:02.802755 12660 log.cc:927] Time spent T 5c4e946e76fb4832aae15d61086fd422 P e4f9c36aabb244da9668da4a21dc8347: Append to log took a long time: real 0.117s	user 0.001s	sys 0.000s
I20260709 12:21:02.798040 12569 raft_consensus.cc:697] T a530cd48ff4e4c8497436e3e7c2ab47e P 74c8976224be4e6fbad50a71c1bbf22e [term 1 LEADER]: Becoming Leader. State: Replica: 74c8976224be4e6fbad50a71c1bbf22e, State: Running, Role: LEADER
I20260709 12:21:02.809474 12576 raft_consensus.cc:2804] T 578fcf649c9249a68f490de289703552 P e4f9c36aabb244da9668da4a21dc8347 [term 0 FOLLOWER]: Leader pre-election won for term 1
I20260709 12:21:02.809870 12576 raft_consensus.cc:493] T 578fcf649c9249a68f490de289703552 P e4f9c36aabb244da9668da4a21dc8347 [term 0 FOLLOWER]: Starting leader election (no leader contacted us within the election timeout)
I20260709 12:21:02.806497 12647 raft_consensus.cc:493] T 620bcdb584924e1f8decb36284b9c518 P 9930e3ded99e4aaf99b7cf897d0b8c27 [term 0 FOLLOWER]: Starting pre-election (no leader contacted us within the election timeout)
I20260709 12:21:02.810180 12576 raft_consensus.cc:3060] T 578fcf649c9249a68f490de289703552 P e4f9c36aabb244da9668da4a21dc8347 [term 0 FOLLOWER]: Advancing to term 1
I20260709 12:21:02.820863 12647 raft_consensus.cc:515] T 620bcdb584924e1f8decb36284b9c518 P 9930e3ded99e4aaf99b7cf897d0b8c27 [term 0 FOLLOWER]: Starting pre-election with config: opid_index: -1 OBSOLETE_local: false peers { permanent_uuid: "9930e3ded99e4aaf99b7cf897d0b8c27" member_type: VOTER last_known_addr { host: "127.10.239.129" port: 43631 } } peers { permanent_uuid: "74c8976224be4e6fbad50a71c1bbf22e" member_type: VOTER last_known_addr { host: "127.10.239.130" port: 42273 } } peers { permanent_uuid: "e4f9c36aabb244da9668da4a21dc8347" member_type: VOTER last_known_addr { host: "127.10.239.131" port: 38747 } }
I20260709 12:21:02.823046 12647 leader_election.cc:290] T 620bcdb584924e1f8decb36284b9c518 P 9930e3ded99e4aaf99b7cf897d0b8c27 [CANDIDATE]: Term 1 pre-election: Requested pre-vote from peers 74c8976224be4e6fbad50a71c1bbf22e (127.10.239.130:42273), e4f9c36aabb244da9668da4a21dc8347 (127.10.239.131:38747)
I20260709 12:21:02.824199 12521 tablet_service.cc:1917] Received RequestConsensusVote() RPC: tablet_id: "620bcdb584924e1f8decb36284b9c518" candidate_uuid: "9930e3ded99e4aaf99b7cf897d0b8c27" candidate_term: 1 candidate_status { last_received { term: 0 index: 0 } } ignore_live_leader: false dest_uuid: "e4f9c36aabb244da9668da4a21dc8347" is_pre_election: true
W20260709 12:21:02.810232 12486 outbound_call.cc:321] RPC callback for RPC call kudu.consensus.ConsensusService.RequestConsensusVote -> {remote=127.10.239.130:42273, user_credentials={real_user=slave}} blocked reactor thread for 72915us
I20260709 12:21:02.826140 12521 raft_consensus.cc:2468] T 620bcdb584924e1f8decb36284b9c518 P e4f9c36aabb244da9668da4a21dc8347 [term 0 FOLLOWER]: Leader pre-election vote request: Granting yes vote for candidate 9930e3ded99e4aaf99b7cf897d0b8c27 in term 0.
I20260709 12:21:02.842237 12338 leader_election.cc:304] T 620bcdb584924e1f8decb36284b9c518 P 9930e3ded99e4aaf99b7cf897d0b8c27 [CANDIDATE]: Term 1 pre-election: Election decided. Result: candidate won. Election summary: received 2 responses out of 3 voters: 2 yes votes; 0 no votes. yes voters: 9930e3ded99e4aaf99b7cf897d0b8c27, e4f9c36aabb244da9668da4a21dc8347; no voters: 
I20260709 12:21:02.853009 12647 raft_consensus.cc:2804] T 620bcdb584924e1f8decb36284b9c518 P 9930e3ded99e4aaf99b7cf897d0b8c27 [term 0 FOLLOWER]: Leader pre-election won for term 1
I20260709 12:21:02.853391 12647 raft_consensus.cc:493] T 620bcdb584924e1f8decb36284b9c518 P 9930e3ded99e4aaf99b7cf897d0b8c27 [term 0 FOLLOWER]: Starting leader election (no leader contacted us within the election timeout)
I20260709 12:21:02.853726 12647 raft_consensus.cc:3060] T 620bcdb584924e1f8decb36284b9c518 P 9930e3ded99e4aaf99b7cf897d0b8c27 [term 0 FOLLOWER]: Advancing to term 1
I20260709 12:21:02.854701 12518 raft_consensus.cc:2468] T a530cd48ff4e4c8497436e3e7c2ab47e P e4f9c36aabb244da9668da4a21dc8347 [term 1 FOLLOWER]: Leader election vote request: Granting yes vote for candidate 74c8976224be4e6fbad50a71c1bbf22e in term 1.
W20260709 12:21:02.857844 12317 auto_rebalancer.cc:288] Could not retrieve cluster info: Service unavailable: Tablet not running
I20260709 12:21:02.859102 12486 leader_election.cc:304] T 5cb1ee7b380545f38209e7b2e339f804 P e4f9c36aabb244da9668da4a21dc8347 [CANDIDATE]: Term 2 pre-election: Election decided. Result: candidate lost. Election summary: received 3 responses out of 3 voters: 1 yes votes; 2 no votes. yes voters: e4f9c36aabb244da9668da4a21dc8347; no voters: 74c8976224be4e6fbad50a71c1bbf22e, 9930e3ded99e4aaf99b7cf897d0b8c27
I20260709 12:21:02.859838 12610 raft_consensus.cc:2749] T 5cb1ee7b380545f38209e7b2e339f804 P e4f9c36aabb244da9668da4a21dc8347 [term 1 FOLLOWER]: Leader pre-election lost for term 2. Reason: could not achieve majority
I20260709 12:21:02.851979 12569 consensus_queue.cc:237] T a530cd48ff4e4c8497436e3e7c2ab47e P 74c8976224be4e6fbad50a71c1bbf22e [LEADER]: Queue going to LEADER mode. State: All replicated index: 0, Majority replicated index: 0, Committed index: 0, Last appended: 0.0, Last appended by leader: 0, Current term: 1, Majority size: 2, State: 0, Mode: LEADER, active raft config: opid_index: -1 OBSOLETE_local: false peers { permanent_uuid: "9930e3ded99e4aaf99b7cf897d0b8c27" member_type: VOTER last_known_addr { host: "127.10.239.129" port: 43631 } } peers { permanent_uuid: "74c8976224be4e6fbad50a71c1bbf22e" member_type: VOTER last_known_addr { host: "127.10.239.130" port: 42273 } } peers { permanent_uuid: "e4f9c36aabb244da9668da4a21dc8347" member_type: VOTER last_known_addr { host: "127.10.239.131" port: 38747 } }
I20260709 12:21:02.864590 12647 raft_consensus.cc:515] T 620bcdb584924e1f8decb36284b9c518 P 9930e3ded99e4aaf99b7cf897d0b8c27 [term 1 FOLLOWER]: Starting leader election with config: opid_index: -1 OBSOLETE_local: false peers { permanent_uuid: "9930e3ded99e4aaf99b7cf897d0b8c27" member_type: VOTER last_known_addr { host: "127.10.239.129" port: 43631 } } peers { permanent_uuid: "74c8976224be4e6fbad50a71c1bbf22e" member_type: VOTER last_known_addr { host: "127.10.239.130" port: 42273 } } peers { permanent_uuid: "e4f9c36aabb244da9668da4a21dc8347" member_type: VOTER last_known_addr { host: "127.10.239.131" port: 38747 } }
I20260709 12:21:02.866572 12562 tablet_bootstrap.cc:654] T 33a345c171eb45429b1c407a626671bb P e4f9c36aabb244da9668da4a21dc8347: Neither blocks nor log segments found. Creating new log.
I20260709 12:21:02.868755 12647 leader_election.cc:290] T 620bcdb584924e1f8decb36284b9c518 P 9930e3ded99e4aaf99b7cf897d0b8c27 [CANDIDATE]: Term 1 election: Requested vote from peers 74c8976224be4e6fbad50a71c1bbf22e (127.10.239.130:42273), e4f9c36aabb244da9668da4a21dc8347 (127.10.239.131:38747)
I20260709 12:21:02.869905 12518 tablet_service.cc:1917] Received RequestConsensusVote() RPC: tablet_id: "620bcdb584924e1f8decb36284b9c518" candidate_uuid: "9930e3ded99e4aaf99b7cf897d0b8c27" candidate_term: 1 candidate_status { last_received { term: 0 index: 0 } } ignore_live_leader: false dest_uuid: "e4f9c36aabb244da9668da4a21dc8347"
I20260709 12:21:02.871389 12518 raft_consensus.cc:3060] T 620bcdb584924e1f8decb36284b9c518 P e4f9c36aabb244da9668da4a21dc8347 [term 0 FOLLOWER]: Advancing to term 1
I20260709 12:21:02.876160 12561 tablet_bootstrap.cc:654] T f6c06b05a934410cb144da2c1aef023a P 9930e3ded99e4aaf99b7cf897d0b8c27: Neither blocks nor log segments found. Creating new log.
I20260709 12:21:02.877607 12576 raft_consensus.cc:515] T 578fcf649c9249a68f490de289703552 P e4f9c36aabb244da9668da4a21dc8347 [term 1 FOLLOWER]: Starting leader election with config: opid_index: -1 OBSOLETE_local: false peers { permanent_uuid: "9930e3ded99e4aaf99b7cf897d0b8c27" member_type: VOTER last_known_addr { host: "127.10.239.129" port: 43631 } } peers { permanent_uuid: "74c8976224be4e6fbad50a71c1bbf22e" member_type: VOTER last_known_addr { host: "127.10.239.130" port: 42273 } } peers { permanent_uuid: "e4f9c36aabb244da9668da4a21dc8347" member_type: VOTER last_known_addr { host: "127.10.239.131" port: 38747 } }
W20260709 12:21:02.878453 12486 consensus_peers.cc:597] T 53a4c6d062384d1aae335346d73d346a P e4f9c36aabb244da9668da4a21dc8347 -> Peer 9930e3ded99e4aaf99b7cf897d0b8c27 (127.10.239.129:43631): Couldn't send request to peer 9930e3ded99e4aaf99b7cf897d0b8c27. Error code: TABLET_NOT_RUNNING (12). Status: Illegal state: Tablet not RUNNING: INITIALIZED. This is attempt 1: this message will repeat every 5th retry.
I20260709 12:21:02.892884 12676 consensus_queue.cc:1048] T c55b3a7968104ea48fa197dbf171e657 P 74c8976224be4e6fbad50a71c1bbf22e [LEADER]: Connected to new peer: Peer: permanent_uuid: "e4f9c36aabb244da9668da4a21dc8347" member_type: VOTER last_known_addr { host: "127.10.239.131" port: 38747 }, Status: LMP_MISMATCH, Last received: 0.0, Next index: 1, Last known committed idx: 0, Time since last communication: 0.002s
W20260709 12:21:02.889218 12413 outbound_call.cc:321] RPC callback for RPC call kudu.consensus.ConsensusService.UpdateConsensus -> {remote=127.10.239.131:38747, user_credentials={real_user=slave}} blocked reactor thread for 88445.7us
I20260709 12:21:02.881273 12520 raft_consensus.cc:2468] T 44ba72eda8334b59bc12513498b68ac0 P e4f9c36aabb244da9668da4a21dc8347 [term 1 FOLLOWER]: Leader election vote request: Granting yes vote for candidate 9930e3ded99e4aaf99b7cf897d0b8c27 in term 1.
I20260709 12:21:02.898717 12563 tablet_bootstrap.cc:492] T 33a345c171eb45429b1c407a626671bb P 74c8976224be4e6fbad50a71c1bbf22e: No bootstrap required, opened a new log
I20260709 12:21:02.899175 12563 ts_tablet_manager.cc:1403] T 33a345c171eb45429b1c407a626671bb P 74c8976224be4e6fbad50a71c1bbf22e: Time spent bootstrapping tablet: real 0.317s	user 0.013s	sys 0.024s
I20260709 12:21:02.896873 12616 leader_election.cc:290] T 708ad30e40a04782ae024e0534556c9e P 74c8976224be4e6fbad50a71c1bbf22e [CANDIDATE]: Term 1 pre-election: Requested pre-vote from peers 9930e3ded99e4aaf99b7cf897d0b8c27 (127.10.239.129:43631), e4f9c36aabb244da9668da4a21dc8347 (127.10.239.131:38747)
W20260709 12:21:02.909643 12668 log.cc:927] Time spent T c55b3a7968104ea48fa197dbf171e657 P 9930e3ded99e4aaf99b7cf897d0b8c27: Append to log took a long time: real 0.091s	user 0.000s	sys 0.001s
I20260709 12:21:02.908313 12369 tablet_service.cc:1917] Received RequestConsensusVote() RPC: tablet_id: "708ad30e40a04782ae024e0534556c9e" candidate_uuid: "74c8976224be4e6fbad50a71c1bbf22e" candidate_term: 1 candidate_status { last_received { term: 0 index: 0 } } ignore_live_leader: false dest_uuid: "9930e3ded99e4aaf99b7cf897d0b8c27" is_pre_election: true
I20260709 12:21:02.910826 12667 raft_consensus.cc:493] T a42002000765408bad223a0cb995204b P e4f9c36aabb244da9668da4a21dc8347 [term 1 FOLLOWER]: Starting pre-election (no leader contacted us within the election timeout)
I20260709 12:21:02.918493 12667 raft_consensus.cc:515] T a42002000765408bad223a0cb995204b P e4f9c36aabb244da9668da4a21dc8347 [term 1 FOLLOWER]: Starting pre-election with config: opid_index: -1 OBSOLETE_local: false peers { permanent_uuid: "9930e3ded99e4aaf99b7cf897d0b8c27" member_type: VOTER last_known_addr { host: "127.10.239.129" port: 43631 } } peers { permanent_uuid: "74c8976224be4e6fbad50a71c1bbf22e" member_type: VOTER last_known_addr { host: "127.10.239.130" port: 42273 } } peers { permanent_uuid: "e4f9c36aabb244da9668da4a21dc8347" member_type: VOTER last_known_addr { host: "127.10.239.131" port: 38747 } }
I20260709 12:21:02.919797 12446 tablet_service.cc:1917] Received RequestConsensusVote() RPC: tablet_id: "44ba72eda8334b59bc12513498b68ac0" candidate_uuid: "9930e3ded99e4aaf99b7cf897d0b8c27" candidate_term: 1 candidate_status { last_received { term: 0 index: 0 } } ignore_live_leader: false dest_uuid: "74c8976224be4e6fbad50a71c1bbf22e" is_pre_election: true
I20260709 12:21:02.924098 12444 tablet_service.cc:1917] Received RequestConsensusVote() RPC: tablet_id: "44ba72eda8334b59bc12513498b68ac0" candidate_uuid: "9930e3ded99e4aaf99b7cf897d0b8c27" candidate_term: 1 candidate_status { last_received { term: 0 index: 0 } } ignore_live_leader: false dest_uuid: "74c8976224be4e6fbad50a71c1bbf22e"
I20260709 12:21:02.924572 12518 raft_consensus.cc:2468] T 620bcdb584924e1f8decb36284b9c518 P e4f9c36aabb244da9668da4a21dc8347 [term 1 FOLLOWER]: Leader election vote request: Granting yes vote for candidate 9930e3ded99e4aaf99b7cf897d0b8c27 in term 1.
I20260709 12:21:02.926452 12563 raft_consensus.cc:359] T 33a345c171eb45429b1c407a626671bb P 74c8976224be4e6fbad50a71c1bbf22e [term 0 FOLLOWER]: Replica starting. Triggering 0 pending ops. Active config: opid_index: -1 OBSOLETE_local: false peers { permanent_uuid: "9930e3ded99e4aaf99b7cf897d0b8c27" member_type: VOTER last_known_addr { host: "127.10.239.129" port: 43631 } } peers { permanent_uuid: "74c8976224be4e6fbad50a71c1bbf22e" member_type: VOTER last_known_addr { host: "127.10.239.130" port: 42273 } } peers { permanent_uuid: "e4f9c36aabb244da9668da4a21dc8347" member_type: VOTER last_known_addr { host: "127.10.239.131" port: 38747 } }
I20260709 12:21:02.926988 12563 raft_consensus.cc:385] T 33a345c171eb45429b1c407a626671bb P 74c8976224be4e6fbad50a71c1bbf22e [term 0 FOLLOWER]: Consensus starting up: Expiring failure detector timer to make a prompt election more likely
I20260709 12:21:02.927192 12563 raft_consensus.cc:740] T 33a345c171eb45429b1c407a626671bb P 74c8976224be4e6fbad50a71c1bbf22e [term 0 FOLLOWER]: Becoming Follower/Learner. State: Replica: 74c8976224be4e6fbad50a71c1bbf22e, State: Initialized, Role: FOLLOWER
I20260709 12:21:02.938138 12563 consensus_queue.cc:260] T 33a345c171eb45429b1c407a626671bb P 74c8976224be4e6fbad50a71c1bbf22e [NON_LEADER]: Queue going to NON_LEADER mode. State: All replicated index: 0, Majority replicated index: 0, Committed index: 0, Last appended: 0.0, Last appended by leader: 0, Current term: 0, Majority size: -1, State: 0, Mode: NON_LEADER, active raft config: opid_index: -1 OBSOLETE_local: false peers { permanent_uuid: "9930e3ded99e4aaf99b7cf897d0b8c27" member_type: VOTER last_known_addr { host: "127.10.239.129" port: 43631 } } peers { permanent_uuid: "74c8976224be4e6fbad50a71c1bbf22e" member_type: VOTER last_known_addr { host: "127.10.239.130" port: 42273 } } peers { permanent_uuid: "e4f9c36aabb244da9668da4a21dc8347" member_type: VOTER last_known_addr { host: "127.10.239.131" port: 38747 } }
I20260709 12:21:02.941615 12442 tablet_service.cc:1917] Received RequestConsensusVote() RPC: tablet_id: "620bcdb584924e1f8decb36284b9c518" candidate_uuid: "9930e3ded99e4aaf99b7cf897d0b8c27" candidate_term: 1 candidate_status { last_received { term: 0 index: 0 } } ignore_live_leader: false dest_uuid: "74c8976224be4e6fbad50a71c1bbf22e" is_pre_election: true
I20260709 12:21:02.941610 12440 tablet_service.cc:1917] Received RequestConsensusVote() RPC: tablet_id: "620bcdb584924e1f8decb36284b9c518" candidate_uuid: "9930e3ded99e4aaf99b7cf897d0b8c27" candidate_term: 1 candidate_status { last_received { term: 0 index: 0 } } ignore_live_leader: false dest_uuid: "74c8976224be4e6fbad50a71c1bbf22e"
I20260709 12:21:02.921123 12338 leader_election.cc:304] T 44ba72eda8334b59bc12513498b68ac0 P 9930e3ded99e4aaf99b7cf897d0b8c27 [CANDIDATE]: Term 1 election: Election decided. Result: candidate won. Election summary: received 2 responses out of 3 voters: 2 yes votes; 0 no votes. yes voters: 9930e3ded99e4aaf99b7cf897d0b8c27, e4f9c36aabb244da9668da4a21dc8347; no voters: 
I20260709 12:21:02.943192 12647 raft_consensus.cc:2804] T 44ba72eda8334b59bc12513498b68ac0 P 9930e3ded99e4aaf99b7cf897d0b8c27 [term 1 FOLLOWER]: Leader election won for term 1
I20260709 12:21:02.943590 12647 raft_consensus.cc:697] T 44ba72eda8334b59bc12513498b68ac0 P 9930e3ded99e4aaf99b7cf897d0b8c27 [term 1 LEADER]: Becoming Leader. State: Replica: 9930e3ded99e4aaf99b7cf897d0b8c27, State: Running, Role: LEADER
I20260709 12:21:02.933059 12576 leader_election.cc:290] T 578fcf649c9249a68f490de289703552 P e4f9c36aabb244da9668da4a21dc8347 [CANDIDATE]: Term 1 election: Requested vote from peers 9930e3ded99e4aaf99b7cf897d0b8c27 (127.10.239.129:43631), 74c8976224be4e6fbad50a71c1bbf22e (127.10.239.130:42273)
I20260709 12:21:02.945832 12647 consensus_queue.cc:237] T 44ba72eda8334b59bc12513498b68ac0 P 9930e3ded99e4aaf99b7cf897d0b8c27 [LEADER]: Queue going to LEADER mode. State: All replicated index: 0, Majority replicated index: 0, Committed index: 0, Last appended: 0.0, Last appended by leader: 0, Current term: 1, Majority size: 2, State: 0, Mode: LEADER, active raft config: opid_index: -1 OBSOLETE_local: false peers { permanent_uuid: "9930e3ded99e4aaf99b7cf897d0b8c27" member_type: VOTER last_known_addr { host: "127.10.239.129" port: 43631 } } peers { permanent_uuid: "74c8976224be4e6fbad50a71c1bbf22e" member_type: VOTER last_known_addr { host: "127.10.239.130" port: 42273 } } peers { permanent_uuid: "e4f9c36aabb244da9668da4a21dc8347" member_type: VOTER last_known_addr { host: "127.10.239.131" port: 38747 } }
I20260709 12:21:02.943962 12567 consensus_queue.cc:1048] T a42002000765408bad223a0cb995204b P 9930e3ded99e4aaf99b7cf897d0b8c27 [LEADER]: Connected to new peer: Peer: permanent_uuid: "e4f9c36aabb244da9668da4a21dc8347" member_type: VOTER last_known_addr { host: "127.10.239.131" port: 38747 }, Status: LMP_MISMATCH, Last received: 0.0, Next index: 1, Last known committed idx: 0, Time since last communication: 0.002s
I20260709 12:21:02.957928 12520 tablet_service.cc:1917] Received RequestConsensusVote() RPC: tablet_id: "708ad30e40a04782ae024e0534556c9e" candidate_uuid: "74c8976224be4e6fbad50a71c1bbf22e" candidate_term: 1 candidate_status { last_received { term: 0 index: 0 } } ignore_live_leader: false dest_uuid: "e4f9c36aabb244da9668da4a21dc8347" is_pre_election: true
I20260709 12:21:02.956773 12667 leader_election.cc:290] T a42002000765408bad223a0cb995204b P e4f9c36aabb244da9668da4a21dc8347 [CANDIDATE]: Term 2 pre-election: Requested pre-vote from peers 9930e3ded99e4aaf99b7cf897d0b8c27 (127.10.239.129:43631), 74c8976224be4e6fbad50a71c1bbf22e (127.10.239.130:42273)
I20260709 12:21:02.959401 12372 tablet_service.cc:1917] Received RequestConsensusVote() RPC: tablet_id: "578fcf649c9249a68f490de289703552" candidate_uuid: "e4f9c36aabb244da9668da4a21dc8347" candidate_term: 1 candidate_status { last_received { term: 0 index: 0 } } ignore_live_leader: false dest_uuid: "9930e3ded99e4aaf99b7cf897d0b8c27"
I20260709 12:21:02.956759 12563 ts_tablet_manager.cc:1434] T 33a345c171eb45429b1c407a626671bb P 74c8976224be4e6fbad50a71c1bbf22e: Time spent starting tablet: real 0.057s	user 0.004s	sys 0.002s
I20260709 12:21:02.957728 12338 leader_election.cc:304] T 620bcdb584924e1f8decb36284b9c518 P 9930e3ded99e4aaf99b7cf897d0b8c27 [CANDIDATE]: Term 1 election: Election decided. Result: candidate won. Election summary: received 2 responses out of 3 voters: 2 yes votes; 0 no votes. yes voters: 9930e3ded99e4aaf99b7cf897d0b8c27, e4f9c36aabb244da9668da4a21dc8347; no voters: 
I20260709 12:21:03.003288 12563 tablet_bootstrap.cc:492] T b4b9660b060645df97f771e0d88e7967 P 74c8976224be4e6fbad50a71c1bbf22e: Bootstrap starting.
W20260709 12:21:03.004478 12337 leader_election.cc:343] T 44ba72eda8334b59bc12513498b68ac0 P 9930e3ded99e4aaf99b7cf897d0b8c27 [CANDIDATE]: Term 1 pre-election: Tablet error from VoteRequest() call to peer 74c8976224be4e6fbad50a71c1bbf22e (127.10.239.130:42273): Illegal state: must be running to vote when last-logged opid is not known
I20260709 12:21:03.005209 12561 tablet_bootstrap.cc:492] T f6c06b05a934410cb144da2c1aef023a P 9930e3ded99e4aaf99b7cf897d0b8c27: No bootstrap required, opened a new log
I20260709 12:21:03.005618 12561 ts_tablet_manager.cc:1403] T f6c06b05a934410cb144da2c1aef023a P 9930e3ded99e4aaf99b7cf897d0b8c27: Time spent bootstrapping tablet: real 0.352s	user 0.008s	sys 0.034s
I20260709 12:21:03.008108 12567 raft_consensus.cc:2804] T 620bcdb584924e1f8decb36284b9c518 P 9930e3ded99e4aaf99b7cf897d0b8c27 [term 1 FOLLOWER]: Leader election won for term 1
I20260709 12:21:03.008761 12589 raft_consensus.cc:493] T 8ec5e5ec796744a58a87b8435ba5269f P 74c8976224be4e6fbad50a71c1bbf22e [term 1 FOLLOWER]: Starting pre-election (detected failure of leader e4f9c36aabb244da9668da4a21dc8347)
I20260709 12:21:03.009312 12589 raft_consensus.cc:515] T 8ec5e5ec796744a58a87b8435ba5269f P 74c8976224be4e6fbad50a71c1bbf22e [term 1 FOLLOWER]: Starting pre-election with config: opid_index: -1 OBSOLETE_local: false peers { permanent_uuid: "9930e3ded99e4aaf99b7cf897d0b8c27" member_type: VOTER last_known_addr { host: "127.10.239.129" port: 43631 } } peers { permanent_uuid: "74c8976224be4e6fbad50a71c1bbf22e" member_type: VOTER last_known_addr { host: "127.10.239.130" port: 42273 } } peers { permanent_uuid: "e4f9c36aabb244da9668da4a21dc8347" member_type: VOTER last_known_addr { host: "127.10.239.131" port: 38747 } }
I20260709 12:21:03.010015 12561 raft_consensus.cc:359] T f6c06b05a934410cb144da2c1aef023a P 9930e3ded99e4aaf99b7cf897d0b8c27 [term 0 FOLLOWER]: Replica starting. Triggering 0 pending ops. Active config: opid_index: -1 OBSOLETE_local: false peers { permanent_uuid: "9930e3ded99e4aaf99b7cf897d0b8c27" member_type: VOTER last_known_addr { host: "127.10.239.129" port: 43631 } } peers { permanent_uuid: "74c8976224be4e6fbad50a71c1bbf22e" member_type: VOTER last_known_addr { host: "127.10.239.130" port: 42273 } } peers { permanent_uuid: "e4f9c36aabb244da9668da4a21dc8347" member_type: VOTER last_known_addr { host: "127.10.239.131" port: 38747 } }
I20260709 12:21:03.010743 12561 raft_consensus.cc:385] T f6c06b05a934410cb144da2c1aef023a P 9930e3ded99e4aaf99b7cf897d0b8c27 [term 0 FOLLOWER]: Consensus starting up: Expiring failure detector timer to make a prompt election more likely
I20260709 12:21:03.010995 12561 raft_consensus.cc:740] T f6c06b05a934410cb144da2c1aef023a P 9930e3ded99e4aaf99b7cf897d0b8c27 [term 0 FOLLOWER]: Becoming Follower/Learner. State: Replica: 9930e3ded99e4aaf99b7cf897d0b8c27, State: Initialized, Role: FOLLOWER
I20260709 12:21:03.011651 12561 consensus_queue.cc:260] T f6c06b05a934410cb144da2c1aef023a P 9930e3ded99e4aaf99b7cf897d0b8c27 [NON_LEADER]: Queue going to NON_LEADER mode. State: All replicated index: 0, Majority replicated index: 0, Committed index: 0, Last appended: 0.0, Last appended by leader: 0, Current term: 0, Majority size: -1, State: 0, Mode: NON_LEADER, active raft config: opid_index: -1 OBSOLETE_local: false peers { permanent_uuid: "9930e3ded99e4aaf99b7cf897d0b8c27" member_type: VOTER last_known_addr { host: "127.10.239.129" port: 43631 } } peers { permanent_uuid: "74c8976224be4e6fbad50a71c1bbf22e" member_type: VOTER last_known_addr { host: "127.10.239.130" port: 42273 } } peers { permanent_uuid: "e4f9c36aabb244da9668da4a21dc8347" member_type: VOTER last_known_addr { host: "127.10.239.131" port: 38747 } }
I20260709 12:21:03.011984 12589 leader_election.cc:290] T 8ec5e5ec796744a58a87b8435ba5269f P 74c8976224be4e6fbad50a71c1bbf22e [CANDIDATE]: Term 2 pre-election: Requested pre-vote from peers 9930e3ded99e4aaf99b7cf897d0b8c27 (127.10.239.129:43631), e4f9c36aabb244da9668da4a21dc8347 (127.10.239.131:38747)
I20260709 12:21:03.028081 12561 ts_tablet_manager.cc:1434] T f6c06b05a934410cb144da2c1aef023a P 9930e3ded99e4aaf99b7cf897d0b8c27: Time spent starting tablet: real 0.022s	user 0.009s	sys 0.001s
I20260709 12:21:03.032706 12561 tablet_bootstrap.cc:492] T b4b9660b060645df97f771e0d88e7967 P 9930e3ded99e4aaf99b7cf897d0b8c27: Bootstrap starting.
I20260709 12:21:03.033202 12520 tablet_service.cc:1917] Received RequestConsensusVote() RPC: tablet_id: "8ec5e5ec796744a58a87b8435ba5269f" candidate_uuid: "74c8976224be4e6fbad50a71c1bbf22e" candidate_term: 2 candidate_status { last_received { term: 1 index: 1 } } ignore_live_leader: false dest_uuid: "e4f9c36aabb244da9668da4a21dc8347" is_pre_election: true
W20260709 12:21:03.017808 12338 outbound_call.cc:321] RPC callback for RPC call kudu.consensus.ConsensusService.RequestConsensusVote -> {remote=127.10.239.131:38747, user_credentials={real_user=slave}} blocked reactor thread for 60161.3us
W20260709 12:21:03.016301 12337 leader_election.cc:343] T 44ba72eda8334b59bc12513498b68ac0 P 9930e3ded99e4aaf99b7cf897d0b8c27 [CANDIDATE]: Term 1 election: Tablet error from VoteRequest() call to peer 74c8976224be4e6fbad50a71c1bbf22e (127.10.239.130:42273): Illegal state: must be running to vote when last-logged opid is not known
I20260709 12:21:02.963364 12625 consensus_queue.cc:1048] T 78cc3c13300c4c3199709e38e25255e9 P 74c8976224be4e6fbad50a71c1bbf22e [LEADER]: Connected to new peer: Peer: permanent_uuid: "9930e3ded99e4aaf99b7cf897d0b8c27" member_type: VOTER last_known_addr { host: "127.10.239.129" port: 43631 }, Status: LMP_MISMATCH, Last received: 0.0, Next index: 1, Last known committed idx: 0, Time since last communication: 0.069s
I20260709 12:21:02.963016 12412 leader_election.cc:304] T 708ad30e40a04782ae024e0534556c9e P 74c8976224be4e6fbad50a71c1bbf22e [CANDIDATE]: Term 1 pre-election: Election decided. Result: candidate lost. Election summary: received 3 responses out of 3 voters: 1 yes votes; 2 no votes. yes voters: 74c8976224be4e6fbad50a71c1bbf22e; no voters: 9930e3ded99e4aaf99b7cf897d0b8c27, e4f9c36aabb244da9668da4a21dc8347
I20260709 12:21:03.032066 12567 raft_consensus.cc:697] T 620bcdb584924e1f8decb36284b9c518 P 9930e3ded99e4aaf99b7cf897d0b8c27 [term 1 LEADER]: Becoming Leader. State: Replica: 9930e3ded99e4aaf99b7cf897d0b8c27, State: Running, Role: LEADER
I20260709 12:21:03.039492 12689 consensus_queue.cc:1048] T a42002000765408bad223a0cb995204b P 9930e3ded99e4aaf99b7cf897d0b8c27 [LEADER]: Connected to new peer: Peer: permanent_uuid: "74c8976224be4e6fbad50a71c1bbf22e" member_type: VOTER last_known_addr { host: "127.10.239.130" port: 42273 }, Status: LMP_MISMATCH, Last received: 0.0, Next index: 1, Last known committed idx: 0, Time since last communication: 0.002s
I20260709 12:21:03.042435 12567 consensus_queue.cc:237] T 620bcdb584924e1f8decb36284b9c518 P 9930e3ded99e4aaf99b7cf897d0b8c27 [LEADER]: Queue going to LEADER mode. State: All replicated index: 0, Majority replicated index: 0, Committed index: 0, Last appended: 0.0, Last appended by leader: 0, Current term: 1, Majority size: 2, State: 0, Mode: LEADER, active raft config: opid_index: -1 OBSOLETE_local: false peers { permanent_uuid: "9930e3ded99e4aaf99b7cf897d0b8c27" member_type: VOTER last_known_addr { host: "127.10.239.129" port: 43631 } } peers { permanent_uuid: "74c8976224be4e6fbad50a71c1bbf22e" member_type: VOTER last_known_addr { host: "127.10.239.130" port: 42273 } } peers { permanent_uuid: "e4f9c36aabb244da9668da4a21dc8347" member_type: VOTER last_known_addr { host: "127.10.239.131" port: 38747 } }
I20260709 12:21:03.040529 12562 tablet_bootstrap.cc:492] T 33a345c171eb45429b1c407a626671bb P e4f9c36aabb244da9668da4a21dc8347: No bootstrap required, opened a new log
I20260709 12:21:03.044018 12562 ts_tablet_manager.cc:1403] T 33a345c171eb45429b1c407a626671bb P e4f9c36aabb244da9668da4a21dc8347: Time spent bootstrapping tablet: real 0.361s	user 0.018s	sys 0.020s
W20260709 12:21:03.044034 12337 leader_election.cc:343] T 620bcdb584924e1f8decb36284b9c518 P 9930e3ded99e4aaf99b7cf897d0b8c27 [CANDIDATE]: Term 1 pre-election: Tablet error from VoteRequest() call to peer 74c8976224be4e6fbad50a71c1bbf22e (127.10.239.130:42273): Illegal state: must be running to vote when last-logged opid is not known
W20260709 12:21:03.045360 12337 leader_election.cc:343] T 620bcdb584924e1f8decb36284b9c518 P 9930e3ded99e4aaf99b7cf897d0b8c27 [CANDIDATE]: Term 1 election: Tablet error from VoteRequest() call to peer 74c8976224be4e6fbad50a71c1bbf22e (127.10.239.130:42273): Illegal state: must be running to vote when last-logged opid is not known
I20260709 12:21:03.038105 12266 catalog_manager.cc:5697] T 94fd7046f1374bca8c1337f790345a44 P e4f9c36aabb244da9668da4a21dc8347 reported cstate change: term changed from 0 to 1, leader changed from <none> to e4f9c36aabb244da9668da4a21dc8347 (127.10.239.131). New cstate: current_term: 1 leader_uuid: "e4f9c36aabb244da9668da4a21dc8347" committed_config { opid_index: -1 OBSOLETE_local: false peers { permanent_uuid: "9930e3ded99e4aaf99b7cf897d0b8c27" member_type: VOTER last_known_addr { host: "127.10.239.129" port: 43631 } health_report { overall_health: UNKNOWN } } peers { permanent_uuid: "74c8976224be4e6fbad50a71c1bbf22e" member_type: VOTER last_known_addr { host: "127.10.239.130" port: 42273 } health_report { overall_health: UNKNOWN } } peers { permanent_uuid: "e4f9c36aabb244da9668da4a21dc8347" member_type: VOTER last_known_addr { host: "127.10.239.131" port: 38747 } health_report { overall_health: HEALTHY } } }
W20260709 12:21:03.041460 12486 leader_election.cc:343] T 578fcf649c9249a68f490de289703552 P e4f9c36aabb244da9668da4a21dc8347 [CANDIDATE]: Term 1 election: Tablet error from VoteRequest() call to peer 9930e3ded99e4aaf99b7cf897d0b8c27 (127.10.239.129:43631): Illegal state: must be running to vote when last-logged opid is not known
I20260709 12:21:03.047127 12625 raft_consensus.cc:2749] T 708ad30e40a04782ae024e0534556c9e P 74c8976224be4e6fbad50a71c1bbf22e [term 0 FOLLOWER]: Leader pre-election lost for term 1. Reason: could not achieve majority
W20260709 12:21:03.052248 12412 outbound_call.cc:321] RPC callback for RPC call kudu.consensus.ConsensusService.RequestConsensusVote -> {remote=127.10.239.129:43631, user_credentials={real_user=slave}} blocked reactor thread for 89345.8us
I20260709 12:21:03.059258 12367 tablet_service.cc:1917] Received RequestConsensusVote() RPC: tablet_id: "a42002000765408bad223a0cb995204b" candidate_uuid: "e4f9c36aabb244da9668da4a21dc8347" candidate_term: 2 candidate_status { last_received { term: 0 index: 0 } } ignore_live_leader: false dest_uuid: "9930e3ded99e4aaf99b7cf897d0b8c27" is_pre_election: true
I20260709 12:21:03.074828 12563 tablet_bootstrap.cc:654] T b4b9660b060645df97f771e0d88e7967 P 74c8976224be4e6fbad50a71c1bbf22e: Neither blocks nor log segments found. Creating new log.
I20260709 12:21:03.079982 12562 raft_consensus.cc:359] T 33a345c171eb45429b1c407a626671bb P e4f9c36aabb244da9668da4a21dc8347 [term 0 FOLLOWER]: Replica starting. Triggering 0 pending ops. Active config: opid_index: -1 OBSOLETE_local: false peers { permanent_uuid: "9930e3ded99e4aaf99b7cf897d0b8c27" member_type: VOTER last_known_addr { host: "127.10.239.129" port: 43631 } } peers { permanent_uuid: "74c8976224be4e6fbad50a71c1bbf22e" member_type: VOTER last_known_addr { host: "127.10.239.130" port: 42273 } } peers { permanent_uuid: "e4f9c36aabb244da9668da4a21dc8347" member_type: VOTER last_known_addr { host: "127.10.239.131" port: 38747 } }
I20260709 12:21:03.080696 12562 raft_consensus.cc:385] T 33a345c171eb45429b1c407a626671bb P e4f9c36aabb244da9668da4a21dc8347 [term 0 FOLLOWER]: Consensus starting up: Expiring failure detector timer to make a prompt election more likely
I20260709 12:21:03.081519 12562 raft_consensus.cc:740] T 33a345c171eb45429b1c407a626671bb P e4f9c36aabb244da9668da4a21dc8347 [term 0 FOLLOWER]: Becoming Follower/Learner. State: Replica: e4f9c36aabb244da9668da4a21dc8347, State: Initialized, Role: FOLLOWER
I20260709 12:21:03.082226 12562 consensus_queue.cc:260] T 33a345c171eb45429b1c407a626671bb P e4f9c36aabb244da9668da4a21dc8347 [NON_LEADER]: Queue going to NON_LEADER mode. State: All replicated index: 0, Majority replicated index: 0, Committed index: 0, Last appended: 0.0, Last appended by leader: 0, Current term: 0, Majority size: -1, State: 0, Mode: NON_LEADER, active raft config: opid_index: -1 OBSOLETE_local: false peers { permanent_uuid: "9930e3ded99e4aaf99b7cf897d0b8c27" member_type: VOTER last_known_addr { host: "127.10.239.129" port: 43631 } } peers { permanent_uuid: "74c8976224be4e6fbad50a71c1bbf22e" member_type: VOTER last_known_addr { host: "127.10.239.130" port: 42273 } } peers { permanent_uuid: "e4f9c36aabb244da9668da4a21dc8347" member_type: VOTER last_known_addr { host: "127.10.239.131" port: 38747 } }
I20260709 12:21:03.084604 12562 ts_tablet_manager.cc:1434] T 33a345c171eb45429b1c407a626671bb P e4f9c36aabb244da9668da4a21dc8347: Time spent starting tablet: real 0.040s	user 0.005s	sys 0.001s
I20260709 12:21:03.085719 12562 tablet_bootstrap.cc:492] T 39397a874fb241649ef0a14ff12735bf P e4f9c36aabb244da9668da4a21dc8347: Bootstrap starting.
I20260709 12:21:03.091562 12443 tablet_service.cc:1917] Received RequestConsensusVote() RPC: tablet_id: "578fcf649c9249a68f490de289703552" candidate_uuid: "e4f9c36aabb244da9668da4a21dc8347" candidate_term: 1 candidate_status { last_received { term: 0 index: 0 } } ignore_live_leader: false dest_uuid: "74c8976224be4e6fbad50a71c1bbf22e"
I20260709 12:21:03.092074 12367 tablet_service.cc:1917] Received RequestConsensusVote() RPC: tablet_id: "8ec5e5ec796744a58a87b8435ba5269f" candidate_uuid: "74c8976224be4e6fbad50a71c1bbf22e" candidate_term: 2 candidate_status { last_received { term: 1 index: 1 } } ignore_live_leader: false dest_uuid: "9930e3ded99e4aaf99b7cf897d0b8c27" is_pre_election: true
I20260709 12:21:03.092222 12443 raft_consensus.cc:3060] T 578fcf649c9249a68f490de289703552 P 74c8976224be4e6fbad50a71c1bbf22e [term 0 FOLLOWER]: Advancing to term 1
I20260709 12:21:03.103143 12665 consensus_queue.cc:1048] T 94fd7046f1374bca8c1337f790345a44 P e4f9c36aabb244da9668da4a21dc8347 [LEADER]: Connected to new peer: Peer: permanent_uuid: "9930e3ded99e4aaf99b7cf897d0b8c27" member_type: VOTER last_known_addr { host: "127.10.239.129" port: 43631 }, Status: LMP_MISMATCH, Last received: 0.0, Next index: 1, Last known committed idx: 0, Time since last communication: 0.002s
I20260709 12:21:03.105095 12440 tablet_service.cc:1917] Received RequestConsensusVote() RPC: tablet_id: "a42002000765408bad223a0cb995204b" candidate_uuid: "e4f9c36aabb244da9668da4a21dc8347" candidate_term: 2 candidate_status { last_received { term: 0 index: 0 } } ignore_live_leader: false dest_uuid: "74c8976224be4e6fbad50a71c1bbf22e" is_pre_election: true
I20260709 12:21:03.107733 12447 raft_consensus.cc:3060] T 708ad30e40a04782ae024e0534556c9e P 74c8976224be4e6fbad50a71c1bbf22e [term 0 FOLLOWER]: Advancing to term 1
I20260709 12:21:03.115383 12561 tablet_bootstrap.cc:654] T b4b9660b060645df97f771e0d88e7967 P 9930e3ded99e4aaf99b7cf897d0b8c27: Neither blocks nor log segments found. Creating new log.
I20260709 12:21:03.116698 12562 tablet_bootstrap.cc:654] T 39397a874fb241649ef0a14ff12735bf P e4f9c36aabb244da9668da4a21dc8347: Neither blocks nor log segments found. Creating new log.
