I20260709 12:21:02.395026 30760 tablet_service.cc:1917] Received RequestConsensusVote() RPC: tablet_id: "2b10c809d8904c9b9f368574954a88da" candidate_uuid: "7574aeb3b153455a886ca1c44c59fc02" candidate_term: 1 candidate_status { last_received { term: 0 index: 0 } } ignore_live_leader: false dest_uuid: "b2fc278f1abb49538b2ed425f1cdd1c5" is_pre_election: true
I20260709 12:21:02.396942 30908 raft_consensus.cc:2468] T 2b10c809d8904c9b9f368574954a88da P fdde7b1a3dee4fbc98506e7df83b5ed9 [term 0 FOLLOWER]: Leader pre-election vote request: Granting yes vote for candidate 7574aeb3b153455a886ca1c44c59fc02 in term 0.
W20260709 12:21:02.399204 30799 leader_election.cc:343] T 2b10c809d8904c9b9f368574954a88da P 7574aeb3b153455a886ca1c44c59fc02 [CANDIDATE]: Term 1 pre-election: Tablet error from VoteRequest() call to peer b2fc278f1abb49538b2ed425f1cdd1c5 (127.28.228.129:36713): Illegal state: must be running to vote when last-logged opid is not known
I20260709 12:21:02.400112 30949 tablet_bootstrap.cc:492] T 5ce95c0f7cbd4213a4c04b1b40346629 P fdde7b1a3dee4fbc98506e7df83b5ed9: No bootstrap required, opened a new log
I20260709 12:21:02.400072 30800 leader_election.cc:304] T 2b10c809d8904c9b9f368574954a88da P 7574aeb3b153455a886ca1c44c59fc02 [CANDIDATE]: Term 1 pre-election: Election decided. Result: candidate won. Election summary: received 3 responses out of 3 voters: 2 yes votes; 1 no votes. yes voters: 7574aeb3b153455a886ca1c44c59fc02, fdde7b1a3dee4fbc98506e7df83b5ed9; no voters: b2fc278f1abb49538b2ed425f1cdd1c5
I20260709 12:21:02.400671 30949 ts_tablet_manager.cc:1403] T 5ce95c0f7cbd4213a4c04b1b40346629 P fdde7b1a3dee4fbc98506e7df83b5ed9: Time spent bootstrapping tablet: real 0.143s	user 0.013s	sys 0.036s
I20260709 12:21:02.401405 31009 raft_consensus.cc:2804] T 2b10c809d8904c9b9f368574954a88da P 7574aeb3b153455a886ca1c44c59fc02 [term 0 FOLLOWER]: Leader pre-election won for term 1
I20260709 12:21:02.401829 31009 raft_consensus.cc:493] T 2b10c809d8904c9b9f368574954a88da P 7574aeb3b153455a886ca1c44c59fc02 [term 0 FOLLOWER]: Starting leader election (no leader contacted us within the election timeout)
I20260709 12:21:02.402190 31009 raft_consensus.cc:3060] T 2b10c809d8904c9b9f368574954a88da P 7574aeb3b153455a886ca1c44c59fc02 [term 0 FOLLOWER]: Advancing to term 1
I20260709 12:21:02.403239 30949 raft_consensus.cc:359] T 5ce95c0f7cbd4213a4c04b1b40346629 P fdde7b1a3dee4fbc98506e7df83b5ed9 [term 0 FOLLOWER]: Replica starting. Triggering 0 pending ops. Active config: opid_index: -1 OBSOLETE_local: false peers { permanent_uuid: "b2fc278f1abb49538b2ed425f1cdd1c5" member_type: VOTER last_known_addr { host: "127.28.228.129" port: 36713 } } peers { permanent_uuid: "7574aeb3b153455a886ca1c44c59fc02" member_type: VOTER last_known_addr { host: "127.28.228.130" port: 39453 } } peers { permanent_uuid: "fdde7b1a3dee4fbc98506e7df83b5ed9" member_type: VOTER last_known_addr { host: "127.28.228.131" port: 39201 } }
I20260709 12:21:02.403869 30949 raft_consensus.cc:385] T 5ce95c0f7cbd4213a4c04b1b40346629 P fdde7b1a3dee4fbc98506e7df83b5ed9 [term 0 FOLLOWER]: Consensus starting up: Expiring failure detector timer to make a prompt election more likely
I20260709 12:21:02.404130 30949 raft_consensus.cc:740] T 5ce95c0f7cbd4213a4c04b1b40346629 P fdde7b1a3dee4fbc98506e7df83b5ed9 [term 0 FOLLOWER]: Becoming Follower/Learner. State: Replica: fdde7b1a3dee4fbc98506e7df83b5ed9, State: Initialized, Role: FOLLOWER
I20260709 12:21:02.404910 30949 consensus_queue.cc:260] T 5ce95c0f7cbd4213a4c04b1b40346629 P fdde7b1a3dee4fbc98506e7df83b5ed9 [NON_LEADER]: Queue going to NON_LEADER mode. State: All replicated index: 0, Majority replicated index: 0, Committed index: 0, Last appended: 0.0, Last appended by leader: 0, Current term: 0, Majority size: -1, State: 0, Mode: NON_LEADER, active raft config: opid_index: -1 OBSOLETE_local: false peers { permanent_uuid: "b2fc278f1abb49538b2ed425f1cdd1c5" member_type: VOTER last_known_addr { host: "127.28.228.129" port: 36713 } } peers { permanent_uuid: "7574aeb3b153455a886ca1c44c59fc02" member_type: VOTER last_known_addr { host: "127.28.228.130" port: 39453 } } peers { permanent_uuid: "fdde7b1a3dee4fbc98506e7df83b5ed9" member_type: VOTER last_known_addr { host: "127.28.228.131" port: 39201 } }
I20260709 12:21:02.413097 30949 ts_tablet_manager.cc:1434] T 5ce95c0f7cbd4213a4c04b1b40346629 P fdde7b1a3dee4fbc98506e7df83b5ed9: Time spent starting tablet: real 0.012s	user 0.007s	sys 0.000s
I20260709 12:21:02.414208 30949 tablet_bootstrap.cc:492] T fff90197e231460e809983f4574cd41c P fdde7b1a3dee4fbc98506e7df83b5ed9: Bootstrap starting.
I20260709 12:21:02.415984 30951 ts_tablet_manager.cc:1434] T 3493b95946a14e689a327feaaee4d4cc P 7574aeb3b153455a886ca1c44c59fc02: Time spent starting tablet: real 0.082s	user 0.008s	sys 0.001s
I20260709 12:21:02.416930 30951 tablet_bootstrap.cc:492] T fff90197e231460e809983f4574cd41c P 7574aeb3b153455a886ca1c44c59fc02: Bootstrap starting.
I20260709 12:21:02.418499 31015 raft_consensus.cc:493] T e92dea1959034c488250774c36c07a07 P fdde7b1a3dee4fbc98506e7df83b5ed9 [term 0 FOLLOWER]: Starting pre-election (no leader contacted us within the election timeout)
I20260709 12:21:02.419131 31015 raft_consensus.cc:515] T e92dea1959034c488250774c36c07a07 P fdde7b1a3dee4fbc98506e7df83b5ed9 [term 0 FOLLOWER]: Starting pre-election with config: opid_index: -1 OBSOLETE_local: false peers { permanent_uuid: "b2fc278f1abb49538b2ed425f1cdd1c5" member_type: VOTER last_known_addr { host: "127.28.228.129" port: 36713 } } peers { permanent_uuid: "7574aeb3b153455a886ca1c44c59fc02" member_type: VOTER last_known_addr { host: "127.28.228.130" port: 39453 } } peers { permanent_uuid: "fdde7b1a3dee4fbc98506e7df83b5ed9" member_type: VOTER last_known_addr { host: "127.28.228.131" port: 39201 } }
I20260709 12:21:02.421926 31009 raft_consensus.cc:515] T 2b10c809d8904c9b9f368574954a88da P 7574aeb3b153455a886ca1c44c59fc02 [term 1 FOLLOWER]: Starting leader election with config: opid_index: -1 OBSOLETE_local: false peers { permanent_uuid: "b2fc278f1abb49538b2ed425f1cdd1c5" member_type: VOTER last_known_addr { host: "127.28.228.129" port: 36713 } } peers { permanent_uuid: "7574aeb3b153455a886ca1c44c59fc02" member_type: VOTER last_known_addr { host: "127.28.228.130" port: 39453 } } peers { permanent_uuid: "fdde7b1a3dee4fbc98506e7df83b5ed9" member_type: VOTER last_known_addr { host: "127.28.228.131" port: 39201 } }
I20260709 12:21:02.422514 31015 leader_election.cc:290] T e92dea1959034c488250774c36c07a07 P fdde7b1a3dee4fbc98506e7df83b5ed9 [CANDIDATE]: Term 1 pre-election: Requested pre-vote from peers b2fc278f1abb49538b2ed425f1cdd1c5 (127.28.228.129:36713), 7574aeb3b153455a886ca1c44c59fc02 (127.28.228.130:39453)
I20260709 12:21:02.425100 31009 leader_election.cc:290] T 2b10c809d8904c9b9f368574954a88da P 7574aeb3b153455a886ca1c44c59fc02 [CANDIDATE]: Term 1 election: Requested vote from peers b2fc278f1abb49538b2ed425f1cdd1c5 (127.28.228.129:36713), fdde7b1a3dee4fbc98506e7df83b5ed9 (127.28.228.131:39201)
I20260709 12:21:02.426863 30760 tablet_service.cc:1917] Received RequestConsensusVote() RPC: tablet_id: "2b10c809d8904c9b9f368574954a88da" candidate_uuid: "7574aeb3b153455a886ca1c44c59fc02" candidate_term: 1 candidate_status { last_received { term: 0 index: 0 } } ignore_live_leader: false dest_uuid: "b2fc278f1abb49538b2ed425f1cdd1c5"
I20260709 12:21:02.427091 30908 tablet_service.cc:1917] Received RequestConsensusVote() RPC: tablet_id: "2b10c809d8904c9b9f368574954a88da" candidate_uuid: "7574aeb3b153455a886ca1c44c59fc02" candidate_term: 1 candidate_status { last_received { term: 0 index: 0 } } ignore_live_leader: false dest_uuid: "fdde7b1a3dee4fbc98506e7df83b5ed9"
I20260709 12:21:02.427878 30908 raft_consensus.cc:3060] T 2b10c809d8904c9b9f368574954a88da P fdde7b1a3dee4fbc98506e7df83b5ed9 [term 0 FOLLOWER]: Advancing to term 1
W20260709 12:21:02.429867 30799 leader_election.cc:343] T 2b10c809d8904c9b9f368574954a88da P 7574aeb3b153455a886ca1c44c59fc02 [CANDIDATE]: Term 1 election: Tablet error from VoteRequest() call to peer b2fc278f1abb49538b2ed425f1cdd1c5 (127.28.228.129:36713): Illegal state: must be running to vote when last-logged opid is not known
I20260709 12:21:02.431500 30759 tablet_service.cc:1917] Received RequestConsensusVote() RPC: tablet_id: "e92dea1959034c488250774c36c07a07" candidate_uuid: "fdde7b1a3dee4fbc98506e7df83b5ed9" candidate_term: 1 candidate_status { last_received { term: 0 index: 0 } } ignore_live_leader: false dest_uuid: "b2fc278f1abb49538b2ed425f1cdd1c5" is_pre_election: true
W20260709 12:21:02.433280 30873 leader_election.cc:343] T e92dea1959034c488250774c36c07a07 P fdde7b1a3dee4fbc98506e7df83b5ed9 [CANDIDATE]: Term 1 pre-election: Tablet error from VoteRequest() call to peer b2fc278f1abb49538b2ed425f1cdd1c5 (127.28.228.129:36713): Illegal state: must be running to vote when last-logged opid is not known
I20260709 12:21:02.437752 30835 tablet_service.cc:1917] Received RequestConsensusVote() RPC: tablet_id: "e92dea1959034c488250774c36c07a07" candidate_uuid: "fdde7b1a3dee4fbc98506e7df83b5ed9" candidate_term: 1 candidate_status { last_received { term: 0 index: 0 } } ignore_live_leader: false dest_uuid: "7574aeb3b153455a886ca1c44c59fc02" is_pre_election: true
W20260709 12:21:02.439154 30873 leader_election.cc:343] T e92dea1959034c488250774c36c07a07 P fdde7b1a3dee4fbc98506e7df83b5ed9 [CANDIDATE]: Term 1 pre-election: Tablet error from VoteRequest() call to peer 7574aeb3b153455a886ca1c44c59fc02 (127.28.228.130:39453): Illegal state: must be running to vote when last-logged opid is not known
I20260709 12:21:02.439577 30873 leader_election.cc:304] T e92dea1959034c488250774c36c07a07 P fdde7b1a3dee4fbc98506e7df83b5ed9 [CANDIDATE]: Term 1 pre-election: Election decided. Result: candidate lost. Election summary: received 3 responses out of 3 voters: 1 yes votes; 2 no votes. yes voters: fdde7b1a3dee4fbc98506e7df83b5ed9; no voters: 7574aeb3b153455a886ca1c44c59fc02, b2fc278f1abb49538b2ed425f1cdd1c5
I20260709 12:21:02.440649 31015 raft_consensus.cc:2749] T e92dea1959034c488250774c36c07a07 P fdde7b1a3dee4fbc98506e7df83b5ed9 [term 0 FOLLOWER]: Leader pre-election lost for term 1. Reason: could not achieve majority
I20260709 12:21:02.440757 30908 raft_consensus.cc:2468] T 2b10c809d8904c9b9f368574954a88da P fdde7b1a3dee4fbc98506e7df83b5ed9 [term 1 FOLLOWER]: Leader election vote request: Granting yes vote for candidate 7574aeb3b153455a886ca1c44c59fc02 in term 1.
I20260709 12:21:02.441910 30800 leader_election.cc:304] T 2b10c809d8904c9b9f368574954a88da P 7574aeb3b153455a886ca1c44c59fc02 [CANDIDATE]: Term 1 election: Election decided. Result: candidate won. Election summary: received 3 responses out of 3 voters: 2 yes votes; 1 no votes. yes voters: 7574aeb3b153455a886ca1c44c59fc02, fdde7b1a3dee4fbc98506e7df83b5ed9; no voters: b2fc278f1abb49538b2ed425f1cdd1c5
I20260709 12:21:02.443005 31009 raft_consensus.cc:2804] T 2b10c809d8904c9b9f368574954a88da P 7574aeb3b153455a886ca1c44c59fc02 [term 1 FOLLOWER]: Leader election won for term 1
I20260709 12:21:02.443538 31009 raft_consensus.cc:697] T 2b10c809d8904c9b9f368574954a88da P 7574aeb3b153455a886ca1c44c59fc02 [term 1 LEADER]: Becoming Leader. State: Replica: 7574aeb3b153455a886ca1c44c59fc02, State: Running, Role: LEADER
I20260709 12:21:02.444355 31009 consensus_queue.cc:237] T 2b10c809d8904c9b9f368574954a88da P 7574aeb3b153455a886ca1c44c59fc02 [LEADER]: Queue going to LEADER mode. State: All replicated index: 0, Majority replicated index: 0, Committed index: 0, Last appended: 0.0, Last appended by leader: 0, Current term: 1, Majority size: 2, State: 0, Mode: LEADER, active raft config: opid_index: -1 OBSOLETE_local: false peers { permanent_uuid: "b2fc278f1abb49538b2ed425f1cdd1c5" member_type: VOTER last_known_addr { host: "127.28.228.129" port: 36713 } } peers { permanent_uuid: "7574aeb3b153455a886ca1c44c59fc02" member_type: VOTER last_known_addr { host: "127.28.228.130" port: 39453 } } peers { permanent_uuid: "fdde7b1a3dee4fbc98506e7df83b5ed9" member_type: VOTER last_known_addr { host: "127.28.228.131" port: 39201 } }
I20260709 12:21:02.447310 30952 tablet_bootstrap.cc:654] T 934f9b3560a5426a8d0661e104bec454 P b2fc278f1abb49538b2ed425f1cdd1c5: Neither blocks nor log segments found. Creating new log.
I20260709 12:21:02.464473 30951 tablet_bootstrap.cc:654] T fff90197e231460e809983f4574cd41c P 7574aeb3b153455a886ca1c44c59fc02: Neither blocks nor log segments found. Creating new log.
I20260709 12:21:02.468453 30949 tablet_bootstrap.cc:654] T fff90197e231460e809983f4574cd41c P fdde7b1a3dee4fbc98506e7df83b5ed9: Neither blocks nor log segments found. Creating new log.
I20260709 12:21:02.481678 30654 catalog_manager.cc:5697] T 2b10c809d8904c9b9f368574954a88da P 7574aeb3b153455a886ca1c44c59fc02 reported cstate change: term changed from 0 to 1, leader changed from <none> to 7574aeb3b153455a886ca1c44c59fc02 (127.28.228.130). New cstate: current_term: 1 leader_uuid: "7574aeb3b153455a886ca1c44c59fc02" committed_config { opid_index: -1 OBSOLETE_local: false peers { permanent_uuid: "b2fc278f1abb49538b2ed425f1cdd1c5" member_type: VOTER last_known_addr { host: "127.28.228.129" port: 36713 } health_report { overall_health: UNKNOWN } } peers { permanent_uuid: "7574aeb3b153455a886ca1c44c59fc02" member_type: VOTER last_known_addr { host: "127.28.228.130" port: 39453 } health_report { overall_health: HEALTHY } } peers { permanent_uuid: "fdde7b1a3dee4fbc98506e7df83b5ed9" member_type: VOTER last_known_addr { host: "127.28.228.131" port: 39201 } health_report { overall_health: UNKNOWN } } }
I20260709 12:21:02.483142 30951 tablet_bootstrap.cc:492] T fff90197e231460e809983f4574cd41c P 7574aeb3b153455a886ca1c44c59fc02: No bootstrap required, opened a new log
I20260709 12:21:02.483629 30951 ts_tablet_manager.cc:1403] T fff90197e231460e809983f4574cd41c P 7574aeb3b153455a886ca1c44c59fc02: Time spent bootstrapping tablet: real 0.067s	user 0.010s	sys 0.000s
I20260709 12:21:02.484333 30952 tablet_bootstrap.cc:492] T 934f9b3560a5426a8d0661e104bec454 P b2fc278f1abb49538b2ed425f1cdd1c5: No bootstrap required, opened a new log
I20260709 12:21:02.484781 30952 ts_tablet_manager.cc:1403] T 934f9b3560a5426a8d0661e104bec454 P b2fc278f1abb49538b2ed425f1cdd1c5: Time spent bootstrapping tablet: real 0.096s	user 0.006s	sys 0.006s
I20260709 12:21:02.486445 30951 raft_consensus.cc:359] T fff90197e231460e809983f4574cd41c P 7574aeb3b153455a886ca1c44c59fc02 [term 0 FOLLOWER]: Replica starting. Triggering 0 pending ops. Active config: opid_index: -1 OBSOLETE_local: false peers { permanent_uuid: "b2fc278f1abb49538b2ed425f1cdd1c5" member_type: VOTER last_known_addr { host: "127.28.228.129" port: 36713 } } peers { permanent_uuid: "7574aeb3b153455a886ca1c44c59fc02" member_type: VOTER last_known_addr { host: "127.28.228.130" port: 39453 } } peers { permanent_uuid: "fdde7b1a3dee4fbc98506e7df83b5ed9" member_type: VOTER last_known_addr { host: "127.28.228.131" port: 39201 } }
I20260709 12:21:02.487092 30951 raft_consensus.cc:385] T fff90197e231460e809983f4574cd41c P 7574aeb3b153455a886ca1c44c59fc02 [term 0 FOLLOWER]: Consensus starting up: Expiring failure detector timer to make a prompt election more likely
I20260709 12:21:02.487367 30951 raft_consensus.cc:740] T fff90197e231460e809983f4574cd41c P 7574aeb3b153455a886ca1c44c59fc02 [term 0 FOLLOWER]: Becoming Follower/Learner. State: Replica: 7574aeb3b153455a886ca1c44c59fc02, State: Initialized, Role: FOLLOWER
I20260709 12:21:02.487191 30952 raft_consensus.cc:359] T 934f9b3560a5426a8d0661e104bec454 P b2fc278f1abb49538b2ed425f1cdd1c5 [term 0 FOLLOWER]: Replica starting. Triggering 0 pending ops. Active config: opid_index: -1 OBSOLETE_local: false peers { permanent_uuid: "b2fc278f1abb49538b2ed425f1cdd1c5" member_type: VOTER last_known_addr { host: "127.28.228.129" port: 36713 } } peers { permanent_uuid: "7574aeb3b153455a886ca1c44c59fc02" member_type: VOTER last_known_addr { host: "127.28.228.130" port: 39453 } } peers { permanent_uuid: "fdde7b1a3dee4fbc98506e7df83b5ed9" member_type: VOTER last_known_addr { host: "127.28.228.131" port: 39201 } }
I20260709 12:21:02.487847 30952 raft_consensus.cc:385] T 934f9b3560a5426a8d0661e104bec454 P b2fc278f1abb49538b2ed425f1cdd1c5 [term 0 FOLLOWER]: Consensus starting up: Expiring failure detector timer to make a prompt election more likely
I20260709 12:21:02.488107 30952 raft_consensus.cc:740] T 934f9b3560a5426a8d0661e104bec454 P b2fc278f1abb49538b2ed425f1cdd1c5 [term 0 FOLLOWER]: Becoming Follower/Learner. State: Replica: b2fc278f1abb49538b2ed425f1cdd1c5, State: Initialized, Role: FOLLOWER
I20260709 12:21:02.488157 30951 consensus_queue.cc:260] T fff90197e231460e809983f4574cd41c P 7574aeb3b153455a886ca1c44c59fc02 [NON_LEADER]: Queue going to NON_LEADER mode. State: All replicated index: 0, Majority replicated index: 0, Committed index: 0, Last appended: 0.0, Last appended by leader: 0, Current term: 0, Majority size: -1, State: 0, Mode: NON_LEADER, active raft config: opid_index: -1 OBSOLETE_local: false peers { permanent_uuid: "b2fc278f1abb49538b2ed425f1cdd1c5" member_type: VOTER last_known_addr { host: "127.28.228.129" port: 36713 } } peers { permanent_uuid: "7574aeb3b153455a886ca1c44c59fc02" member_type: VOTER last_known_addr { host: "127.28.228.130" port: 39453 } } peers { permanent_uuid: "fdde7b1a3dee4fbc98506e7df83b5ed9" member_type: VOTER last_known_addr { host: "127.28.228.131" port: 39201 } }
I20260709 12:21:02.488802 30952 consensus_queue.cc:260] T 934f9b3560a5426a8d0661e104bec454 P b2fc278f1abb49538b2ed425f1cdd1c5 [NON_LEADER]: Queue going to NON_LEADER mode. State: All replicated index: 0, Majority replicated index: 0, Committed index: 0, Last appended: 0.0, Last appended by leader: 0, Current term: 0, Majority size: -1, State: 0, Mode: NON_LEADER, active raft config: opid_index: -1 OBSOLETE_local: false peers { permanent_uuid: "b2fc278f1abb49538b2ed425f1cdd1c5" member_type: VOTER last_known_addr { host: "127.28.228.129" port: 36713 } } peers { permanent_uuid: "7574aeb3b153455a886ca1c44c59fc02" member_type: VOTER last_known_addr { host: "127.28.228.130" port: 39453 } } peers { permanent_uuid: "fdde7b1a3dee4fbc98506e7df83b5ed9" member_type: VOTER last_known_addr { host: "127.28.228.131" port: 39201 } }
I20260709 12:21:02.490617 30951 ts_tablet_manager.cc:1434] T fff90197e231460e809983f4574cd41c P 7574aeb3b153455a886ca1c44c59fc02: Time spent starting tablet: real 0.007s	user 0.008s	sys 0.000s
I20260709 12:21:02.491494 30951 tablet_bootstrap.cc:492] T e92dea1959034c488250774c36c07a07 P 7574aeb3b153455a886ca1c44c59fc02: Bootstrap starting.
I20260709 12:21:02.496037 30952 ts_tablet_manager.cc:1434] T 934f9b3560a5426a8d0661e104bec454 P b2fc278f1abb49538b2ed425f1cdd1c5: Time spent starting tablet: real 0.011s	user 0.002s	sys 0.003s
I20260709 12:21:02.497025 30952 tablet_bootstrap.cc:492] T 2b10c809d8904c9b9f368574954a88da P b2fc278f1abb49538b2ed425f1cdd1c5: Bootstrap starting.
I20260709 12:21:02.499070 30908 raft_consensus.cc:3060] T c1615d2f528d42199245b0310dd989e6 P fdde7b1a3dee4fbc98506e7df83b5ed9 [term 0 FOLLOWER]: Advancing to term 1
I20260709 12:21:02.501461 30949 tablet_bootstrap.cc:492] T fff90197e231460e809983f4574cd41c P fdde7b1a3dee4fbc98506e7df83b5ed9: No bootstrap required, opened a new log
I20260709 12:21:02.501967 30949 ts_tablet_manager.cc:1403] T fff90197e231460e809983f4574cd41c P fdde7b1a3dee4fbc98506e7df83b5ed9: Time spent bootstrapping tablet: real 0.088s	user 0.013s	sys 0.005s
I20260709 12:21:02.508129 30949 raft_consensus.cc:359] T fff90197e231460e809983f4574cd41c P fdde7b1a3dee4fbc98506e7df83b5ed9 [term 0 FOLLOWER]: Replica starting. Triggering 0 pending ops. Active config: opid_index: -1 OBSOLETE_local: false peers { permanent_uuid: "b2fc278f1abb49538b2ed425f1cdd1c5" member_type: VOTER last_known_addr { host: "127.28.228.129" port: 36713 } } peers { permanent_uuid: "7574aeb3b153455a886ca1c44c59fc02" member_type: VOTER last_known_addr { host: "127.28.228.130" port: 39453 } } peers { permanent_uuid: "fdde7b1a3dee4fbc98506e7df83b5ed9" member_type: VOTER last_known_addr { host: "127.28.228.131" port: 39201 } }
I20260709 12:21:02.508754 30951 tablet_bootstrap.cc:654] T e92dea1959034c488250774c36c07a07 P 7574aeb3b153455a886ca1c44c59fc02: Neither blocks nor log segments found. Creating new log.
I20260709 12:21:02.508869 30949 raft_consensus.cc:385] T fff90197e231460e809983f4574cd41c P fdde7b1a3dee4fbc98506e7df83b5ed9 [term 0 FOLLOWER]: Consensus starting up: Expiring failure detector timer to make a prompt election more likely
I20260709 12:21:02.510231 30949 raft_consensus.cc:740] T fff90197e231460e809983f4574cd41c P fdde7b1a3dee4fbc98506e7df83b5ed9 [term 0 FOLLOWER]: Becoming Follower/Learner. State: Replica: fdde7b1a3dee4fbc98506e7df83b5ed9, State: Initialized, Role: FOLLOWER
I20260709 12:21:02.505535 30952 tablet_bootstrap.cc:654] T 2b10c809d8904c9b9f368574954a88da P b2fc278f1abb49538b2ed425f1cdd1c5: Neither blocks nor log segments found. Creating new log.
I20260709 12:21:02.512555 30949 consensus_queue.cc:260] T fff90197e231460e809983f4574cd41c P fdde7b1a3dee4fbc98506e7df83b5ed9 [NON_LEADER]: Queue going to NON_LEADER mode. State: All replicated index: 0, Majority replicated index: 0, Committed index: 0, Last appended: 0.0, Last appended by leader: 0, Current term: 0, Majority size: -1, State: 0, Mode: NON_LEADER, active raft config: opid_index: -1 OBSOLETE_local: false peers { permanent_uuid: "b2fc278f1abb49538b2ed425f1cdd1c5" member_type: VOTER last_known_addr { host: "127.28.228.129" port: 36713 } } peers { permanent_uuid: "7574aeb3b153455a886ca1c44c59fc02" member_type: VOTER last_known_addr { host: "127.28.228.130" port: 39453 } } peers { permanent_uuid: "fdde7b1a3dee4fbc98506e7df83b5ed9" member_type: VOTER last_known_addr { host: "127.28.228.131" port: 39201 } }
I20260709 12:21:02.518358 31015 raft_consensus.cc:493] T c1615d2f528d42199245b0310dd989e6 P fdde7b1a3dee4fbc98506e7df83b5ed9 [term 1 FOLLOWER]: Starting pre-election (detected failure of leader b2fc278f1abb49538b2ed425f1cdd1c5)
I20260709 12:21:02.518697 30949 ts_tablet_manager.cc:1434] T fff90197e231460e809983f4574cd41c P fdde7b1a3dee4fbc98506e7df83b5ed9: Time spent starting tablet: real 0.013s	user 0.005s	sys 0.002s
I20260709 12:21:02.518842 31015 raft_consensus.cc:515] T c1615d2f528d42199245b0310dd989e6 P fdde7b1a3dee4fbc98506e7df83b5ed9 [term 1 FOLLOWER]: Starting pre-election with config: opid_index: -1 OBSOLETE_local: false peers { permanent_uuid: "b2fc278f1abb49538b2ed425f1cdd1c5" member_type: VOTER last_known_addr { host: "127.28.228.129" port: 36713 } } peers { permanent_uuid: "7574aeb3b153455a886ca1c44c59fc02" member_type: VOTER last_known_addr { host: "127.28.228.130" port: 39453 } } peers { permanent_uuid: "fdde7b1a3dee4fbc98506e7df83b5ed9" member_type: VOTER last_known_addr { host: "127.28.228.131" port: 39201 } }
I20260709 12:21:02.519601 30949 tablet_bootstrap.cc:492] T 3493b95946a14e689a327feaaee4d4cc P fdde7b1a3dee4fbc98506e7df83b5ed9: Bootstrap starting.
I20260709 12:21:02.522851 31034 consensus_queue.cc:1048] T cacb17ba13c44e8e8e05c13996b40aca P b2fc278f1abb49538b2ed425f1cdd1c5 [LEADER]: Connected to new peer: Peer: permanent_uuid: "fdde7b1a3dee4fbc98506e7df83b5ed9" member_type: VOTER last_known_addr { host: "127.28.228.131" port: 39201 }, Status: LMP_MISMATCH, Last received: 0.0, Next index: 1, Last known committed idx: 0, Time since last communication: 0.000s
I20260709 12:21:02.527218 31015 leader_election.cc:290] T c1615d2f528d42199245b0310dd989e6 P fdde7b1a3dee4fbc98506e7df83b5ed9 [CANDIDATE]: Term 2 pre-election: Requested pre-vote from peers b2fc278f1abb49538b2ed425f1cdd1c5 (127.28.228.129:36713), 7574aeb3b153455a886ca1c44c59fc02 (127.28.228.130:39453)
I20260709 12:21:02.529032 30961 consensus_queue.cc:1048] T cacb17ba13c44e8e8e05c13996b40aca P b2fc278f1abb49538b2ed425f1cdd1c5 [LEADER]: Connected to new peer: Peer: permanent_uuid: "7574aeb3b153455a886ca1c44c59fc02" member_type: VOTER last_known_addr { host: "127.28.228.130" port: 39453 }, Status: LMP_MISMATCH, Last received: 0.0, Next index: 1, Last known committed idx: 0, Time since last communication: 0.000s
I20260709 12:21:02.529273 30833 tablet_service.cc:1917] Received RequestConsensusVote() RPC: tablet_id: "c1615d2f528d42199245b0310dd989e6" candidate_uuid: "fdde7b1a3dee4fbc98506e7df83b5ed9" candidate_term: 2 candidate_status { last_received { term: 1 index: 1 } } ignore_live_leader: false dest_uuid: "7574aeb3b153455a886ca1c44c59fc02" is_pre_election: true
I20260709 12:21:02.530694 30949 tablet_bootstrap.cc:654] T 3493b95946a14e689a327feaaee4d4cc P fdde7b1a3dee4fbc98506e7df83b5ed9: Neither blocks nor log segments found. Creating new log.
I20260709 12:21:02.530730 31034 raft_consensus.cc:493] T a14dec79491f4496b7a48a194e2c04db P b2fc278f1abb49538b2ed425f1cdd1c5 [term 0 FOLLOWER]: Starting pre-election (no leader contacted us within the election timeout)
I20260709 12:21:02.531307 31034 raft_consensus.cc:515] T a14dec79491f4496b7a48a194e2c04db P b2fc278f1abb49538b2ed425f1cdd1c5 [term 0 FOLLOWER]: Starting pre-election with config: opid_index: -1 OBSOLETE_local: false peers { permanent_uuid: "b2fc278f1abb49538b2ed425f1cdd1c5" member_type: VOTER last_known_addr { host: "127.28.228.129" port: 36713 } } peers { permanent_uuid: "7574aeb3b153455a886ca1c44c59fc02" member_type: VOTER last_known_addr { host: "127.28.228.130" port: 39453 } } peers { permanent_uuid: "fdde7b1a3dee4fbc98506e7df83b5ed9" member_type: VOTER last_known_addr { host: "127.28.228.131" port: 39201 } }
I20260709 12:21:02.532212 30759 tablet_service.cc:1917] Received RequestConsensusVote() RPC: tablet_id: "c1615d2f528d42199245b0310dd989e6" candidate_uuid: "fdde7b1a3dee4fbc98506e7df83b5ed9" candidate_term: 2 candidate_status { last_received { term: 1 index: 1 } } ignore_live_leader: false dest_uuid: "b2fc278f1abb49538b2ed425f1cdd1c5" is_pre_election: true
I20260709 12:21:02.533404 31034 leader_election.cc:290] T a14dec79491f4496b7a48a194e2c04db P b2fc278f1abb49538b2ed425f1cdd1c5 [CANDIDATE]: Term 1 pre-election: Requested pre-vote from peers 7574aeb3b153455a886ca1c44c59fc02 (127.28.228.130:39453), fdde7b1a3dee4fbc98506e7df83b5ed9 (127.28.228.131:39201)
I20260709 12:21:02.534279 30873 leader_election.cc:304] T c1615d2f528d42199245b0310dd989e6 P fdde7b1a3dee4fbc98506e7df83b5ed9 [CANDIDATE]: Term 2 pre-election: Election decided. Result: candidate lost. Election summary: received 3 responses out of 3 voters: 1 yes votes; 2 no votes. yes voters: fdde7b1a3dee4fbc98506e7df83b5ed9; no voters: 7574aeb3b153455a886ca1c44c59fc02, b2fc278f1abb49538b2ed425f1cdd1c5
I20260709 12:21:02.535357 31015 raft_consensus.cc:2749] T c1615d2f528d42199245b0310dd989e6 P fdde7b1a3dee4fbc98506e7df83b5ed9 [term 1 FOLLOWER]: Leader pre-election lost for term 2. Reason: could not achieve majority
I20260709 12:21:02.536186 30951 tablet_bootstrap.cc:492] T e92dea1959034c488250774c36c07a07 P 7574aeb3b153455a886ca1c44c59fc02: No bootstrap required, opened a new log
I20260709 12:21:02.536710 30951 ts_tablet_manager.cc:1403] T e92dea1959034c488250774c36c07a07 P 7574aeb3b153455a886ca1c44c59fc02: Time spent bootstrapping tablet: real 0.045s	user 0.010s	sys 0.005s
I20260709 12:21:02.536644 30907 tablet_service.cc:1917] Received RequestConsensusVote() RPC: tablet_id: "a14dec79491f4496b7a48a194e2c04db" candidate_uuid: "b2fc278f1abb49538b2ed425f1cdd1c5" candidate_term: 1 candidate_status { last_received { term: 0 index: 0 } } ignore_live_leader: false dest_uuid: "fdde7b1a3dee4fbc98506e7df83b5ed9" is_pre_election: true
W20260709 12:21:02.539410 30725 leader_election.cc:343] T a14dec79491f4496b7a48a194e2c04db P b2fc278f1abb49538b2ed425f1cdd1c5 [CANDIDATE]: Term 1 pre-election: Tablet error from VoteRequest() call to peer fdde7b1a3dee4fbc98506e7df83b5ed9 (127.28.228.131:39201): Illegal state: must be running to vote when last-logged opid is not known
I20260709 12:21:02.541795 30951 raft_consensus.cc:359] T e92dea1959034c488250774c36c07a07 P 7574aeb3b153455a886ca1c44c59fc02 [term 0 FOLLOWER]: Replica starting. Triggering 0 pending ops. Active config: opid_index: -1 OBSOLETE_local: false peers { permanent_uuid: "b2fc278f1abb49538b2ed425f1cdd1c5" member_type: VOTER last_known_addr { host: "127.28.228.129" port: 36713 } } peers { permanent_uuid: "7574aeb3b153455a886ca1c44c59fc02" member_type: VOTER last_known_addr { host: "127.28.228.130" port: 39453 } } peers { permanent_uuid: "fdde7b1a3dee4fbc98506e7df83b5ed9" member_type: VOTER last_known_addr { host: "127.28.228.131" port: 39201 } }
I20260709 12:21:02.542459 30951 raft_consensus.cc:385] T e92dea1959034c488250774c36c07a07 P 7574aeb3b153455a886ca1c44c59fc02 [term 0 FOLLOWER]: Consensus starting up: Expiring failure detector timer to make a prompt election more likely
I20260709 12:21:02.542754 30951 raft_consensus.cc:740] T e92dea1959034c488250774c36c07a07 P 7574aeb3b153455a886ca1c44c59fc02 [term 0 FOLLOWER]: Becoming Follower/Learner. State: Replica: 7574aeb3b153455a886ca1c44c59fc02, State: Initialized, Role: FOLLOWER
I20260709 12:21:02.543480 30835 tablet_service.cc:1917] Received RequestConsensusVote() RPC: tablet_id: "a14dec79491f4496b7a48a194e2c04db" candidate_uuid: "b2fc278f1abb49538b2ed425f1cdd1c5" candidate_term: 1 candidate_status { last_received { term: 0 index: 0 } } ignore_live_leader: false dest_uuid: "7574aeb3b153455a886ca1c44c59fc02" is_pre_election: true
I20260709 12:21:02.543548 30951 consensus_queue.cc:260] T e92dea1959034c488250774c36c07a07 P 7574aeb3b153455a886ca1c44c59fc02 [NON_LEADER]: Queue going to NON_LEADER mode. State: All replicated index: 0, Majority replicated index: 0, Committed index: 0, Last appended: 0.0, Last appended by leader: 0, Current term: 0, Majority size: -1, State: 0, Mode: NON_LEADER, active raft config: opid_index: -1 OBSOLETE_local: false peers { permanent_uuid: "b2fc278f1abb49538b2ed425f1cdd1c5" member_type: VOTER last_known_addr { host: "127.28.228.129" port: 36713 } } peers { permanent_uuid: "7574aeb3b153455a886ca1c44c59fc02" member_type: VOTER last_known_addr { host: "127.28.228.130" port: 39453 } } peers { permanent_uuid: "fdde7b1a3dee4fbc98506e7df83b5ed9" member_type: VOTER last_known_addr { host: "127.28.228.131" port: 39201 } }
I20260709 12:21:02.546774 30952 tablet_bootstrap.cc:492] T 2b10c809d8904c9b9f368574954a88da P b2fc278f1abb49538b2ed425f1cdd1c5: No bootstrap required, opened a new log
I20260709 12:21:02.547384 30952 ts_tablet_manager.cc:1403] T 2b10c809d8904c9b9f368574954a88da P b2fc278f1abb49538b2ed425f1cdd1c5: Time spent bootstrapping tablet: real 0.051s	user 0.006s	sys 0.010s
W20260709 12:21:02.550099 30724 leader_election.cc:343] T a14dec79491f4496b7a48a194e2c04db P b2fc278f1abb49538b2ed425f1cdd1c5 [CANDIDATE]: Term 1 pre-election: Tablet error from VoteRequest() call to peer 7574aeb3b153455a886ca1c44c59fc02 (127.28.228.130:39453): Illegal state: must be running to vote when last-logged opid is not known
I20260709 12:21:02.550700 30724 leader_election.cc:304] T a14dec79491f4496b7a48a194e2c04db P b2fc278f1abb49538b2ed425f1cdd1c5 [CANDIDATE]: Term 1 pre-election: Election decided. Result: candidate lost. Election summary: received 3 responses out of 3 voters: 1 yes votes; 2 no votes. yes voters: b2fc278f1abb49538b2ed425f1cdd1c5; no voters: 7574aeb3b153455a886ca1c44c59fc02, fdde7b1a3dee4fbc98506e7df83b5ed9
I20260709 12:21:02.550805 30952 raft_consensus.cc:359] T 2b10c809d8904c9b9f368574954a88da P b2fc278f1abb49538b2ed425f1cdd1c5 [term 0 FOLLOWER]: Replica starting. Triggering 0 pending ops. Active config: opid_index: -1 OBSOLETE_local: false peers { permanent_uuid: "b2fc278f1abb49538b2ed425f1cdd1c5" member_type: VOTER last_known_addr { host: "127.28.228.129" port: 36713 } } peers { permanent_uuid: "7574aeb3b153455a886ca1c44c59fc02" member_type: VOTER last_known_addr { host: "127.28.228.130" port: 39453 } } peers { permanent_uuid: "fdde7b1a3dee4fbc98506e7df83b5ed9" member_type: VOTER last_known_addr { host: "127.28.228.131" port: 39201 } }
I20260709 12:21:02.551649 30952 raft_consensus.cc:385] T 2b10c809d8904c9b9f368574954a88da P b2fc278f1abb49538b2ed425f1cdd1c5 [term 0 FOLLOWER]: Consensus starting up: Expiring failure detector timer to make a prompt election more likely
I20260709 12:21:02.551959 30952 raft_consensus.cc:740] T 2b10c809d8904c9b9f368574954a88da P b2fc278f1abb49538b2ed425f1cdd1c5 [term 0 FOLLOWER]: Becoming Follower/Learner. State: Replica: b2fc278f1abb49538b2ed425f1cdd1c5, State: Initialized, Role: FOLLOWER
I20260709 12:21:02.552042 31034 raft_consensus.cc:493] T fff90197e231460e809983f4574cd41c P b2fc278f1abb49538b2ed425f1cdd1c5 [term 0 FOLLOWER]: Starting pre-election (no leader contacted us within the election timeout)
I20260709 12:21:02.546811 30951 ts_tablet_manager.cc:1434] T e92dea1959034c488250774c36c07a07 P 7574aeb3b153455a886ca1c44c59fc02: Time spent starting tablet: real 0.010s	user 0.009s	sys 0.000s
I20260709 12:21:02.553534 30951 tablet_bootstrap.cc:492] T 5ce95c0f7cbd4213a4c04b1b40346629 P 7574aeb3b153455a886ca1c44c59fc02: Bootstrap starting.
I20260709 12:21:02.553781 30949 tablet_bootstrap.cc:492] T 3493b95946a14e689a327feaaee4d4cc P fdde7b1a3dee4fbc98506e7df83b5ed9: No bootstrap required, opened a new log
I20260709 12:21:02.554184 30949 ts_tablet_manager.cc:1403] T 3493b95946a14e689a327feaaee4d4cc P fdde7b1a3dee4fbc98506e7df83b5ed9: Time spent bootstrapping tablet: real 0.035s	user 0.008s	sys 0.009s
I20260709 12:21:02.555648 31009 raft_consensus.cc:493] T e92dea1959034c488250774c36c07a07 P 7574aeb3b153455a886ca1c44c59fc02 [term 0 FOLLOWER]: Starting pre-election (no leader contacted us within the election timeout)
I20260709 12:21:02.556267 31009 raft_consensus.cc:515] T e92dea1959034c488250774c36c07a07 P 7574aeb3b153455a886ca1c44c59fc02 [term 0 FOLLOWER]: Starting pre-election with config: opid_index: -1 OBSOLETE_local: false peers { permanent_uuid: "b2fc278f1abb49538b2ed425f1cdd1c5" member_type: VOTER last_known_addr { host: "127.28.228.129" port: 36713 } } peers { permanent_uuid: "7574aeb3b153455a886ca1c44c59fc02" member_type: VOTER last_known_addr { host: "127.28.228.130" port: 39453 } } peers { permanent_uuid: "fdde7b1a3dee4fbc98506e7df83b5ed9" member_type: VOTER last_known_addr { host: "127.28.228.131" port: 39201 } }
I20260709 12:21:02.556974 30949 raft_consensus.cc:359] T 3493b95946a14e689a327feaaee4d4cc P fdde7b1a3dee4fbc98506e7df83b5ed9 [term 0 FOLLOWER]: Replica starting. Triggering 0 pending ops. Active config: opid_index: -1 OBSOLETE_local: false peers { permanent_uuid: "b2fc278f1abb49538b2ed425f1cdd1c5" member_type: VOTER last_known_addr { host: "127.28.228.129" port: 36713 } } peers { permanent_uuid: "7574aeb3b153455a886ca1c44c59fc02" member_type: VOTER last_known_addr { host: "127.28.228.130" port: 39453 } } peers { permanent_uuid: "fdde7b1a3dee4fbc98506e7df83b5ed9" member_type: VOTER last_known_addr { host: "127.28.228.131" port: 39201 } }
I20260709 12:21:02.557705 30949 raft_consensus.cc:385] T 3493b95946a14e689a327feaaee4d4cc P fdde7b1a3dee4fbc98506e7df83b5ed9 [term 0 FOLLOWER]: Consensus starting up: Expiring failure detector timer to make a prompt election more likely
I20260709 12:21:02.558223 30949 raft_consensus.cc:740] T 3493b95946a14e689a327feaaee4d4cc P fdde7b1a3dee4fbc98506e7df83b5ed9 [term 0 FOLLOWER]: Becoming Follower/Learner. State: Replica: fdde7b1a3dee4fbc98506e7df83b5ed9, State: Initialized, Role: FOLLOWER
I20260709 12:21:02.558996 30952 consensus_queue.cc:260] T 2b10c809d8904c9b9f368574954a88da P b2fc278f1abb49538b2ed425f1cdd1c5 [NON_LEADER]: Queue going to NON_LEADER mode. State: All replicated index: 0, Majority replicated index: 0, Committed index: 0, Last appended: 0.0, Last appended by leader: 0, Current term: 0, Majority size: -1, State: 0, Mode: NON_LEADER, active raft config: opid_index: -1 OBSOLETE_local: false peers { permanent_uuid: "b2fc278f1abb49538b2ed425f1cdd1c5" member_type: VOTER last_known_addr { host: "127.28.228.129" port: 36713 } } peers { permanent_uuid: "7574aeb3b153455a886ca1c44c59fc02" member_type: VOTER last_known_addr { host: "127.28.228.130" port: 39453 } } peers { permanent_uuid: "fdde7b1a3dee4fbc98506e7df83b5ed9" member_type: VOTER last_known_addr { host: "127.28.228.131" port: 39201 } }
I20260709 12:21:02.558879 30949 consensus_queue.cc:260] T 3493b95946a14e689a327feaaee4d4cc P fdde7b1a3dee4fbc98506e7df83b5ed9 [NON_LEADER]: Queue going to NON_LEADER mode. State: All replicated index: 0, Majority replicated index: 0, Committed index: 0, Last appended: 0.0, Last appended by leader: 0, Current term: 0, Majority size: -1, State: 0, Mode: NON_LEADER, active raft config: opid_index: -1 OBSOLETE_local: false peers { permanent_uuid: "b2fc278f1abb49538b2ed425f1cdd1c5" member_type: VOTER last_known_addr { host: "127.28.228.129" port: 36713 } } peers { permanent_uuid: "7574aeb3b153455a886ca1c44c59fc02" member_type: VOTER last_known_addr { host: "127.28.228.130" port: 39453 } } peers { permanent_uuid: "fdde7b1a3dee4fbc98506e7df83b5ed9" member_type: VOTER last_known_addr { host: "127.28.228.131" port: 39201 } }
I20260709 12:21:02.560115 30992 raft_consensus.cc:2749] T a14dec79491f4496b7a48a194e2c04db P b2fc278f1abb49538b2ed425f1cdd1c5 [term 0 FOLLOWER]: Leader pre-election lost for term 1. Reason: could not achieve majority
I20260709 12:21:02.560985 30951 tablet_bootstrap.cc:654] T 5ce95c0f7cbd4213a4c04b1b40346629 P 7574aeb3b153455a886ca1c44c59fc02: Neither blocks nor log segments found. Creating new log.
I20260709 12:21:02.561122 30907 tablet_service.cc:1917] Received RequestConsensusVote() RPC: tablet_id: "e92dea1959034c488250774c36c07a07" candidate_uuid: "7574aeb3b153455a886ca1c44c59fc02" candidate_term: 1 candidate_status { last_received { term: 0 index: 0 } } ignore_live_leader: false dest_uuid: "fdde7b1a3dee4fbc98506e7df83b5ed9" is_pre_election: true
I20260709 12:21:02.561954 30907 raft_consensus.cc:2468] T e92dea1959034c488250774c36c07a07 P fdde7b1a3dee4fbc98506e7df83b5ed9 [term 0 FOLLOWER]: Leader pre-election vote request: Granting yes vote for candidate 7574aeb3b153455a886ca1c44c59fc02 in term 0.
I20260709 12:21:02.563593 30800 leader_election.cc:304] T e92dea1959034c488250774c36c07a07 P 7574aeb3b153455a886ca1c44c59fc02 [CANDIDATE]: Term 1 pre-election: Election decided. Result: candidate won. Election summary: received 2 responses out of 3 voters: 2 yes votes; 0 no votes. yes voters: 7574aeb3b153455a886ca1c44c59fc02, fdde7b1a3dee4fbc98506e7df83b5ed9; no voters: 
I20260709 12:21:02.564486 31009 leader_election.cc:290] T e92dea1959034c488250774c36c07a07 P 7574aeb3b153455a886ca1c44c59fc02 [CANDIDATE]: Term 1 pre-election: Requested pre-vote from peers b2fc278f1abb49538b2ed425f1cdd1c5 (127.28.228.129:36713), fdde7b1a3dee4fbc98506e7df83b5ed9 (127.28.228.131:39201)
I20260709 12:21:02.564652 31002 raft_consensus.cc:2804] T e92dea1959034c488250774c36c07a07 P 7574aeb3b153455a886ca1c44c59fc02 [term 0 FOLLOWER]: Leader pre-election won for term 1
I20260709 12:21:02.565017 31002 raft_consensus.cc:493] T e92dea1959034c488250774c36c07a07 P 7574aeb3b153455a886ca1c44c59fc02 [term 0 FOLLOWER]: Starting leader election (no leader contacted us within the election timeout)
I20260709 12:21:02.565338 31002 raft_consensus.cc:3060] T e92dea1959034c488250774c36c07a07 P 7574aeb3b153455a886ca1c44c59fc02 [term 0 FOLLOWER]: Advancing to term 1
I20260709 12:21:02.552728 31034 raft_consensus.cc:515] T fff90197e231460e809983f4574cd41c P b2fc278f1abb49538b2ed425f1cdd1c5 [term 0 FOLLOWER]: Starting pre-election with config: opid_index: -1 OBSOLETE_local: false peers { permanent_uuid: "b2fc278f1abb49538b2ed425f1cdd1c5" member_type: VOTER last_known_addr { host: "127.28.228.129" port: 36713 } } peers { permanent_uuid: "7574aeb3b153455a886ca1c44c59fc02" member_type: VOTER last_known_addr { host: "127.28.228.130" port: 39453 } } peers { permanent_uuid: "fdde7b1a3dee4fbc98506e7df83b5ed9" member_type: VOTER last_known_addr { host: "127.28.228.131" port: 39201 } }
I20260709 12:21:02.565868 30952 ts_tablet_manager.cc:1434] T 2b10c809d8904c9b9f368574954a88da P b2fc278f1abb49538b2ed425f1cdd1c5: Time spent starting tablet: real 0.018s	user 0.008s	sys 0.000s
I20260709 12:21:02.567087 30952 tablet_bootstrap.cc:492] T 5f4605c939d64e78bc81e5df1a32008a P b2fc278f1abb49538b2ed425f1cdd1c5: Bootstrap starting.
I20260709 12:21:02.569029 30835 tablet_service.cc:1917] Received RequestConsensusVote() RPC: tablet_id: "fff90197e231460e809983f4574cd41c" candidate_uuid: "b2fc278f1abb49538b2ed425f1cdd1c5" candidate_term: 1 candidate_status { last_received { term: 0 index: 0 } } ignore_live_leader: false dest_uuid: "7574aeb3b153455a886ca1c44c59fc02" is_pre_election: true
I20260709 12:21:02.569816 30835 raft_consensus.cc:2468] T fff90197e231460e809983f4574cd41c P 7574aeb3b153455a886ca1c44c59fc02 [term 0 FOLLOWER]: Leader pre-election vote request: Granting yes vote for candidate b2fc278f1abb49538b2ed425f1cdd1c5 in term 0.
I20260709 12:21:02.570817 31034 leader_election.cc:290] T fff90197e231460e809983f4574cd41c P b2fc278f1abb49538b2ed425f1cdd1c5 [CANDIDATE]: Term 1 pre-election: Requested pre-vote from peers 7574aeb3b153455a886ca1c44c59fc02 (127.28.228.130:39453), fdde7b1a3dee4fbc98506e7df83b5ed9 (127.28.228.131:39201)
I20260709 12:21:02.571535 30759 tablet_service.cc:1917] Received RequestConsensusVote() RPC: tablet_id: "e92dea1959034c488250774c36c07a07" candidate_uuid: "7574aeb3b153455a886ca1c44c59fc02" candidate_term: 1 candidate_status { last_received { term: 0 index: 0 } } ignore_live_leader: false dest_uuid: "b2fc278f1abb49538b2ed425f1cdd1c5" is_pre_election: true
I20260709 12:21:02.573451 30961 consensus_queue.cc:1048] T cff0deca4c3f4da79f3cf23dc3ec31ad P b2fc278f1abb49538b2ed425f1cdd1c5 [LEADER]: Connected to new peer: Peer: permanent_uuid: "7574aeb3b153455a886ca1c44c59fc02" member_type: VOTER last_known_addr { host: "127.28.228.130" port: 39453 }, Status: LMP_MISMATCH, Last received: 0.0, Next index: 1, Last known committed idx: 0, Time since last communication: 0.000s
I20260709 12:21:02.574679 30907 tablet_service.cc:1917] Received RequestConsensusVote() RPC: tablet_id: "fff90197e231460e809983f4574cd41c" candidate_uuid: "b2fc278f1abb49538b2ed425f1cdd1c5" candidate_term: 1 candidate_status { last_received { term: 0 index: 0 } } ignore_live_leader: false dest_uuid: "fdde7b1a3dee4fbc98506e7df83b5ed9" is_pre_election: true
I20260709 12:21:02.575309 30907 raft_consensus.cc:2468] T fff90197e231460e809983f4574cd41c P fdde7b1a3dee4fbc98506e7df83b5ed9 [term 0 FOLLOWER]: Leader pre-election vote request: Granting yes vote for candidate b2fc278f1abb49538b2ed425f1cdd1c5 in term 0.
I20260709 12:21:02.575536 30949 ts_tablet_manager.cc:1434] T 3493b95946a14e689a327feaaee4d4cc P fdde7b1a3dee4fbc98506e7df83b5ed9: Time spent starting tablet: real 0.021s	user 0.006s	sys 0.000s
I20260709 12:21:02.576802 30949 tablet_bootstrap.cc:492] T 5f4605c939d64e78bc81e5df1a32008a P fdde7b1a3dee4fbc98506e7df83b5ed9: Bootstrap starting.
I20260709 12:21:02.574685 30724 leader_election.cc:304] T fff90197e231460e809983f4574cd41c P b2fc278f1abb49538b2ed425f1cdd1c5 [CANDIDATE]: Term 1 pre-election: Election decided. Result: candidate won. Election summary: received 2 responses out of 3 voters: 2 yes votes; 0 no votes. yes voters: 7574aeb3b153455a886ca1c44c59fc02, b2fc278f1abb49538b2ed425f1cdd1c5; no voters: 
W20260709 12:21:02.582056 30799 leader_election.cc:343] T e92dea1959034c488250774c36c07a07 P 7574aeb3b153455a886ca1c44c59fc02 [CANDIDATE]: Term 1 pre-election: Tablet error from VoteRequest() call to peer b2fc278f1abb49538b2ed425f1cdd1c5 (127.28.228.129:36713): Illegal state: must be running to vote when last-logged opid is not known
I20260709 12:21:02.583436 31015 raft_consensus.cc:493] T 5ce95c0f7cbd4213a4c04b1b40346629 P fdde7b1a3dee4fbc98506e7df83b5ed9 [term 0 FOLLOWER]: Starting pre-election (no leader contacted us within the election timeout)
I20260709 12:21:02.583900 31015 raft_consensus.cc:515] T 5ce95c0f7cbd4213a4c04b1b40346629 P fdde7b1a3dee4fbc98506e7df83b5ed9 [term 0 FOLLOWER]: Starting pre-election with config: opid_index: -1 OBSOLETE_local: false peers { permanent_uuid: "b2fc278f1abb49538b2ed425f1cdd1c5" member_type: VOTER last_known_addr { host: "127.28.228.129" port: 36713 } } peers { permanent_uuid: "7574aeb3b153455a886ca1c44c59fc02" member_type: VOTER last_known_addr { host: "127.28.228.130" port: 39453 } } peers { permanent_uuid: "fdde7b1a3dee4fbc98506e7df83b5ed9" member_type: VOTER last_known_addr { host: "127.28.228.131" port: 39201 } }
I20260709 12:21:02.584578 30949 tablet_bootstrap.cc:654] T 5f4605c939d64e78bc81e5df1a32008a P fdde7b1a3dee4fbc98506e7df83b5ed9: Neither blocks nor log segments found. Creating new log.
I20260709 12:21:02.585915 31015 leader_election.cc:290] T 5ce95c0f7cbd4213a4c04b1b40346629 P fdde7b1a3dee4fbc98506e7df83b5ed9 [CANDIDATE]: Term 1 pre-election: Requested pre-vote from peers b2fc278f1abb49538b2ed425f1cdd1c5 (127.28.228.129:36713), 7574aeb3b153455a886ca1c44c59fc02 (127.28.228.130:39453)
I20260709 12:21:02.582944 30961 raft_consensus.cc:2804] T fff90197e231460e809983f4574cd41c P b2fc278f1abb49538b2ed425f1cdd1c5 [term 0 FOLLOWER]: Leader pre-election won for term 1
I20260709 12:21:02.586550 30961 raft_consensus.cc:493] T fff90197e231460e809983f4574cd41c P b2fc278f1abb49538b2ed425f1cdd1c5 [term 0 FOLLOWER]: Starting leader election (no leader contacted us within the election timeout)
I20260709 12:21:02.586925 30961 raft_consensus.cc:3060] T fff90197e231460e809983f4574cd41c P b2fc278f1abb49538b2ed425f1cdd1c5 [term 0 FOLLOWER]: Advancing to term 1
I20260709 12:21:02.587033 31002 raft_consensus.cc:515] T e92dea1959034c488250774c36c07a07 P 7574aeb3b153455a886ca1c44c59fc02 [term 1 FOLLOWER]: Starting leader election with config: opid_index: -1 OBSOLETE_local: false peers { permanent_uuid: "b2fc278f1abb49538b2ed425f1cdd1c5" member_type: VOTER last_known_addr { host: "127.28.228.129" port: 36713 } } peers { permanent_uuid: "7574aeb3b153455a886ca1c44c59fc02" member_type: VOTER last_known_addr { host: "127.28.228.130" port: 39453 } } peers { permanent_uuid: "fdde7b1a3dee4fbc98506e7df83b5ed9" member_type: VOTER last_known_addr { host: "127.28.228.131" port: 39201 } }
I20260709 12:21:02.587339 30759 tablet_service.cc:1917] Received RequestConsensusVote() RPC: tablet_id: "5ce95c0f7cbd4213a4c04b1b40346629" candidate_uuid: "fdde7b1a3dee4fbc98506e7df83b5ed9" candidate_term: 1 candidate_status { last_received { term: 0 index: 0 } } ignore_live_leader: false dest_uuid: "b2fc278f1abb49538b2ed425f1cdd1c5" is_pre_election: true
I20260709 12:21:02.588224 30759 raft_consensus.cc:2468] T 5ce95c0f7cbd4213a4c04b1b40346629 P b2fc278f1abb49538b2ed425f1cdd1c5 [term 0 FOLLOWER]: Leader pre-election vote request: Granting yes vote for candidate fdde7b1a3dee4fbc98506e7df83b5ed9 in term 0.
I20260709 12:21:02.589587 30873 leader_election.cc:304] T 5ce95c0f7cbd4213a4c04b1b40346629 P fdde7b1a3dee4fbc98506e7df83b5ed9 [CANDIDATE]: Term 1 pre-election: Election decided. Result: candidate won. Election summary: received 2 responses out of 3 voters: 2 yes votes; 0 no votes. yes voters: b2fc278f1abb49538b2ed425f1cdd1c5, fdde7b1a3dee4fbc98506e7df83b5ed9; no voters: 
I20260709 12:21:02.590583 31002 leader_election.cc:290] T e92dea1959034c488250774c36c07a07 P 7574aeb3b153455a886ca1c44c59fc02 [CANDIDATE]: Term 1 election: Requested vote from peers b2fc278f1abb49538b2ed425f1cdd1c5 (127.28.228.129:36713), fdde7b1a3dee4fbc98506e7df83b5ed9 (127.28.228.131:39201)
I20260709 12:21:02.590694 31015 raft_consensus.cc:2804] T 5ce95c0f7cbd4213a4c04b1b40346629 P fdde7b1a3dee4fbc98506e7df83b5ed9 [term 0 FOLLOWER]: Leader pre-election won for term 1
I20260709 12:21:02.590737 30907 tablet_service.cc:1917] Received RequestConsensusVote() RPC: tablet_id: "e92dea1959034c488250774c36c07a07" candidate_uuid: "7574aeb3b153455a886ca1c44c59fc02" candidate_term: 1 candidate_status { last_received { term: 0 index: 0 } } ignore_live_leader: false dest_uuid: "fdde7b1a3dee4fbc98506e7df83b5ed9"
I20260709 12:21:02.591356 31015 raft_consensus.cc:493] T 5ce95c0f7cbd4213a4c04b1b40346629 P fdde7b1a3dee4fbc98506e7df83b5ed9 [term 0 FOLLOWER]: Starting leader election (no leader contacted us within the election timeout)
I20260709 12:21:02.591579 30907 raft_consensus.cc:3060] T e92dea1959034c488250774c36c07a07 P fdde7b1a3dee4fbc98506e7df83b5ed9 [term 0 FOLLOWER]: Advancing to term 1
I20260709 12:21:02.591881 31015 raft_consensus.cc:3060] T 5ce95c0f7cbd4213a4c04b1b40346629 P fdde7b1a3dee4fbc98506e7df83b5ed9 [term 0 FOLLOWER]: Advancing to term 1
I20260709 12:21:02.598670 30834 tablet_service.cc:1917] Received RequestConsensusVote() RPC: tablet_id: "5ce95c0f7cbd4213a4c04b1b40346629" candidate_uuid: "fdde7b1a3dee4fbc98506e7df83b5ed9" candidate_term: 1 candidate_status { last_received { term: 0 index: 0 } } ignore_live_leader: false dest_uuid: "7574aeb3b153455a886ca1c44c59fc02" is_pre_election: true
I20260709 12:21:02.598971 30952 tablet_bootstrap.cc:654] T 5f4605c939d64e78bc81e5df1a32008a P b2fc278f1abb49538b2ed425f1cdd1c5: Neither blocks nor log segments found. Creating new log.
W20260709 12:21:02.600725 30873 leader_election.cc:343] T 5ce95c0f7cbd4213a4c04b1b40346629 P fdde7b1a3dee4fbc98506e7df83b5ed9 [CANDIDATE]: Term 1 pre-election: Tablet error from VoteRequest() call to peer 7574aeb3b153455a886ca1c44c59fc02 (127.28.228.130:39453): Illegal state: must be running to vote when last-logged opid is not known
I20260709 12:21:02.602108 30951 tablet_bootstrap.cc:492] T 5ce95c0f7cbd4213a4c04b1b40346629 P 7574aeb3b153455a886ca1c44c59fc02: No bootstrap required, opened a new log
I20260709 12:21:02.602595 30951 ts_tablet_manager.cc:1403] T 5ce95c0f7cbd4213a4c04b1b40346629 P 7574aeb3b153455a886ca1c44c59fc02: Time spent bootstrapping tablet: real 0.049s	user 0.028s	sys 0.016s
I20260709 12:21:02.601930 30759 tablet_service.cc:1917] Received RequestConsensusVote() RPC: tablet_id: "e92dea1959034c488250774c36c07a07" candidate_uuid: "7574aeb3b153455a886ca1c44c59fc02" candidate_term: 1 candidate_status { last_received { term: 0 index: 0 } } ignore_live_leader: false dest_uuid: "b2fc278f1abb49538b2ed425f1cdd1c5"
