I20260709 12:20:24.613442 19367 raft_consensus.cc:740] T 25b32d373ad14c538e76b9cd5ffc23cc P d56a669902ff4aa3a0b71b50fbc70c1f [term 1 LEADER]: Becoming Follower/Learner. State: Replica: d56a669902ff4aa3a0b71b50fbc70c1f, State: Running, Role: LEADER
I20260709 12:20:24.613945 19369 leader_election.cc:290] T 76c8e52abce5406aa8097a679009dcf5 P d56a669902ff4aa3a0b71b50fbc70c1f [CANDIDATE]: Term 2 election: Requested vote from peers 6d3b8a2db50b4e0faf33e54125cd8067 (127.18.53.1:38943), 625488c981a64de08b9c343f74964ece (127.18.53.3:45801)
I20260709 12:20:24.616794 19294 raft_consensus.cc:2468] T 25b32d373ad14c538e76b9cd5ffc23cc P 6d3b8a2db50b4e0faf33e54125cd8067 [term 2 FOLLOWER]: Leader election vote request: Granting yes vote for candidate 625488c981a64de08b9c343f74964ece in term 2.
I20260709 12:20:24.616955 19443 tablet_service.cc:1917] Received RequestConsensusVote() RPC: tablet_id: "76c8e52abce5406aa8097a679009dcf5" candidate_uuid: "d56a669902ff4aa3a0b71b50fbc70c1f" candidate_term: 2 candidate_status { last_received { term: 1 index: 1 } } ignore_live_leader: true dest_uuid: "625488c981a64de08b9c343f74964ece"
I20260709 12:20:24.617771 19443 raft_consensus.cc:3060] T 76c8e52abce5406aa8097a679009dcf5 P 625488c981a64de08b9c343f74964ece [term 1 FOLLOWER]: Advancing to term 2
I20260709 12:20:24.614392 19367 consensus_queue.cc:260] T 25b32d373ad14c538e76b9cd5ffc23cc P d56a669902ff4aa3a0b71b50fbc70c1f [NON_LEADER]: Queue going to NON_LEADER mode. State: All replicated index: 0, Majority replicated index: 1, Committed index: 1, Last appended: 1.1, Last appended by leader: 1, Current term: 1, Majority size: -1, State: 0, Mode: NON_LEADER, active raft config: opid_index: -1 OBSOLETE_local: false peers { permanent_uuid: "6d3b8a2db50b4e0faf33e54125cd8067" member_type: VOTER last_known_addr { host: "127.18.53.1" port: 38943 } } peers { permanent_uuid: "d56a669902ff4aa3a0b71b50fbc70c1f" member_type: VOTER last_known_addr { host: "127.18.53.2" port: 34053 } } peers { permanent_uuid: "625488c981a64de08b9c343f74964ece" member_type: VOTER last_known_addr { host: "127.18.53.3" port: 45801 } }
I20260709 12:20:24.618825 19367 raft_consensus.cc:3060] T 25b32d373ad14c538e76b9cd5ffc23cc P d56a669902ff4aa3a0b71b50fbc70c1f [term 1 FOLLOWER]: Advancing to term 2
I20260709 12:20:24.618937 19408 leader_election.cc:304] T 25b32d373ad14c538e76b9cd5ffc23cc P 625488c981a64de08b9c343f74964ece [CANDIDATE]: Term 2 election: Election decided. Result: candidate won. Election summary: received 2 responses out of 3 voters: 2 yes votes; 0 no votes. yes voters: 625488c981a64de08b9c343f74964ece, 6d3b8a2db50b4e0faf33e54125cd8067; no voters: 
I20260709 12:20:24.617002 19292 tablet_service.cc:1917] Received RequestConsensusVote() RPC: tablet_id: "76c8e52abce5406aa8097a679009dcf5" candidate_uuid: "d56a669902ff4aa3a0b71b50fbc70c1f" candidate_term: 2 candidate_status { last_received { term: 1 index: 1 } } ignore_live_leader: true dest_uuid: "6d3b8a2db50b4e0faf33e54125cd8067"
I20260709 12:20:24.619680 19532 raft_consensus.cc:2804] T 25b32d373ad14c538e76b9cd5ffc23cc P 625488c981a64de08b9c343f74964ece [term 2 FOLLOWER]: Leader election won for term 2
I20260709 12:20:24.620137 19292 raft_consensus.cc:3055] T 76c8e52abce5406aa8097a679009dcf5 P 6d3b8a2db50b4e0faf33e54125cd8067 [term 1 LEADER]: Stepping down as leader of term 1
I20260709 12:20:24.620193 19532 raft_consensus.cc:697] T 25b32d373ad14c538e76b9cd5ffc23cc P 625488c981a64de08b9c343f74964ece [term 2 LEADER]: Becoming Leader. State: Replica: 625488c981a64de08b9c343f74964ece, State: Running, Role: LEADER
I20260709 12:20:24.620538 19292 raft_consensus.cc:740] T 76c8e52abce5406aa8097a679009dcf5 P 6d3b8a2db50b4e0faf33e54125cd8067 [term 1 LEADER]: Becoming Follower/Learner. State: Replica: 6d3b8a2db50b4e0faf33e54125cd8067, State: Running, Role: LEADER
I20260709 12:20:24.621129 19532 consensus_queue.cc:237] T 25b32d373ad14c538e76b9cd5ffc23cc P 625488c981a64de08b9c343f74964ece [LEADER]: Queue going to LEADER mode. State: All replicated index: 0, Majority replicated index: 1, Committed index: 1, Last appended: 1.1, Last appended by leader: 1, Current term: 2, Majority size: 2, State: 0, Mode: LEADER, active raft config: opid_index: -1 OBSOLETE_local: false peers { permanent_uuid: "6d3b8a2db50b4e0faf33e54125cd8067" member_type: VOTER last_known_addr { host: "127.18.53.1" port: 38943 } } peers { permanent_uuid: "d56a669902ff4aa3a0b71b50fbc70c1f" member_type: VOTER last_known_addr { host: "127.18.53.2" port: 34053 } } peers { permanent_uuid: "625488c981a64de08b9c343f74964ece" member_type: VOTER last_known_addr { host: "127.18.53.3" port: 45801 } }
I20260709 12:20:24.621348 19292 consensus_queue.cc:260] T 76c8e52abce5406aa8097a679009dcf5 P 6d3b8a2db50b4e0faf33e54125cd8067 [NON_LEADER]: Queue going to NON_LEADER mode. State: All replicated index: 0, Majority replicated index: 1, Committed index: 1, Last appended: 1.1, Last appended by leader: 1, Current term: 1, Majority size: -1, State: 0, Mode: NON_LEADER, active raft config: opid_index: -1 OBSOLETE_local: false peers { permanent_uuid: "6d3b8a2db50b4e0faf33e54125cd8067" member_type: VOTER last_known_addr { host: "127.18.53.1" port: 38943 } } peers { permanent_uuid: "d56a669902ff4aa3a0b71b50fbc70c1f" member_type: VOTER last_known_addr { host: "127.18.53.2" port: 34053 } } peers { permanent_uuid: "625488c981a64de08b9c343f74964ece" member_type: VOTER last_known_addr { host: "127.18.53.3" port: 45801 } }
I20260709 12:20:24.622658 19292 raft_consensus.cc:3060] T 76c8e52abce5406aa8097a679009dcf5 P 6d3b8a2db50b4e0faf33e54125cd8067 [term 1 FOLLOWER]: Advancing to term 2
I20260709 12:20:24.626255 19443 raft_consensus.cc:2468] T 76c8e52abce5406aa8097a679009dcf5 P 625488c981a64de08b9c343f74964ece [term 2 FOLLOWER]: Leader election vote request: Granting yes vote for candidate d56a669902ff4aa3a0b71b50fbc70c1f in term 2.
I20260709 12:20:24.630015 19536 raft_consensus.cc:993] T d3cec9fc9d3f44b190cf81a4588ffab4 P d56a669902ff4aa3a0b71b50fbc70c1f: : Instructing follower 6d3b8a2db50b4e0faf33e54125cd8067 to start an election
I20260709 12:20:24.630507 19505 raft_consensus.cc:1081] T d3cec9fc9d3f44b190cf81a4588ffab4 P d56a669902ff4aa3a0b71b50fbc70c1f [term 1 LEADER]: Signalling peer 6d3b8a2db50b4e0faf33e54125cd8067 to start an election
I20260709 12:20:24.630570 19292 raft_consensus.cc:2468] T 76c8e52abce5406aa8097a679009dcf5 P 6d3b8a2db50b4e0faf33e54125cd8067 [term 2 FOLLOWER]: Leader election vote request: Granting yes vote for candidate d56a669902ff4aa3a0b71b50fbc70c1f in term 2.
I20260709 12:20:24.631973 19367 raft_consensus.cc:2468] T 25b32d373ad14c538e76b9cd5ffc23cc P d56a669902ff4aa3a0b71b50fbc70c1f [term 2 FOLLOWER]: Leader election vote request: Granting yes vote for candidate 625488c981a64de08b9c343f74964ece in term 2.
I20260709 12:20:24.631148 19334 leader_election.cc:304] T 76c8e52abce5406aa8097a679009dcf5 P d56a669902ff4aa3a0b71b50fbc70c1f [CANDIDATE]: Term 2 election: Election decided. Result: candidate won. Election summary: received 2 responses out of 3 voters: 2 yes votes; 0 no votes. yes voters: 625488c981a64de08b9c343f74964ece, d56a669902ff4aa3a0b71b50fbc70c1f; no voters: 
I20260709 12:20:24.631794 19192 catalog_manager.cc:5697] T 25b32d373ad14c538e76b9cd5ffc23cc P 625488c981a64de08b9c343f74964ece reported cstate change: term changed from 1 to 2, leader changed from d56a669902ff4aa3a0b71b50fbc70c1f (127.18.53.2) to 625488c981a64de08b9c343f74964ece (127.18.53.3). New cstate: current_term: 2 leader_uuid: "625488c981a64de08b9c343f74964ece" committed_config { opid_index: -1 OBSOLETE_local: false peers { permanent_uuid: "6d3b8a2db50b4e0faf33e54125cd8067" member_type: VOTER last_known_addr { host: "127.18.53.1" port: 38943 } health_report { overall_health: UNKNOWN } } peers { permanent_uuid: "d56a669902ff4aa3a0b71b50fbc70c1f" member_type: VOTER last_known_addr { host: "127.18.53.2" port: 34053 } health_report { overall_health: UNKNOWN } } peers { permanent_uuid: "625488c981a64de08b9c343f74964ece" member_type: VOTER last_known_addr { host: "127.18.53.3" port: 45801 } health_report { overall_health: HEALTHY } } }
I20260709 12:20:24.632465 19191 catalog_manager.cc:5697] T e0e561ed7e924e978aa08a06d54a6f3c P d56a669902ff4aa3a0b71b50fbc70c1f reported cstate change: term changed from 1 to 2, leader changed from 625488c981a64de08b9c343f74964ece (127.18.53.3) to d56a669902ff4aa3a0b71b50fbc70c1f (127.18.53.2). New cstate: current_term: 2 leader_uuid: "d56a669902ff4aa3a0b71b50fbc70c1f" committed_config { opid_index: -1 OBSOLETE_local: false peers { permanent_uuid: "6d3b8a2db50b4e0faf33e54125cd8067" member_type: VOTER last_known_addr { host: "127.18.53.1" port: 38943 } health_report { overall_health: UNKNOWN } } peers { permanent_uuid: "d56a669902ff4aa3a0b71b50fbc70c1f" member_type: VOTER last_known_addr { host: "127.18.53.2" port: 34053 } health_report { overall_health: HEALTHY } } peers { permanent_uuid: "625488c981a64de08b9c343f74964ece" member_type: VOTER last_known_addr { host: "127.18.53.3" port: 45801 } health_report { overall_health: UNKNOWN } } }
I20260709 12:20:24.634184 19505 raft_consensus.cc:2804] T 76c8e52abce5406aa8097a679009dcf5 P d56a669902ff4aa3a0b71b50fbc70c1f [term 2 FOLLOWER]: Leader election won for term 2
I20260709 12:20:24.634178 19292 tablet_service.cc:2044] Received Run Leader Election RPC: tablet_id: "d3cec9fc9d3f44b190cf81a4588ffab4"
dest_uuid: "6d3b8a2db50b4e0faf33e54125cd8067"
 from {username='slave'} at 127.0.0.1:44670
I20260709 12:20:24.634843 19505 raft_consensus.cc:697] T 76c8e52abce5406aa8097a679009dcf5 P d56a669902ff4aa3a0b71b50fbc70c1f [term 2 LEADER]: Becoming Leader. State: Replica: d56a669902ff4aa3a0b71b50fbc70c1f, State: Running, Role: LEADER
I20260709 12:20:24.635004 19292 raft_consensus.cc:493] T d3cec9fc9d3f44b190cf81a4588ffab4 P 6d3b8a2db50b4e0faf33e54125cd8067 [term 1 FOLLOWER]: Starting forced leader election (received explicit request)
I20260709 12:20:24.635521 19292 raft_consensus.cc:3060] T d3cec9fc9d3f44b190cf81a4588ffab4 P 6d3b8a2db50b4e0faf33e54125cd8067 [term 1 FOLLOWER]: Advancing to term 2
I20260709 12:20:24.635675 19505 consensus_queue.cc:237] T 76c8e52abce5406aa8097a679009dcf5 P d56a669902ff4aa3a0b71b50fbc70c1f [LEADER]: Queue going to LEADER mode. State: All replicated index: 0, Majority replicated index: 1, Committed index: 1, Last appended: 1.1, Last appended by leader: 1, Current term: 2, Majority size: 2, State: 0, Mode: LEADER, active raft config: opid_index: -1 OBSOLETE_local: false peers { permanent_uuid: "6d3b8a2db50b4e0faf33e54125cd8067" member_type: VOTER last_known_addr { host: "127.18.53.1" port: 38943 } } peers { permanent_uuid: "d56a669902ff4aa3a0b71b50fbc70c1f" member_type: VOTER last_known_addr { host: "127.18.53.2" port: 34053 } } peers { permanent_uuid: "625488c981a64de08b9c343f74964ece" member_type: VOTER last_known_addr { host: "127.18.53.3" port: 45801 } }
I20260709 12:20:24.642481 19292 raft_consensus.cc:515] T d3cec9fc9d3f44b190cf81a4588ffab4 P 6d3b8a2db50b4e0faf33e54125cd8067 [term 2 FOLLOWER]: Starting forced leader election with config: opid_index: -1 OBSOLETE_local: false peers { permanent_uuid: "6d3b8a2db50b4e0faf33e54125cd8067" member_type: VOTER last_known_addr { host: "127.18.53.1" port: 38943 } } peers { permanent_uuid: "d56a669902ff4aa3a0b71b50fbc70c1f" member_type: VOTER last_known_addr { host: "127.18.53.2" port: 34053 } } peers { permanent_uuid: "625488c981a64de08b9c343f74964ece" member_type: VOTER last_known_addr { host: "127.18.53.3" port: 45801 } }
I20260709 12:20:24.645176 19292 leader_election.cc:290] T d3cec9fc9d3f44b190cf81a4588ffab4 P 6d3b8a2db50b4e0faf33e54125cd8067 [CANDIDATE]: Term 2 election: Requested vote from peers d56a669902ff4aa3a0b71b50fbc70c1f (127.18.53.2:34053), 625488c981a64de08b9c343f74964ece (127.18.53.3:45801)
I20260709 12:20:24.645699 19367 tablet_service.cc:1917] Received RequestConsensusVote() RPC: tablet_id: "d3cec9fc9d3f44b190cf81a4588ffab4" candidate_uuid: "6d3b8a2db50b4e0faf33e54125cd8067" candidate_term: 2 candidate_status { last_received { term: 1 index: 1 } } ignore_live_leader: true dest_uuid: "d56a669902ff4aa3a0b71b50fbc70c1f"
I20260709 12:20:24.645823 19443 tablet_service.cc:1917] Received RequestConsensusVote() RPC: tablet_id: "d3cec9fc9d3f44b190cf81a4588ffab4" candidate_uuid: "6d3b8a2db50b4e0faf33e54125cd8067" candidate_term: 2 candidate_status { last_received { term: 1 index: 1 } } ignore_live_leader: true dest_uuid: "625488c981a64de08b9c343f74964ece"
I20260709 12:20:24.646443 19367 raft_consensus.cc:3055] T d3cec9fc9d3f44b190cf81a4588ffab4 P d56a669902ff4aa3a0b71b50fbc70c1f [term 1 LEADER]: Stepping down as leader of term 1
I20260709 12:20:24.646463 19443 raft_consensus.cc:3060] T d3cec9fc9d3f44b190cf81a4588ffab4 P 625488c981a64de08b9c343f74964ece [term 1 FOLLOWER]: Advancing to term 2
I20260709 12:20:24.646978 19367 raft_consensus.cc:740] T d3cec9fc9d3f44b190cf81a4588ffab4 P d56a669902ff4aa3a0b71b50fbc70c1f [term 1 LEADER]: Becoming Follower/Learner. State: Replica: d56a669902ff4aa3a0b71b50fbc70c1f, State: Running, Role: LEADER
I20260709 12:20:24.648003 19367 consensus_queue.cc:260] T d3cec9fc9d3f44b190cf81a4588ffab4 P d56a669902ff4aa3a0b71b50fbc70c1f [NON_LEADER]: Queue going to NON_LEADER mode. State: All replicated index: 0, Majority replicated index: 1, Committed index: 1, Last appended: 1.1, Last appended by leader: 1, Current term: 1, Majority size: -1, State: 0, Mode: NON_LEADER, active raft config: opid_index: -1 OBSOLETE_local: false peers { permanent_uuid: "6d3b8a2db50b4e0faf33e54125cd8067" member_type: VOTER last_known_addr { host: "127.18.53.1" port: 38943 } } peers { permanent_uuid: "d56a669902ff4aa3a0b71b50fbc70c1f" member_type: VOTER last_known_addr { host: "127.18.53.2" port: 34053 } } peers { permanent_uuid: "625488c981a64de08b9c343f74964ece" member_type: VOTER last_known_addr { host: "127.18.53.3" port: 45801 } }
I20260709 12:20:24.649386 19367 raft_consensus.cc:3060] T d3cec9fc9d3f44b190cf81a4588ffab4 P d56a669902ff4aa3a0b71b50fbc70c1f [term 1 FOLLOWER]: Advancing to term 2
I20260709 12:20:24.654426 19443 raft_consensus.cc:2468] T d3cec9fc9d3f44b190cf81a4588ffab4 P 625488c981a64de08b9c343f74964ece [term 2 FOLLOWER]: Leader election vote request: Granting yes vote for candidate 6d3b8a2db50b4e0faf33e54125cd8067 in term 2.
I20260709 12:20:24.654986 19191 catalog_manager.cc:5697] T 76c8e52abce5406aa8097a679009dcf5 P d56a669902ff4aa3a0b71b50fbc70c1f reported cstate change: term changed from 1 to 2, leader changed from 6d3b8a2db50b4e0faf33e54125cd8067 (127.18.53.1) to d56a669902ff4aa3a0b71b50fbc70c1f (127.18.53.2). New cstate: current_term: 2 leader_uuid: "d56a669902ff4aa3a0b71b50fbc70c1f" committed_config { opid_index: -1 OBSOLETE_local: false peers { permanent_uuid: "6d3b8a2db50b4e0faf33e54125cd8067" member_type: VOTER last_known_addr { host: "127.18.53.1" port: 38943 } health_report { overall_health: UNKNOWN } } peers { permanent_uuid: "d56a669902ff4aa3a0b71b50fbc70c1f" member_type: VOTER last_known_addr { host: "127.18.53.2" port: 34053 } health_report { overall_health: HEALTHY } } peers { permanent_uuid: "625488c981a64de08b9c343f74964ece" member_type: VOTER last_known_addr { host: "127.18.53.3" port: 45801 } health_report { overall_health: UNKNOWN } } }
I20260709 12:20:24.655707 19259 leader_election.cc:304] T d3cec9fc9d3f44b190cf81a4588ffab4 P 6d3b8a2db50b4e0faf33e54125cd8067 [CANDIDATE]: Term 2 election: Election decided. Result: candidate won. Election summary: received 2 responses out of 3 voters: 2 yes votes; 0 no votes. yes voters: 625488c981a64de08b9c343f74964ece, 6d3b8a2db50b4e0faf33e54125cd8067; no voters: 
I20260709 12:20:24.656608 19534 raft_consensus.cc:2804] T d3cec9fc9d3f44b190cf81a4588ffab4 P 6d3b8a2db50b4e0faf33e54125cd8067 [term 2 FOLLOWER]: Leader election won for term 2
I20260709 12:20:24.656952 19367 raft_consensus.cc:2468] T d3cec9fc9d3f44b190cf81a4588ffab4 P d56a669902ff4aa3a0b71b50fbc70c1f [term 2 FOLLOWER]: Leader election vote request: Granting yes vote for candidate 6d3b8a2db50b4e0faf33e54125cd8067 in term 2.
I20260709 12:20:24.657192 19534 raft_consensus.cc:697] T d3cec9fc9d3f44b190cf81a4588ffab4 P 6d3b8a2db50b4e0faf33e54125cd8067 [term 2 LEADER]: Becoming Leader. State: Replica: 6d3b8a2db50b4e0faf33e54125cd8067, State: Running, Role: LEADER
I20260709 12:20:24.658166 19534 consensus_queue.cc:237] T d3cec9fc9d3f44b190cf81a4588ffab4 P 6d3b8a2db50b4e0faf33e54125cd8067 [LEADER]: Queue going to LEADER mode. State: All replicated index: 0, Majority replicated index: 1, Committed index: 1, Last appended: 1.1, Last appended by leader: 1, Current term: 2, Majority size: 2, State: 0, Mode: LEADER, active raft config: opid_index: -1 OBSOLETE_local: false peers { permanent_uuid: "6d3b8a2db50b4e0faf33e54125cd8067" member_type: VOTER last_known_addr { host: "127.18.53.1" port: 38943 } } peers { permanent_uuid: "d56a669902ff4aa3a0b71b50fbc70c1f" member_type: VOTER last_known_addr { host: "127.18.53.2" port: 34053 } } peers { permanent_uuid: "625488c981a64de08b9c343f74964ece" member_type: VOTER last_known_addr { host: "127.18.53.3" port: 45801 } }
I20260709 12:20:24.666337 19191 catalog_manager.cc:5697] T d3cec9fc9d3f44b190cf81a4588ffab4 P 6d3b8a2db50b4e0faf33e54125cd8067 reported cstate change: term changed from 1 to 2, leader changed from d56a669902ff4aa3a0b71b50fbc70c1f (127.18.53.2) to 6d3b8a2db50b4e0faf33e54125cd8067 (127.18.53.1). New cstate: current_term: 2 leader_uuid: "6d3b8a2db50b4e0faf33e54125cd8067" committed_config { opid_index: -1 OBSOLETE_local: false peers { permanent_uuid: "6d3b8a2db50b4e0faf33e54125cd8067" member_type: VOTER last_known_addr { host: "127.18.53.1" port: 38943 } health_report { overall_health: HEALTHY } } peers { permanent_uuid: "d56a669902ff4aa3a0b71b50fbc70c1f" member_type: VOTER last_known_addr { host: "127.18.53.2" port: 34053 } health_report { overall_health: UNKNOWN } } peers { permanent_uuid: "625488c981a64de08b9c343f74964ece" member_type: VOTER last_known_addr { host: "127.18.53.3" port: 45801 } health_report { overall_health: UNKNOWN } } }
I20260709 12:20:24.844331 19367 raft_consensus.cc:1275] T f1ca9c034cba440a868a0b5b33d8ec52 P d56a669902ff4aa3a0b71b50fbc70c1f [term 2 FOLLOWER]: Refusing update from remote peer 6d3b8a2db50b4e0faf33e54125cd8067: Log matching property violated. Preceding OpId in replica: term: 1 index: 1. Preceding OpId from leader: term: 2 index: 2. (index mismatch)
I20260709 12:20:24.845666 19534 consensus_queue.cc:1048] T f1ca9c034cba440a868a0b5b33d8ec52 P 6d3b8a2db50b4e0faf33e54125cd8067 [LEADER]: Connected to new peer: Peer: permanent_uuid: "d56a669902ff4aa3a0b71b50fbc70c1f" member_type: VOTER last_known_addr { host: "127.18.53.2" port: 34053 }, Status: LMP_MISMATCH, Last received: 0.0, Next index: 2, Last known committed idx: 1, Time since last communication: 0.000s
I20260709 12:20:24.852789 19441 raft_consensus.cc:1275] T f1ca9c034cba440a868a0b5b33d8ec52 P 625488c981a64de08b9c343f74964ece [term 2 FOLLOWER]: Refusing update from remote peer 6d3b8a2db50b4e0faf33e54125cd8067: Log matching property violated. Preceding OpId in replica: term: 1 index: 1. Preceding OpId from leader: term: 2 index: 2. (index mismatch)
I20260709 12:20:24.854619 19533 consensus_queue.cc:1048] T f1ca9c034cba440a868a0b5b33d8ec52 P 6d3b8a2db50b4e0faf33e54125cd8067 [LEADER]: Connected to new peer: Peer: permanent_uuid: "625488c981a64de08b9c343f74964ece" member_type: VOTER last_known_addr { host: "127.18.53.3" port: 45801 }, Status: LMP_MISMATCH, Last received: 0.0, Next index: 2, Last known committed idx: 1, Time since last communication: 0.000s
I20260709 12:20:24.944820 19367 raft_consensus.cc:1275] T 491dab584d494915853a6cef8085e9c6 P d56a669902ff4aa3a0b71b50fbc70c1f [term 2 FOLLOWER]: Refusing update from remote peer 6d3b8a2db50b4e0faf33e54125cd8067: Log matching property violated. Preceding OpId in replica: term: 1 index: 1. Preceding OpId from leader: term: 2 index: 2. (index mismatch)
I20260709 12:20:24.946074 19533 consensus_queue.cc:1048] T 491dab584d494915853a6cef8085e9c6 P 6d3b8a2db50b4e0faf33e54125cd8067 [LEADER]: Connected to new peer: Peer: permanent_uuid: "d56a669902ff4aa3a0b71b50fbc70c1f" member_type: VOTER last_known_addr { host: "127.18.53.2" port: 34053 }, Status: LMP_MISMATCH, Last received: 0.0, Next index: 2, Last known committed idx: 1, Time since last communication: 0.000s
I20260709 12:20:24.955297 19443 raft_consensus.cc:1275] T 491dab584d494915853a6cef8085e9c6 P 625488c981a64de08b9c343f74964ece [term 2 FOLLOWER]: Refusing update from remote peer 6d3b8a2db50b4e0faf33e54125cd8067: Log matching property violated. Preceding OpId in replica: term: 1 index: 1. Preceding OpId from leader: term: 2 index: 2. (index mismatch)
I20260709 12:20:24.956656 19522 consensus_queue.cc:1048] T 491dab584d494915853a6cef8085e9c6 P 6d3b8a2db50b4e0faf33e54125cd8067 [LEADER]: Connected to new peer: Peer: permanent_uuid: "625488c981a64de08b9c343f74964ece" member_type: VOTER last_known_addr { host: "127.18.53.3" port: 45801 }, Status: LMP_MISMATCH, Last received: 0.0, Next index: 2, Last known committed idx: 1, Time since last communication: 0.000s
I20260709 12:20:25.069772 19292 raft_consensus.cc:1275] T 76c8e52abce5406aa8097a679009dcf5 P 6d3b8a2db50b4e0faf33e54125cd8067 [term 2 FOLLOWER]: Refusing update from remote peer d56a669902ff4aa3a0b71b50fbc70c1f: Log matching property violated. Preceding OpId in replica: term: 1 index: 1. Preceding OpId from leader: term: 2 index: 2. (index mismatch)
I20260709 12:20:25.071118 19536 consensus_queue.cc:1048] T 76c8e52abce5406aa8097a679009dcf5 P d56a669902ff4aa3a0b71b50fbc70c1f [LEADER]: Connected to new peer: Peer: permanent_uuid: "6d3b8a2db50b4e0faf33e54125cd8067" member_type: VOTER last_known_addr { host: "127.18.53.1" port: 38943 }, Status: LMP_MISMATCH, Last received: 0.0, Next index: 2, Last known committed idx: 1, Time since last communication: 0.000s
I20260709 12:20:25.081983 19441 raft_consensus.cc:1275] T 76c8e52abce5406aa8097a679009dcf5 P 625488c981a64de08b9c343f74964ece [term 2 FOLLOWER]: Refusing update from remote peer d56a669902ff4aa3a0b71b50fbc70c1f: Log matching property violated. Preceding OpId in replica: term: 1 index: 1. Preceding OpId from leader: term: 2 index: 2. (index mismatch)
I20260709 12:20:25.084605 19505 consensus_queue.cc:1048] T 76c8e52abce5406aa8097a679009dcf5 P d56a669902ff4aa3a0b71b50fbc70c1f [LEADER]: Connected to new peer: Peer: permanent_uuid: "625488c981a64de08b9c343f74964ece" member_type: VOTER last_known_addr { host: "127.18.53.3" port: 45801 }, Status: LMP_MISMATCH, Last received: 0.0, Next index: 2, Last known committed idx: 1, Time since last communication: 0.000s
I20260709 12:20:25.086259 19367 raft_consensus.cc:1275] T 25b32d373ad14c538e76b9cd5ffc23cc P d56a669902ff4aa3a0b71b50fbc70c1f [term 2 FOLLOWER]: Refusing update from remote peer 625488c981a64de08b9c343f74964ece: Log matching property violated. Preceding OpId in replica: term: 1 index: 1. Preceding OpId from leader: term: 2 index: 2. (index mismatch)
I20260709 12:20:25.078318 19443 raft_consensus.cc:1275] T e0e561ed7e924e978aa08a06d54a6f3c P 625488c981a64de08b9c343f74964ece [term 2 FOLLOWER]: Refusing update from remote peer d56a669902ff4aa3a0b71b50fbc70c1f: Log matching property violated. Preceding OpId in replica: term: 1 index: 1. Preceding OpId from leader: term: 2 index: 2. (index mismatch)
I20260709 12:20:25.088472 19505 consensus_queue.cc:1048] T e0e561ed7e924e978aa08a06d54a6f3c P d56a669902ff4aa3a0b71b50fbc70c1f [LEADER]: Connected to new peer: Peer: permanent_uuid: "625488c981a64de08b9c343f74964ece" member_type: VOTER last_known_addr { host: "127.18.53.3" port: 45801 }, Status: LMP_MISMATCH, Last received: 0.0, Next index: 2, Last known committed idx: 1, Time since last communication: 0.001s
I20260709 12:20:25.089088 19532 consensus_queue.cc:1048] T 25b32d373ad14c538e76b9cd5ffc23cc P 625488c981a64de08b9c343f74964ece [LEADER]: Connected to new peer: Peer: permanent_uuid: "d56a669902ff4aa3a0b71b50fbc70c1f" member_type: VOTER last_known_addr { host: "127.18.53.2" port: 34053 }, Status: LMP_MISMATCH, Last received: 0.0, Next index: 2, Last known committed idx: 1, Time since last communication: 0.000s
I20260709 12:20:25.100389 19292 raft_consensus.cc:1275] T e0e561ed7e924e978aa08a06d54a6f3c P 6d3b8a2db50b4e0faf33e54125cd8067 [term 2 FOLLOWER]: Refusing update from remote peer d56a669902ff4aa3a0b71b50fbc70c1f: Log matching property violated. Preceding OpId in replica: term: 1 index: 1. Preceding OpId from leader: term: 2 index: 2. (index mismatch)
I20260709 12:20:25.102684 19504 consensus_queue.cc:1048] T e0e561ed7e924e978aa08a06d54a6f3c P d56a669902ff4aa3a0b71b50fbc70c1f [LEADER]: Connected to new peer: Peer: permanent_uuid: "6d3b8a2db50b4e0faf33e54125cd8067" member_type: VOTER last_known_addr { host: "127.18.53.1" port: 38943 }, Status: LMP_MISMATCH, Last received: 0.0, Next index: 2, Last known committed idx: 1, Time since last communication: 0.000s
I20260709 12:20:25.104812 19369 raft_consensus.cc:1275] T d3cec9fc9d3f44b190cf81a4588ffab4 P d56a669902ff4aa3a0b71b50fbc70c1f [term 2 FOLLOWER]: Refusing update from remote peer 6d3b8a2db50b4e0faf33e54125cd8067: Log matching property violated. Preceding OpId in replica: term: 1 index: 1. Preceding OpId from leader: term: 2 index: 2. (index mismatch)
I20260709 12:20:25.112401 19522 consensus_queue.cc:1048] T d3cec9fc9d3f44b190cf81a4588ffab4 P 6d3b8a2db50b4e0faf33e54125cd8067 [LEADER]: Connected to new peer: Peer: permanent_uuid: "d56a669902ff4aa3a0b71b50fbc70c1f" member_type: VOTER last_known_addr { host: "127.18.53.2" port: 34053 }, Status: LMP_MISMATCH, Last received: 0.0, Next index: 2, Last known committed idx: 1, Time since last communication: 0.001s
I20260709 12:20:25.104962 19292 raft_consensus.cc:1275] T 25b32d373ad14c538e76b9cd5ffc23cc P 6d3b8a2db50b4e0faf33e54125cd8067 [term 2 FOLLOWER]: Refusing update from remote peer 625488c981a64de08b9c343f74964ece: Log matching property violated. Preceding OpId in replica: term: 1 index: 1. Preceding OpId from leader: term: 2 index: 2. (index mismatch)
I20260709 12:20:25.124186 19576 consensus_queue.cc:1048] T 25b32d373ad14c538e76b9cd5ffc23cc P 625488c981a64de08b9c343f74964ece [LEADER]: Connected to new peer: Peer: permanent_uuid: "6d3b8a2db50b4e0faf33e54125cd8067" member_type: VOTER last_known_addr { host: "127.18.53.1" port: 38943 }, Status: LMP_MISMATCH, Last received: 0.0, Next index: 2, Last known committed idx: 1, Time since last communication: 0.000s
I20260709 12:20:25.133728 19443 raft_consensus.cc:1275] T d3cec9fc9d3f44b190cf81a4588ffab4 P 625488c981a64de08b9c343f74964ece [term 2 FOLLOWER]: Refusing update from remote peer 6d3b8a2db50b4e0faf33e54125cd8067: Log matching property violated. Preceding OpId in replica: term: 1 index: 1. Preceding OpId from leader: term: 2 index: 2. (index mismatch)
I20260709 12:20:25.135447 19533 consensus_queue.cc:1048] T d3cec9fc9d3f44b190cf81a4588ffab4 P 6d3b8a2db50b4e0faf33e54125cd8067 [LEADER]: Connected to new peer: Peer: permanent_uuid: "625488c981a64de08b9c343f74964ece" member_type: VOTER last_known_addr { host: "127.18.53.3" port: 45801 }, Status: LMP_MISMATCH, Last received: 0.0, Next index: 2, Last known committed idx: 1, Time since last communication: 0.000s
I20260709 12:20:27.319550 18644 auto_leader_rebalancer-test.cc:365] The leader distribution is 
I20260709 12:20:27.320240 18644 auto_leader_rebalancer.cc:141] leader rebalance for table test-workload
I20260709 12:20:27.336059 19292 tablet_service.cc:2072] Received LeaderStepDown RPC: tablet_id: "491dab584d494915853a6cef8085e9c6"
dest_uuid: "6d3b8a2db50b4e0faf33e54125cd8067"
mode: GRACEFUL
new_leader_uuid: "625488c981a64de08b9c343f74964ece"
 from {username='slave'} at 127.0.0.1:34192
I20260709 12:20:27.336669 19292 raft_consensus.cc:606] T 491dab584d494915853a6cef8085e9c6 P 6d3b8a2db50b4e0faf33e54125cd8067 [term 2 LEADER]: Received request to transfer leadership to TS 625488c981a64de08b9c343f74964ece
I20260709 12:20:27.339226 19292 tablet_service.cc:2072] Received LeaderStepDown RPC: tablet_id: "7b7f3828e894470f8da52510fb2bee9b"
dest_uuid: "6d3b8a2db50b4e0faf33e54125cd8067"
mode: GRACEFUL
new_leader_uuid: "625488c981a64de08b9c343f74964ece"
 from {username='slave'} at 127.0.0.1:34192
I20260709 12:20:27.339756 19292 raft_consensus.cc:606] T 7b7f3828e894470f8da52510fb2bee9b P 6d3b8a2db50b4e0faf33e54125cd8067 [term 1 LEADER]: Received request to transfer leadership to TS 625488c981a64de08b9c343f74964ece
I20260709 12:20:27.340977 18644 auto_leader_rebalancer.cc:440] table: test-workload, leader rebalance finish, leader transfer count: 2
I20260709 12:20:27.341472 18644 auto_leader_rebalancer.cc:515] All tables' leader rebalancing finished this round
I20260709 12:20:27.408087 19533 raft_consensus.cc:993] T 491dab584d494915853a6cef8085e9c6 P 6d3b8a2db50b4e0faf33e54125cd8067: : Instructing follower 625488c981a64de08b9c343f74964ece to start an election
I20260709 12:20:27.408608 19585 raft_consensus.cc:1081] T 491dab584d494915853a6cef8085e9c6 P 6d3b8a2db50b4e0faf33e54125cd8067 [term 2 LEADER]: Signalling peer 625488c981a64de08b9c343f74964ece to start an election
I20260709 12:20:27.410157 19441 tablet_service.cc:2044] Received Run Leader Election RPC: tablet_id: "491dab584d494915853a6cef8085e9c6"
dest_uuid: "625488c981a64de08b9c343f74964ece"
 from {username='slave'} at 127.0.0.1:34904
I20260709 12:20:27.410585 19441 raft_consensus.cc:493] T 491dab584d494915853a6cef8085e9c6 P 625488c981a64de08b9c343f74964ece [term 2 FOLLOWER]: Starting forced leader election (received explicit request)
I20260709 12:20:27.410843 19441 raft_consensus.cc:3060] T 491dab584d494915853a6cef8085e9c6 P 625488c981a64de08b9c343f74964ece [term 2 FOLLOWER]: Advancing to term 3
I20260709 12:20:27.415418 19441 raft_consensus.cc:515] T 491dab584d494915853a6cef8085e9c6 P 625488c981a64de08b9c343f74964ece [term 3 FOLLOWER]: Starting forced leader election with config: opid_index: -1 OBSOLETE_local: false peers { permanent_uuid: "6d3b8a2db50b4e0faf33e54125cd8067" member_type: VOTER last_known_addr { host: "127.18.53.1" port: 38943 } } peers { permanent_uuid: "d56a669902ff4aa3a0b71b50fbc70c1f" member_type: VOTER last_known_addr { host: "127.18.53.2" port: 34053 } } peers { permanent_uuid: "625488c981a64de08b9c343f74964ece" member_type: VOTER last_known_addr { host: "127.18.53.3" port: 45801 } }
I20260709 12:20:27.417140 19441 leader_election.cc:290] T 491dab584d494915853a6cef8085e9c6 P 625488c981a64de08b9c343f74964ece [CANDIDATE]: Term 3 election: Requested vote from peers 6d3b8a2db50b4e0faf33e54125cd8067 (127.18.53.1:38943), d56a669902ff4aa3a0b71b50fbc70c1f (127.18.53.2:34053)
I20260709 12:20:27.418042 19292 tablet_service.cc:1917] Received RequestConsensusVote() RPC: tablet_id: "491dab584d494915853a6cef8085e9c6" candidate_uuid: "625488c981a64de08b9c343f74964ece" candidate_term: 3 candidate_status { last_received { term: 2 index: 2 } } ignore_live_leader: true dest_uuid: "6d3b8a2db50b4e0faf33e54125cd8067"
I20260709 12:20:27.418246 19369 tablet_service.cc:1917] Received RequestConsensusVote() RPC: tablet_id: "491dab584d494915853a6cef8085e9c6" candidate_uuid: "625488c981a64de08b9c343f74964ece" candidate_term: 3 candidate_status { last_received { term: 2 index: 2 } } ignore_live_leader: true dest_uuid: "d56a669902ff4aa3a0b71b50fbc70c1f"
I20260709 12:20:27.418690 19292 raft_consensus.cc:3055] T 491dab584d494915853a6cef8085e9c6 P 6d3b8a2db50b4e0faf33e54125cd8067 [term 2 LEADER]: Stepping down as leader of term 2
I20260709 12:20:27.418792 19369 raft_consensus.cc:3060] T 491dab584d494915853a6cef8085e9c6 P d56a669902ff4aa3a0b71b50fbc70c1f [term 2 FOLLOWER]: Advancing to term 3
I20260709 12:20:27.419032 19292 raft_consensus.cc:740] T 491dab584d494915853a6cef8085e9c6 P 6d3b8a2db50b4e0faf33e54125cd8067 [term 2 LEADER]: Becoming Follower/Learner. State: Replica: 6d3b8a2db50b4e0faf33e54125cd8067, State: Running, Role: LEADER
I20260709 12:20:27.419920 19292 consensus_queue.cc:260] T 491dab584d494915853a6cef8085e9c6 P 6d3b8a2db50b4e0faf33e54125cd8067 [NON_LEADER]: Queue going to NON_LEADER mode. State: All replicated index: 0, Majority replicated index: 2, Committed index: 2, Last appended: 2.2, Last appended by leader: 2, Current term: 2, Majority size: -1, State: 0, Mode: NON_LEADER, active raft config: opid_index: -1 OBSOLETE_local: false peers { permanent_uuid: "6d3b8a2db50b4e0faf33e54125cd8067" member_type: VOTER last_known_addr { host: "127.18.53.1" port: 38943 } } peers { permanent_uuid: "d56a669902ff4aa3a0b71b50fbc70c1f" member_type: VOTER last_known_addr { host: "127.18.53.2" port: 34053 } } peers { permanent_uuid: "625488c981a64de08b9c343f74964ece" member_type: VOTER last_known_addr { host: "127.18.53.3" port: 45801 } }
I20260709 12:20:27.421017 19292 raft_consensus.cc:3060] T 491dab584d494915853a6cef8085e9c6 P 6d3b8a2db50b4e0faf33e54125cd8067 [term 2 FOLLOWER]: Advancing to term 3
I20260709 12:20:27.423606 19369 raft_consensus.cc:2468] T 491dab584d494915853a6cef8085e9c6 P d56a669902ff4aa3a0b71b50fbc70c1f [term 3 FOLLOWER]: Leader election vote request: Granting yes vote for candidate 625488c981a64de08b9c343f74964ece in term 3.
I20260709 12:20:27.424870 19409 leader_election.cc:304] T 491dab584d494915853a6cef8085e9c6 P 625488c981a64de08b9c343f74964ece [CANDIDATE]: Term 3 election: Election decided. Result: candidate won. Election summary: received 2 responses out of 3 voters: 2 yes votes; 0 no votes. yes voters: 625488c981a64de08b9c343f74964ece, d56a669902ff4aa3a0b71b50fbc70c1f; no voters: 
I20260709 12:20:27.425645 19582 raft_consensus.cc:2804] T 491dab584d494915853a6cef8085e9c6 P 625488c981a64de08b9c343f74964ece [term 3 FOLLOWER]: Leader election won for term 3
I20260709 12:20:27.426856 19582 raft_consensus.cc:697] T 491dab584d494915853a6cef8085e9c6 P 625488c981a64de08b9c343f74964ece [term 3 LEADER]: Becoming Leader. State: Replica: 625488c981a64de08b9c343f74964ece, State: Running, Role: LEADER
I20260709 12:20:27.427301 19292 raft_consensus.cc:2468] T 491dab584d494915853a6cef8085e9c6 P 6d3b8a2db50b4e0faf33e54125cd8067 [term 3 FOLLOWER]: Leader election vote request: Granting yes vote for candidate 625488c981a64de08b9c343f74964ece in term 3.
I20260709 12:20:27.427690 19582 consensus_queue.cc:237] T 491dab584d494915853a6cef8085e9c6 P 625488c981a64de08b9c343f74964ece [LEADER]: Queue going to LEADER mode. State: All replicated index: 0, Majority replicated index: 2, Committed index: 2, Last appended: 2.2, Last appended by leader: 2, Current term: 3, Majority size: 2, State: 0, Mode: LEADER, active raft config: opid_index: -1 OBSOLETE_local: false peers { permanent_uuid: "6d3b8a2db50b4e0faf33e54125cd8067" member_type: VOTER last_known_addr { host: "127.18.53.1" port: 38943 } } peers { permanent_uuid: "d56a669902ff4aa3a0b71b50fbc70c1f" member_type: VOTER last_known_addr { host: "127.18.53.2" port: 34053 } } peers { permanent_uuid: "625488c981a64de08b9c343f74964ece" member_type: VOTER last_known_addr { host: "127.18.53.3" port: 45801 } }
I20260709 12:20:27.434478 19192 catalog_manager.cc:5697] T 491dab584d494915853a6cef8085e9c6 P 625488c981a64de08b9c343f74964ece reported cstate change: term changed from 2 to 3, leader changed from 6d3b8a2db50b4e0faf33e54125cd8067 (127.18.53.1) to 625488c981a64de08b9c343f74964ece (127.18.53.3). New cstate: current_term: 3 leader_uuid: "625488c981a64de08b9c343f74964ece" committed_config { opid_index: -1 OBSOLETE_local: false peers { permanent_uuid: "6d3b8a2db50b4e0faf33e54125cd8067" member_type: VOTER last_known_addr { host: "127.18.53.1" port: 38943 } health_report { overall_health: UNKNOWN } } peers { permanent_uuid: "d56a669902ff4aa3a0b71b50fbc70c1f" member_type: VOTER last_known_addr { host: "127.18.53.2" port: 34053 } health_report { overall_health: UNKNOWN } } peers { permanent_uuid: "625488c981a64de08b9c343f74964ece" member_type: VOTER last_known_addr { host: "127.18.53.3" port: 45801 } health_report { overall_health: HEALTHY } } }
I20260709 12:20:27.481724 19533 raft_consensus.cc:993] T 7b7f3828e894470f8da52510fb2bee9b P 6d3b8a2db50b4e0faf33e54125cd8067: : Instructing follower 625488c981a64de08b9c343f74964ece to start an election
I20260709 12:20:27.482187 19585 raft_consensus.cc:1081] T 7b7f3828e894470f8da52510fb2bee9b P 6d3b8a2db50b4e0faf33e54125cd8067 [term 1 LEADER]: Signalling peer 625488c981a64de08b9c343f74964ece to start an election
I20260709 12:20:27.483748 19441 tablet_service.cc:2044] Received Run Leader Election RPC: tablet_id: "7b7f3828e894470f8da52510fb2bee9b"
dest_uuid: "625488c981a64de08b9c343f74964ece"
 from {username='slave'} at 127.0.0.1:34904
I20260709 12:20:27.484411 19441 raft_consensus.cc:493] T 7b7f3828e894470f8da52510fb2bee9b P 625488c981a64de08b9c343f74964ece [term 1 FOLLOWER]: Starting forced leader election (received explicit request)
I20260709 12:20:27.484781 19441 raft_consensus.cc:3060] T 7b7f3828e894470f8da52510fb2bee9b P 625488c981a64de08b9c343f74964ece [term 1 FOLLOWER]: Advancing to term 2
I20260709 12:20:27.489840 19441 raft_consensus.cc:515] T 7b7f3828e894470f8da52510fb2bee9b P 625488c981a64de08b9c343f74964ece [term 2 FOLLOWER]: Starting forced leader election with config: opid_index: -1 OBSOLETE_local: false peers { permanent_uuid: "6d3b8a2db50b4e0faf33e54125cd8067" member_type: VOTER last_known_addr { host: "127.18.53.1" port: 38943 } } peers { permanent_uuid: "d56a669902ff4aa3a0b71b50fbc70c1f" member_type: VOTER last_known_addr { host: "127.18.53.2" port: 34053 } } peers { permanent_uuid: "625488c981a64de08b9c343f74964ece" member_type: VOTER last_known_addr { host: "127.18.53.3" port: 45801 } }
I20260709 12:20:27.491664 19441 leader_election.cc:290] T 7b7f3828e894470f8da52510fb2bee9b P 625488c981a64de08b9c343f74964ece [CANDIDATE]: Term 2 election: Requested vote from peers 6d3b8a2db50b4e0faf33e54125cd8067 (127.18.53.1:38943), d56a669902ff4aa3a0b71b50fbc70c1f (127.18.53.2:34053)
I20260709 12:20:27.492660 19292 tablet_service.cc:1917] Received RequestConsensusVote() RPC: tablet_id: "7b7f3828e894470f8da52510fb2bee9b" candidate_uuid: "625488c981a64de08b9c343f74964ece" candidate_term: 2 candidate_status { last_received { term: 1 index: 1 } } ignore_live_leader: true dest_uuid: "6d3b8a2db50b4e0faf33e54125cd8067"
I20260709 12:20:27.492759 19369 tablet_service.cc:1917] Received RequestConsensusVote() RPC: tablet_id: "7b7f3828e894470f8da52510fb2bee9b" candidate_uuid: "625488c981a64de08b9c343f74964ece" candidate_term: 2 candidate_status { last_received { term: 1 index: 1 } } ignore_live_leader: true dest_uuid: "d56a669902ff4aa3a0b71b50fbc70c1f"
I20260709 12:20:27.493544 19369 raft_consensus.cc:3060] T 7b7f3828e894470f8da52510fb2bee9b P d56a669902ff4aa3a0b71b50fbc70c1f [term 1 FOLLOWER]: Advancing to term 2
I20260709 12:20:27.493544 19292 raft_consensus.cc:3055] T 7b7f3828e894470f8da52510fb2bee9b P 6d3b8a2db50b4e0faf33e54125cd8067 [term 1 LEADER]: Stepping down as leader of term 1
I20260709 12:20:27.494112 19292 raft_consensus.cc:740] T 7b7f3828e894470f8da52510fb2bee9b P 6d3b8a2db50b4e0faf33e54125cd8067 [term 1 LEADER]: Becoming Follower/Learner. State: Replica: 6d3b8a2db50b4e0faf33e54125cd8067, State: Running, Role: LEADER
I20260709 12:20:27.495018 19292 consensus_queue.cc:260] T 7b7f3828e894470f8da52510fb2bee9b P 6d3b8a2db50b4e0faf33e54125cd8067 [NON_LEADER]: Queue going to NON_LEADER mode. State: All replicated index: 0, Majority replicated index: 1, Committed index: 1, Last appended: 1.1, Last appended by leader: 1, Current term: 1, Majority size: -1, State: 0, Mode: NON_LEADER, active raft config: opid_index: -1 OBSOLETE_local: false peers { permanent_uuid: "6d3b8a2db50b4e0faf33e54125cd8067" member_type: VOTER last_known_addr { host: "127.18.53.1" port: 38943 } } peers { permanent_uuid: "d56a669902ff4aa3a0b71b50fbc70c1f" member_type: VOTER last_known_addr { host: "127.18.53.2" port: 34053 } } peers { permanent_uuid: "625488c981a64de08b9c343f74964ece" member_type: VOTER last_known_addr { host: "127.18.53.3" port: 45801 } }
I20260709 12:20:27.496363 19292 raft_consensus.cc:3060] T 7b7f3828e894470f8da52510fb2bee9b P 6d3b8a2db50b4e0faf33e54125cd8067 [term 1 FOLLOWER]: Advancing to term 2
I20260709 12:20:27.501483 19369 raft_consensus.cc:2468] T 7b7f3828e894470f8da52510fb2bee9b P d56a669902ff4aa3a0b71b50fbc70c1f [term 2 FOLLOWER]: Leader election vote request: Granting yes vote for candidate 625488c981a64de08b9c343f74964ece in term 2.
I20260709 12:20:27.502867 19409 leader_election.cc:304] T 7b7f3828e894470f8da52510fb2bee9b P 625488c981a64de08b9c343f74964ece [CANDIDATE]: Term 2 election: Election decided. Result: candidate won. Election summary: received 2 responses out of 3 voters: 2 yes votes; 0 no votes. yes voters: 625488c981a64de08b9c343f74964ece, d56a669902ff4aa3a0b71b50fbc70c1f; no voters: 
I20260709 12:20:27.503670 19582 raft_consensus.cc:2804] T 7b7f3828e894470f8da52510fb2bee9b P 625488c981a64de08b9c343f74964ece [term 2 FOLLOWER]: Leader election won for term 2
I20260709 12:20:27.503679 19292 raft_consensus.cc:2468] T 7b7f3828e894470f8da52510fb2bee9b P 6d3b8a2db50b4e0faf33e54125cd8067 [term 2 FOLLOWER]: Leader election vote request: Granting yes vote for candidate 625488c981a64de08b9c343f74964ece in term 2.
I20260709 12:20:27.504371 19582 raft_consensus.cc:697] T 7b7f3828e894470f8da52510fb2bee9b P 625488c981a64de08b9c343f74964ece [term 2 LEADER]: Becoming Leader. State: Replica: 625488c981a64de08b9c343f74964ece, State: Running, Role: LEADER
I20260709 12:20:27.505362 19582 consensus_queue.cc:237] T 7b7f3828e894470f8da52510fb2bee9b P 625488c981a64de08b9c343f74964ece [LEADER]: Queue going to LEADER mode. State: All replicated index: 0, Majority replicated index: 1, Committed index: 1, Last appended: 1.1, Last appended by leader: 1, Current term: 2, Majority size: 2, State: 0, Mode: LEADER, active raft config: opid_index: -1 OBSOLETE_local: false peers { permanent_uuid: "6d3b8a2db50b4e0faf33e54125cd8067" member_type: VOTER last_known_addr { host: "127.18.53.1" port: 38943 } } peers { permanent_uuid: "d56a669902ff4aa3a0b71b50fbc70c1f" member_type: VOTER last_known_addr { host: "127.18.53.2" port: 34053 } } peers { permanent_uuid: "625488c981a64de08b9c343f74964ece" member_type: VOTER last_known_addr { host: "127.18.53.3" port: 45801 } }
I20260709 12:20:27.513247 19192 catalog_manager.cc:5697] T 7b7f3828e894470f8da52510fb2bee9b P 625488c981a64de08b9c343f74964ece reported cstate change: term changed from 1 to 2, leader changed from 6d3b8a2db50b4e0faf33e54125cd8067 (127.18.53.1) to 625488c981a64de08b9c343f74964ece (127.18.53.3). New cstate: current_term: 2 leader_uuid: "625488c981a64de08b9c343f74964ece" committed_config { opid_index: -1 OBSOLETE_local: false peers { permanent_uuid: "6d3b8a2db50b4e0faf33e54125cd8067" member_type: VOTER last_known_addr { host: "127.18.53.1" port: 38943 } health_report { overall_health: UNKNOWN } } peers { permanent_uuid: "d56a669902ff4aa3a0b71b50fbc70c1f" member_type: VOTER last_known_addr { host: "127.18.53.2" port: 34053 } health_report { overall_health: UNKNOWN } } peers { permanent_uuid: "625488c981a64de08b9c343f74964ece" member_type: VOTER last_known_addr { host: "127.18.53.3" port: 45801 } health_report { overall_health: HEALTHY } } }
I20260709 12:20:27.825681 19292 raft_consensus.cc:1275] T 491dab584d494915853a6cef8085e9c6 P 6d3b8a2db50b4e0faf33e54125cd8067 [term 3 FOLLOWER]: Refusing update from remote peer 625488c981a64de08b9c343f74964ece: Log matching property violated. Preceding OpId in replica: term: 2 index: 2. Preceding OpId from leader: term: 3 index: 3. (index mismatch)
I20260709 12:20:27.826980 19582 consensus_queue.cc:1048] T 491dab584d494915853a6cef8085e9c6 P 625488c981a64de08b9c343f74964ece [LEADER]: Connected to new peer: Peer: permanent_uuid: "6d3b8a2db50b4e0faf33e54125cd8067" member_type: VOTER last_known_addr { host: "127.18.53.1" port: 38943 }, Status: LMP_MISMATCH, Last received: 0.0, Next index: 3, Last known committed idx: 2, Time since last communication: 0.000s
I20260709 12:20:27.839115 19369 raft_consensus.cc:1275] T 491dab584d494915853a6cef8085e9c6 P d56a669902ff4aa3a0b71b50fbc70c1f [term 3 FOLLOWER]: Refusing update from remote peer 625488c981a64de08b9c343f74964ece: Log matching property violated. Preceding OpId in replica: term: 2 index: 2. Preceding OpId from leader: term: 3 index: 3. (index mismatch)
I20260709 12:20:27.840668 19588 consensus_queue.cc:1048] T 491dab584d494915853a6cef8085e9c6 P 625488c981a64de08b9c343f74964ece [LEADER]: Connected to new peer: Peer: permanent_uuid: "d56a669902ff4aa3a0b71b50fbc70c1f" member_type: VOTER last_known_addr { host: "127.18.53.2" port: 34053 }, Status: LMP_MISMATCH, Last received: 0.0, Next index: 3, Last known committed idx: 2, Time since last communication: 0.001s
I20260709 12:20:28.013553 19369 raft_consensus.cc:1275] T 7b7f3828e894470f8da52510fb2bee9b P d56a669902ff4aa3a0b71b50fbc70c1f [term 2 FOLLOWER]: Refusing update from remote peer 625488c981a64de08b9c343f74964ece: Log matching property violated. Preceding OpId in replica: term: 1 index: 1. Preceding OpId from leader: term: 2 index: 2. (index mismatch)
I20260709 12:20:28.014820 19582 consensus_queue.cc:1048] T 7b7f3828e894470f8da52510fb2bee9b P 625488c981a64de08b9c343f74964ece [LEADER]: Connected to new peer: Peer: permanent_uuid: "d56a669902ff4aa3a0b71b50fbc70c1f" member_type: VOTER last_known_addr { host: "127.18.53.2" port: 34053 }, Status: LMP_MISMATCH, Last received: 0.0, Next index: 2, Last known committed idx: 1, Time since last communication: 0.000s
I20260709 12:20:28.024714 19292 raft_consensus.cc:1275] T 7b7f3828e894470f8da52510fb2bee9b P 6d3b8a2db50b4e0faf33e54125cd8067 [term 2 FOLLOWER]: Refusing update from remote peer 625488c981a64de08b9c343f74964ece: Log matching property violated. Preceding OpId in replica: term: 1 index: 1. Preceding OpId from leader: term: 2 index: 2. (index mismatch)
I20260709 12:20:28.027175 19588 consensus_queue.cc:1048] T 7b7f3828e894470f8da52510fb2bee9b P 625488c981a64de08b9c343f74964ece [LEADER]: Connected to new peer: Peer: permanent_uuid: "6d3b8a2db50b4e0faf33e54125cd8067" member_type: VOTER last_known_addr { host: "127.18.53.1" port: 38943 }, Status: LMP_MISMATCH, Last received: 0.0, Next index: 2, Last known committed idx: 1, Time since last communication: 0.000s
I20260709 12:20:28.342630 18644 auto_leader_rebalancer.cc:141] leader rebalance for table test-workload
I20260709 12:20:28.348733 18644 auto_leader_rebalancer.cc:440] table: test-workload, leader rebalance finish, leader transfer count: 0
I20260709 12:20:28.349150 18644 auto_leader_rebalancer.cc:515] All tables' leader rebalancing finished this round
I20260709 12:20:29.350122 18644 auto_leader_rebalancer.cc:141] leader rebalance for table test-workload
I20260709 12:20:29.355933 18644 auto_leader_rebalancer.cc:440] table: test-workload, leader rebalance finish, leader transfer count: 0
I20260709 12:20:29.356441 18644 auto_leader_rebalancer.cc:515] All tables' leader rebalancing finished this round
I20260709 12:20:30.357439 18644 auto_leader_rebalancer.cc:141] leader rebalance for table test-workload
I20260709 12:20:30.363281 18644 auto_leader_rebalancer.cc:440] table: test-workload, leader rebalance finish, leader transfer count: 0
I20260709 12:20:30.363744 18644 auto_leader_rebalancer.cc:515] All tables' leader rebalancing finished this round
I20260709 12:20:31.368729 18644 auto_leader_rebalancer.cc:141] leader rebalance for table test-workload
I20260709 12:20:31.379410 18644 auto_leader_rebalancer.cc:440] table: test-workload, leader rebalance finish, leader transfer count: 0
I20260709 12:20:31.380102 18644 auto_leader_rebalancer.cc:515] All tables' leader rebalancing finished this round
I20260709 12:20:32.381505 18644 auto_leader_rebalancer.cc:141] leader rebalance for table test-workload
I20260709 12:20:32.387581 18644 auto_leader_rebalancer.cc:440] table: test-workload, leader rebalance finish, leader transfer count: 0
I20260709 12:20:32.387996 18644 auto_leader_rebalancer.cc:515] All tables' leader rebalancing finished this round
I20260709 12:20:33.389047 18644 auto_leader_rebalancer.cc:141] leader rebalance for table test-workload
I20260709 12:20:33.395721 18644 auto_leader_rebalancer.cc:440] table: test-workload, leader rebalance finish, leader transfer count: 0
I20260709 12:20:33.396134 18644 auto_leader_rebalancer.cc:515] All tables' leader rebalancing finished this round
I20260709 12:20:34.397081 18644 auto_leader_rebalancer.cc:141] leader rebalance for table test-workload
I20260709 12:20:34.403096 18644 auto_leader_rebalancer.cc:440] table: test-workload, leader rebalance finish, leader transfer count: 0
I20260709 12:20:34.403782 18644 auto_leader_rebalancer.cc:515] All tables' leader rebalancing finished this round
I20260709 12:20:35.404884 18644 auto_leader_rebalancer.cc:141] leader rebalance for table test-workload
I20260709 12:20:35.410954 18644 auto_leader_rebalancer.cc:440] table: test-workload, leader rebalance finish, leader transfer count: 0
I20260709 12:20:35.411630 18644 auto_leader_rebalancer.cc:515] All tables' leader rebalancing finished this round
I20260709 12:20:36.412727 18644 auto_leader_rebalancer.cc:141] leader rebalance for table test-workload
I20260709 12:20:36.418749 18644 auto_leader_rebalancer.cc:440] table: test-workload, leader rebalance finish, leader transfer count: 0
I20260709 12:20:36.419170 18644 auto_leader_rebalancer.cc:515] All tables' leader rebalancing finished this round
I20260709 12:20:37.453454 18644 auto_leader_rebalancer-test.cc:384] The leader distribution is 
I20260709 12:20:37.462239 19441 tablet_service.cc:2072] Received LeaderStepDown RPC: tablet_id: "491dab584d494915853a6cef8085e9c6"
dest_uuid: "625488c981a64de08b9c343f74964ece"
mode: GRACEFUL
new_leader_uuid: "6d3b8a2db50b4e0faf33e54125cd8067"
 from {username='slave'} at 127.0.0.1:34912
I20260709 12:20:37.463112 19441 raft_consensus.cc:606] T 491dab584d494915853a6cef8085e9c6 P 625488c981a64de08b9c343f74964ece [term 3 LEADER]: Received request to transfer leadership to TS 6d3b8a2db50b4e0faf33e54125cd8067
