I20260709 12:20:08.579381  1460 consensus_queue.cc:1048] T 3572bf2726fc43daa4970292212dea5f P 38f3110d441c4261a5ecd9aaa95f4238 [LEADER]: Connected to new peer: Peer: permanent_uuid: "51dd42d7303d46da884bc148abddc52f" member_type: VOTER last_known_addr { host: "127.0.249.193" port: 46599 }, Status: LMP_MISMATCH, Last received: 0.0, Next index: 4, Last known committed idx: 3, Time since last communication: 0.001s
I20260709 12:20:10.837564   999 auto_leader_rebalancer-test.cc:328] The leader distribution is 
I20260709 12:20:10.838904   999 auto_leader_rebalancer.cc:141] leader rebalance for table test-workload
I20260709 12:20:10.849160  1209 tablet_service.cc:2072] Received LeaderStepDown RPC: tablet_id: "278cb140e0624acfab5de39076c8606c"
dest_uuid: "38f3110d441c4261a5ecd9aaa95f4238"
mode: GRACEFUL
new_leader_uuid: "51dd42d7303d46da884bc148abddc52f"
 from {username='slave'} at 127.0.0.1:48842
I20260709 12:20:10.849817  1209 raft_consensus.cc:606] T 278cb140e0624acfab5de39076c8606c P 38f3110d441c4261a5ecd9aaa95f4238 [term 3 LEADER]: Received request to transfer leadership to TS 51dd42d7303d46da884bc148abddc52f
I20260709 12:20:10.852622  1209 tablet_service.cc:2072] Received LeaderStepDown RPC: tablet_id: "2832b041a8464ffeac43b7b600be974e"
dest_uuid: "38f3110d441c4261a5ecd9aaa95f4238"
mode: GRACEFUL
new_leader_uuid: "1ab88a25817b464bb90734ad01b658f9"
 from {username='slave'} at 127.0.0.1:48842
I20260709 12:20:10.853130  1209 raft_consensus.cc:606] T 2832b041a8464ffeac43b7b600be974e P 38f3110d441c4261a5ecd9aaa95f4238 [term 2 LEADER]: Received request to transfer leadership to TS 1ab88a25817b464bb90734ad01b658f9
I20260709 12:20:10.855551  1209 tablet_service.cc:2072] Received LeaderStepDown RPC: tablet_id: "b10de2c00ff64559837e3f5d8db160de"
dest_uuid: "38f3110d441c4261a5ecd9aaa95f4238"
mode: GRACEFUL
new_leader_uuid: "1ab88a25817b464bb90734ad01b658f9"
 from {username='slave'} at 127.0.0.1:48842
I20260709 12:20:10.856052  1209 raft_consensus.cc:606] T b10de2c00ff64559837e3f5d8db160de P 38f3110d441c4261a5ecd9aaa95f4238 [term 2 LEADER]: Received request to transfer leadership to TS 1ab88a25817b464bb90734ad01b658f9
I20260709 12:20:10.858495  1209 tablet_service.cc:2072] Received LeaderStepDown RPC: tablet_id: "c6cc07dbb00e40c8a98b3ef56dcbcfd8"
dest_uuid: "38f3110d441c4261a5ecd9aaa95f4238"
mode: GRACEFUL
new_leader_uuid: "51dd42d7303d46da884bc148abddc52f"
 from {username='slave'} at 127.0.0.1:48842
I20260709 12:20:10.859007  1209 raft_consensus.cc:606] T c6cc07dbb00e40c8a98b3ef56dcbcfd8 P 38f3110d441c4261a5ecd9aaa95f4238 [term 2 LEADER]: Received request to transfer leadership to TS 51dd42d7303d46da884bc148abddc52f
I20260709 12:20:10.861348  1209 tablet_service.cc:2072] Received LeaderStepDown RPC: tablet_id: "fad8f098311a465ca4976f9ca127a2ab"
dest_uuid: "38f3110d441c4261a5ecd9aaa95f4238"
mode: GRACEFUL
new_leader_uuid: "51dd42d7303d46da884bc148abddc52f"
 from {username='slave'} at 127.0.0.1:48842
I20260709 12:20:10.861825  1209 raft_consensus.cc:606] T fad8f098311a465ca4976f9ca127a2ab P 38f3110d441c4261a5ecd9aaa95f4238 [term 1 LEADER]: Received request to transfer leadership to TS 51dd42d7303d46da884bc148abddc52f
I20260709 12:20:10.862941   999 auto_leader_rebalancer.cc:440] table: test-workload, leader rebalance finish, leader transfer count: 5
I20260709 12:20:10.863389   999 auto_leader_rebalancer.cc:515] All tables' leader rebalancing finished this round
I20260709 12:20:10.960623  1487 raft_consensus.cc:993] T fad8f098311a465ca4976f9ca127a2ab P 38f3110d441c4261a5ecd9aaa95f4238: : Instructing follower 51dd42d7303d46da884bc148abddc52f to start an election
I20260709 12:20:10.961179  1488 raft_consensus.cc:1081] T fad8f098311a465ca4976f9ca127a2ab P 38f3110d441c4261a5ecd9aaa95f4238 [term 1 LEADER]: Signalling peer 51dd42d7303d46da884bc148abddc52f to start an election
I20260709 12:20:10.962738  1134 tablet_service.cc:2044] Received Run Leader Election RPC: tablet_id: "fad8f098311a465ca4976f9ca127a2ab"
dest_uuid: "51dd42d7303d46da884bc148abddc52f"
 from {username='slave'} at 127.0.0.1:51384
I20260709 12:20:10.963204  1134 raft_consensus.cc:493] T fad8f098311a465ca4976f9ca127a2ab P 51dd42d7303d46da884bc148abddc52f [term 1 FOLLOWER]: Starting forced leader election (received explicit request)
I20260709 12:20:10.963500  1134 raft_consensus.cc:3060] T fad8f098311a465ca4976f9ca127a2ab P 51dd42d7303d46da884bc148abddc52f [term 1 FOLLOWER]: Advancing to term 2
I20260709 12:20:10.968576  1134 raft_consensus.cc:515] T fad8f098311a465ca4976f9ca127a2ab P 51dd42d7303d46da884bc148abddc52f [term 2 FOLLOWER]: Starting forced leader election with config: opid_index: -1 OBSOLETE_local: false peers { permanent_uuid: "51dd42d7303d46da884bc148abddc52f" member_type: VOTER last_known_addr { host: "127.0.249.193" port: 46599 } } peers { permanent_uuid: "38f3110d441c4261a5ecd9aaa95f4238" member_type: VOTER last_known_addr { host: "127.0.249.194" port: 37089 } } peers { permanent_uuid: "1ab88a25817b464bb90734ad01b658f9" member_type: VOTER last_known_addr { host: "127.0.249.195" port: 46019 } }
I20260709 12:20:10.970741  1134 leader_election.cc:290] T fad8f098311a465ca4976f9ca127a2ab P 51dd42d7303d46da884bc148abddc52f [CANDIDATE]: Term 2 election: Requested vote from peers 38f3110d441c4261a5ecd9aaa95f4238 (127.0.249.194:37089), 1ab88a25817b464bb90734ad01b658f9 (127.0.249.195:46019)
I20260709 12:20:10.972040  1284 tablet_service.cc:1917] Received RequestConsensusVote() RPC: tablet_id: "fad8f098311a465ca4976f9ca127a2ab" candidate_uuid: "51dd42d7303d46da884bc148abddc52f" candidate_term: 2 candidate_status { last_received { term: 1 index: 1 } } ignore_live_leader: true dest_uuid: "1ab88a25817b464bb90734ad01b658f9"
I20260709 12:20:10.971949  1209 tablet_service.cc:1917] Received RequestConsensusVote() RPC: tablet_id: "fad8f098311a465ca4976f9ca127a2ab" candidate_uuid: "51dd42d7303d46da884bc148abddc52f" candidate_term: 2 candidate_status { last_received { term: 1 index: 1 } } ignore_live_leader: true dest_uuid: "38f3110d441c4261a5ecd9aaa95f4238"
I20260709 12:20:10.972842  1284 raft_consensus.cc:3060] T fad8f098311a465ca4976f9ca127a2ab P 1ab88a25817b464bb90734ad01b658f9 [term 1 FOLLOWER]: Advancing to term 2
I20260709 12:20:10.972865  1209 raft_consensus.cc:3055] T fad8f098311a465ca4976f9ca127a2ab P 38f3110d441c4261a5ecd9aaa95f4238 [term 1 LEADER]: Stepping down as leader of term 1
I20260709 12:20:10.973405  1209 raft_consensus.cc:740] T fad8f098311a465ca4976f9ca127a2ab P 38f3110d441c4261a5ecd9aaa95f4238 [term 1 LEADER]: Becoming Follower/Learner. State: Replica: 38f3110d441c4261a5ecd9aaa95f4238, State: Running, Role: LEADER
I20260709 12:20:10.974391  1209 consensus_queue.cc:260] T fad8f098311a465ca4976f9ca127a2ab P 38f3110d441c4261a5ecd9aaa95f4238 [NON_LEADER]: Queue going to NON_LEADER mode. State: All replicated index: 0, Majority replicated index: 1, Committed index: 1, Last appended: 1.1, Last appended by leader: 1, Current term: 1, Majority size: -1, State: 0, Mode: NON_LEADER, active raft config: opid_index: -1 OBSOLETE_local: false peers { permanent_uuid: "51dd42d7303d46da884bc148abddc52f" member_type: VOTER last_known_addr { host: "127.0.249.193" port: 46599 } } peers { permanent_uuid: "38f3110d441c4261a5ecd9aaa95f4238" member_type: VOTER last_known_addr { host: "127.0.249.194" port: 37089 } } peers { permanent_uuid: "1ab88a25817b464bb90734ad01b658f9" member_type: VOTER last_known_addr { host: "127.0.249.195" port: 46019 } }
I20260709 12:20:10.975792  1209 raft_consensus.cc:3060] T fad8f098311a465ca4976f9ca127a2ab P 38f3110d441c4261a5ecd9aaa95f4238 [term 1 FOLLOWER]: Advancing to term 2
I20260709 12:20:10.979990  1284 raft_consensus.cc:2468] T fad8f098311a465ca4976f9ca127a2ab P 1ab88a25817b464bb90734ad01b658f9 [term 2 FOLLOWER]: Leader election vote request: Granting yes vote for candidate 51dd42d7303d46da884bc148abddc52f in term 2.
I20260709 12:20:10.981487  1100 leader_election.cc:304] T fad8f098311a465ca4976f9ca127a2ab P 51dd42d7303d46da884bc148abddc52f [CANDIDATE]: Term 2 election: Election decided. Result: candidate won. Election summary: received 2 responses out of 3 voters: 2 yes votes; 0 no votes. yes voters: 1ab88a25817b464bb90734ad01b658f9, 51dd42d7303d46da884bc148abddc52f; no voters: 
I20260709 12:20:10.982553  1209 raft_consensus.cc:2468] T fad8f098311a465ca4976f9ca127a2ab P 38f3110d441c4261a5ecd9aaa95f4238 [term 2 FOLLOWER]: Leader election vote request: Granting yes vote for candidate 51dd42d7303d46da884bc148abddc52f in term 2.
I20260709 12:20:10.983309  1494 raft_consensus.cc:2804] T fad8f098311a465ca4976f9ca127a2ab P 51dd42d7303d46da884bc148abddc52f [term 2 FOLLOWER]: Leader election won for term 2
I20260709 12:20:10.984280  1494 raft_consensus.cc:697] T fad8f098311a465ca4976f9ca127a2ab P 51dd42d7303d46da884bc148abddc52f [term 2 LEADER]: Becoming Leader. State: Replica: 51dd42d7303d46da884bc148abddc52f, State: Running, Role: LEADER
I20260709 12:20:10.985172  1494 consensus_queue.cc:237] T fad8f098311a465ca4976f9ca127a2ab P 51dd42d7303d46da884bc148abddc52f [LEADER]: Queue going to LEADER mode. State: All replicated index: 0, Majority replicated index: 1, Committed index: 1, Last appended: 1.1, Last appended by leader: 1, Current term: 2, Majority size: 2, State: 0, Mode: LEADER, active raft config: opid_index: -1 OBSOLETE_local: false peers { permanent_uuid: "51dd42d7303d46da884bc148abddc52f" member_type: VOTER last_known_addr { host: "127.0.249.193" port: 46599 } } peers { permanent_uuid: "38f3110d441c4261a5ecd9aaa95f4238" member_type: VOTER last_known_addr { host: "127.0.249.194" port: 37089 } } peers { permanent_uuid: "1ab88a25817b464bb90734ad01b658f9" member_type: VOTER last_known_addr { host: "127.0.249.195" port: 46019 } }
I20260709 12:20:10.993479  1029 catalog_manager.cc:5697] T fad8f098311a465ca4976f9ca127a2ab P 51dd42d7303d46da884bc148abddc52f reported cstate change: term changed from 1 to 2, leader changed from 38f3110d441c4261a5ecd9aaa95f4238 (127.0.249.194) to 51dd42d7303d46da884bc148abddc52f (127.0.249.193). New cstate: current_term: 2 leader_uuid: "51dd42d7303d46da884bc148abddc52f" committed_config { opid_index: -1 OBSOLETE_local: false peers { permanent_uuid: "51dd42d7303d46da884bc148abddc52f" member_type: VOTER last_known_addr { host: "127.0.249.193" port: 46599 } health_report { overall_health: HEALTHY } } peers { permanent_uuid: "38f3110d441c4261a5ecd9aaa95f4238" member_type: VOTER last_known_addr { host: "127.0.249.194" port: 37089 } health_report { overall_health: UNKNOWN } } peers { permanent_uuid: "1ab88a25817b464bb90734ad01b658f9" member_type: VOTER last_known_addr { host: "127.0.249.195" port: 46019 } health_report { overall_health: UNKNOWN } } }
I20260709 12:20:11.099606  1488 raft_consensus.cc:993] T b10de2c00ff64559837e3f5d8db160de P 38f3110d441c4261a5ecd9aaa95f4238: : Instructing follower 1ab88a25817b464bb90734ad01b658f9 to start an election
I20260709 12:20:11.100085  1487 raft_consensus.cc:1081] T b10de2c00ff64559837e3f5d8db160de P 38f3110d441c4261a5ecd9aaa95f4238 [term 2 LEADER]: Signalling peer 1ab88a25817b464bb90734ad01b658f9 to start an election
I20260709 12:20:11.101646  1284 tablet_service.cc:2044] Received Run Leader Election RPC: tablet_id: "b10de2c00ff64559837e3f5d8db160de"
dest_uuid: "1ab88a25817b464bb90734ad01b658f9"
 from {username='slave'} at 127.0.0.1:50350
I20260709 12:20:11.102074  1284 raft_consensus.cc:493] T b10de2c00ff64559837e3f5d8db160de P 1ab88a25817b464bb90734ad01b658f9 [term 2 FOLLOWER]: Starting forced leader election (received explicit request)
I20260709 12:20:11.102336  1284 raft_consensus.cc:3060] T b10de2c00ff64559837e3f5d8db160de P 1ab88a25817b464bb90734ad01b658f9 [term 2 FOLLOWER]: Advancing to term 3
I20260709 12:20:11.106447  1284 raft_consensus.cc:515] T b10de2c00ff64559837e3f5d8db160de P 1ab88a25817b464bb90734ad01b658f9 [term 3 FOLLOWER]: Starting forced leader election with config: opid_index: -1 OBSOLETE_local: false peers { permanent_uuid: "51dd42d7303d46da884bc148abddc52f" member_type: VOTER last_known_addr { host: "127.0.249.193" port: 46599 } } peers { permanent_uuid: "38f3110d441c4261a5ecd9aaa95f4238" member_type: VOTER last_known_addr { host: "127.0.249.194" port: 37089 } } peers { permanent_uuid: "1ab88a25817b464bb90734ad01b658f9" member_type: VOTER last_known_addr { host: "127.0.249.195" port: 46019 } }
I20260709 12:20:11.108914  1284 leader_election.cc:290] T b10de2c00ff64559837e3f5d8db160de P 1ab88a25817b464bb90734ad01b658f9 [CANDIDATE]: Term 3 election: Requested vote from peers 51dd42d7303d46da884bc148abddc52f (127.0.249.193:46599), 38f3110d441c4261a5ecd9aaa95f4238 (127.0.249.194:37089)
I20260709 12:20:11.109995  1134 tablet_service.cc:1917] Received RequestConsensusVote() RPC: tablet_id: "b10de2c00ff64559837e3f5d8db160de" candidate_uuid: "1ab88a25817b464bb90734ad01b658f9" candidate_term: 3 candidate_status { last_received { term: 2 index: 2 } } ignore_live_leader: true dest_uuid: "51dd42d7303d46da884bc148abddc52f"
I20260709 12:20:11.110018  1209 tablet_service.cc:1917] Received RequestConsensusVote() RPC: tablet_id: "b10de2c00ff64559837e3f5d8db160de" candidate_uuid: "1ab88a25817b464bb90734ad01b658f9" candidate_term: 3 candidate_status { last_received { term: 2 index: 2 } } ignore_live_leader: true dest_uuid: "38f3110d441c4261a5ecd9aaa95f4238"
I20260709 12:20:11.110634  1134 raft_consensus.cc:3060] T b10de2c00ff64559837e3f5d8db160de P 51dd42d7303d46da884bc148abddc52f [term 2 FOLLOWER]: Advancing to term 3
I20260709 12:20:11.110725  1209 raft_consensus.cc:3055] T b10de2c00ff64559837e3f5d8db160de P 38f3110d441c4261a5ecd9aaa95f4238 [term 2 LEADER]: Stepping down as leader of term 2
I20260709 12:20:11.111142  1209 raft_consensus.cc:740] T b10de2c00ff64559837e3f5d8db160de P 38f3110d441c4261a5ecd9aaa95f4238 [term 2 LEADER]: Becoming Follower/Learner. State: Replica: 38f3110d441c4261a5ecd9aaa95f4238, State: Running, Role: LEADER
I20260709 12:20:11.111817  1209 consensus_queue.cc:260] T b10de2c00ff64559837e3f5d8db160de P 38f3110d441c4261a5ecd9aaa95f4238 [NON_LEADER]: Queue going to NON_LEADER mode. State: All replicated index: 0, Majority replicated index: 2, Committed index: 2, Last appended: 2.2, Last appended by leader: 2, Current term: 2, Majority size: -1, State: 0, Mode: NON_LEADER, active raft config: opid_index: -1 OBSOLETE_local: false peers { permanent_uuid: "51dd42d7303d46da884bc148abddc52f" member_type: VOTER last_known_addr { host: "127.0.249.193" port: 46599 } } peers { permanent_uuid: "38f3110d441c4261a5ecd9aaa95f4238" member_type: VOTER last_known_addr { host: "127.0.249.194" port: 37089 } } peers { permanent_uuid: "1ab88a25817b464bb90734ad01b658f9" member_type: VOTER last_known_addr { host: "127.0.249.195" port: 46019 } }
I20260709 12:20:11.112735  1209 raft_consensus.cc:3060] T b10de2c00ff64559837e3f5d8db160de P 38f3110d441c4261a5ecd9aaa95f4238 [term 2 FOLLOWER]: Advancing to term 3
I20260709 12:20:11.115152  1134 raft_consensus.cc:2468] T b10de2c00ff64559837e3f5d8db160de P 51dd42d7303d46da884bc148abddc52f [term 3 FOLLOWER]: Leader election vote request: Granting yes vote for candidate 1ab88a25817b464bb90734ad01b658f9 in term 3.
I20260709 12:20:11.116448  1247 leader_election.cc:304] T b10de2c00ff64559837e3f5d8db160de P 1ab88a25817b464bb90734ad01b658f9 [CANDIDATE]: Term 3 election: Election decided. Result: candidate won. Election summary: received 2 responses out of 3 voters: 2 yes votes; 0 no votes. yes voters: 1ab88a25817b464bb90734ad01b658f9, 51dd42d7303d46da884bc148abddc52f; no voters: 
I20260709 12:20:11.117349  1492 raft_consensus.cc:2804] T b10de2c00ff64559837e3f5d8db160de P 1ab88a25817b464bb90734ad01b658f9 [term 3 FOLLOWER]: Leader election won for term 3
I20260709 12:20:11.118428  1209 raft_consensus.cc:2468] T b10de2c00ff64559837e3f5d8db160de P 38f3110d441c4261a5ecd9aaa95f4238 [term 3 FOLLOWER]: Leader election vote request: Granting yes vote for candidate 1ab88a25817b464bb90734ad01b658f9 in term 3.
I20260709 12:20:11.118799  1492 raft_consensus.cc:697] T b10de2c00ff64559837e3f5d8db160de P 1ab88a25817b464bb90734ad01b658f9 [term 3 LEADER]: Becoming Leader. State: Replica: 1ab88a25817b464bb90734ad01b658f9, State: Running, Role: LEADER
I20260709 12:20:11.119784  1492 consensus_queue.cc:237] T b10de2c00ff64559837e3f5d8db160de P 1ab88a25817b464bb90734ad01b658f9 [LEADER]: Queue going to LEADER mode. State: All replicated index: 0, Majority replicated index: 2, Committed index: 2, Last appended: 2.2, Last appended by leader: 2, Current term: 3, Majority size: 2, State: 0, Mode: LEADER, active raft config: opid_index: -1 OBSOLETE_local: false peers { permanent_uuid: "51dd42d7303d46da884bc148abddc52f" member_type: VOTER last_known_addr { host: "127.0.249.193" port: 46599 } } peers { permanent_uuid: "38f3110d441c4261a5ecd9aaa95f4238" member_type: VOTER last_known_addr { host: "127.0.249.194" port: 37089 } } peers { permanent_uuid: "1ab88a25817b464bb90734ad01b658f9" member_type: VOTER last_known_addr { host: "127.0.249.195" port: 46019 } }
I20260709 12:20:11.126552  1029 catalog_manager.cc:5697] T b10de2c00ff64559837e3f5d8db160de P 1ab88a25817b464bb90734ad01b658f9 reported cstate change: term changed from 2 to 3, leader changed from 38f3110d441c4261a5ecd9aaa95f4238 (127.0.249.194) to 1ab88a25817b464bb90734ad01b658f9 (127.0.249.195). New cstate: current_term: 3 leader_uuid: "1ab88a25817b464bb90734ad01b658f9" committed_config { opid_index: -1 OBSOLETE_local: false peers { permanent_uuid: "51dd42d7303d46da884bc148abddc52f" member_type: VOTER last_known_addr { host: "127.0.249.193" port: 46599 } health_report { overall_health: UNKNOWN } } peers { permanent_uuid: "38f3110d441c4261a5ecd9aaa95f4238" member_type: VOTER last_known_addr { host: "127.0.249.194" port: 37089 } health_report { overall_health: UNKNOWN } } peers { permanent_uuid: "1ab88a25817b464bb90734ad01b658f9" member_type: VOTER last_known_addr { host: "127.0.249.195" port: 46019 } health_report { overall_health: HEALTHY } } }
I20260709 12:20:11.186914  1488 raft_consensus.cc:993] T c6cc07dbb00e40c8a98b3ef56dcbcfd8 P 38f3110d441c4261a5ecd9aaa95f4238: : Instructing follower 51dd42d7303d46da884bc148abddc52f to start an election
I20260709 12:20:11.187464  1487 raft_consensus.cc:1081] T c6cc07dbb00e40c8a98b3ef56dcbcfd8 P 38f3110d441c4261a5ecd9aaa95f4238 [term 2 LEADER]: Signalling peer 51dd42d7303d46da884bc148abddc52f to start an election
I20260709 12:20:11.189052  1134 tablet_service.cc:2044] Received Run Leader Election RPC: tablet_id: "c6cc07dbb00e40c8a98b3ef56dcbcfd8"
dest_uuid: "51dd42d7303d46da884bc148abddc52f"
 from {username='slave'} at 127.0.0.1:51384
I20260709 12:20:11.189483  1134 raft_consensus.cc:493] T c6cc07dbb00e40c8a98b3ef56dcbcfd8 P 51dd42d7303d46da884bc148abddc52f [term 2 FOLLOWER]: Starting forced leader election (received explicit request)
I20260709 12:20:11.189706  1134 raft_consensus.cc:3060] T c6cc07dbb00e40c8a98b3ef56dcbcfd8 P 51dd42d7303d46da884bc148abddc52f [term 2 FOLLOWER]: Advancing to term 3
I20260709 12:20:11.194864  1134 raft_consensus.cc:515] T c6cc07dbb00e40c8a98b3ef56dcbcfd8 P 51dd42d7303d46da884bc148abddc52f [term 3 FOLLOWER]: Starting forced leader election with config: opid_index: -1 OBSOLETE_local: false peers { permanent_uuid: "1ab88a25817b464bb90734ad01b658f9" member_type: VOTER last_known_addr { host: "127.0.249.195" port: 46019 } } peers { permanent_uuid: "51dd42d7303d46da884bc148abddc52f" member_type: VOTER last_known_addr { host: "127.0.249.193" port: 46599 } } peers { permanent_uuid: "38f3110d441c4261a5ecd9aaa95f4238" member_type: VOTER last_known_addr { host: "127.0.249.194" port: 37089 } }
I20260709 12:20:11.196851  1134 leader_election.cc:290] T c6cc07dbb00e40c8a98b3ef56dcbcfd8 P 51dd42d7303d46da884bc148abddc52f [CANDIDATE]: Term 3 election: Requested vote from peers 1ab88a25817b464bb90734ad01b658f9 (127.0.249.195:46019), 38f3110d441c4261a5ecd9aaa95f4238 (127.0.249.194:37089)
I20260709 12:20:11.197685  1284 tablet_service.cc:1917] Received RequestConsensusVote() RPC: tablet_id: "c6cc07dbb00e40c8a98b3ef56dcbcfd8" candidate_uuid: "51dd42d7303d46da884bc148abddc52f" candidate_term: 3 candidate_status { last_received { term: 2 index: 2 } } ignore_live_leader: true dest_uuid: "1ab88a25817b464bb90734ad01b658f9"
I20260709 12:20:11.198297  1284 raft_consensus.cc:3060] T c6cc07dbb00e40c8a98b3ef56dcbcfd8 P 1ab88a25817b464bb90734ad01b658f9 [term 2 FOLLOWER]: Advancing to term 3
I20260709 12:20:11.199055  1209 tablet_service.cc:1917] Received RequestConsensusVote() RPC: tablet_id: "c6cc07dbb00e40c8a98b3ef56dcbcfd8" candidate_uuid: "51dd42d7303d46da884bc148abddc52f" candidate_term: 3 candidate_status { last_received { term: 2 index: 2 } } ignore_live_leader: true dest_uuid: "38f3110d441c4261a5ecd9aaa95f4238"
I20260709 12:20:11.199568  1209 raft_consensus.cc:3055] T c6cc07dbb00e40c8a98b3ef56dcbcfd8 P 38f3110d441c4261a5ecd9aaa95f4238 [term 2 LEADER]: Stepping down as leader of term 2
I20260709 12:20:11.199842  1209 raft_consensus.cc:740] T c6cc07dbb00e40c8a98b3ef56dcbcfd8 P 38f3110d441c4261a5ecd9aaa95f4238 [term 2 LEADER]: Becoming Follower/Learner. State: Replica: 38f3110d441c4261a5ecd9aaa95f4238, State: Running, Role: LEADER
I20260709 12:20:11.200563  1209 consensus_queue.cc:260] T c6cc07dbb00e40c8a98b3ef56dcbcfd8 P 38f3110d441c4261a5ecd9aaa95f4238 [NON_LEADER]: Queue going to NON_LEADER mode. State: All replicated index: 0, Majority replicated index: 2, Committed index: 2, Last appended: 2.2, Last appended by leader: 2, Current term: 2, Majority size: -1, State: 0, Mode: NON_LEADER, active raft config: opid_index: -1 OBSOLETE_local: false peers { permanent_uuid: "1ab88a25817b464bb90734ad01b658f9" member_type: VOTER last_known_addr { host: "127.0.249.195" port: 46019 } } peers { permanent_uuid: "51dd42d7303d46da884bc148abddc52f" member_type: VOTER last_known_addr { host: "127.0.249.193" port: 46599 } } peers { permanent_uuid: "38f3110d441c4261a5ecd9aaa95f4238" member_type: VOTER last_known_addr { host: "127.0.249.194" port: 37089 } }
I20260709 12:20:11.201627  1209 raft_consensus.cc:3060] T c6cc07dbb00e40c8a98b3ef56dcbcfd8 P 38f3110d441c4261a5ecd9aaa95f4238 [term 2 FOLLOWER]: Advancing to term 3
I20260709 12:20:11.204526  1284 raft_consensus.cc:2468] T c6cc07dbb00e40c8a98b3ef56dcbcfd8 P 1ab88a25817b464bb90734ad01b658f9 [term 3 FOLLOWER]: Leader election vote request: Granting yes vote for candidate 51dd42d7303d46da884bc148abddc52f in term 3.
I20260709 12:20:11.205626  1100 leader_election.cc:304] T c6cc07dbb00e40c8a98b3ef56dcbcfd8 P 51dd42d7303d46da884bc148abddc52f [CANDIDATE]: Term 3 election: Election decided. Result: candidate won. Election summary: received 2 responses out of 3 voters: 2 yes votes; 0 no votes. yes voters: 1ab88a25817b464bb90734ad01b658f9, 51dd42d7303d46da884bc148abddc52f; no voters: 
I20260709 12:20:11.206525  1494 raft_consensus.cc:2804] T c6cc07dbb00e40c8a98b3ef56dcbcfd8 P 51dd42d7303d46da884bc148abddc52f [term 3 FOLLOWER]: Leader election won for term 3
I20260709 12:20:11.206974  1494 raft_consensus.cc:697] T c6cc07dbb00e40c8a98b3ef56dcbcfd8 P 51dd42d7303d46da884bc148abddc52f [term 3 LEADER]: Becoming Leader. State: Replica: 51dd42d7303d46da884bc148abddc52f, State: Running, Role: LEADER
I20260709 12:20:11.207828  1209 raft_consensus.cc:2468] T c6cc07dbb00e40c8a98b3ef56dcbcfd8 P 38f3110d441c4261a5ecd9aaa95f4238 [term 3 FOLLOWER]: Leader election vote request: Granting yes vote for candidate 51dd42d7303d46da884bc148abddc52f in term 3.
I20260709 12:20:11.207828  1494 consensus_queue.cc:237] T c6cc07dbb00e40c8a98b3ef56dcbcfd8 P 51dd42d7303d46da884bc148abddc52f [LEADER]: Queue going to LEADER mode. State: All replicated index: 0, Majority replicated index: 2, Committed index: 2, Last appended: 2.2, Last appended by leader: 2, Current term: 3, Majority size: 2, State: 0, Mode: LEADER, active raft config: opid_index: -1 OBSOLETE_local: false peers { permanent_uuid: "1ab88a25817b464bb90734ad01b658f9" member_type: VOTER last_known_addr { host: "127.0.249.195" port: 46019 } } peers { permanent_uuid: "51dd42d7303d46da884bc148abddc52f" member_type: VOTER last_known_addr { host: "127.0.249.193" port: 46599 } } peers { permanent_uuid: "38f3110d441c4261a5ecd9aaa95f4238" member_type: VOTER last_known_addr { host: "127.0.249.194" port: 37089 } }
I20260709 12:20:11.214867  1029 catalog_manager.cc:5697] T c6cc07dbb00e40c8a98b3ef56dcbcfd8 P 51dd42d7303d46da884bc148abddc52f reported cstate change: term changed from 2 to 3, leader changed from 38f3110d441c4261a5ecd9aaa95f4238 (127.0.249.194) to 51dd42d7303d46da884bc148abddc52f (127.0.249.193). New cstate: current_term: 3 leader_uuid: "51dd42d7303d46da884bc148abddc52f" committed_config { opid_index: -1 OBSOLETE_local: false peers { permanent_uuid: "1ab88a25817b464bb90734ad01b658f9" member_type: VOTER last_known_addr { host: "127.0.249.195" port: 46019 } health_report { overall_health: UNKNOWN } } peers { permanent_uuid: "51dd42d7303d46da884bc148abddc52f" member_type: VOTER last_known_addr { host: "127.0.249.193" port: 46599 } health_report { overall_health: HEALTHY } } peers { permanent_uuid: "38f3110d441c4261a5ecd9aaa95f4238" member_type: VOTER last_known_addr { host: "127.0.249.194" port: 37089 } health_report { overall_health: UNKNOWN } } }
I20260709 12:20:11.263382  1488 raft_consensus.cc:993] T 2832b041a8464ffeac43b7b600be974e P 38f3110d441c4261a5ecd9aaa95f4238: : Instructing follower 1ab88a25817b464bb90734ad01b658f9 to start an election
I20260709 12:20:11.263846  1487 raft_consensus.cc:1081] T 2832b041a8464ffeac43b7b600be974e P 38f3110d441c4261a5ecd9aaa95f4238 [term 2 LEADER]: Signalling peer 1ab88a25817b464bb90734ad01b658f9 to start an election
I20260709 12:20:11.265264  1284 tablet_service.cc:2044] Received Run Leader Election RPC: tablet_id: "2832b041a8464ffeac43b7b600be974e"
dest_uuid: "1ab88a25817b464bb90734ad01b658f9"
 from {username='slave'} at 127.0.0.1:50350
I20260709 12:20:11.265762  1284 raft_consensus.cc:493] T 2832b041a8464ffeac43b7b600be974e P 1ab88a25817b464bb90734ad01b658f9 [term 2 FOLLOWER]: Starting forced leader election (received explicit request)
I20260709 12:20:11.266072  1284 raft_consensus.cc:3060] T 2832b041a8464ffeac43b7b600be974e P 1ab88a25817b464bb90734ad01b658f9 [term 2 FOLLOWER]: Advancing to term 3
I20260709 12:20:11.270466  1284 raft_consensus.cc:515] T 2832b041a8464ffeac43b7b600be974e P 1ab88a25817b464bb90734ad01b658f9 [term 3 FOLLOWER]: Starting forced leader election with config: opid_index: -1 OBSOLETE_local: false peers { permanent_uuid: "51dd42d7303d46da884bc148abddc52f" member_type: VOTER last_known_addr { host: "127.0.249.193" port: 46599 } } peers { permanent_uuid: "38f3110d441c4261a5ecd9aaa95f4238" member_type: VOTER last_known_addr { host: "127.0.249.194" port: 37089 } } peers { permanent_uuid: "1ab88a25817b464bb90734ad01b658f9" member_type: VOTER last_known_addr { host: "127.0.249.195" port: 46019 } }
I20260709 12:20:11.272203  1284 leader_election.cc:290] T 2832b041a8464ffeac43b7b600be974e P 1ab88a25817b464bb90734ad01b658f9 [CANDIDATE]: Term 3 election: Requested vote from peers 51dd42d7303d46da884bc148abddc52f (127.0.249.193:46599), 38f3110d441c4261a5ecd9aaa95f4238 (127.0.249.194:37089)
I20260709 12:20:11.272919  1134 tablet_service.cc:1917] Received RequestConsensusVote() RPC: tablet_id: "2832b041a8464ffeac43b7b600be974e" candidate_uuid: "1ab88a25817b464bb90734ad01b658f9" candidate_term: 3 candidate_status { last_received { term: 2 index: 2 } } ignore_live_leader: true dest_uuid: "51dd42d7303d46da884bc148abddc52f"
I20260709 12:20:11.273332  1209 tablet_service.cc:1917] Received RequestConsensusVote() RPC: tablet_id: "2832b041a8464ffeac43b7b600be974e" candidate_uuid: "1ab88a25817b464bb90734ad01b658f9" candidate_term: 3 candidate_status { last_received { term: 2 index: 2 } } ignore_live_leader: true dest_uuid: "38f3110d441c4261a5ecd9aaa95f4238"
I20260709 12:20:11.273551  1134 raft_consensus.cc:3060] T 2832b041a8464ffeac43b7b600be974e P 51dd42d7303d46da884bc148abddc52f [term 2 FOLLOWER]: Advancing to term 3
I20260709 12:20:11.273869  1209 raft_consensus.cc:3055] T 2832b041a8464ffeac43b7b600be974e P 38f3110d441c4261a5ecd9aaa95f4238 [term 2 LEADER]: Stepping down as leader of term 2
I20260709 12:20:11.274204  1209 raft_consensus.cc:740] T 2832b041a8464ffeac43b7b600be974e P 38f3110d441c4261a5ecd9aaa95f4238 [term 2 LEADER]: Becoming Follower/Learner. State: Replica: 38f3110d441c4261a5ecd9aaa95f4238, State: Running, Role: LEADER
I20260709 12:20:11.274957  1209 consensus_queue.cc:260] T 2832b041a8464ffeac43b7b600be974e P 38f3110d441c4261a5ecd9aaa95f4238 [NON_LEADER]: Queue going to NON_LEADER mode. State: All replicated index: 0, Majority replicated index: 2, Committed index: 2, Last appended: 2.2, Last appended by leader: 2, Current term: 2, Majority size: -1, State: 0, Mode: NON_LEADER, active raft config: opid_index: -1 OBSOLETE_local: false peers { permanent_uuid: "51dd42d7303d46da884bc148abddc52f" member_type: VOTER last_known_addr { host: "127.0.249.193" port: 46599 } } peers { permanent_uuid: "38f3110d441c4261a5ecd9aaa95f4238" member_type: VOTER last_known_addr { host: "127.0.249.194" port: 37089 } } peers { permanent_uuid: "1ab88a25817b464bb90734ad01b658f9" member_type: VOTER last_known_addr { host: "127.0.249.195" port: 46019 } }
I20260709 12:20:11.276120  1209 raft_consensus.cc:3060] T 2832b041a8464ffeac43b7b600be974e P 38f3110d441c4261a5ecd9aaa95f4238 [term 2 FOLLOWER]: Advancing to term 3
I20260709 12:20:11.279906  1134 raft_consensus.cc:2468] T 2832b041a8464ffeac43b7b600be974e P 51dd42d7303d46da884bc148abddc52f [term 3 FOLLOWER]: Leader election vote request: Granting yes vote for candidate 1ab88a25817b464bb90734ad01b658f9 in term 3.
I20260709 12:20:11.281028  1247 leader_election.cc:304] T 2832b041a8464ffeac43b7b600be974e P 1ab88a25817b464bb90734ad01b658f9 [CANDIDATE]: Term 3 election: Election decided. Result: candidate won. Election summary: received 2 responses out of 3 voters: 2 yes votes; 0 no votes. yes voters: 1ab88a25817b464bb90734ad01b658f9, 51dd42d7303d46da884bc148abddc52f; no voters: 
I20260709 12:20:11.281980  1492 raft_consensus.cc:2804] T 2832b041a8464ffeac43b7b600be974e P 1ab88a25817b464bb90734ad01b658f9 [term 3 FOLLOWER]: Leader election won for term 3
I20260709 12:20:11.282510  1492 raft_consensus.cc:697] T 2832b041a8464ffeac43b7b600be974e P 1ab88a25817b464bb90734ad01b658f9 [term 3 LEADER]: Becoming Leader. State: Replica: 1ab88a25817b464bb90734ad01b658f9, State: Running, Role: LEADER
I20260709 12:20:11.282454  1209 raft_consensus.cc:2468] T 2832b041a8464ffeac43b7b600be974e P 38f3110d441c4261a5ecd9aaa95f4238 [term 3 FOLLOWER]: Leader election vote request: Granting yes vote for candidate 1ab88a25817b464bb90734ad01b658f9 in term 3.
I20260709 12:20:11.283464  1492 consensus_queue.cc:237] T 2832b041a8464ffeac43b7b600be974e P 1ab88a25817b464bb90734ad01b658f9 [LEADER]: Queue going to LEADER mode. State: All replicated index: 0, Majority replicated index: 2, Committed index: 2, Last appended: 2.2, Last appended by leader: 2, Current term: 3, Majority size: 2, State: 0, Mode: LEADER, active raft config: opid_index: -1 OBSOLETE_local: false peers { permanent_uuid: "51dd42d7303d46da884bc148abddc52f" member_type: VOTER last_known_addr { host: "127.0.249.193" port: 46599 } } peers { permanent_uuid: "38f3110d441c4261a5ecd9aaa95f4238" member_type: VOTER last_known_addr { host: "127.0.249.194" port: 37089 } } peers { permanent_uuid: "1ab88a25817b464bb90734ad01b658f9" member_type: VOTER last_known_addr { host: "127.0.249.195" port: 46019 } }
I20260709 12:20:11.290503  1029 catalog_manager.cc:5697] T 2832b041a8464ffeac43b7b600be974e P 1ab88a25817b464bb90734ad01b658f9 reported cstate change: term changed from 2 to 3, leader changed from 38f3110d441c4261a5ecd9aaa95f4238 (127.0.249.194) to 1ab88a25817b464bb90734ad01b658f9 (127.0.249.195). New cstate: current_term: 3 leader_uuid: "1ab88a25817b464bb90734ad01b658f9" committed_config { opid_index: -1 OBSOLETE_local: false peers { permanent_uuid: "51dd42d7303d46da884bc148abddc52f" member_type: VOTER last_known_addr { host: "127.0.249.193" port: 46599 } health_report { overall_health: UNKNOWN } } peers { permanent_uuid: "38f3110d441c4261a5ecd9aaa95f4238" member_type: VOTER last_known_addr { host: "127.0.249.194" port: 37089 } health_report { overall_health: UNKNOWN } } peers { permanent_uuid: "1ab88a25817b464bb90734ad01b658f9" member_type: VOTER last_known_addr { host: "127.0.249.195" port: 46019 } health_report { overall_health: HEALTHY } } }
I20260709 12:20:11.317729  1488 raft_consensus.cc:993] T 278cb140e0624acfab5de39076c8606c P 38f3110d441c4261a5ecd9aaa95f4238: : Instructing follower 51dd42d7303d46da884bc148abddc52f to start an election
I20260709 12:20:11.318188  1487 raft_consensus.cc:1081] T 278cb140e0624acfab5de39076c8606c P 38f3110d441c4261a5ecd9aaa95f4238 [term 3 LEADER]: Signalling peer 51dd42d7303d46da884bc148abddc52f to start an election
I20260709 12:20:11.319501  1134 tablet_service.cc:2044] Received Run Leader Election RPC: tablet_id: "278cb140e0624acfab5de39076c8606c"
dest_uuid: "51dd42d7303d46da884bc148abddc52f"
 from {username='slave'} at 127.0.0.1:51384
I20260709 12:20:11.319898  1134 raft_consensus.cc:493] T 278cb140e0624acfab5de39076c8606c P 51dd42d7303d46da884bc148abddc52f [term 3 FOLLOWER]: Starting forced leader election (received explicit request)
I20260709 12:20:11.320125  1134 raft_consensus.cc:3060] T 278cb140e0624acfab5de39076c8606c P 51dd42d7303d46da884bc148abddc52f [term 3 FOLLOWER]: Advancing to term 4
I20260709 12:20:11.324007  1134 raft_consensus.cc:515] T 278cb140e0624acfab5de39076c8606c P 51dd42d7303d46da884bc148abddc52f [term 4 FOLLOWER]: Starting forced leader election with config: opid_index: -1 OBSOLETE_local: false peers { permanent_uuid: "51dd42d7303d46da884bc148abddc52f" member_type: VOTER last_known_addr { host: "127.0.249.193" port: 46599 } } peers { permanent_uuid: "38f3110d441c4261a5ecd9aaa95f4238" member_type: VOTER last_known_addr { host: "127.0.249.194" port: 37089 } } peers { permanent_uuid: "1ab88a25817b464bb90734ad01b658f9" member_type: VOTER last_known_addr { host: "127.0.249.195" port: 46019 } }
I20260709 12:20:11.325433  1134 leader_election.cc:290] T 278cb140e0624acfab5de39076c8606c P 51dd42d7303d46da884bc148abddc52f [CANDIDATE]: Term 4 election: Requested vote from peers 38f3110d441c4261a5ecd9aaa95f4238 (127.0.249.194:37089), 1ab88a25817b464bb90734ad01b658f9 (127.0.249.195:46019)
I20260709 12:20:11.326246  1209 tablet_service.cc:1917] Received RequestConsensusVote() RPC: tablet_id: "278cb140e0624acfab5de39076c8606c" candidate_uuid: "51dd42d7303d46da884bc148abddc52f" candidate_term: 4 candidate_status { last_received { term: 3 index: 3 } } ignore_live_leader: true dest_uuid: "38f3110d441c4261a5ecd9aaa95f4238"
I20260709 12:20:11.326447  1284 tablet_service.cc:1917] Received RequestConsensusVote() RPC: tablet_id: "278cb140e0624acfab5de39076c8606c" candidate_uuid: "51dd42d7303d46da884bc148abddc52f" candidate_term: 4 candidate_status { last_received { term: 3 index: 3 } } ignore_live_leader: true dest_uuid: "1ab88a25817b464bb90734ad01b658f9"
I20260709 12:20:11.326694  1209 raft_consensus.cc:3055] T 278cb140e0624acfab5de39076c8606c P 38f3110d441c4261a5ecd9aaa95f4238 [term 3 LEADER]: Stepping down as leader of term 3
I20260709 12:20:11.326933  1284 raft_consensus.cc:3060] T 278cb140e0624acfab5de39076c8606c P 1ab88a25817b464bb90734ad01b658f9 [term 3 FOLLOWER]: Advancing to term 4
I20260709 12:20:11.327006  1209 raft_consensus.cc:740] T 278cb140e0624acfab5de39076c8606c P 38f3110d441c4261a5ecd9aaa95f4238 [term 3 LEADER]: Becoming Follower/Learner. State: Replica: 38f3110d441c4261a5ecd9aaa95f4238, State: Running, Role: LEADER
I20260709 12:20:11.327737  1209 consensus_queue.cc:260] T 278cb140e0624acfab5de39076c8606c P 38f3110d441c4261a5ecd9aaa95f4238 [NON_LEADER]: Queue going to NON_LEADER mode. State: All replicated index: 0, Majority replicated index: 3, Committed index: 3, Last appended: 3.3, Last appended by leader: 3, Current term: 3, Majority size: -1, State: 0, Mode: NON_LEADER, active raft config: opid_index: -1 OBSOLETE_local: false peers { permanent_uuid: "51dd42d7303d46da884bc148abddc52f" member_type: VOTER last_known_addr { host: "127.0.249.193" port: 46599 } } peers { permanent_uuid: "38f3110d441c4261a5ecd9aaa95f4238" member_type: VOTER last_known_addr { host: "127.0.249.194" port: 37089 } } peers { permanent_uuid: "1ab88a25817b464bb90734ad01b658f9" member_type: VOTER last_known_addr { host: "127.0.249.195" port: 46019 } }
I20260709 12:20:11.328575  1209 raft_consensus.cc:3060] T 278cb140e0624acfab5de39076c8606c P 38f3110d441c4261a5ecd9aaa95f4238 [term 3 FOLLOWER]: Advancing to term 4
I20260709 12:20:11.331198  1284 raft_consensus.cc:2468] T 278cb140e0624acfab5de39076c8606c P 1ab88a25817b464bb90734ad01b658f9 [term 4 FOLLOWER]: Leader election vote request: Granting yes vote for candidate 51dd42d7303d46da884bc148abddc52f in term 4.
I20260709 12:20:11.332190  1100 leader_election.cc:304] T 278cb140e0624acfab5de39076c8606c P 51dd42d7303d46da884bc148abddc52f [CANDIDATE]: Term 4 election: Election decided. Result: candidate won. Election summary: received 2 responses out of 3 voters: 2 yes votes; 0 no votes. yes voters: 1ab88a25817b464bb90734ad01b658f9, 51dd42d7303d46da884bc148abddc52f; no voters: 
I20260709 12:20:11.332742  1209 raft_consensus.cc:2468] T 278cb140e0624acfab5de39076c8606c P 38f3110d441c4261a5ecd9aaa95f4238 [term 4 FOLLOWER]: Leader election vote request: Granting yes vote for candidate 51dd42d7303d46da884bc148abddc52f in term 4.
I20260709 12:20:11.332875  1494 raft_consensus.cc:2804] T 278cb140e0624acfab5de39076c8606c P 51dd42d7303d46da884bc148abddc52f [term 4 FOLLOWER]: Leader election won for term 4
I20260709 12:20:11.333385  1494 raft_consensus.cc:697] T 278cb140e0624acfab5de39076c8606c P 51dd42d7303d46da884bc148abddc52f [term 4 LEADER]: Becoming Leader. State: Replica: 51dd42d7303d46da884bc148abddc52f, State: Running, Role: LEADER
I20260709 12:20:11.334197  1494 consensus_queue.cc:237] T 278cb140e0624acfab5de39076c8606c P 51dd42d7303d46da884bc148abddc52f [LEADER]: Queue going to LEADER mode. State: All replicated index: 0, Majority replicated index: 3, Committed index: 3, Last appended: 3.3, Last appended by leader: 3, Current term: 4, Majority size: 2, State: 0, Mode: LEADER, active raft config: opid_index: -1 OBSOLETE_local: false peers { permanent_uuid: "51dd42d7303d46da884bc148abddc52f" member_type: VOTER last_known_addr { host: "127.0.249.193" port: 46599 } } peers { permanent_uuid: "38f3110d441c4261a5ecd9aaa95f4238" member_type: VOTER last_known_addr { host: "127.0.249.194" port: 37089 } } peers { permanent_uuid: "1ab88a25817b464bb90734ad01b658f9" member_type: VOTER last_known_addr { host: "127.0.249.195" port: 46019 } }
I20260709 12:20:11.340490  1029 catalog_manager.cc:5697] T 278cb140e0624acfab5de39076c8606c P 51dd42d7303d46da884bc148abddc52f reported cstate change: term changed from 3 to 4, leader changed from 38f3110d441c4261a5ecd9aaa95f4238 (127.0.249.194) to 51dd42d7303d46da884bc148abddc52f (127.0.249.193). New cstate: current_term: 4 leader_uuid: "51dd42d7303d46da884bc148abddc52f" committed_config { opid_index: -1 OBSOLETE_local: false peers { permanent_uuid: "51dd42d7303d46da884bc148abddc52f" member_type: VOTER last_known_addr { host: "127.0.249.193" port: 46599 } health_report { overall_health: HEALTHY } } peers { permanent_uuid: "38f3110d441c4261a5ecd9aaa95f4238" member_type: VOTER last_known_addr { host: "127.0.249.194" port: 37089 } health_report { overall_health: UNKNOWN } } peers { permanent_uuid: "1ab88a25817b464bb90734ad01b658f9" member_type: VOTER last_known_addr { host: "127.0.249.195" port: 46019 } health_report { overall_health: UNKNOWN } } }
I20260709 12:20:11.388546  1284 raft_consensus.cc:1275] T fad8f098311a465ca4976f9ca127a2ab P 1ab88a25817b464bb90734ad01b658f9 [term 2 FOLLOWER]: Refusing update from remote peer 51dd42d7303d46da884bc148abddc52f: Log matching property violated. Preceding OpId in replica: term: 1 index: 1. Preceding OpId from leader: term: 2 index: 2. (index mismatch)
I20260709 12:20:11.390007  1494 consensus_queue.cc:1048] T fad8f098311a465ca4976f9ca127a2ab P 51dd42d7303d46da884bc148abddc52f [LEADER]: Connected to new peer: Peer: permanent_uuid: "1ab88a25817b464bb90734ad01b658f9" member_type: VOTER last_known_addr { host: "127.0.249.195" port: 46019 }, Status: LMP_MISMATCH, Last received: 0.0, Next index: 2, Last known committed idx: 1, Time since last communication: 0.000s
I20260709 12:20:11.404232  1209 raft_consensus.cc:1275] T fad8f098311a465ca4976f9ca127a2ab P 38f3110d441c4261a5ecd9aaa95f4238 [term 2 FOLLOWER]: Refusing update from remote peer 51dd42d7303d46da884bc148abddc52f: Log matching property violated. Preceding OpId in replica: term: 1 index: 1. Preceding OpId from leader: term: 2 index: 2. (index mismatch)
I20260709 12:20:11.405910  1495 consensus_queue.cc:1048] T fad8f098311a465ca4976f9ca127a2ab P 51dd42d7303d46da884bc148abddc52f [LEADER]: Connected to new peer: Peer: permanent_uuid: "38f3110d441c4261a5ecd9aaa95f4238" member_type: VOTER last_known_addr { host: "127.0.249.194" port: 37089 }, Status: LMP_MISMATCH, Last received: 0.0, Next index: 2, Last known committed idx: 1, Time since last communication: 0.001s
I20260709 12:20:11.589732  1284 raft_consensus.cc:1275] T c6cc07dbb00e40c8a98b3ef56dcbcfd8 P 1ab88a25817b464bb90734ad01b658f9 [term 3 FOLLOWER]: Refusing update from remote peer 51dd42d7303d46da884bc148abddc52f: Log matching property violated. Preceding OpId in replica: term: 2 index: 2. Preceding OpId from leader: term: 3 index: 3. (index mismatch)
I20260709 12:20:11.591046  1495 consensus_queue.cc:1048] T c6cc07dbb00e40c8a98b3ef56dcbcfd8 P 51dd42d7303d46da884bc148abddc52f [LEADER]: Connected to new peer: Peer: permanent_uuid: "1ab88a25817b464bb90734ad01b658f9" member_type: VOTER last_known_addr { host: "127.0.249.195" port: 46019 }, Status: LMP_MISMATCH, Last received: 0.0, Next index: 3, Last known committed idx: 2, Time since last communication: 0.000s
I20260709 12:20:11.600832  1209 raft_consensus.cc:1275] T c6cc07dbb00e40c8a98b3ef56dcbcfd8 P 38f3110d441c4261a5ecd9aaa95f4238 [term 3 FOLLOWER]: Refusing update from remote peer 51dd42d7303d46da884bc148abddc52f: Log matching property violated. Preceding OpId in replica: term: 2 index: 2. Preceding OpId from leader: term: 3 index: 3. (index mismatch)
I20260709 12:20:11.603108  1512 consensus_queue.cc:1048] T c6cc07dbb00e40c8a98b3ef56dcbcfd8 P 51dd42d7303d46da884bc148abddc52f [LEADER]: Connected to new peer: Peer: permanent_uuid: "38f3110d441c4261a5ecd9aaa95f4238" member_type: VOTER last_known_addr { host: "127.0.249.194" port: 37089 }, Status: LMP_MISMATCH, Last received: 0.0, Next index: 3, Last known committed idx: 2, Time since last communication: 0.001s
I20260709 12:20:11.609535  1134 raft_consensus.cc:1275] T b10de2c00ff64559837e3f5d8db160de P 51dd42d7303d46da884bc148abddc52f [term 3 FOLLOWER]: Refusing update from remote peer 1ab88a25817b464bb90734ad01b658f9: Log matching property violated. Preceding OpId in replica: term: 2 index: 2. Preceding OpId from leader: term: 3 index: 3. (index mismatch)
I20260709 12:20:11.611759  1492 consensus_queue.cc:1048] T b10de2c00ff64559837e3f5d8db160de P 1ab88a25817b464bb90734ad01b658f9 [LEADER]: Connected to new peer: Peer: permanent_uuid: "51dd42d7303d46da884bc148abddc52f" member_type: VOTER last_known_addr { host: "127.0.249.193" port: 46599 }, Status: LMP_MISMATCH, Last received: 0.0, Next index: 3, Last known committed idx: 2, Time since last communication: 0.000s
I20260709 12:20:11.621829  1209 raft_consensus.cc:1275] T b10de2c00ff64559837e3f5d8db160de P 38f3110d441c4261a5ecd9aaa95f4238 [term 3 FOLLOWER]: Refusing update from remote peer 1ab88a25817b464bb90734ad01b658f9: Log matching property violated. Preceding OpId in replica: term: 2 index: 2. Preceding OpId from leader: term: 3 index: 3. (index mismatch)
I20260709 12:20:11.623323  1492 consensus_queue.cc:1048] T b10de2c00ff64559837e3f5d8db160de P 1ab88a25817b464bb90734ad01b658f9 [LEADER]: Connected to new peer: Peer: permanent_uuid: "38f3110d441c4261a5ecd9aaa95f4238" member_type: VOTER last_known_addr { host: "127.0.249.194" port: 37089 }, Status: LMP_MISMATCH, Last received: 0.0, Next index: 3, Last known committed idx: 2, Time since last communication: 0.000s
I20260709 12:20:11.726029  1209 raft_consensus.cc:1275] T 2832b041a8464ffeac43b7b600be974e P 38f3110d441c4261a5ecd9aaa95f4238 [term 3 FOLLOWER]: Refusing update from remote peer 1ab88a25817b464bb90734ad01b658f9: Log matching property violated. Preceding OpId in replica: term: 2 index: 2. Preceding OpId from leader: term: 3 index: 3. (index mismatch)
I20260709 12:20:11.727320  1501 consensus_queue.cc:1048] T 2832b041a8464ffeac43b7b600be974e P 1ab88a25817b464bb90734ad01b658f9 [LEADER]: Connected to new peer: Peer: permanent_uuid: "38f3110d441c4261a5ecd9aaa95f4238" member_type: VOTER last_known_addr { host: "127.0.249.194" port: 37089 }, Status: LMP_MISMATCH, Last received: 0.0, Next index: 3, Last known committed idx: 2, Time since last communication: 0.000s
I20260709 12:20:11.736308  1131 raft_consensus.cc:1275] T 2832b041a8464ffeac43b7b600be974e P 51dd42d7303d46da884bc148abddc52f [term 3 FOLLOWER]: Refusing update from remote peer 1ab88a25817b464bb90734ad01b658f9: Log matching property violated. Preceding OpId in replica: term: 2 index: 2. Preceding OpId from leader: term: 3 index: 3. (index mismatch)
I20260709 12:20:11.737810  1501 consensus_queue.cc:1048] T 2832b041a8464ffeac43b7b600be974e P 1ab88a25817b464bb90734ad01b658f9 [LEADER]: Connected to new peer: Peer: permanent_uuid: "51dd42d7303d46da884bc148abddc52f" member_type: VOTER last_known_addr { host: "127.0.249.193" port: 46599 }, Status: LMP_MISMATCH, Last received: 0.0, Next index: 3, Last known committed idx: 2, Time since last communication: 0.000s
I20260709 12:20:11.780666  1209 raft_consensus.cc:1275] T 278cb140e0624acfab5de39076c8606c P 38f3110d441c4261a5ecd9aaa95f4238 [term 4 FOLLOWER]: Refusing update from remote peer 51dd42d7303d46da884bc148abddc52f: Log matching property violated. Preceding OpId in replica: term: 3 index: 3. Preceding OpId from leader: term: 4 index: 4. (index mismatch)
I20260709 12:20:11.781936  1512 consensus_queue.cc:1048] T 278cb140e0624acfab5de39076c8606c P 51dd42d7303d46da884bc148abddc52f [LEADER]: Connected to new peer: Peer: permanent_uuid: "38f3110d441c4261a5ecd9aaa95f4238" member_type: VOTER last_known_addr { host: "127.0.249.194" port: 37089 }, Status: LMP_MISMATCH, Last received: 0.0, Next index: 4, Last known committed idx: 3, Time since last communication: 0.000s
I20260709 12:20:11.791162  1284 raft_consensus.cc:1275] T 278cb140e0624acfab5de39076c8606c P 1ab88a25817b464bb90734ad01b658f9 [term 4 FOLLOWER]: Refusing update from remote peer 51dd42d7303d46da884bc148abddc52f: Log matching property violated. Preceding OpId in replica: term: 3 index: 3. Preceding OpId from leader: term: 4 index: 4. (index mismatch)
I20260709 12:20:11.792699  1494 consensus_queue.cc:1048] T 278cb140e0624acfab5de39076c8606c P 51dd42d7303d46da884bc148abddc52f [LEADER]: Connected to new peer: Peer: permanent_uuid: "1ab88a25817b464bb90734ad01b658f9" member_type: VOTER last_known_addr { host: "127.0.249.195" port: 46019 }, Status: LMP_MISMATCH, Last received: 0.0, Next index: 4, Last known committed idx: 3, Time since last communication: 0.001s
I20260709 12:20:11.864472   999 auto_leader_rebalancer.cc:141] leader rebalance for table test-workload
I20260709 12:20:11.869333   999 auto_leader_rebalancer.cc:440] table: test-workload, leader rebalance finish, leader transfer count: 0
I20260709 12:20:11.869733   999 auto_leader_rebalancer.cc:515] All tables' leader rebalancing finished this round
I20260709 12:20:12.870839   999 auto_leader_rebalancer.cc:141] leader rebalance for table test-workload
I20260709 12:20:12.875927   999 auto_leader_rebalancer.cc:440] table: test-workload, leader rebalance finish, leader transfer count: 0
I20260709 12:20:12.876368   999 auto_leader_rebalancer.cc:515] All tables' leader rebalancing finished this round
I20260709 12:20:13.877398   999 auto_leader_rebalancer.cc:141] leader rebalance for table test-workload
I20260709 12:20:13.883848   999 auto_leader_rebalancer.cc:440] table: test-workload, leader rebalance finish, leader transfer count: 0
I20260709 12:20:13.884268   999 auto_leader_rebalancer.cc:515] All tables' leader rebalancing finished this round
I20260709 12:20:14.885159   999 auto_leader_rebalancer.cc:141] leader rebalance for table test-workload
I20260709 12:20:14.891163   999 auto_leader_rebalancer.cc:440] table: test-workload, leader rebalance finish, leader transfer count: 0
I20260709 12:20:14.891541   999 auto_leader_rebalancer.cc:515] All tables' leader rebalancing finished this round
I20260709 12:20:15.892663   999 auto_leader_rebalancer.cc:141] leader rebalance for table test-workload
I20260709 12:20:15.899104   999 auto_leader_rebalancer.cc:440] table: test-workload, leader rebalance finish, leader transfer count: 0
I20260709 12:20:15.899464   999 auto_leader_rebalancer.cc:515] All tables' leader rebalancing finished this round
I20260709 12:20:16.900470   999 auto_leader_rebalancer.cc:141] leader rebalance for table test-workload
I20260709 12:20:16.905547   999 auto_leader_rebalancer.cc:440] table: test-workload, leader rebalance finish, leader transfer count: 0
I20260709 12:20:16.906059   999 auto_leader_rebalancer.cc:515] All tables' leader rebalancing finished this round
I20260709 12:20:17.907159   999 auto_leader_rebalancer.cc:141] leader rebalance for table test-workload
I20260709 12:20:17.912333   999 auto_leader_rebalancer.cc:440] table: test-workload, leader rebalance finish, leader transfer count: 0
I20260709 12:20:17.912781   999 auto_leader_rebalancer.cc:515] All tables' leader rebalancing finished this round
I20260709 12:20:18.913866   999 auto_leader_rebalancer.cc:141] leader rebalance for table test-workload
I20260709 12:20:18.919377   999 auto_leader_rebalancer.cc:440] table: test-workload, leader rebalance finish, leader transfer count: 0
