I20260709 12:19:42.326655 10195 raft_consensus.cc:2468] T dcf32a5cd1494003afa0dbe7415eff09 P 44ac0290b62247f2a4b08b21912489d1 [term 0 FOLLOWER]: Leader pre-election vote request: Granting yes vote for candidate 8dac5b196ad942b884295f25282b4420 in term 0.
I20260709 12:19:42.323150 10091 catalog_manager.cc:5697] T e88506753b3f4aa198a3cf512609633e P d1d5446e60644f2b9f5ec701725846cb reported cstate change: term changed from 0 to 1, leader changed from <none> to d1d5446e60644f2b9f5ec701725846cb (127.9.211.130). New cstate: current_term: 1 leader_uuid: "d1d5446e60644f2b9f5ec701725846cb" committed_config { opid_index: -1 OBSOLETE_local: false peers { permanent_uuid: "44ac0290b62247f2a4b08b21912489d1" member_type: VOTER last_known_addr { host: "127.9.211.129" port: 34325 } health_report { overall_health: UNKNOWN } } peers { permanent_uuid: "d1d5446e60644f2b9f5ec701725846cb" member_type: VOTER last_known_addr { host: "127.9.211.130" port: 45499 } health_report { overall_health: HEALTHY } } peers { permanent_uuid: "8dac5b196ad942b884295f25282b4420" member_type: VOTER last_known_addr { host: "127.9.211.131" port: 43753 } health_report { overall_health: UNKNOWN } } }
I20260709 12:19:42.328960 10311 leader_election.cc:304] T dcf32a5cd1494003afa0dbe7415eff09 P 8dac5b196ad942b884295f25282b4420 [CANDIDATE]: Term 1 pre-election: Election decided. Result: candidate won. Election summary: received 2 responses out of 3 voters: 2 yes votes; 0 no votes. yes voters: 44ac0290b62247f2a4b08b21912489d1, 8dac5b196ad942b884295f25282b4420; no voters: 
I20260709 12:19:42.329710 10271 tablet_service.cc:1917] Received RequestConsensusVote() RPC: tablet_id: "dcf32a5cd1494003afa0dbe7415eff09" candidate_uuid: "8dac5b196ad942b884295f25282b4420" candidate_term: 1 candidate_status { last_received { term: 0 index: 0 } } ignore_live_leader: false dest_uuid: "d1d5446e60644f2b9f5ec701725846cb" is_pre_election: true
I20260709 12:19:42.330214 10402 raft_consensus.cc:2804] T dcf32a5cd1494003afa0dbe7415eff09 P 8dac5b196ad942b884295f25282b4420 [term 0 FOLLOWER]: Leader pre-election won for term 1
I20260709 12:19:42.330555 10271 raft_consensus.cc:2468] T dcf32a5cd1494003afa0dbe7415eff09 P d1d5446e60644f2b9f5ec701725846cb [term 0 FOLLOWER]: Leader pre-election vote request: Granting yes vote for candidate 8dac5b196ad942b884295f25282b4420 in term 0.
I20260709 12:19:42.330704 10402 raft_consensus.cc:493] T dcf32a5cd1494003afa0dbe7415eff09 P 8dac5b196ad942b884295f25282b4420 [term 0 FOLLOWER]: Starting leader election (no leader contacted us within the election timeout)
I20260709 12:19:42.331578 10402 raft_consensus.cc:3060] T dcf32a5cd1494003afa0dbe7415eff09 P 8dac5b196ad942b884295f25282b4420 [term 0 FOLLOWER]: Advancing to term 1
I20260709 12:19:42.339395 10402 raft_consensus.cc:515] T dcf32a5cd1494003afa0dbe7415eff09 P 8dac5b196ad942b884295f25282b4420 [term 1 FOLLOWER]: Starting leader election with config: opid_index: -1 OBSOLETE_local: false peers { permanent_uuid: "44ac0290b62247f2a4b08b21912489d1" member_type: VOTER last_known_addr { host: "127.9.211.129" port: 34325 } } peers { permanent_uuid: "d1d5446e60644f2b9f5ec701725846cb" member_type: VOTER last_known_addr { host: "127.9.211.130" port: 45499 } } peers { permanent_uuid: "8dac5b196ad942b884295f25282b4420" member_type: VOTER last_known_addr { host: "127.9.211.131" port: 43753 } }
I20260709 12:19:42.342865 10402 leader_election.cc:290] T dcf32a5cd1494003afa0dbe7415eff09 P 8dac5b196ad942b884295f25282b4420 [CANDIDATE]: Term 1 election: Requested vote from peers 44ac0290b62247f2a4b08b21912489d1 (127.9.211.129:34325), d1d5446e60644f2b9f5ec701725846cb (127.9.211.130:45499)
I20260709 12:19:42.343091 10195 tablet_service.cc:1917] Received RequestConsensusVote() RPC: tablet_id: "dcf32a5cd1494003afa0dbe7415eff09" candidate_uuid: "8dac5b196ad942b884295f25282b4420" candidate_term: 1 candidate_status { last_received { term: 0 index: 0 } } ignore_live_leader: false dest_uuid: "44ac0290b62247f2a4b08b21912489d1"
I20260709 12:19:42.343684 10195 raft_consensus.cc:3060] T dcf32a5cd1494003afa0dbe7415eff09 P 44ac0290b62247f2a4b08b21912489d1 [term 0 FOLLOWER]: Advancing to term 1
I20260709 12:19:42.344413 10094 catalog_manager.cc:5697] T 9770b444b3244f52bf7c55fc29839293 P 44ac0290b62247f2a4b08b21912489d1 reported cstate change: term changed from 0 to 1, leader changed from <none> to 44ac0290b62247f2a4b08b21912489d1 (127.9.211.129). New cstate: current_term: 1 leader_uuid: "44ac0290b62247f2a4b08b21912489d1" committed_config { opid_index: -1 OBSOLETE_local: false peers { permanent_uuid: "44ac0290b62247f2a4b08b21912489d1" member_type: VOTER last_known_addr { host: "127.9.211.129" port: 34325 } health_report { overall_health: HEALTHY } } peers { permanent_uuid: "d1d5446e60644f2b9f5ec701725846cb" member_type: VOTER last_known_addr { host: "127.9.211.130" port: 45499 } health_report { overall_health: UNKNOWN } } peers { permanent_uuid: "8dac5b196ad942b884295f25282b4420" member_type: VOTER last_known_addr { host: "127.9.211.131" port: 43753 } health_report { overall_health: UNKNOWN } } }
I20260709 12:19:42.346691 10094 catalog_manager.cc:5697] T 6e04e74e1e9e451cb87d8f43a7063631 P 44ac0290b62247f2a4b08b21912489d1 reported cstate change: term changed from 0 to 1, leader changed from <none> to 44ac0290b62247f2a4b08b21912489d1 (127.9.211.129). New cstate: current_term: 1 leader_uuid: "44ac0290b62247f2a4b08b21912489d1" committed_config { opid_index: -1 OBSOLETE_local: false peers { permanent_uuid: "44ac0290b62247f2a4b08b21912489d1" member_type: VOTER last_known_addr { host: "127.9.211.129" port: 34325 } health_report { overall_health: HEALTHY } } peers { permanent_uuid: "d1d5446e60644f2b9f5ec701725846cb" member_type: VOTER last_known_addr { host: "127.9.211.130" port: 45499 } health_report { overall_health: UNKNOWN } } peers { permanent_uuid: "8dac5b196ad942b884295f25282b4420" member_type: VOTER last_known_addr { host: "127.9.211.131" port: 43753 } health_report { overall_health: UNKNOWN } } }
I20260709 12:19:42.350641 10195 raft_consensus.cc:2468] T dcf32a5cd1494003afa0dbe7415eff09 P 44ac0290b62247f2a4b08b21912489d1 [term 1 FOLLOWER]: Leader election vote request: Granting yes vote for candidate 8dac5b196ad942b884295f25282b4420 in term 1.
I20260709 12:19:42.352295 10311 leader_election.cc:304] T dcf32a5cd1494003afa0dbe7415eff09 P 8dac5b196ad942b884295f25282b4420 [CANDIDATE]: Term 1 election: Election decided. Result: candidate won. Election summary: received 2 responses out of 3 voters: 2 yes votes; 0 no votes. yes voters: 44ac0290b62247f2a4b08b21912489d1, 8dac5b196ad942b884295f25282b4420; no voters: 
I20260709 12:19:42.345371 10270 tablet_service.cc:1917] Received RequestConsensusVote() RPC: tablet_id: "dcf32a5cd1494003afa0dbe7415eff09" candidate_uuid: "8dac5b196ad942b884295f25282b4420" candidate_term: 1 candidate_status { last_received { term: 0 index: 0 } } ignore_live_leader: false dest_uuid: "d1d5446e60644f2b9f5ec701725846cb"
I20260709 12:19:42.357393 10270 raft_consensus.cc:3060] T dcf32a5cd1494003afa0dbe7415eff09 P d1d5446e60644f2b9f5ec701725846cb [term 0 FOLLOWER]: Advancing to term 1
I20260709 12:19:42.364274 10270 raft_consensus.cc:2468] T dcf32a5cd1494003afa0dbe7415eff09 P d1d5446e60644f2b9f5ec701725846cb [term 1 FOLLOWER]: Leader election vote request: Granting yes vote for candidate 8dac5b196ad942b884295f25282b4420 in term 1.
I20260709 12:19:42.365176 10402 raft_consensus.cc:2804] T dcf32a5cd1494003afa0dbe7415eff09 P 8dac5b196ad942b884295f25282b4420 [term 1 FOLLOWER]: Leader election won for term 1
I20260709 12:19:42.365794 10402 raft_consensus.cc:697] T dcf32a5cd1494003afa0dbe7415eff09 P 8dac5b196ad942b884295f25282b4420 [term 1 LEADER]: Becoming Leader. State: Replica: 8dac5b196ad942b884295f25282b4420, State: Running, Role: LEADER
I20260709 12:19:42.366832 10402 consensus_queue.cc:237] T dcf32a5cd1494003afa0dbe7415eff09 P 8dac5b196ad942b884295f25282b4420 [LEADER]: Queue going to LEADER mode. State: All replicated index: 0, Majority replicated index: 0, Committed index: 0, Last appended: 0.0, Last appended by leader: 0, Current term: 1, Majority size: 2, State: 0, Mode: LEADER, active raft config: opid_index: -1 OBSOLETE_local: false peers { permanent_uuid: "44ac0290b62247f2a4b08b21912489d1" member_type: VOTER last_known_addr { host: "127.9.211.129" port: 34325 } } peers { permanent_uuid: "d1d5446e60644f2b9f5ec701725846cb" member_type: VOTER last_known_addr { host: "127.9.211.130" port: 45499 } } peers { permanent_uuid: "8dac5b196ad942b884295f25282b4420" member_type: VOTER last_known_addr { host: "127.9.211.131" port: 43753 } }
I20260709 12:19:42.368358 10093 catalog_manager.cc:5697] T 2846cccbd9314c61a25e6c0aa8bb00a3 P d1d5446e60644f2b9f5ec701725846cb reported cstate change: term changed from 0 to 1, leader changed from <none> to d1d5446e60644f2b9f5ec701725846cb (127.9.211.130). New cstate: current_term: 1 leader_uuid: "d1d5446e60644f2b9f5ec701725846cb" committed_config { opid_index: -1 OBSOLETE_local: false peers { permanent_uuid: "44ac0290b62247f2a4b08b21912489d1" member_type: VOTER last_known_addr { host: "127.9.211.129" port: 34325 } health_report { overall_health: UNKNOWN } } peers { permanent_uuid: "d1d5446e60644f2b9f5ec701725846cb" member_type: VOTER last_known_addr { host: "127.9.211.130" port: 45499 } health_report { overall_health: HEALTHY } } peers { permanent_uuid: "8dac5b196ad942b884295f25282b4420" member_type: VOTER last_known_addr { host: "127.9.211.131" port: 43753 } health_report { overall_health: UNKNOWN } } }
I20260709 12:19:42.380754 10091 catalog_manager.cc:5697] T dcf32a5cd1494003afa0dbe7415eff09 P 8dac5b196ad942b884295f25282b4420 reported cstate change: term changed from 0 to 1, leader changed from <none> to 8dac5b196ad942b884295f25282b4420 (127.9.211.131). New cstate: current_term: 1 leader_uuid: "8dac5b196ad942b884295f25282b4420" committed_config { opid_index: -1 OBSOLETE_local: false peers { permanent_uuid: "44ac0290b62247f2a4b08b21912489d1" member_type: VOTER last_known_addr { host: "127.9.211.129" port: 34325 } health_report { overall_health: UNKNOWN } } peers { permanent_uuid: "d1d5446e60644f2b9f5ec701725846cb" member_type: VOTER last_known_addr { host: "127.9.211.130" port: 45499 } health_report { overall_health: UNKNOWN } } peers { permanent_uuid: "8dac5b196ad942b884295f25282b4420" member_type: VOTER last_known_addr { host: "127.9.211.131" port: 43753 } health_report { overall_health: HEALTHY } } }
I20260709 12:19:42.390483 10094 catalog_manager.cc:5697] T 8e7a127d131a4ff9bc6a7034358b6009 P 44ac0290b62247f2a4b08b21912489d1 reported cstate change: term changed from 0 to 1, leader changed from <none> to 44ac0290b62247f2a4b08b21912489d1 (127.9.211.129). New cstate: current_term: 1 leader_uuid: "44ac0290b62247f2a4b08b21912489d1" committed_config { opid_index: -1 OBSOLETE_local: false peers { permanent_uuid: "44ac0290b62247f2a4b08b21912489d1" member_type: VOTER last_known_addr { host: "127.9.211.129" port: 34325 } health_report { overall_health: HEALTHY } } peers { permanent_uuid: "d1d5446e60644f2b9f5ec701725846cb" member_type: VOTER last_known_addr { host: "127.9.211.130" port: 45499 } health_report { overall_health: UNKNOWN } } peers { permanent_uuid: "8dac5b196ad942b884295f25282b4420" member_type: VOTER last_known_addr { host: "127.9.211.131" port: 43753 } health_report { overall_health: UNKNOWN } } }
I20260709 12:19:42.441416 10434 raft_consensus.cc:493] T 8e7a127d131a4ff9bc6a7034358b6009 P d1d5446e60644f2b9f5ec701725846cb [term 0 FOLLOWER]: Starting pre-election (no leader contacted us within the election timeout)
I20260709 12:19:42.442160 10434 raft_consensus.cc:515] T 8e7a127d131a4ff9bc6a7034358b6009 P d1d5446e60644f2b9f5ec701725846cb [term 0 FOLLOWER]: Starting pre-election with config: opid_index: -1 OBSOLETE_local: false peers { permanent_uuid: "44ac0290b62247f2a4b08b21912489d1" member_type: VOTER last_known_addr { host: "127.9.211.129" port: 34325 } } peers { permanent_uuid: "d1d5446e60644f2b9f5ec701725846cb" member_type: VOTER last_known_addr { host: "127.9.211.130" port: 45499 } } peers { permanent_uuid: "8dac5b196ad942b884295f25282b4420" member_type: VOTER last_known_addr { host: "127.9.211.131" port: 43753 } }
I20260709 12:19:42.444510 10434 leader_election.cc:290] T 8e7a127d131a4ff9bc6a7034358b6009 P d1d5446e60644f2b9f5ec701725846cb [CANDIDATE]: Term 1 pre-election: Requested pre-vote from peers 44ac0290b62247f2a4b08b21912489d1 (127.9.211.129:34325), 8dac5b196ad942b884295f25282b4420 (127.9.211.131:43753)
I20260709 12:19:42.445642 10195 tablet_service.cc:1917] Received RequestConsensusVote() RPC: tablet_id: "8e7a127d131a4ff9bc6a7034358b6009" candidate_uuid: "d1d5446e60644f2b9f5ec701725846cb" candidate_term: 1 candidate_status { last_received { term: 0 index: 0 } } ignore_live_leader: false dest_uuid: "44ac0290b62247f2a4b08b21912489d1" is_pre_election: true
I20260709 12:19:42.445591 10346 tablet_service.cc:1917] Received RequestConsensusVote() RPC: tablet_id: "8e7a127d131a4ff9bc6a7034358b6009" candidate_uuid: "d1d5446e60644f2b9f5ec701725846cb" candidate_term: 1 candidate_status { last_received { term: 0 index: 0 } } ignore_live_leader: false dest_uuid: "8dac5b196ad942b884295f25282b4420" is_pre_election: true
I20260709 12:19:42.446682 10346 raft_consensus.cc:2393] T 8e7a127d131a4ff9bc6a7034358b6009 P 8dac5b196ad942b884295f25282b4420 [term 1 FOLLOWER]: Leader pre-election vote request: Denying vote to candidate d1d5446e60644f2b9f5ec701725846cb in current term 1: Already voted for candidate 44ac0290b62247f2a4b08b21912489d1 in this term.
I20260709 12:19:42.447729 10238 leader_election.cc:304] T 8e7a127d131a4ff9bc6a7034358b6009 P d1d5446e60644f2b9f5ec701725846cb [CANDIDATE]: Term 1 pre-election: Election decided. Result: candidate lost. Election summary: received 3 responses out of 3 voters: 1 yes votes; 2 no votes. yes voters: d1d5446e60644f2b9f5ec701725846cb; no voters: 44ac0290b62247f2a4b08b21912489d1, 8dac5b196ad942b884295f25282b4420
I20260709 12:19:42.448446 10434 raft_consensus.cc:3060] T 8e7a127d131a4ff9bc6a7034358b6009 P d1d5446e60644f2b9f5ec701725846cb [term 0 FOLLOWER]: Advancing to term 1
I20260709 12:19:42.456205 10434 raft_consensus.cc:2749] T 8e7a127d131a4ff9bc6a7034358b6009 P d1d5446e60644f2b9f5ec701725846cb [term 1 FOLLOWER]: Leader pre-election lost for term 1. Reason: could not achieve majority
I20260709 12:19:42.564540 10437 consensus_queue.cc:1048] T 9770b444b3244f52bf7c55fc29839293 P 44ac0290b62247f2a4b08b21912489d1 [LEADER]: Connected to new peer: Peer: permanent_uuid: "d1d5446e60644f2b9f5ec701725846cb" member_type: VOTER last_known_addr { host: "127.9.211.130" port: 45499 }, Status: LMP_MISMATCH, Last received: 0.0, Next index: 1, Last known committed idx: 0, Time since last communication: 0.001s
I20260709 12:19:42.565007 10402 consensus_queue.cc:1048] T faf55082db5042aa8a0b12963efd65f7 P 8dac5b196ad942b884295f25282b4420 [LEADER]: Connected to new peer: Peer: permanent_uuid: "44ac0290b62247f2a4b08b21912489d1" member_type: VOTER last_known_addr { host: "127.9.211.129" port: 34325 }, Status: LMP_MISMATCH, Last received: 0.0, Next index: 1, Last known committed idx: 0, Time since last communication: 0.001s
I20260709 12:19:42.577056 10438 consensus_queue.cc:1048] T 9770b444b3244f52bf7c55fc29839293 P 44ac0290b62247f2a4b08b21912489d1 [LEADER]: Connected to new peer: Peer: permanent_uuid: "8dac5b196ad942b884295f25282b4420" member_type: VOTER last_known_addr { host: "127.9.211.131" port: 43753 }, Status: LMP_MISMATCH, Last received: 0.0, Next index: 1, Last known committed idx: 0, Time since last communication: 0.001s
I20260709 12:19:42.596491 10435 consensus_queue.cc:1048] T faf55082db5042aa8a0b12963efd65f7 P 8dac5b196ad942b884295f25282b4420 [LEADER]: Connected to new peer: Peer: permanent_uuid: "d1d5446e60644f2b9f5ec701725846cb" member_type: VOTER last_known_addr { host: "127.9.211.130" port: 45499 }, Status: LMP_MISMATCH, Last received: 0.0, Next index: 1, Last known committed idx: 0, Time since last communication: 0.001s
I20260709 12:19:42.613817 10437 consensus_queue.cc:1048] T 6e04e74e1e9e451cb87d8f43a7063631 P 44ac0290b62247f2a4b08b21912489d1 [LEADER]: Connected to new peer: Peer: permanent_uuid: "8dac5b196ad942b884295f25282b4420" member_type: VOTER last_known_addr { host: "127.9.211.131" port: 43753 }, Status: LMP_MISMATCH, Last received: 0.0, Next index: 1, Last known committed idx: 0, Time since last communication: 0.001s
I20260709 12:19:42.628201 10399 consensus_queue.cc:1048] T 6e04e74e1e9e451cb87d8f43a7063631 P 44ac0290b62247f2a4b08b21912489d1 [LEADER]: Connected to new peer: Peer: permanent_uuid: "d1d5446e60644f2b9f5ec701725846cb" member_type: VOTER last_known_addr { host: "127.9.211.130" port: 45499 }, Status: LMP_MISMATCH, Last received: 0.0, Next index: 1, Last known committed idx: 0, Time since last communication: 0.000s
I20260709 12:19:42.642884 10434 consensus_queue.cc:1048] T e88506753b3f4aa198a3cf512609633e P d1d5446e60644f2b9f5ec701725846cb [LEADER]: Connected to new peer: Peer: permanent_uuid: "8dac5b196ad942b884295f25282b4420" member_type: VOTER last_known_addr { host: "127.9.211.131" port: 43753 }, Status: LMP_MISMATCH, Last received: 0.0, Next index: 1, Last known committed idx: 0, Time since last communication: 0.001s
I20260709 12:19:42.657102 10397 consensus_queue.cc:1048] T e88506753b3f4aa198a3cf512609633e P d1d5446e60644f2b9f5ec701725846cb [LEADER]: Connected to new peer: Peer: permanent_uuid: "44ac0290b62247f2a4b08b21912489d1" member_type: VOTER last_known_addr { host: "127.9.211.129" port: 34325 }, Status: LMP_MISMATCH, Last received: 0.0, Next index: 1, Last known committed idx: 0, Time since last communication: 0.000s
I20260709 12:19:42.677832 10399 consensus_queue.cc:1048] T 8e7a127d131a4ff9bc6a7034358b6009 P 44ac0290b62247f2a4b08b21912489d1 [LEADER]: Connected to new peer: Peer: permanent_uuid: "8dac5b196ad942b884295f25282b4420" member_type: VOTER last_known_addr { host: "127.9.211.131" port: 43753 }, Status: LMP_MISMATCH, Last received: 0.0, Next index: 1, Last known committed idx: 0, Time since last communication: 0.000s
I20260709 12:19:42.697484 10346 raft_consensus.cc:3060] T 2846cccbd9314c61a25e6c0aa8bb00a3 P 8dac5b196ad942b884295f25282b4420 [term 0 FOLLOWER]: Advancing to term 1
I20260709 12:19:42.699049 10438 consensus_queue.cc:1048] T 8e7a127d131a4ff9bc6a7034358b6009 P 44ac0290b62247f2a4b08b21912489d1 [LEADER]: Connected to new peer: Peer: permanent_uuid: "d1d5446e60644f2b9f5ec701725846cb" member_type: VOTER last_known_addr { host: "127.9.211.130" port: 45499 }, Status: LMP_MISMATCH, Last received: 0.0, Next index: 1, Last known committed idx: 0, Time since last communication: 0.001s
I20260709 12:19:42.705420 10397 consensus_queue.cc:1048] T 2846cccbd9314c61a25e6c0aa8bb00a3 P d1d5446e60644f2b9f5ec701725846cb [LEADER]: Connected to new peer: Peer: permanent_uuid: "8dac5b196ad942b884295f25282b4420" member_type: VOTER last_known_addr { host: "127.9.211.131" port: 43753 }, Status: LMP_MISMATCH, Last received: 0.0, Next index: 1, Last known committed idx: 0, Time since last communication: 0.000s
I20260709 12:19:42.736172 10440 consensus_queue.cc:1048] T 2846cccbd9314c61a25e6c0aa8bb00a3 P d1d5446e60644f2b9f5ec701725846cb [LEADER]: Connected to new peer: Peer: permanent_uuid: "44ac0290b62247f2a4b08b21912489d1" member_type: VOTER last_known_addr { host: "127.9.211.129" port: 34325 }, Status: LMP_MISMATCH, Last received: 0.0, Next index: 1, Last known committed idx: 0, Time since last communication: 0.000s
I20260709 12:19:42.759131 10346 tablet_service.cc:2072] Received LeaderStepDown RPC: tablet_id: "7302170733cb4b9486bd7014b35bf437"
dest_uuid: "8dac5b196ad942b884295f25282b4420"
mode: GRACEFUL
new_leader_uuid: "44ac0290b62247f2a4b08b21912489d1"
 from {username='slave'} at 127.0.0.1:42136
I20260709 12:19:42.759912 10346 raft_consensus.cc:606] T 7302170733cb4b9486bd7014b35bf437 P 8dac5b196ad942b884295f25282b4420 [term 1 LEADER]: Received request to transfer leadership to TS 44ac0290b62247f2a4b08b21912489d1
I20260709 12:19:42.777630 10270 tablet_service.cc:2072] Received LeaderStepDown RPC: tablet_id: "e88506753b3f4aa198a3cf512609633e"
dest_uuid: "d1d5446e60644f2b9f5ec701725846cb"
mode: GRACEFUL
new_leader_uuid: "44ac0290b62247f2a4b08b21912489d1"
 from {username='slave'} at 127.0.0.1:53758
I20260709 12:19:42.778204 10270 raft_consensus.cc:606] T e88506753b3f4aa198a3cf512609633e P d1d5446e60644f2b9f5ec701725846cb [term 1 LEADER]: Received request to transfer leadership to TS 44ac0290b62247f2a4b08b21912489d1
I20260709 12:19:42.781600 10435 consensus_queue.cc:1048] T dcf32a5cd1494003afa0dbe7415eff09 P 8dac5b196ad942b884295f25282b4420 [LEADER]: Connected to new peer: Peer: permanent_uuid: "44ac0290b62247f2a4b08b21912489d1" member_type: VOTER last_known_addr { host: "127.9.211.129" port: 34325 }, Status: LMP_MISMATCH, Last received: 0.0, Next index: 1, Last known committed idx: 0, Time since last communication: 0.001s
I20260709 12:19:42.788359 10346 tablet_service.cc:2072] Received LeaderStepDown RPC: tablet_id: "b68faab592c84c4dafb654844a289849"
dest_uuid: "8dac5b196ad942b884295f25282b4420"
mode: GRACEFUL
new_leader_uuid: "44ac0290b62247f2a4b08b21912489d1"
 from {username='slave'} at 127.0.0.1:42136
I20260709 12:19:42.789040 10346 raft_consensus.cc:606] T b68faab592c84c4dafb654844a289849 P 8dac5b196ad942b884295f25282b4420 [term 1 LEADER]: Received request to transfer leadership to TS 44ac0290b62247f2a4b08b21912489d1
I20260709 12:19:42.798520 10442 consensus_queue.cc:1048] T dcf32a5cd1494003afa0dbe7415eff09 P 8dac5b196ad942b884295f25282b4420 [LEADER]: Connected to new peer: Peer: permanent_uuid: "d1d5446e60644f2b9f5ec701725846cb" member_type: VOTER last_known_addr { host: "127.9.211.130" port: 45499 }, Status: LMP_MISMATCH, Last received: 0.0, Next index: 1, Last known committed idx: 0, Time since last communication: 0.000s
I20260709 12:19:42.808893 10346 tablet_service.cc:2072] Received LeaderStepDown RPC: tablet_id: "faf55082db5042aa8a0b12963efd65f7"
dest_uuid: "8dac5b196ad942b884295f25282b4420"
mode: GRACEFUL
new_leader_uuid: "44ac0290b62247f2a4b08b21912489d1"
 from {username='slave'} at 127.0.0.1:42136
I20260709 12:19:42.809617 10346 raft_consensus.cc:606] T faf55082db5042aa8a0b12963efd65f7 P 8dac5b196ad942b884295f25282b4420 [term 1 LEADER]: Received request to transfer leadership to TS 44ac0290b62247f2a4b08b21912489d1
I20260709 12:19:42.836933 10195 tablet_service.cc:2072] Received LeaderStepDown RPC: tablet_id: "9770b444b3244f52bf7c55fc29839293"
dest_uuid: "44ac0290b62247f2a4b08b21912489d1"
mode: GRACEFUL
new_leader_uuid: "d1d5446e60644f2b9f5ec701725846cb"
 from {username='slave'} at 127.0.0.1:57704
I20260709 12:19:42.837625 10195 raft_consensus.cc:606] T 9770b444b3244f52bf7c55fc29839293 P 44ac0290b62247f2a4b08b21912489d1 [term 1 LEADER]: Received request to transfer leadership to TS d1d5446e60644f2b9f5ec701725846cb
I20260709 12:19:42.840207 10442 raft_consensus.cc:993] T b68faab592c84c4dafb654844a289849 P 8dac5b196ad942b884295f25282b4420: : Instructing follower 44ac0290b62247f2a4b08b21912489d1 to start an election
I20260709 12:19:42.840638 10402 raft_consensus.cc:1081] T b68faab592c84c4dafb654844a289849 P 8dac5b196ad942b884295f25282b4420 [term 1 LEADER]: Signalling peer 44ac0290b62247f2a4b08b21912489d1 to start an election
I20260709 12:19:42.842581 10196 tablet_service.cc:2044] Received Run Leader Election RPC: tablet_id: "b68faab592c84c4dafb654844a289849"
dest_uuid: "44ac0290b62247f2a4b08b21912489d1"
 from {username='slave'} at 127.0.0.1:47800
I20260709 12:19:42.843238 10196 raft_consensus.cc:493] T b68faab592c84c4dafb654844a289849 P 44ac0290b62247f2a4b08b21912489d1 [term 1 FOLLOWER]: Starting forced leader election (received explicit request)
I20260709 12:19:42.843573 10196 raft_consensus.cc:3060] T b68faab592c84c4dafb654844a289849 P 44ac0290b62247f2a4b08b21912489d1 [term 1 FOLLOWER]: Advancing to term 2
I20260709 12:19:42.844681 10195 tablet_service.cc:2072] Received LeaderStepDown RPC: tablet_id: "6e04e74e1e9e451cb87d8f43a7063631"
dest_uuid: "44ac0290b62247f2a4b08b21912489d1"
mode: GRACEFUL
new_leader_uuid: "d1d5446e60644f2b9f5ec701725846cb"
 from {username='slave'} at 127.0.0.1:57704
I20260709 12:19:42.845360 10195 raft_consensus.cc:606] T 6e04e74e1e9e451cb87d8f43a7063631 P 44ac0290b62247f2a4b08b21912489d1 [term 1 LEADER]: Received request to transfer leadership to TS d1d5446e60644f2b9f5ec701725846cb
I20260709 12:19:42.850268 10196 raft_consensus.cc:515] T b68faab592c84c4dafb654844a289849 P 44ac0290b62247f2a4b08b21912489d1 [term 2 FOLLOWER]: Starting forced leader election with config: opid_index: -1 OBSOLETE_local: false peers { permanent_uuid: "44ac0290b62247f2a4b08b21912489d1" member_type: VOTER last_known_addr { host: "127.9.211.129" port: 34325 } } peers { permanent_uuid: "d1d5446e60644f2b9f5ec701725846cb" member_type: VOTER last_known_addr { host: "127.9.211.130" port: 45499 } } peers { permanent_uuid: "8dac5b196ad942b884295f25282b4420" member_type: VOTER last_known_addr { host: "127.9.211.131" port: 43753 } }
I20260709 12:19:42.853351 10196 leader_election.cc:290] T b68faab592c84c4dafb654844a289849 P 44ac0290b62247f2a4b08b21912489d1 [CANDIDATE]: Term 2 election: Requested vote from peers d1d5446e60644f2b9f5ec701725846cb (127.9.211.130:45499), 8dac5b196ad942b884295f25282b4420 (127.9.211.131:43753)
I20260709 12:19:42.853585 10270 tablet_service.cc:1917] Received RequestConsensusVote() RPC: tablet_id: "b68faab592c84c4dafb654844a289849" candidate_uuid: "44ac0290b62247f2a4b08b21912489d1" candidate_term: 2 candidate_status { last_received { term: 1 index: 1 } } ignore_live_leader: true dest_uuid: "d1d5446e60644f2b9f5ec701725846cb"
I20260709 12:19:42.854282 10270 raft_consensus.cc:3060] T b68faab592c84c4dafb654844a289849 P d1d5446e60644f2b9f5ec701725846cb [term 1 FOLLOWER]: Advancing to term 2
I20260709 12:19:42.855939 10346 tablet_service.cc:1917] Received RequestConsensusVote() RPC: tablet_id: "b68faab592c84c4dafb654844a289849" candidate_uuid: "44ac0290b62247f2a4b08b21912489d1" candidate_term: 2 candidate_status { last_received { term: 1 index: 1 } } ignore_live_leader: true dest_uuid: "8dac5b196ad942b884295f25282b4420"
I20260709 12:19:42.856238 10345 tablet_service.cc:2072] Received LeaderStepDown RPC: tablet_id: "dcf32a5cd1494003afa0dbe7415eff09"
dest_uuid: "8dac5b196ad942b884295f25282b4420"
mode: GRACEFUL
new_leader_uuid: "d1d5446e60644f2b9f5ec701725846cb"
 from {username='slave'} at 127.0.0.1:42136
I20260709 12:19:42.856631 10346 raft_consensus.cc:3055] T b68faab592c84c4dafb654844a289849 P 8dac5b196ad942b884295f25282b4420 [term 1 LEADER]: Stepping down as leader of term 1
I20260709 12:19:42.856915 10345 raft_consensus.cc:606] T dcf32a5cd1494003afa0dbe7415eff09 P 8dac5b196ad942b884295f25282b4420 [term 1 LEADER]: Received request to transfer leadership to TS d1d5446e60644f2b9f5ec701725846cb
I20260709 12:19:42.857069 10346 raft_consensus.cc:740] T b68faab592c84c4dafb654844a289849 P 8dac5b196ad942b884295f25282b4420 [term 1 LEADER]: Becoming Follower/Learner. State: Replica: 8dac5b196ad942b884295f25282b4420, State: Running, Role: LEADER
I20260709 12:19:42.858287 10346 consensus_queue.cc:260] T b68faab592c84c4dafb654844a289849 P 8dac5b196ad942b884295f25282b4420 [NON_LEADER]: Queue going to NON_LEADER mode. State: All replicated index: 0, Majority replicated index: 1, Committed index: 1, Last appended: 1.1, Last appended by leader: 1, Current term: 1, Majority size: -1, State: 0, Mode: NON_LEADER, active raft config: opid_index: -1 OBSOLETE_local: false peers { permanent_uuid: "44ac0290b62247f2a4b08b21912489d1" member_type: VOTER last_known_addr { host: "127.9.211.129" port: 34325 } } peers { permanent_uuid: "d1d5446e60644f2b9f5ec701725846cb" member_type: VOTER last_known_addr { host: "127.9.211.130" port: 45499 } } peers { permanent_uuid: "8dac5b196ad942b884295f25282b4420" member_type: VOTER last_known_addr { host: "127.9.211.131" port: 43753 } }
I20260709 12:19:42.859727 10346 raft_consensus.cc:3060] T b68faab592c84c4dafb654844a289849 P 8dac5b196ad942b884295f25282b4420 [term 1 FOLLOWER]: Advancing to term 2
I20260709 12:19:42.863420 10270 raft_consensus.cc:2468] T b68faab592c84c4dafb654844a289849 P d1d5446e60644f2b9f5ec701725846cb [term 2 FOLLOWER]: Leader election vote request: Granting yes vote for candidate 44ac0290b62247f2a4b08b21912489d1 in term 2.
I20260709 12:19:42.863915 10196 tablet_service.cc:2072] Received LeaderStepDown RPC: tablet_id: "8e7a127d131a4ff9bc6a7034358b6009"
dest_uuid: "44ac0290b62247f2a4b08b21912489d1"
mode: GRACEFUL
new_leader_uuid: "8dac5b196ad942b884295f25282b4420"
 from {username='slave'} at 127.0.0.1:57704
I20260709 12:19:42.864605 10196 raft_consensus.cc:606] T 8e7a127d131a4ff9bc6a7034358b6009 P 44ac0290b62247f2a4b08b21912489d1 [term 1 LEADER]: Received request to transfer leadership to TS 8dac5b196ad942b884295f25282b4420
I20260709 12:19:42.865028 10162 leader_election.cc:304] T b68faab592c84c4dafb654844a289849 P 44ac0290b62247f2a4b08b21912489d1 [CANDIDATE]: Term 2 election: Election decided. Result: candidate won. Election summary: received 2 responses out of 3 voters: 2 yes votes; 0 no votes. yes voters: 44ac0290b62247f2a4b08b21912489d1, d1d5446e60644f2b9f5ec701725846cb; no voters: 
I20260709 12:19:42.866000 10438 raft_consensus.cc:2804] T b68faab592c84c4dafb654844a289849 P 44ac0290b62247f2a4b08b21912489d1 [term 2 FOLLOWER]: Leader election won for term 2
I20260709 12:19:42.866549 10438 raft_consensus.cc:697] T b68faab592c84c4dafb654844a289849 P 44ac0290b62247f2a4b08b21912489d1 [term 2 LEADER]: Becoming Leader. State: Replica: 44ac0290b62247f2a4b08b21912489d1, State: Running, Role: LEADER
I20260709 12:19:42.866549 10346 raft_consensus.cc:2468] T b68faab592c84c4dafb654844a289849 P 8dac5b196ad942b884295f25282b4420 [term 2 FOLLOWER]: Leader election vote request: Granting yes vote for candidate 44ac0290b62247f2a4b08b21912489d1 in term 2.
I20260709 12:19:42.867559 10438 consensus_queue.cc:237] T b68faab592c84c4dafb654844a289849 P 44ac0290b62247f2a4b08b21912489d1 [LEADER]: Queue going to LEADER mode. State: All replicated index: 0, Majority replicated index: 1, Committed index: 1, Last appended: 1.1, Last appended by leader: 1, Current term: 2, Majority size: 2, State: 0, Mode: LEADER, active raft config: opid_index: -1 OBSOLETE_local: false peers { permanent_uuid: "44ac0290b62247f2a4b08b21912489d1" member_type: VOTER last_known_addr { host: "127.9.211.129" port: 34325 } } peers { permanent_uuid: "d1d5446e60644f2b9f5ec701725846cb" member_type: VOTER last_known_addr { host: "127.9.211.130" port: 45499 } } peers { permanent_uuid: "8dac5b196ad942b884295f25282b4420" member_type: VOTER last_known_addr { host: "127.9.211.131" port: 43753 } }
I20260709 12:19:42.875753 10094 catalog_manager.cc:5697] T b68faab592c84c4dafb654844a289849 P 44ac0290b62247f2a4b08b21912489d1 reported cstate change: term changed from 1 to 2, leader changed from 8dac5b196ad942b884295f25282b4420 (127.9.211.131) to 44ac0290b62247f2a4b08b21912489d1 (127.9.211.129). New cstate: current_term: 2 leader_uuid: "44ac0290b62247f2a4b08b21912489d1" committed_config { opid_index: -1 OBSOLETE_local: false peers { permanent_uuid: "44ac0290b62247f2a4b08b21912489d1" member_type: VOTER last_known_addr { host: "127.9.211.129" port: 34325 } health_report { overall_health: HEALTHY } } peers { permanent_uuid: "d1d5446e60644f2b9f5ec701725846cb" member_type: VOTER last_known_addr { host: "127.9.211.130" port: 45499 } health_report { overall_health: UNKNOWN } } peers { permanent_uuid: "8dac5b196ad942b884295f25282b4420" member_type: VOTER last_known_addr { host: "127.9.211.131" port: 43753 } health_report { overall_health: UNKNOWN } } }
I20260709 12:19:43.021656 10430 raft_consensus.cc:993] T 6e04e74e1e9e451cb87d8f43a7063631 P 44ac0290b62247f2a4b08b21912489d1: : Instructing follower d1d5446e60644f2b9f5ec701725846cb to start an election
I20260709 12:19:43.022195 10430 raft_consensus.cc:1081] T 6e04e74e1e9e451cb87d8f43a7063631 P 44ac0290b62247f2a4b08b21912489d1 [term 1 LEADER]: Signalling peer d1d5446e60644f2b9f5ec701725846cb to start an election
I20260709 12:19:43.026355 10270 tablet_service.cc:2044] Received Run Leader Election RPC: tablet_id: "6e04e74e1e9e451cb87d8f43a7063631"
dest_uuid: "d1d5446e60644f2b9f5ec701725846cb"
 from {username='slave'} at 127.0.0.1:53754
I20260709 12:19:43.027184 10270 raft_consensus.cc:493] T 6e04e74e1e9e451cb87d8f43a7063631 P d1d5446e60644f2b9f5ec701725846cb [term 1 FOLLOWER]: Starting forced leader election (received explicit request)
I20260709 12:19:43.031378 10270 raft_consensus.cc:3060] T 6e04e74e1e9e451cb87d8f43a7063631 P d1d5446e60644f2b9f5ec701725846cb [term 1 FOLLOWER]: Advancing to term 2
I20260709 12:19:43.039366 10270 raft_consensus.cc:515] T 6e04e74e1e9e451cb87d8f43a7063631 P d1d5446e60644f2b9f5ec701725846cb [term 2 FOLLOWER]: Starting forced leader election with config: opid_index: -1 OBSOLETE_local: false peers { permanent_uuid: "44ac0290b62247f2a4b08b21912489d1" member_type: VOTER last_known_addr { host: "127.9.211.129" port: 34325 } } peers { permanent_uuid: "d1d5446e60644f2b9f5ec701725846cb" member_type: VOTER last_known_addr { host: "127.9.211.130" port: 45499 } } peers { permanent_uuid: "8dac5b196ad942b884295f25282b4420" member_type: VOTER last_known_addr { host: "127.9.211.131" port: 43753 } }
I20260709 12:19:43.043035 10196 tablet_service.cc:1917] Received RequestConsensusVote() RPC: tablet_id: "6e04e74e1e9e451cb87d8f43a7063631" candidate_uuid: "d1d5446e60644f2b9f5ec701725846cb" candidate_term: 2 candidate_status { last_received { term: 1 index: 1 } } ignore_live_leader: true dest_uuid: "44ac0290b62247f2a4b08b21912489d1"
I20260709 12:19:43.043064 10346 tablet_service.cc:1917] Received RequestConsensusVote() RPC: tablet_id: "6e04e74e1e9e451cb87d8f43a7063631" candidate_uuid: "d1d5446e60644f2b9f5ec701725846cb" candidate_term: 2 candidate_status { last_received { term: 1 index: 1 } } ignore_live_leader: true dest_uuid: "8dac5b196ad942b884295f25282b4420"
I20260709 12:19:43.043838 10196 raft_consensus.cc:3055] T 6e04e74e1e9e451cb87d8f43a7063631 P 44ac0290b62247f2a4b08b21912489d1 [term 1 LEADER]: Stepping down as leader of term 1
I20260709 12:19:43.044232 10196 raft_consensus.cc:740] T 6e04e74e1e9e451cb87d8f43a7063631 P 44ac0290b62247f2a4b08b21912489d1 [term 1 LEADER]: Becoming Follower/Learner. State: Replica: 44ac0290b62247f2a4b08b21912489d1, State: Running, Role: LEADER
I20260709 12:19:43.044413 10346 raft_consensus.cc:3060] T 6e04e74e1e9e451cb87d8f43a7063631 P 8dac5b196ad942b884295f25282b4420 [term 1 FOLLOWER]: Advancing to term 2
I20260709 12:19:43.045162 10196 consensus_queue.cc:260] T 6e04e74e1e9e451cb87d8f43a7063631 P 44ac0290b62247f2a4b08b21912489d1 [NON_LEADER]: Queue going to NON_LEADER mode. State: All replicated index: 0, Majority replicated index: 1, Committed index: 1, Last appended: 1.1, Last appended by leader: 1, Current term: 1, Majority size: -1, State: 0, Mode: NON_LEADER, active raft config: opid_index: -1 OBSOLETE_local: false peers { permanent_uuid: "44ac0290b62247f2a4b08b21912489d1" member_type: VOTER last_known_addr { host: "127.9.211.129" port: 34325 } } peers { permanent_uuid: "d1d5446e60644f2b9f5ec701725846cb" member_type: VOTER last_known_addr { host: "127.9.211.130" port: 45499 } } peers { permanent_uuid: "8dac5b196ad942b884295f25282b4420" member_type: VOTER last_known_addr { host: "127.9.211.131" port: 43753 } }
I20260709 12:19:43.046443 10196 raft_consensus.cc:3060] T 6e04e74e1e9e451cb87d8f43a7063631 P 44ac0290b62247f2a4b08b21912489d1 [term 1 FOLLOWER]: Advancing to term 2
I20260709 12:19:43.050128 10346 raft_consensus.cc:2468] T 6e04e74e1e9e451cb87d8f43a7063631 P 8dac5b196ad942b884295f25282b4420 [term 2 FOLLOWER]: Leader election vote request: Granting yes vote for candidate d1d5446e60644f2b9f5ec701725846cb in term 2.
I20260709 12:19:43.051822 10238 leader_election.cc:304] T 6e04e74e1e9e451cb87d8f43a7063631 P d1d5446e60644f2b9f5ec701725846cb [CANDIDATE]: Term 2 election: Election decided. Result: candidate won. Election summary: received 2 responses out of 3 voters: 2 yes votes; 0 no votes. yes voters: 8dac5b196ad942b884295f25282b4420, d1d5446e60644f2b9f5ec701725846cb; no voters: 
I20260709 12:19:43.042428 10270 leader_election.cc:290] T 6e04e74e1e9e451cb87d8f43a7063631 P d1d5446e60644f2b9f5ec701725846cb [CANDIDATE]: Term 2 election: Requested vote from peers 44ac0290b62247f2a4b08b21912489d1 (127.9.211.129:34325), 8dac5b196ad942b884295f25282b4420 (127.9.211.131:43753)
I20260709 12:19:43.054550 10196 raft_consensus.cc:2468] T 6e04e74e1e9e451cb87d8f43a7063631 P 44ac0290b62247f2a4b08b21912489d1 [term 2 FOLLOWER]: Leader election vote request: Granting yes vote for candidate d1d5446e60644f2b9f5ec701725846cb in term 2.
I20260709 12:19:43.056802 10440 raft_consensus.cc:2804] T 6e04e74e1e9e451cb87d8f43a7063631 P d1d5446e60644f2b9f5ec701725846cb [term 2 FOLLOWER]: Leader election won for term 2
I20260709 12:19:43.057431 10440 raft_consensus.cc:697] T 6e04e74e1e9e451cb87d8f43a7063631 P d1d5446e60644f2b9f5ec701725846cb [term 2 LEADER]: Becoming Leader. State: Replica: d1d5446e60644f2b9f5ec701725846cb, State: Running, Role: LEADER
I20260709 12:19:43.058406 10440 consensus_queue.cc:237] T 6e04e74e1e9e451cb87d8f43a7063631 P d1d5446e60644f2b9f5ec701725846cb [LEADER]: Queue going to LEADER mode. State: All replicated index: 0, Majority replicated index: 1, Committed index: 1, Last appended: 1.1, Last appended by leader: 1, Current term: 2, Majority size: 2, State: 0, Mode: LEADER, active raft config: opid_index: -1 OBSOLETE_local: false peers { permanent_uuid: "44ac0290b62247f2a4b08b21912489d1" member_type: VOTER last_known_addr { host: "127.9.211.129" port: 34325 } } peers { permanent_uuid: "d1d5446e60644f2b9f5ec701725846cb" member_type: VOTER last_known_addr { host: "127.9.211.130" port: 45499 } } peers { permanent_uuid: "8dac5b196ad942b884295f25282b4420" member_type: VOTER last_known_addr { host: "127.9.211.131" port: 43753 } }
I20260709 12:19:43.068288 10094 catalog_manager.cc:5697] T 6e04e74e1e9e451cb87d8f43a7063631 P d1d5446e60644f2b9f5ec701725846cb reported cstate change: term changed from 1 to 2, leader changed from 44ac0290b62247f2a4b08b21912489d1 (127.9.211.129) to d1d5446e60644f2b9f5ec701725846cb (127.9.211.130). New cstate: current_term: 2 leader_uuid: "d1d5446e60644f2b9f5ec701725846cb" committed_config { opid_index: -1 OBSOLETE_local: false peers { permanent_uuid: "44ac0290b62247f2a4b08b21912489d1" member_type: VOTER last_known_addr { host: "127.9.211.129" port: 34325 } health_report { overall_health: UNKNOWN } } peers { permanent_uuid: "d1d5446e60644f2b9f5ec701725846cb" member_type: VOTER last_known_addr { host: "127.9.211.130" port: 45499 } health_report { overall_health: HEALTHY } } peers { permanent_uuid: "8dac5b196ad942b884295f25282b4420" member_type: VOTER last_known_addr { host: "127.9.211.131" port: 43753 } health_report { overall_health: UNKNOWN } } }
I20260709 12:19:43.071358 10438 raft_consensus.cc:993] T 9770b444b3244f52bf7c55fc29839293 P 44ac0290b62247f2a4b08b21912489d1: : Instructing follower d1d5446e60644f2b9f5ec701725846cb to start an election
I20260709 12:19:43.072072 10430 raft_consensus.cc:1081] T 9770b444b3244f52bf7c55fc29839293 P 44ac0290b62247f2a4b08b21912489d1 [term 1 LEADER]: Signalling peer d1d5446e60644f2b9f5ec701725846cb to start an election
I20260709 12:19:43.076592 10270 tablet_service.cc:2044] Received Run Leader Election RPC: tablet_id: "9770b444b3244f52bf7c55fc29839293"
dest_uuid: "d1d5446e60644f2b9f5ec701725846cb"
 from {username='slave'} at 127.0.0.1:53754
I20260709 12:19:43.077281 10270 raft_consensus.cc:493] T 9770b444b3244f52bf7c55fc29839293 P d1d5446e60644f2b9f5ec701725846cb [term 1 FOLLOWER]: Starting forced leader election (received explicit request)
I20260709 12:19:43.077682 10270 raft_consensus.cc:3060] T 9770b444b3244f52bf7c55fc29839293 P d1d5446e60644f2b9f5ec701725846cb [term 1 FOLLOWER]: Advancing to term 2
I20260709 12:19:43.078167 10402 raft_consensus.cc:993] T 7302170733cb4b9486bd7014b35bf437 P 8dac5b196ad942b884295f25282b4420: : Instructing follower 44ac0290b62247f2a4b08b21912489d1 to start an election
I20260709 12:19:43.078648 10402 raft_consensus.cc:1081] T 7302170733cb4b9486bd7014b35bf437 P 8dac5b196ad942b884295f25282b4420 [term 1 LEADER]: Signalling peer 44ac0290b62247f2a4b08b21912489d1 to start an election
I20260709 12:19:43.080545 10195 tablet_service.cc:2044] Received Run Leader Election RPC: tablet_id: "7302170733cb4b9486bd7014b35bf437"
dest_uuid: "44ac0290b62247f2a4b08b21912489d1"
 from {username='slave'} at 127.0.0.1:47800
I20260709 12:19:43.081238 10195 raft_consensus.cc:493] T 7302170733cb4b9486bd7014b35bf437 P 44ac0290b62247f2a4b08b21912489d1 [term 1 FOLLOWER]: Starting forced leader election (received explicit request)
I20260709 12:19:43.081664 10195 raft_consensus.cc:3060] T 7302170733cb4b9486bd7014b35bf437 P 44ac0290b62247f2a4b08b21912489d1 [term 1 FOLLOWER]: Advancing to term 2
I20260709 12:19:43.088712 10270 raft_consensus.cc:515] T 9770b444b3244f52bf7c55fc29839293 P d1d5446e60644f2b9f5ec701725846cb [term 2 FOLLOWER]: Starting forced leader election with config: opid_index: -1 OBSOLETE_local: false peers { permanent_uuid: "44ac0290b62247f2a4b08b21912489d1" member_type: VOTER last_known_addr { host: "127.9.211.129" port: 34325 } } peers { permanent_uuid: "d1d5446e60644f2b9f5ec701725846cb" member_type: VOTER last_known_addr { host: "127.9.211.130" port: 45499 } } peers { permanent_uuid: "8dac5b196ad942b884295f25282b4420" member_type: VOTER last_known_addr { host: "127.9.211.131" port: 43753 } }
I20260709 12:19:43.096846 10397 raft_consensus.cc:993] T e88506753b3f4aa198a3cf512609633e P d1d5446e60644f2b9f5ec701725846cb: : Instructing follower 44ac0290b62247f2a4b08b21912489d1 to start an election
I20260709 12:19:43.097357 10397 raft_consensus.cc:1081] T e88506753b3f4aa198a3cf512609633e P d1d5446e60644f2b9f5ec701725846cb [term 1 LEADER]: Signalling peer 44ac0290b62247f2a4b08b21912489d1 to start an election
I20260709 12:19:43.098047 10346 tablet_service.cc:1917] Received RequestConsensusVote() RPC: tablet_id: "9770b444b3244f52bf7c55fc29839293" candidate_uuid: "d1d5446e60644f2b9f5ec701725846cb" candidate_term: 2 candidate_status { last_received { term: 1 index: 1 } } ignore_live_leader: true dest_uuid: "8dac5b196ad942b884295f25282b4420"
I20260709 12:19:43.098757 10346 raft_consensus.cc:3060] T 9770b444b3244f52bf7c55fc29839293 P 8dac5b196ad942b884295f25282b4420 [term 1 FOLLOWER]: Advancing to term 2
I20260709 12:19:43.100147 10197 tablet_service.cc:2044] Received Run Leader Election RPC: tablet_id: "e88506753b3f4aa198a3cf512609633e"
dest_uuid: "44ac0290b62247f2a4b08b21912489d1"
 from {username='slave'} at 127.0.0.1:57692
I20260709 12:19:43.100814 10197 raft_consensus.cc:493] T e88506753b3f4aa198a3cf512609633e P 44ac0290b62247f2a4b08b21912489d1 [term 1 FOLLOWER]: Starting forced leader election (received explicit request)
I20260709 12:19:43.101171 10197 raft_consensus.cc:3060] T e88506753b3f4aa198a3cf512609633e P 44ac0290b62247f2a4b08b21912489d1 [term 1 FOLLOWER]: Advancing to term 2
I20260709 12:19:43.107543 10270 leader_election.cc:290] T 9770b444b3244f52bf7c55fc29839293 P d1d5446e60644f2b9f5ec701725846cb [CANDIDATE]: Term 2 election: Requested vote from peers 44ac0290b62247f2a4b08b21912489d1 (127.9.211.129:34325), 8dac5b196ad942b884295f25282b4420 (127.9.211.131:43753)
I20260709 12:19:43.109536 10194 tablet_service.cc:1917] Received RequestConsensusVote() RPC: tablet_id: "9770b444b3244f52bf7c55fc29839293" candidate_uuid: "d1d5446e60644f2b9f5ec701725846cb" candidate_term: 2 candidate_status { last_received { term: 1 index: 1 } } ignore_live_leader: true dest_uuid: "44ac0290b62247f2a4b08b21912489d1"
I20260709 12:19:43.110312 10194 raft_consensus.cc:3055] T 9770b444b3244f52bf7c55fc29839293 P 44ac0290b62247f2a4b08b21912489d1 [term 1 LEADER]: Stepping down as leader of term 1
I20260709 12:19:43.110635 10194 raft_consensus.cc:740] T 9770b444b3244f52bf7c55fc29839293 P 44ac0290b62247f2a4b08b21912489d1 [term 1 LEADER]: Becoming Follower/Learner. State: Replica: 44ac0290b62247f2a4b08b21912489d1, State: Running, Role: LEADER
I20260709 12:19:43.111778 10194 consensus_queue.cc:260] T 9770b444b3244f52bf7c55fc29839293 P 44ac0290b62247f2a4b08b21912489d1 [NON_LEADER]: Queue going to NON_LEADER mode. State: All replicated index: 0, Majority replicated index: 1, Committed index: 1, Last appended: 1.1, Last appended by leader: 1, Current term: 1, Majority size: -1, State: 0, Mode: NON_LEADER, active raft config: opid_index: -1 OBSOLETE_local: false peers { permanent_uuid: "44ac0290b62247f2a4b08b21912489d1" member_type: VOTER last_known_addr { host: "127.9.211.129" port: 34325 } } peers { permanent_uuid: "d1d5446e60644f2b9f5ec701725846cb" member_type: VOTER last_known_addr { host: "127.9.211.130" port: 45499 } } peers { permanent_uuid: "8dac5b196ad942b884295f25282b4420" member_type: VOTER last_known_addr { host: "127.9.211.131" port: 43753 } }
I20260709 12:19:43.113318 10194 raft_consensus.cc:3060] T 9770b444b3244f52bf7c55fc29839293 P 44ac0290b62247f2a4b08b21912489d1 [term 1 FOLLOWER]: Advancing to term 2
I20260709 12:19:43.122651 10430 raft_consensus.cc:993] T 8e7a127d131a4ff9bc6a7034358b6009 P 44ac0290b62247f2a4b08b21912489d1: : Instructing follower 8dac5b196ad942b884295f25282b4420 to start an election
I20260709 12:19:43.123191 10430 raft_consensus.cc:1081] T 8e7a127d131a4ff9bc6a7034358b6009 P 44ac0290b62247f2a4b08b21912489d1 [term 1 LEADER]: Signalling peer 8dac5b196ad942b884295f25282b4420 to start an election
I20260709 12:19:43.123188 10197 raft_consensus.cc:515] T e88506753b3f4aa198a3cf512609633e P 44ac0290b62247f2a4b08b21912489d1 [term 2 FOLLOWER]: Starting forced leader election with config: opid_index: -1 OBSOLETE_local: false peers { permanent_uuid: "44ac0290b62247f2a4b08b21912489d1" member_type: VOTER last_known_addr { host: "127.9.211.129" port: 34325 } } peers { permanent_uuid: "d1d5446e60644f2b9f5ec701725846cb" member_type: VOTER last_known_addr { host: "127.9.211.130" port: 45499 } } peers { permanent_uuid: "8dac5b196ad942b884295f25282b4420" member_type: VOTER last_known_addr { host: "127.9.211.131" port: 43753 } }
I20260709 12:19:43.116273 10195 raft_consensus.cc:515] T 7302170733cb4b9486bd7014b35bf437 P 44ac0290b62247f2a4b08b21912489d1 [term 2 FOLLOWER]: Starting forced leader election with config: opid_index: -1 OBSOLETE_local: false peers { permanent_uuid: "8dac5b196ad942b884295f25282b4420" member_type: VOTER last_known_addr { host: "127.9.211.131" port: 43753 } } peers { permanent_uuid: "44ac0290b62247f2a4b08b21912489d1" member_type: VOTER last_known_addr { host: "127.9.211.129" port: 34325 } } peers { permanent_uuid: "d1d5446e60644f2b9f5ec701725846cb" member_type: VOTER last_known_addr { host: "127.9.211.130" port: 45499 } }
I20260709 12:19:43.125133 10345 tablet_service.cc:2044] Received Run Leader Election RPC: tablet_id: "8e7a127d131a4ff9bc6a7034358b6009"
dest_uuid: "8dac5b196ad942b884295f25282b4420"
 from {username='slave'} at 127.0.0.1:42132
I20260709 12:19:43.125787 10345 raft_consensus.cc:493] T 8e7a127d131a4ff9bc6a7034358b6009 P 8dac5b196ad942b884295f25282b4420 [term 1 FOLLOWER]: Starting forced leader election (received explicit request)
I20260709 12:19:43.126171 10345 raft_consensus.cc:3060] T 8e7a127d131a4ff9bc6a7034358b6009 P 8dac5b196ad942b884295f25282b4420 [term 1 FOLLOWER]: Advancing to term 2
I20260709 12:19:43.127655 10270 tablet_service.cc:1917] Received RequestConsensusVote() RPC: tablet_id: "7302170733cb4b9486bd7014b35bf437" candidate_uuid: "44ac0290b62247f2a4b08b21912489d1" candidate_term: 2 candidate_status { last_received { term: 1 index: 1 } } ignore_live_leader: true dest_uuid: "d1d5446e60644f2b9f5ec701725846cb"
I20260709 12:19:43.128265 10270 raft_consensus.cc:3060] T 7302170733cb4b9486bd7014b35bf437 P d1d5446e60644f2b9f5ec701725846cb [term 1 FOLLOWER]: Advancing to term 2
I20260709 12:19:43.115511 10346 raft_consensus.cc:2468] T 9770b444b3244f52bf7c55fc29839293 P 8dac5b196ad942b884295f25282b4420 [term 2 FOLLOWER]: Leader election vote request: Granting yes vote for candidate d1d5446e60644f2b9f5ec701725846cb in term 2.
I20260709 12:19:43.131314 10271 tablet_service.cc:1917] Received RequestConsensusVote() RPC: tablet_id: "e88506753b3f4aa198a3cf512609633e" candidate_uuid: "44ac0290b62247f2a4b08b21912489d1" candidate_term: 2 candidate_status { last_received { term: 1 index: 1 } } ignore_live_leader: true dest_uuid: "d1d5446e60644f2b9f5ec701725846cb"
I20260709 12:19:43.132078 10271 raft_consensus.cc:3055] T e88506753b3f4aa198a3cf512609633e P d1d5446e60644f2b9f5ec701725846cb [term 1 LEADER]: Stepping down as leader of term 1
I20260709 12:19:43.132400 10271 raft_consensus.cc:740] T e88506753b3f4aa198a3cf512609633e P d1d5446e60644f2b9f5ec701725846cb [term 1 LEADER]: Becoming Follower/Learner. State: Replica: d1d5446e60644f2b9f5ec701725846cb, State: Running, Role: LEADER
I20260709 12:19:43.132440 10344 tablet_service.cc:1917] Received RequestConsensusVote() RPC: tablet_id: "7302170733cb4b9486bd7014b35bf437" candidate_uuid: "44ac0290b62247f2a4b08b21912489d1" candidate_term: 2 candidate_status { last_received { term: 1 index: 1 } } ignore_live_leader: true dest_uuid: "8dac5b196ad942b884295f25282b4420"
I20260709 12:19:43.133371 10344 raft_consensus.cc:3055] T 7302170733cb4b9486bd7014b35bf437 P 8dac5b196ad942b884295f25282b4420 [term 1 LEADER]: Stepping down as leader of term 1
