I20260709 12:20:44.246227 11456 consensus_queue.cc:260] T 7823310de57c47eda16b3aa3d3b74c57 P d97c37f0a9f4482785927a2251fde22f [NON_LEADER]: Queue going to NON_LEADER mode. State: All replicated index: 0, Majority replicated index: 0, Committed index: 0, Last appended: 0.0, Last appended by leader: 0, Current term: 0, Majority size: -1, State: 0, Mode: NON_LEADER, active raft config: opid_index: -1 OBSOLETE_local: false peers { permanent_uuid: "b81d720784b042e49293483cb8fa0d12" member_type: VOTER last_known_addr { host: "127.9.211.129" port: 34367 } } peers { permanent_uuid: "d97c37f0a9f4482785927a2251fde22f" member_type: VOTER last_known_addr { host: "127.9.211.130" port: 39225 } } peers { permanent_uuid: "5ecb86c81a604d0b8e884f72c40ce8e6" member_type: VOTER last_known_addr { host: "127.9.211.131" port: 36725 } }
I20260709 12:20:44.247532 11415 raft_consensus.cc:2468] T c289c93c96524a8595fb8673d1188bba P 5ecb86c81a604d0b8e884f72c40ce8e6 [term 1 FOLLOWER]: Leader election vote request: Granting yes vote for candidate d97c37f0a9f4482785927a2251fde22f in term 1.
I20260709 12:20:44.250202 11455 tablet_bootstrap.cc:492] T c620a551f55a43b0900d0ae6a39648e2 P b81d720784b042e49293483cb8fa0d12: No bootstrap required, opened a new log
I20260709 12:20:44.250288 11456 ts_tablet_manager.cc:1434] T 7823310de57c47eda16b3aa3d3b74c57 P d97c37f0a9f4482785927a2251fde22f: Time spent starting tablet: real 0.009s	user 0.005s	sys 0.001s
I20260709 12:20:44.251361 11455 ts_tablet_manager.cc:1403] T c620a551f55a43b0900d0ae6a39648e2 P b81d720784b042e49293483cb8fa0d12: Time spent bootstrapping tablet: real 0.066s	user 0.012s	sys 0.034s
I20260709 12:20:44.252267 11456 tablet_bootstrap.cc:492] T f6bf083e62e142f8bf16a1f5aca827c4 P d97c37f0a9f4482785927a2251fde22f: Bootstrap starting.
I20260709 12:20:44.252039 11305 leader_election.cc:304] T c289c93c96524a8595fb8673d1188bba P d97c37f0a9f4482785927a2251fde22f [CANDIDATE]: Term 1 election: Election decided. Result: candidate won. Election summary: received 2 responses out of 3 voters: 2 yes votes; 0 no votes. yes voters: 5ecb86c81a604d0b8e884f72c40ce8e6, d97c37f0a9f4482785927a2251fde22f; no voters: 
I20260709 12:20:44.254014 11455 raft_consensus.cc:359] T c620a551f55a43b0900d0ae6a39648e2 P b81d720784b042e49293483cb8fa0d12 [term 0 FOLLOWER]: Replica starting. Triggering 0 pending ops. Active config: opid_index: -1 OBSOLETE_local: false peers { permanent_uuid: "b81d720784b042e49293483cb8fa0d12" member_type: VOTER last_known_addr { host: "127.9.211.129" port: 34367 } } peers { permanent_uuid: "d97c37f0a9f4482785927a2251fde22f" member_type: VOTER last_known_addr { host: "127.9.211.130" port: 39225 } } peers { permanent_uuid: "5ecb86c81a604d0b8e884f72c40ce8e6" member_type: VOTER last_known_addr { host: "127.9.211.131" port: 36725 } }
I20260709 12:20:44.255196 11455 raft_consensus.cc:385] T c620a551f55a43b0900d0ae6a39648e2 P b81d720784b042e49293483cb8fa0d12 [term 0 FOLLOWER]: Consensus starting up: Expiring failure detector timer to make a prompt election more likely
I20260709 12:20:44.255373 11564 raft_consensus.cc:2804] T c289c93c96524a8595fb8673d1188bba P d97c37f0a9f4482785927a2251fde22f [term 1 FOLLOWER]: Leader election won for term 1
I20260709 12:20:44.255483 11455 raft_consensus.cc:740] T c620a551f55a43b0900d0ae6a39648e2 P b81d720784b042e49293483cb8fa0d12 [term 0 FOLLOWER]: Becoming Follower/Learner. State: Replica: b81d720784b042e49293483cb8fa0d12, State: Initialized, Role: FOLLOWER
I20260709 12:20:44.240171 11459 consensus_queue.cc:260] T 7823310de57c47eda16b3aa3d3b74c57 P 5ecb86c81a604d0b8e884f72c40ce8e6 [NON_LEADER]: Queue going to NON_LEADER mode. State: All replicated index: 0, Majority replicated index: 0, Committed index: 0, Last appended: 0.0, Last appended by leader: 0, Current term: 0, Majority size: -1, State: 0, Mode: NON_LEADER, active raft config: opid_index: -1 OBSOLETE_local: false peers { permanent_uuid: "b81d720784b042e49293483cb8fa0d12" member_type: VOTER last_known_addr { host: "127.9.211.129" port: 34367 } } peers { permanent_uuid: "d97c37f0a9f4482785927a2251fde22f" member_type: VOTER last_known_addr { host: "127.9.211.130" port: 39225 } } peers { permanent_uuid: "5ecb86c81a604d0b8e884f72c40ce8e6" member_type: VOTER last_known_addr { host: "127.9.211.131" port: 36725 } }
I20260709 12:20:44.255928 11564 raft_consensus.cc:697] T c289c93c96524a8595fb8673d1188bba P d97c37f0a9f4482785927a2251fde22f [term 1 LEADER]: Becoming Leader. State: Replica: d97c37f0a9f4482785927a2251fde22f, State: Running, Role: LEADER
I20260709 12:20:44.256330 11455 consensus_queue.cc:260] T c620a551f55a43b0900d0ae6a39648e2 P b81d720784b042e49293483cb8fa0d12 [NON_LEADER]: Queue going to NON_LEADER mode. State: All replicated index: 0, Majority replicated index: 0, Committed index: 0, Last appended: 0.0, Last appended by leader: 0, Current term: 0, Majority size: -1, State: 0, Mode: NON_LEADER, active raft config: opid_index: -1 OBSOLETE_local: false peers { permanent_uuid: "b81d720784b042e49293483cb8fa0d12" member_type: VOTER last_known_addr { host: "127.9.211.129" port: 34367 } } peers { permanent_uuid: "d97c37f0a9f4482785927a2251fde22f" member_type: VOTER last_known_addr { host: "127.9.211.130" port: 39225 } } peers { permanent_uuid: "5ecb86c81a604d0b8e884f72c40ce8e6" member_type: VOTER last_known_addr { host: "127.9.211.131" port: 36725 } }
I20260709 12:20:44.257992 11459 ts_tablet_manager.cc:1434] T 7823310de57c47eda16b3aa3d3b74c57 P 5ecb86c81a604d0b8e884f72c40ce8e6: Time spent starting tablet: real 0.023s	user 0.006s	sys 0.001s
I20260709 12:20:44.258571 11455 ts_tablet_manager.cc:1434] T c620a551f55a43b0900d0ae6a39648e2 P b81d720784b042e49293483cb8fa0d12: Time spent starting tablet: real 0.007s	user 0.005s	sys 0.000s
I20260709 12:20:44.258219 11564 consensus_queue.cc:237] T c289c93c96524a8595fb8673d1188bba P d97c37f0a9f4482785927a2251fde22f [LEADER]: Queue going to LEADER mode. State: All replicated index: 0, Majority replicated index: 0, Committed index: 0, Last appended: 0.0, Last appended by leader: 0, Current term: 1, Majority size: 2, State: 0, Mode: LEADER, active raft config: opid_index: -1 OBSOLETE_local: false peers { permanent_uuid: "b81d720784b042e49293483cb8fa0d12" member_type: VOTER last_known_addr { host: "127.9.211.129" port: 34367 } } peers { permanent_uuid: "d97c37f0a9f4482785927a2251fde22f" member_type: VOTER last_known_addr { host: "127.9.211.130" port: 39225 } } peers { permanent_uuid: "5ecb86c81a604d0b8e884f72c40ce8e6" member_type: VOTER last_known_addr { host: "127.9.211.131" port: 36725 } }
I20260709 12:20:44.259063 11459 tablet_bootstrap.cc:492] T 1f4fe8b156b540a08720b46f8d44aa4d P 5ecb86c81a604d0b8e884f72c40ce8e6: Bootstrap starting.
I20260709 12:20:44.259493 11455 tablet_bootstrap.cc:492] T edff4cec50b14f0fb704150efa0de19c P b81d720784b042e49293483cb8fa0d12: Bootstrap starting.
I20260709 12:20:44.265313 11456 tablet_bootstrap.cc:654] T f6bf083e62e142f8bf16a1f5aca827c4 P d97c37f0a9f4482785927a2251fde22f: Neither blocks nor log segments found. Creating new log.
I20260709 12:20:44.267969 11524 consensus_queue.cc:1048] T ac26b025e7db41efa0f8c83246b2125d P 5ecb86c81a604d0b8e884f72c40ce8e6 [LEADER]: Connected to new peer: Peer: permanent_uuid: "b81d720784b042e49293483cb8fa0d12" member_type: VOTER last_known_addr { host: "127.9.211.129" port: 34367 }, Status: LMP_MISMATCH, Last received: 0.0, Next index: 1, Last known committed idx: 0, Time since last communication: 0.000s
I20260709 12:20:44.269264 11455 tablet_bootstrap.cc:654] T edff4cec50b14f0fb704150efa0de19c P b81d720784b042e49293483cb8fa0d12: Neither blocks nor log segments found. Creating new log.
I20260709 12:20:44.273711 11459 tablet_bootstrap.cc:654] T 1f4fe8b156b540a08720b46f8d44aa4d P 5ecb86c81a604d0b8e884f72c40ce8e6: Neither blocks nor log segments found. Creating new log.
I20260709 12:20:44.288412 11459 tablet_bootstrap.cc:492] T 1f4fe8b156b540a08720b46f8d44aa4d P 5ecb86c81a604d0b8e884f72c40ce8e6: No bootstrap required, opened a new log
I20260709 12:20:44.289119 11459 ts_tablet_manager.cc:1403] T 1f4fe8b156b540a08720b46f8d44aa4d P 5ecb86c81a604d0b8e884f72c40ce8e6: Time spent bootstrapping tablet: real 0.030s	user 0.017s	sys 0.004s
I20260709 12:20:44.293121 11459 raft_consensus.cc:359] T 1f4fe8b156b540a08720b46f8d44aa4d P 5ecb86c81a604d0b8e884f72c40ce8e6 [term 0 FOLLOWER]: Replica starting. Triggering 0 pending ops. Active config: opid_index: -1 OBSOLETE_local: false peers { permanent_uuid: "b81d720784b042e49293483cb8fa0d12" member_type: VOTER last_known_addr { host: "127.9.211.129" port: 34367 } } peers { permanent_uuid: "d97c37f0a9f4482785927a2251fde22f" member_type: VOTER last_known_addr { host: "127.9.211.130" port: 39225 } } peers { permanent_uuid: "5ecb86c81a604d0b8e884f72c40ce8e6" member_type: VOTER last_known_addr { host: "127.9.211.131" port: 36725 } }
I20260709 12:20:44.293905 11459 raft_consensus.cc:385] T 1f4fe8b156b540a08720b46f8d44aa4d P 5ecb86c81a604d0b8e884f72c40ce8e6 [term 0 FOLLOWER]: Consensus starting up: Expiring failure detector timer to make a prompt election more likely
I20260709 12:20:44.294159 11459 raft_consensus.cc:740] T 1f4fe8b156b540a08720b46f8d44aa4d P 5ecb86c81a604d0b8e884f72c40ce8e6 [term 0 FOLLOWER]: Becoming Follower/Learner. State: Replica: 5ecb86c81a604d0b8e884f72c40ce8e6, State: Initialized, Role: FOLLOWER
I20260709 12:20:44.295089 11459 consensus_queue.cc:260] T 1f4fe8b156b540a08720b46f8d44aa4d P 5ecb86c81a604d0b8e884f72c40ce8e6 [NON_LEADER]: Queue going to NON_LEADER mode. State: All replicated index: 0, Majority replicated index: 0, Committed index: 0, Last appended: 0.0, Last appended by leader: 0, Current term: 0, Majority size: -1, State: 0, Mode: NON_LEADER, active raft config: opid_index: -1 OBSOLETE_local: false peers { permanent_uuid: "b81d720784b042e49293483cb8fa0d12" member_type: VOTER last_known_addr { host: "127.9.211.129" port: 34367 } } peers { permanent_uuid: "d97c37f0a9f4482785927a2251fde22f" member_type: VOTER last_known_addr { host: "127.9.211.130" port: 39225 } } peers { permanent_uuid: "5ecb86c81a604d0b8e884f72c40ce8e6" member_type: VOTER last_known_addr { host: "127.9.211.131" port: 36725 } }
I20260709 12:20:44.297713 11459 ts_tablet_manager.cc:1434] T 1f4fe8b156b540a08720b46f8d44aa4d P 5ecb86c81a604d0b8e884f72c40ce8e6: Time spent starting tablet: real 0.008s	user 0.006s	sys 0.001s
I20260709 12:20:44.298724 11459 tablet_bootstrap.cc:492] T f6bf083e62e142f8bf16a1f5aca827c4 P 5ecb86c81a604d0b8e884f72c40ce8e6: Bootstrap starting.
I20260709 12:20:44.305960 11459 tablet_bootstrap.cc:654] T f6bf083e62e142f8bf16a1f5aca827c4 P 5ecb86c81a604d0b8e884f72c40ce8e6: Neither blocks nor log segments found. Creating new log.
I20260709 12:20:44.308553 11524 raft_consensus.cc:493] T 7823310de57c47eda16b3aa3d3b74c57 P 5ecb86c81a604d0b8e884f72c40ce8e6 [term 0 FOLLOWER]: Starting pre-election (no leader contacted us within the election timeout)
I20260709 12:20:44.309494 11265 raft_consensus.cc:2468] T c289c93c96524a8595fb8673d1188bba P b81d720784b042e49293483cb8fa0d12 [term 1 FOLLOWER]: Leader election vote request: Granting yes vote for candidate d97c37f0a9f4482785927a2251fde22f in term 1.
I20260709 12:20:44.309355 11524 raft_consensus.cc:515] T 7823310de57c47eda16b3aa3d3b74c57 P 5ecb86c81a604d0b8e884f72c40ce8e6 [term 0 FOLLOWER]: Starting pre-election with config: opid_index: -1 OBSOLETE_local: false peers { permanent_uuid: "b81d720784b042e49293483cb8fa0d12" member_type: VOTER last_known_addr { host: "127.9.211.129" port: 34367 } } peers { permanent_uuid: "d97c37f0a9f4482785927a2251fde22f" member_type: VOTER last_known_addr { host: "127.9.211.130" port: 39225 } } peers { permanent_uuid: "5ecb86c81a604d0b8e884f72c40ce8e6" member_type: VOTER last_known_addr { host: "127.9.211.131" port: 36725 } }
I20260709 12:20:44.312680 11524 leader_election.cc:290] T 7823310de57c47eda16b3aa3d3b74c57 P 5ecb86c81a604d0b8e884f72c40ce8e6 [CANDIDATE]: Term 1 pre-election: Requested pre-vote from peers b81d720784b042e49293483cb8fa0d12 (127.9.211.129:34367), d97c37f0a9f4482785927a2251fde22f (127.9.211.130:39225)
I20260709 12:20:44.314989 11339 tablet_service.cc:1917] Received RequestConsensusVote() RPC: tablet_id: "7823310de57c47eda16b3aa3d3b74c57" candidate_uuid: "5ecb86c81a604d0b8e884f72c40ce8e6" candidate_term: 1 candidate_status { last_received { term: 0 index: 0 } } ignore_live_leader: false dest_uuid: "d97c37f0a9f4482785927a2251fde22f" is_pre_election: true
I20260709 12:20:44.315987 11339 raft_consensus.cc:2468] T 7823310de57c47eda16b3aa3d3b74c57 P d97c37f0a9f4482785927a2251fde22f [term 0 FOLLOWER]: Leader pre-election vote request: Granting yes vote for candidate 5ecb86c81a604d0b8e884f72c40ce8e6 in term 0.
I20260709 12:20:44.316545 11264 tablet_service.cc:1917] Received RequestConsensusVote() RPC: tablet_id: "7823310de57c47eda16b3aa3d3b74c57" candidate_uuid: "5ecb86c81a604d0b8e884f72c40ce8e6" candidate_term: 1 candidate_status { last_received { term: 0 index: 0 } } ignore_live_leader: false dest_uuid: "b81d720784b042e49293483cb8fa0d12" is_pre_election: true
I20260709 12:20:44.318043 11378 leader_election.cc:304] T 7823310de57c47eda16b3aa3d3b74c57 P 5ecb86c81a604d0b8e884f72c40ce8e6 [CANDIDATE]: Term 1 pre-election: Election decided. Result: candidate won. Election summary: received 2 responses out of 3 voters: 2 yes votes; 0 no votes. yes voters: 5ecb86c81a604d0b8e884f72c40ce8e6, d97c37f0a9f4482785927a2251fde22f; no voters: 
I20260709 12:20:44.321005 11524 raft_consensus.cc:2804] T 7823310de57c47eda16b3aa3d3b74c57 P 5ecb86c81a604d0b8e884f72c40ce8e6 [term 0 FOLLOWER]: Leader pre-election won for term 1
I20260709 12:20:44.321384 11524 raft_consensus.cc:493] T 7823310de57c47eda16b3aa3d3b74c57 P 5ecb86c81a604d0b8e884f72c40ce8e6 [term 0 FOLLOWER]: Starting leader election (no leader contacted us within the election timeout)
I20260709 12:20:44.321720 11524 raft_consensus.cc:3060] T 7823310de57c47eda16b3aa3d3b74c57 P 5ecb86c81a604d0b8e884f72c40ce8e6 [term 0 FOLLOWER]: Advancing to term 1
W20260709 12:20:44.336741 11380 leader_election.cc:343] T 7823310de57c47eda16b3aa3d3b74c57 P 5ecb86c81a604d0b8e884f72c40ce8e6 [CANDIDATE]: Term 1 pre-election: Tablet error from VoteRequest() call to peer b81d720784b042e49293483cb8fa0d12 (127.9.211.129:34367): Illegal state: must be running to vote when last-logged opid is not known
I20260709 12:20:44.374574 11164 catalog_manager.cc:5697] T c289c93c96524a8595fb8673d1188bba P d97c37f0a9f4482785927a2251fde22f reported cstate change: term changed from 0 to 1, leader changed from <none> to d97c37f0a9f4482785927a2251fde22f (127.9.211.130). New cstate: current_term: 1 leader_uuid: "d97c37f0a9f4482785927a2251fde22f" committed_config { opid_index: -1 OBSOLETE_local: false peers { permanent_uuid: "b81d720784b042e49293483cb8fa0d12" member_type: VOTER last_known_addr { host: "127.9.211.129" port: 34367 } health_report { overall_health: UNKNOWN } } peers { permanent_uuid: "d97c37f0a9f4482785927a2251fde22f" member_type: VOTER last_known_addr { host: "127.9.211.130" port: 39225 } health_report { overall_health: HEALTHY } } peers { permanent_uuid: "5ecb86c81a604d0b8e884f72c40ce8e6" member_type: VOTER last_known_addr { host: "127.9.211.131" port: 36725 } health_report { overall_health: UNKNOWN } } }
I20260709 12:20:44.415324 11486 consensus_queue.cc:1048] T ac26b025e7db41efa0f8c83246b2125d P 5ecb86c81a604d0b8e884f72c40ce8e6 [LEADER]: Connected to new peer: Peer: permanent_uuid: "d97c37f0a9f4482785927a2251fde22f" member_type: VOTER last_known_addr { host: "127.9.211.130" port: 39225 }, Status: LMP_MISMATCH, Last received: 0.0, Next index: 1, Last known committed idx: 0, Time since last communication: 0.001s
I20260709 12:20:44.344161 11524 raft_consensus.cc:515] T 7823310de57c47eda16b3aa3d3b74c57 P 5ecb86c81a604d0b8e884f72c40ce8e6 [term 1 FOLLOWER]: Starting leader election with config: opid_index: -1 OBSOLETE_local: false peers { permanent_uuid: "b81d720784b042e49293483cb8fa0d12" member_type: VOTER last_known_addr { host: "127.9.211.129" port: 34367 } } peers { permanent_uuid: "d97c37f0a9f4482785927a2251fde22f" member_type: VOTER last_known_addr { host: "127.9.211.130" port: 39225 } } peers { permanent_uuid: "5ecb86c81a604d0b8e884f72c40ce8e6" member_type: VOTER last_known_addr { host: "127.9.211.131" port: 36725 } }
I20260709 12:20:44.453581 11265 tablet_service.cc:1917] Received RequestConsensusVote() RPC: tablet_id: "7823310de57c47eda16b3aa3d3b74c57" candidate_uuid: "5ecb86c81a604d0b8e884f72c40ce8e6" candidate_term: 1 candidate_status { last_received { term: 0 index: 0 } } ignore_live_leader: false dest_uuid: "b81d720784b042e49293483cb8fa0d12"
W20260709 12:20:44.455428 11380 leader_election.cc:343] T 7823310de57c47eda16b3aa3d3b74c57 P 5ecb86c81a604d0b8e884f72c40ce8e6 [CANDIDATE]: Term 1 election: Tablet error from VoteRequest() call to peer b81d720784b042e49293483cb8fa0d12 (127.9.211.129:34367): Illegal state: must be running to vote when last-logged opid is not known
I20260709 12:20:44.459649 11455 tablet_bootstrap.cc:492] T edff4cec50b14f0fb704150efa0de19c P b81d720784b042e49293483cb8fa0d12: No bootstrap required, opened a new log
I20260709 12:20:44.460331 11455 ts_tablet_manager.cc:1403] T edff4cec50b14f0fb704150efa0de19c P b81d720784b042e49293483cb8fa0d12: Time spent bootstrapping tablet: real 0.201s	user 0.082s	sys 0.097s
I20260709 12:20:44.463201 11455 raft_consensus.cc:359] T edff4cec50b14f0fb704150efa0de19c P b81d720784b042e49293483cb8fa0d12 [term 0 FOLLOWER]: Replica starting. Triggering 0 pending ops. Active config: opid_index: -1 OBSOLETE_local: false peers { permanent_uuid: "b81d720784b042e49293483cb8fa0d12" member_type: VOTER last_known_addr { host: "127.9.211.129" port: 34367 } } peers { permanent_uuid: "d97c37f0a9f4482785927a2251fde22f" member_type: VOTER last_known_addr { host: "127.9.211.130" port: 39225 } } peers { permanent_uuid: "5ecb86c81a604d0b8e884f72c40ce8e6" member_type: VOTER last_known_addr { host: "127.9.211.131" port: 36725 } }
I20260709 12:20:44.463884 11455 raft_consensus.cc:385] T edff4cec50b14f0fb704150efa0de19c P b81d720784b042e49293483cb8fa0d12 [term 0 FOLLOWER]: Consensus starting up: Expiring failure detector timer to make a prompt election more likely
I20260709 12:20:44.464143 11455 raft_consensus.cc:740] T edff4cec50b14f0fb704150efa0de19c P b81d720784b042e49293483cb8fa0d12 [term 0 FOLLOWER]: Becoming Follower/Learner. State: Replica: b81d720784b042e49293483cb8fa0d12, State: Initialized, Role: FOLLOWER
I20260709 12:20:44.465145 11455 consensus_queue.cc:260] T edff4cec50b14f0fb704150efa0de19c P b81d720784b042e49293483cb8fa0d12 [NON_LEADER]: Queue going to NON_LEADER mode. State: All replicated index: 0, Majority replicated index: 0, Committed index: 0, Last appended: 0.0, Last appended by leader: 0, Current term: 0, Majority size: -1, State: 0, Mode: NON_LEADER, active raft config: opid_index: -1 OBSOLETE_local: false peers { permanent_uuid: "b81d720784b042e49293483cb8fa0d12" member_type: VOTER last_known_addr { host: "127.9.211.129" port: 34367 } } peers { permanent_uuid: "d97c37f0a9f4482785927a2251fde22f" member_type: VOTER last_known_addr { host: "127.9.211.130" port: 39225 } } peers { permanent_uuid: "5ecb86c81a604d0b8e884f72c40ce8e6" member_type: VOTER last_known_addr { host: "127.9.211.131" port: 36725 } }
I20260709 12:20:44.467514 11455 ts_tablet_manager.cc:1434] T edff4cec50b14f0fb704150efa0de19c P b81d720784b042e49293483cb8fa0d12: Time spent starting tablet: real 0.007s	user 0.005s	sys 0.000s
I20260709 12:20:44.469380 11524 leader_election.cc:290] T 7823310de57c47eda16b3aa3d3b74c57 P 5ecb86c81a604d0b8e884f72c40ce8e6 [CANDIDATE]: Term 1 election: Requested vote from peers b81d720784b042e49293483cb8fa0d12 (127.9.211.129:34367), d97c37f0a9f4482785927a2251fde22f (127.9.211.130:39225)
I20260709 12:20:44.470652 11455 tablet_bootstrap.cc:492] T 7823310de57c47eda16b3aa3d3b74c57 P b81d720784b042e49293483cb8fa0d12: Bootstrap starting.
I20260709 12:20:44.473603 11339 tablet_service.cc:1917] Received RequestConsensusVote() RPC: tablet_id: "7823310de57c47eda16b3aa3d3b74c57" candidate_uuid: "5ecb86c81a604d0b8e884f72c40ce8e6" candidate_term: 1 candidate_status { last_received { term: 0 index: 0 } } ignore_live_leader: false dest_uuid: "d97c37f0a9f4482785927a2251fde22f"
I20260709 12:20:44.474629 11339 raft_consensus.cc:3060] T 7823310de57c47eda16b3aa3d3b74c57 P d97c37f0a9f4482785927a2251fde22f [term 0 FOLLOWER]: Advancing to term 1
I20260709 12:20:44.477835 11455 tablet_bootstrap.cc:654] T 7823310de57c47eda16b3aa3d3b74c57 P b81d720784b042e49293483cb8fa0d12: Neither blocks nor log segments found. Creating new log.
I20260709 12:20:44.486935 11339 raft_consensus.cc:2468] T 7823310de57c47eda16b3aa3d3b74c57 P d97c37f0a9f4482785927a2251fde22f [term 1 FOLLOWER]: Leader election vote request: Granting yes vote for candidate 5ecb86c81a604d0b8e884f72c40ce8e6 in term 1.
I20260709 12:20:44.488235 11456 tablet_bootstrap.cc:492] T f6bf083e62e142f8bf16a1f5aca827c4 P d97c37f0a9f4482785927a2251fde22f: No bootstrap required, opened a new log
I20260709 12:20:44.488919 11456 ts_tablet_manager.cc:1403] T f6bf083e62e142f8bf16a1f5aca827c4 P d97c37f0a9f4482785927a2251fde22f: Time spent bootstrapping tablet: real 0.237s	user 0.077s	sys 0.070s
I20260709 12:20:44.490290 11459 tablet_bootstrap.cc:492] T f6bf083e62e142f8bf16a1f5aca827c4 P 5ecb86c81a604d0b8e884f72c40ce8e6: No bootstrap required, opened a new log
I20260709 12:20:44.490867 11459 ts_tablet_manager.cc:1403] T f6bf083e62e142f8bf16a1f5aca827c4 P 5ecb86c81a604d0b8e884f72c40ce8e6: Time spent bootstrapping tablet: real 0.192s	user 0.063s	sys 0.076s
I20260709 12:20:44.492743 11378 leader_election.cc:304] T 7823310de57c47eda16b3aa3d3b74c57 P 5ecb86c81a604d0b8e884f72c40ce8e6 [CANDIDATE]: Term 1 election: Election decided. Result: candidate won. Election summary: received 3 responses out of 3 voters: 2 yes votes; 1 no votes. yes voters: 5ecb86c81a604d0b8e884f72c40ce8e6, d97c37f0a9f4482785927a2251fde22f; no voters: b81d720784b042e49293483cb8fa0d12
I20260709 12:20:44.492491 11456 raft_consensus.cc:359] T f6bf083e62e142f8bf16a1f5aca827c4 P d97c37f0a9f4482785927a2251fde22f [term 0 FOLLOWER]: Replica starting. Triggering 0 pending ops. Active config: opid_index: -1 OBSOLETE_local: false peers { permanent_uuid: "b81d720784b042e49293483cb8fa0d12" member_type: VOTER last_known_addr { host: "127.9.211.129" port: 34367 } } peers { permanent_uuid: "d97c37f0a9f4482785927a2251fde22f" member_type: VOTER last_known_addr { host: "127.9.211.130" port: 39225 } } peers { permanent_uuid: "5ecb86c81a604d0b8e884f72c40ce8e6" member_type: VOTER last_known_addr { host: "127.9.211.131" port: 36725 } }
I20260709 12:20:44.493546 11456 raft_consensus.cc:385] T f6bf083e62e142f8bf16a1f5aca827c4 P d97c37f0a9f4482785927a2251fde22f [term 0 FOLLOWER]: Consensus starting up: Expiring failure detector timer to make a prompt election more likely
I20260709 12:20:44.493892 11456 raft_consensus.cc:740] T f6bf083e62e142f8bf16a1f5aca827c4 P d97c37f0a9f4482785927a2251fde22f [term 0 FOLLOWER]: Becoming Follower/Learner. State: Replica: d97c37f0a9f4482785927a2251fde22f, State: Initialized, Role: FOLLOWER
I20260709 12:20:44.494087 11459 raft_consensus.cc:359] T f6bf083e62e142f8bf16a1f5aca827c4 P 5ecb86c81a604d0b8e884f72c40ce8e6 [term 0 FOLLOWER]: Replica starting. Triggering 0 pending ops. Active config: opid_index: -1 OBSOLETE_local: false peers { permanent_uuid: "b81d720784b042e49293483cb8fa0d12" member_type: VOTER last_known_addr { host: "127.9.211.129" port: 34367 } } peers { permanent_uuid: "d97c37f0a9f4482785927a2251fde22f" member_type: VOTER last_known_addr { host: "127.9.211.130" port: 39225 } } peers { permanent_uuid: "5ecb86c81a604d0b8e884f72c40ce8e6" member_type: VOTER last_known_addr { host: "127.9.211.131" port: 36725 } }
I20260709 12:20:44.495402 11459 raft_consensus.cc:385] T f6bf083e62e142f8bf16a1f5aca827c4 P 5ecb86c81a604d0b8e884f72c40ce8e6 [term 0 FOLLOWER]: Consensus starting up: Expiring failure detector timer to make a prompt election more likely
I20260709 12:20:44.494882 11456 consensus_queue.cc:260] T f6bf083e62e142f8bf16a1f5aca827c4 P d97c37f0a9f4482785927a2251fde22f [NON_LEADER]: Queue going to NON_LEADER mode. State: All replicated index: 0, Majority replicated index: 0, Committed index: 0, Last appended: 0.0, Last appended by leader: 0, Current term: 0, Majority size: -1, State: 0, Mode: NON_LEADER, active raft config: opid_index: -1 OBSOLETE_local: false peers { permanent_uuid: "b81d720784b042e49293483cb8fa0d12" member_type: VOTER last_known_addr { host: "127.9.211.129" port: 34367 } } peers { permanent_uuid: "d97c37f0a9f4482785927a2251fde22f" member_type: VOTER last_known_addr { host: "127.9.211.130" port: 39225 } } peers { permanent_uuid: "5ecb86c81a604d0b8e884f72c40ce8e6" member_type: VOTER last_known_addr { host: "127.9.211.131" port: 36725 } }
I20260709 12:20:44.495733 11459 raft_consensus.cc:740] T f6bf083e62e142f8bf16a1f5aca827c4 P 5ecb86c81a604d0b8e884f72c40ce8e6 [term 0 FOLLOWER]: Becoming Follower/Learner. State: Replica: 5ecb86c81a604d0b8e884f72c40ce8e6, State: Initialized, Role: FOLLOWER
I20260709 12:20:44.496630 11459 consensus_queue.cc:260] T f6bf083e62e142f8bf16a1f5aca827c4 P 5ecb86c81a604d0b8e884f72c40ce8e6 [NON_LEADER]: Queue going to NON_LEADER mode. State: All replicated index: 0, Majority replicated index: 0, Committed index: 0, Last appended: 0.0, Last appended by leader: 0, Current term: 0, Majority size: -1, State: 0, Mode: NON_LEADER, active raft config: opid_index: -1 OBSOLETE_local: false peers { permanent_uuid: "b81d720784b042e49293483cb8fa0d12" member_type: VOTER last_known_addr { host: "127.9.211.129" port: 34367 } } peers { permanent_uuid: "d97c37f0a9f4482785927a2251fde22f" member_type: VOTER last_known_addr { host: "127.9.211.130" port: 39225 } } peers { permanent_uuid: "5ecb86c81a604d0b8e884f72c40ce8e6" member_type: VOTER last_known_addr { host: "127.9.211.131" port: 36725 } }
I20260709 12:20:44.497432 11456 ts_tablet_manager.cc:1434] T f6bf083e62e142f8bf16a1f5aca827c4 P d97c37f0a9f4482785927a2251fde22f: Time spent starting tablet: real 0.008s	user 0.007s	sys 0.001s
I20260709 12:20:44.497689 11542 raft_consensus.cc:2804] T 7823310de57c47eda16b3aa3d3b74c57 P 5ecb86c81a604d0b8e884f72c40ce8e6 [term 1 FOLLOWER]: Leader election won for term 1
I20260709 12:20:44.498224 11542 raft_consensus.cc:697] T 7823310de57c47eda16b3aa3d3b74c57 P 5ecb86c81a604d0b8e884f72c40ce8e6 [term 1 LEADER]: Becoming Leader. State: Replica: 5ecb86c81a604d0b8e884f72c40ce8e6, State: Running, Role: LEADER
I20260709 12:20:44.499182 11542 consensus_queue.cc:237] T 7823310de57c47eda16b3aa3d3b74c57 P 5ecb86c81a604d0b8e884f72c40ce8e6 [LEADER]: Queue going to LEADER mode. State: All replicated index: 0, Majority replicated index: 0, Committed index: 0, Last appended: 0.0, Last appended by leader: 0, Current term: 1, Majority size: 2, State: 0, Mode: LEADER, active raft config: opid_index: -1 OBSOLETE_local: false peers { permanent_uuid: "b81d720784b042e49293483cb8fa0d12" member_type: VOTER last_known_addr { host: "127.9.211.129" port: 34367 } } peers { permanent_uuid: "d97c37f0a9f4482785927a2251fde22f" member_type: VOTER last_known_addr { host: "127.9.211.130" port: 39225 } } peers { permanent_uuid: "5ecb86c81a604d0b8e884f72c40ce8e6" member_type: VOTER last_known_addr { host: "127.9.211.131" port: 36725 } }
I20260709 12:20:44.505142 11456 tablet_bootstrap.cc:492] T 1f4fe8b156b540a08720b46f8d44aa4d P d97c37f0a9f4482785927a2251fde22f: Bootstrap starting.
I20260709 12:20:44.506732 11524 consensus_queue.cc:1048] T f07a61af2511461f9f3174956f0f2f8f P 5ecb86c81a604d0b8e884f72c40ce8e6 [LEADER]: Connected to new peer: Peer: permanent_uuid: "b81d720784b042e49293483cb8fa0d12" member_type: VOTER last_known_addr { host: "127.9.211.129" port: 34367 }, Status: LMP_MISMATCH, Last received: 0.0, Next index: 1, Last known committed idx: 0, Time since last communication: 0.001s
I20260709 12:20:44.509943 11459 ts_tablet_manager.cc:1434] T f6bf083e62e142f8bf16a1f5aca827c4 P 5ecb86c81a604d0b8e884f72c40ce8e6: Time spent starting tablet: real 0.019s	user 0.006s	sys 0.002s
I20260709 12:20:44.511083 11459 tablet_bootstrap.cc:492] T c620a551f55a43b0900d0ae6a39648e2 P 5ecb86c81a604d0b8e884f72c40ce8e6: Bootstrap starting.
I20260709 12:20:44.516465 11456 tablet_bootstrap.cc:654] T 1f4fe8b156b540a08720b46f8d44aa4d P d97c37f0a9f4482785927a2251fde22f: Neither blocks nor log segments found. Creating new log.
W20260709 12:20:44.520742 11211 auto_rebalancer.cc:288] Could not retrieve cluster info: Service unavailable: Tablet not running
I20260709 12:20:44.522102 11459 tablet_bootstrap.cc:654] T c620a551f55a43b0900d0ae6a39648e2 P 5ecb86c81a604d0b8e884f72c40ce8e6: Neither blocks nor log segments found. Creating new log.
I20260709 12:20:44.525422 11455 tablet_bootstrap.cc:492] T 7823310de57c47eda16b3aa3d3b74c57 P b81d720784b042e49293483cb8fa0d12: No bootstrap required, opened a new log
I20260709 12:20:44.525995 11455 ts_tablet_manager.cc:1403] T 7823310de57c47eda16b3aa3d3b74c57 P b81d720784b042e49293483cb8fa0d12: Time spent bootstrapping tablet: real 0.056s	user 0.022s	sys 0.016s
I20260709 12:20:44.534560 11486 consensus_queue.cc:1048] T f07a61af2511461f9f3174956f0f2f8f P 5ecb86c81a604d0b8e884f72c40ce8e6 [LEADER]: Connected to new peer: Peer: permanent_uuid: "d97c37f0a9f4482785927a2251fde22f" member_type: VOTER last_known_addr { host: "127.9.211.130" port: 39225 }, Status: LMP_MISMATCH, Last received: 0.0, Next index: 1, Last known committed idx: 0, Time since last communication: 0.000s
I20260709 12:20:44.539259 11455 raft_consensus.cc:359] T 7823310de57c47eda16b3aa3d3b74c57 P b81d720784b042e49293483cb8fa0d12 [term 0 FOLLOWER]: Replica starting. Triggering 0 pending ops. Active config: opid_index: -1 OBSOLETE_local: false peers { permanent_uuid: "b81d720784b042e49293483cb8fa0d12" member_type: VOTER last_known_addr { host: "127.9.211.129" port: 34367 } } peers { permanent_uuid: "d97c37f0a9f4482785927a2251fde22f" member_type: VOTER last_known_addr { host: "127.9.211.130" port: 39225 } } peers { permanent_uuid: "5ecb86c81a604d0b8e884f72c40ce8e6" member_type: VOTER last_known_addr { host: "127.9.211.131" port: 36725 } }
I20260709 12:20:44.539964 11455 raft_consensus.cc:385] T 7823310de57c47eda16b3aa3d3b74c57 P b81d720784b042e49293483cb8fa0d12 [term 0 FOLLOWER]: Consensus starting up: Expiring failure detector timer to make a prompt election more likely
I20260709 12:20:44.540246 11455 raft_consensus.cc:740] T 7823310de57c47eda16b3aa3d3b74c57 P b81d720784b042e49293483cb8fa0d12 [term 0 FOLLOWER]: Becoming Follower/Learner. State: Replica: b81d720784b042e49293483cb8fa0d12, State: Initialized, Role: FOLLOWER
I20260709 12:20:44.540959 11455 consensus_queue.cc:260] T 7823310de57c47eda16b3aa3d3b74c57 P b81d720784b042e49293483cb8fa0d12 [NON_LEADER]: Queue going to NON_LEADER mode. State: All replicated index: 0, Majority replicated index: 0, Committed index: 0, Last appended: 0.0, Last appended by leader: 0, Current term: 0, Majority size: -1, State: 0, Mode: NON_LEADER, active raft config: opid_index: -1 OBSOLETE_local: false peers { permanent_uuid: "b81d720784b042e49293483cb8fa0d12" member_type: VOTER last_known_addr { host: "127.9.211.129" port: 34367 } } peers { permanent_uuid: "d97c37f0a9f4482785927a2251fde22f" member_type: VOTER last_known_addr { host: "127.9.211.130" port: 39225 } } peers { permanent_uuid: "5ecb86c81a604d0b8e884f72c40ce8e6" member_type: VOTER last_known_addr { host: "127.9.211.131" port: 36725 } }
I20260709 12:20:44.550012 11455 ts_tablet_manager.cc:1434] T 7823310de57c47eda16b3aa3d3b74c57 P b81d720784b042e49293483cb8fa0d12: Time spent starting tablet: real 0.024s	user 0.006s	sys 0.000s
I20260709 12:20:44.550942 11455 tablet_bootstrap.cc:492] T 8365573bb2ff48efbffe433518bb6bd6 P b81d720784b042e49293483cb8fa0d12: Bootstrap starting.
I20260709 12:20:44.552973 11524 raft_consensus.cc:493] T edff4cec50b14f0fb704150efa0de19c P 5ecb86c81a604d0b8e884f72c40ce8e6 [term 0 FOLLOWER]: Starting pre-election (no leader contacted us within the election timeout)
I20260709 12:20:44.553479 11524 raft_consensus.cc:515] T edff4cec50b14f0fb704150efa0de19c P 5ecb86c81a604d0b8e884f72c40ce8e6 [term 0 FOLLOWER]: Starting pre-election with config: opid_index: -1 OBSOLETE_local: false peers { permanent_uuid: "b81d720784b042e49293483cb8fa0d12" member_type: VOTER last_known_addr { host: "127.9.211.129" port: 34367 } } peers { permanent_uuid: "d97c37f0a9f4482785927a2251fde22f" member_type: VOTER last_known_addr { host: "127.9.211.130" port: 39225 } } peers { permanent_uuid: "5ecb86c81a604d0b8e884f72c40ce8e6" member_type: VOTER last_known_addr { host: "127.9.211.131" port: 36725 } }
I20260709 12:20:44.555603 11524 leader_election.cc:290] T edff4cec50b14f0fb704150efa0de19c P 5ecb86c81a604d0b8e884f72c40ce8e6 [CANDIDATE]: Term 1 pre-election: Requested pre-vote from peers b81d720784b042e49293483cb8fa0d12 (127.9.211.129:34367), d97c37f0a9f4482785927a2251fde22f (127.9.211.130:39225)
I20260709 12:20:44.556061 11459 tablet_bootstrap.cc:492] T c620a551f55a43b0900d0ae6a39648e2 P 5ecb86c81a604d0b8e884f72c40ce8e6: No bootstrap required, opened a new log
I20260709 12:20:44.556694 11455 tablet_bootstrap.cc:654] T 8365573bb2ff48efbffe433518bb6bd6 P b81d720784b042e49293483cb8fa0d12: Neither blocks nor log segments found. Creating new log.
I20260709 12:20:44.556716 11459 ts_tablet_manager.cc:1403] T c620a551f55a43b0900d0ae6a39648e2 P 5ecb86c81a604d0b8e884f72c40ce8e6: Time spent bootstrapping tablet: real 0.046s	user 0.010s	sys 0.003s
I20260709 12:20:44.558137 11339 tablet_service.cc:1917] Received RequestConsensusVote() RPC: tablet_id: "edff4cec50b14f0fb704150efa0de19c" candidate_uuid: "5ecb86c81a604d0b8e884f72c40ce8e6" candidate_term: 1 candidate_status { last_received { term: 0 index: 0 } } ignore_live_leader: false dest_uuid: "d97c37f0a9f4482785927a2251fde22f" is_pre_election: true
W20260709 12:20:44.559724 11378 leader_election.cc:343] T edff4cec50b14f0fb704150efa0de19c P 5ecb86c81a604d0b8e884f72c40ce8e6 [CANDIDATE]: Term 1 pre-election: Tablet error from VoteRequest() call to peer d97c37f0a9f4482785927a2251fde22f (127.9.211.130:39225): Illegal state: must be running to vote when last-logged opid is not known
I20260709 12:20:44.560081 11459 raft_consensus.cc:359] T c620a551f55a43b0900d0ae6a39648e2 P 5ecb86c81a604d0b8e884f72c40ce8e6 [term 0 FOLLOWER]: Replica starting. Triggering 0 pending ops. Active config: opid_index: -1 OBSOLETE_local: false peers { permanent_uuid: "b81d720784b042e49293483cb8fa0d12" member_type: VOTER last_known_addr { host: "127.9.211.129" port: 34367 } } peers { permanent_uuid: "d97c37f0a9f4482785927a2251fde22f" member_type: VOTER last_known_addr { host: "127.9.211.130" port: 39225 } } peers { permanent_uuid: "5ecb86c81a604d0b8e884f72c40ce8e6" member_type: VOTER last_known_addr { host: "127.9.211.131" port: 36725 } }
I20260709 12:20:44.560832 11265 tablet_service.cc:1917] Received RequestConsensusVote() RPC: tablet_id: "edff4cec50b14f0fb704150efa0de19c" candidate_uuid: "5ecb86c81a604d0b8e884f72c40ce8e6" candidate_term: 1 candidate_status { last_received { term: 0 index: 0 } } ignore_live_leader: false dest_uuid: "b81d720784b042e49293483cb8fa0d12" is_pre_election: true
I20260709 12:20:44.561825 11265 raft_consensus.cc:2468] T edff4cec50b14f0fb704150efa0de19c P b81d720784b042e49293483cb8fa0d12 [term 0 FOLLOWER]: Leader pre-election vote request: Granting yes vote for candidate 5ecb86c81a604d0b8e884f72c40ce8e6 in term 0.
I20260709 12:20:44.560926 11459 raft_consensus.cc:385] T c620a551f55a43b0900d0ae6a39648e2 P 5ecb86c81a604d0b8e884f72c40ce8e6 [term 0 FOLLOWER]: Consensus starting up: Expiring failure detector timer to make a prompt election more likely
I20260709 12:20:44.562660 11459 raft_consensus.cc:740] T c620a551f55a43b0900d0ae6a39648e2 P 5ecb86c81a604d0b8e884f72c40ce8e6 [term 0 FOLLOWER]: Becoming Follower/Learner. State: Replica: 5ecb86c81a604d0b8e884f72c40ce8e6, State: Initialized, Role: FOLLOWER
I20260709 12:20:44.563359 11380 leader_election.cc:304] T edff4cec50b14f0fb704150efa0de19c P 5ecb86c81a604d0b8e884f72c40ce8e6 [CANDIDATE]: Term 1 pre-election: Election decided. Result: candidate won. Election summary: received 3 responses out of 3 voters: 2 yes votes; 1 no votes. yes voters: 5ecb86c81a604d0b8e884f72c40ce8e6, b81d720784b042e49293483cb8fa0d12; no voters: d97c37f0a9f4482785927a2251fde22f
I20260709 12:20:44.563503 11459 consensus_queue.cc:260] T c620a551f55a43b0900d0ae6a39648e2 P 5ecb86c81a604d0b8e884f72c40ce8e6 [NON_LEADER]: Queue going to NON_LEADER mode. State: All replicated index: 0, Majority replicated index: 0, Committed index: 0, Last appended: 0.0, Last appended by leader: 0, Current term: 0, Majority size: -1, State: 0, Mode: NON_LEADER, active raft config: opid_index: -1 OBSOLETE_local: false peers { permanent_uuid: "b81d720784b042e49293483cb8fa0d12" member_type: VOTER last_known_addr { host: "127.9.211.129" port: 34367 } } peers { permanent_uuid: "d97c37f0a9f4482785927a2251fde22f" member_type: VOTER last_known_addr { host: "127.9.211.130" port: 39225 } } peers { permanent_uuid: "5ecb86c81a604d0b8e884f72c40ce8e6" member_type: VOTER last_known_addr { host: "127.9.211.131" port: 36725 } }
I20260709 12:20:44.564664 11542 raft_consensus.cc:2804] T edff4cec50b14f0fb704150efa0de19c P 5ecb86c81a604d0b8e884f72c40ce8e6 [term 0 FOLLOWER]: Leader pre-election won for term 1
I20260709 12:20:44.565093 11542 raft_consensus.cc:493] T edff4cec50b14f0fb704150efa0de19c P 5ecb86c81a604d0b8e884f72c40ce8e6 [term 0 FOLLOWER]: Starting leader election (no leader contacted us within the election timeout)
I20260709 12:20:44.565476 11542 raft_consensus.cc:3060] T edff4cec50b14f0fb704150efa0de19c P 5ecb86c81a604d0b8e884f72c40ce8e6 [term 0 FOLLOWER]: Advancing to term 1
I20260709 12:20:44.571605 11163 catalog_manager.cc:5697] T 7823310de57c47eda16b3aa3d3b74c57 P 5ecb86c81a604d0b8e884f72c40ce8e6 reported cstate change: term changed from 0 to 1, leader changed from <none> to 5ecb86c81a604d0b8e884f72c40ce8e6 (127.9.211.131). New cstate: current_term: 1 leader_uuid: "5ecb86c81a604d0b8e884f72c40ce8e6" committed_config { opid_index: -1 OBSOLETE_local: false peers { permanent_uuid: "b81d720784b042e49293483cb8fa0d12" member_type: VOTER last_known_addr { host: "127.9.211.129" port: 34367 } health_report { overall_health: UNKNOWN } } peers { permanent_uuid: "d97c37f0a9f4482785927a2251fde22f" member_type: VOTER last_known_addr { host: "127.9.211.130" port: 39225 } health_report { overall_health: UNKNOWN } } peers { permanent_uuid: "5ecb86c81a604d0b8e884f72c40ce8e6" member_type: VOTER last_known_addr { host: "127.9.211.131" port: 36725 } health_report { overall_health: HEALTHY } } }
I20260709 12:20:44.573158 11542 raft_consensus.cc:515] T edff4cec50b14f0fb704150efa0de19c P 5ecb86c81a604d0b8e884f72c40ce8e6 [term 1 FOLLOWER]: Starting leader election with config: opid_index: -1 OBSOLETE_local: false peers { permanent_uuid: "b81d720784b042e49293483cb8fa0d12" member_type: VOTER last_known_addr { host: "127.9.211.129" port: 34367 } } peers { permanent_uuid: "d97c37f0a9f4482785927a2251fde22f" member_type: VOTER last_known_addr { host: "127.9.211.130" port: 39225 } } peers { permanent_uuid: "5ecb86c81a604d0b8e884f72c40ce8e6" member_type: VOTER last_known_addr { host: "127.9.211.131" port: 36725 } }
I20260709 12:20:44.576561 11265 tablet_service.cc:1917] Received RequestConsensusVote() RPC: tablet_id: "edff4cec50b14f0fb704150efa0de19c" candidate_uuid: "5ecb86c81a604d0b8e884f72c40ce8e6" candidate_term: 1 candidate_status { last_received { term: 0 index: 0 } } ignore_live_leader: false dest_uuid: "b81d720784b042e49293483cb8fa0d12"
I20260709 12:20:44.575701 11459 ts_tablet_manager.cc:1434] T c620a551f55a43b0900d0ae6a39648e2 P 5ecb86c81a604d0b8e884f72c40ce8e6: Time spent starting tablet: real 0.018s	user 0.006s	sys 0.000s
I20260709 12:20:44.577291 11265 raft_consensus.cc:3060] T edff4cec50b14f0fb704150efa0de19c P b81d720784b042e49293483cb8fa0d12 [term 0 FOLLOWER]: Advancing to term 1
I20260709 12:20:44.578181 11459 tablet_bootstrap.cc:492] T 07670a2946684fadb22fd3f48e721a87 P 5ecb86c81a604d0b8e884f72c40ce8e6: Bootstrap starting.
I20260709 12:20:44.579917 11339 tablet_service.cc:1917] Received RequestConsensusVote() RPC: tablet_id: "edff4cec50b14f0fb704150efa0de19c" candidate_uuid: "5ecb86c81a604d0b8e884f72c40ce8e6" candidate_term: 1 candidate_status { last_received { term: 0 index: 0 } } ignore_live_leader: false dest_uuid: "d97c37f0a9f4482785927a2251fde22f"
W20260709 12:20:44.581626 11378 leader_election.cc:343] T edff4cec50b14f0fb704150efa0de19c P 5ecb86c81a604d0b8e884f72c40ce8e6 [CANDIDATE]: Term 1 election: Tablet error from VoteRequest() call to peer d97c37f0a9f4482785927a2251fde22f (127.9.211.130:39225): Illegal state: must be running to vote when last-logged opid is not known
I20260709 12:20:44.582569 11542 leader_election.cc:290] T edff4cec50b14f0fb704150efa0de19c P 5ecb86c81a604d0b8e884f72c40ce8e6 [CANDIDATE]: Term 1 election: Requested vote from peers b81d720784b042e49293483cb8fa0d12 (127.9.211.129:34367), d97c37f0a9f4482785927a2251fde22f (127.9.211.130:39225)
I20260709 12:20:44.588913 11542 raft_consensus.cc:493] T f6bf083e62e142f8bf16a1f5aca827c4 P 5ecb86c81a604d0b8e884f72c40ce8e6 [term 0 FOLLOWER]: Starting pre-election (no leader contacted us within the election timeout)
I20260709 12:20:44.589388 11542 raft_consensus.cc:515] T f6bf083e62e142f8bf16a1f5aca827c4 P 5ecb86c81a604d0b8e884f72c40ce8e6 [term 0 FOLLOWER]: Starting pre-election with config: opid_index: -1 OBSOLETE_local: false peers { permanent_uuid: "b81d720784b042e49293483cb8fa0d12" member_type: VOTER last_known_addr { host: "127.9.211.129" port: 34367 } } peers { permanent_uuid: "d97c37f0a9f4482785927a2251fde22f" member_type: VOTER last_known_addr { host: "127.9.211.130" port: 39225 } } peers { permanent_uuid: "5ecb86c81a604d0b8e884f72c40ce8e6" member_type: VOTER last_known_addr { host: "127.9.211.131" port: 36725 } }
I20260709 12:20:44.592384 11542 leader_election.cc:290] T f6bf083e62e142f8bf16a1f5aca827c4 P 5ecb86c81a604d0b8e884f72c40ce8e6 [CANDIDATE]: Term 1 pre-election: Requested pre-vote from peers b81d720784b042e49293483cb8fa0d12 (127.9.211.129:34367), d97c37f0a9f4482785927a2251fde22f (127.9.211.130:39225)
I20260709 12:20:44.592583 11266 tablet_service.cc:1917] Received RequestConsensusVote() RPC: tablet_id: "f6bf083e62e142f8bf16a1f5aca827c4" candidate_uuid: "5ecb86c81a604d0b8e884f72c40ce8e6" candidate_term: 1 candidate_status { last_received { term: 0 index: 0 } } ignore_live_leader: false dest_uuid: "b81d720784b042e49293483cb8fa0d12" is_pre_election: true
I20260709 12:20:44.592588 11339 tablet_service.cc:1917] Received RequestConsensusVote() RPC: tablet_id: "f6bf083e62e142f8bf16a1f5aca827c4" candidate_uuid: "5ecb86c81a604d0b8e884f72c40ce8e6" candidate_term: 1 candidate_status { last_received { term: 0 index: 0 } } ignore_live_leader: false dest_uuid: "d97c37f0a9f4482785927a2251fde22f" is_pre_election: true
I20260709 12:20:44.593449 11266 raft_consensus.cc:2468] T f6bf083e62e142f8bf16a1f5aca827c4 P b81d720784b042e49293483cb8fa0d12 [term 0 FOLLOWER]: Leader pre-election vote request: Granting yes vote for candidate 5ecb86c81a604d0b8e884f72c40ce8e6 in term 0.
I20260709 12:20:44.593503 11339 raft_consensus.cc:2468] T f6bf083e62e142f8bf16a1f5aca827c4 P d97c37f0a9f4482785927a2251fde22f [term 0 FOLLOWER]: Leader pre-election vote request: Granting yes vote for candidate 5ecb86c81a604d0b8e884f72c40ce8e6 in term 0.
I20260709 12:20:44.594993 11378 leader_election.cc:304] T f6bf083e62e142f8bf16a1f5aca827c4 P 5ecb86c81a604d0b8e884f72c40ce8e6 [CANDIDATE]: Term 1 pre-election: Election decided. Result: candidate won. Election summary: received 2 responses out of 3 voters: 2 yes votes; 0 no votes. yes voters: 5ecb86c81a604d0b8e884f72c40ce8e6, d97c37f0a9f4482785927a2251fde22f; no voters: 
I20260709 12:20:44.595921 11524 raft_consensus.cc:493] T 1f4fe8b156b540a08720b46f8d44aa4d P 5ecb86c81a604d0b8e884f72c40ce8e6 [term 0 FOLLOWER]: Starting pre-election (no leader contacted us within the election timeout)
I20260709 12:20:44.596024 11542 raft_consensus.cc:2804] T f6bf083e62e142f8bf16a1f5aca827c4 P 5ecb86c81a604d0b8e884f72c40ce8e6 [term 0 FOLLOWER]: Leader pre-election won for term 1
I20260709 12:20:44.596614 11542 raft_consensus.cc:493] T f6bf083e62e142f8bf16a1f5aca827c4 P 5ecb86c81a604d0b8e884f72c40ce8e6 [term 0 FOLLOWER]: Starting leader election (no leader contacted us within the election timeout)
I20260709 12:20:44.596421 11524 raft_consensus.cc:515] T 1f4fe8b156b540a08720b46f8d44aa4d P 5ecb86c81a604d0b8e884f72c40ce8e6 [term 0 FOLLOWER]: Starting pre-election with config: opid_index: -1 OBSOLETE_local: false peers { permanent_uuid: "b81d720784b042e49293483cb8fa0d12" member_type: VOTER last_known_addr { host: "127.9.211.129" port: 34367 } } peers { permanent_uuid: "d97c37f0a9f4482785927a2251fde22f" member_type: VOTER last_known_addr { host: "127.9.211.130" port: 39225 } } peers { permanent_uuid: "5ecb86c81a604d0b8e884f72c40ce8e6" member_type: VOTER last_known_addr { host: "127.9.211.131" port: 36725 } }
I20260709 12:20:44.597107 11542 raft_consensus.cc:3060] T f6bf083e62e142f8bf16a1f5aca827c4 P 5ecb86c81a604d0b8e884f72c40ce8e6 [term 0 FOLLOWER]: Advancing to term 1
I20260709 12:20:44.598856 11524 leader_election.cc:290] T 1f4fe8b156b540a08720b46f8d44aa4d P 5ecb86c81a604d0b8e884f72c40ce8e6 [CANDIDATE]: Term 1 pre-election: Requested pre-vote from peers b81d720784b042e49293483cb8fa0d12 (127.9.211.129:34367), d97c37f0a9f4482785927a2251fde22f (127.9.211.130:39225)
I20260709 12:20:44.599599 11266 tablet_service.cc:1917] Received RequestConsensusVote() RPC: tablet_id: "1f4fe8b156b540a08720b46f8d44aa4d" candidate_uuid: "5ecb86c81a604d0b8e884f72c40ce8e6" candidate_term: 1 candidate_status { last_received { term: 0 index: 0 } } ignore_live_leader: false dest_uuid: "b81d720784b042e49293483cb8fa0d12" is_pre_election: true
I20260709 12:20:44.600412 11339 tablet_service.cc:1917] Received RequestConsensusVote() RPC: tablet_id: "1f4fe8b156b540a08720b46f8d44aa4d" candidate_uuid: "5ecb86c81a604d0b8e884f72c40ce8e6" candidate_term: 1 candidate_status { last_received { term: 0 index: 0 } } ignore_live_leader: false dest_uuid: "d97c37f0a9f4482785927a2251fde22f" is_pre_election: true
W20260709 12:20:44.600903 11380 leader_election.cc:343] T 1f4fe8b156b540a08720b46f8d44aa4d P 5ecb86c81a604d0b8e884f72c40ce8e6 [CANDIDATE]: Term 1 pre-election: Tablet error from VoteRequest() call to peer b81d720784b042e49293483cb8fa0d12 (127.9.211.129:34367): Illegal state: must be running to vote when last-logged opid is not known
W20260709 12:20:44.601679 11378 leader_election.cc:343] T 1f4fe8b156b540a08720b46f8d44aa4d P 5ecb86c81a604d0b8e884f72c40ce8e6 [CANDIDATE]: Term 1 pre-election: Tablet error from VoteRequest() call to peer d97c37f0a9f4482785927a2251fde22f (127.9.211.130:39225): Illegal state: must be running to vote when last-logged opid is not known
I20260709 12:20:44.602126 11378 leader_election.cc:304] T 1f4fe8b156b540a08720b46f8d44aa4d P 5ecb86c81a604d0b8e884f72c40ce8e6 [CANDIDATE]: Term 1 pre-election: Election decided. Result: candidate lost. Election summary: received 3 responses out of 3 voters: 1 yes votes; 2 no votes. yes voters: 5ecb86c81a604d0b8e884f72c40ce8e6; no voters: b81d720784b042e49293483cb8fa0d12, d97c37f0a9f4482785927a2251fde22f
I20260709 12:20:44.602821 11524 raft_consensus.cc:2749] T 1f4fe8b156b540a08720b46f8d44aa4d P 5ecb86c81a604d0b8e884f72c40ce8e6 [term 0 FOLLOWER]: Leader pre-election lost for term 1. Reason: could not achieve majority
I20260709 12:20:44.606194 11456 tablet_bootstrap.cc:492] T 1f4fe8b156b540a08720b46f8d44aa4d P d97c37f0a9f4482785927a2251fde22f: No bootstrap required, opened a new log
I20260709 12:20:44.606765 11456 ts_tablet_manager.cc:1403] T 1f4fe8b156b540a08720b46f8d44aa4d P d97c37f0a9f4482785927a2251fde22f: Time spent bootstrapping tablet: real 0.102s	user 0.012s	sys 0.013s
I20260709 12:20:44.609797 11456 raft_consensus.cc:359] T 1f4fe8b156b540a08720b46f8d44aa4d P d97c37f0a9f4482785927a2251fde22f [term 0 FOLLOWER]: Replica starting. Triggering 0 pending ops. Active config: opid_index: -1 OBSOLETE_local: false peers { permanent_uuid: "b81d720784b042e49293483cb8fa0d12" member_type: VOTER last_known_addr { host: "127.9.211.129" port: 34367 } } peers { permanent_uuid: "d97c37f0a9f4482785927a2251fde22f" member_type: VOTER last_known_addr { host: "127.9.211.130" port: 39225 } } peers { permanent_uuid: "5ecb86c81a604d0b8e884f72c40ce8e6" member_type: VOTER last_known_addr { host: "127.9.211.131" port: 36725 } }
I20260709 12:20:44.610514 11456 raft_consensus.cc:385] T 1f4fe8b156b540a08720b46f8d44aa4d P d97c37f0a9f4482785927a2251fde22f [term 0 FOLLOWER]: Consensus starting up: Expiring failure detector timer to make a prompt election more likely
I20260709 12:20:44.610824 11456 raft_consensus.cc:740] T 1f4fe8b156b540a08720b46f8d44aa4d P d97c37f0a9f4482785927a2251fde22f [term 0 FOLLOWER]: Becoming Follower/Learner. State: Replica: d97c37f0a9f4482785927a2251fde22f, State: Initialized, Role: FOLLOWER
I20260709 12:20:44.611771 11265 raft_consensus.cc:2468] T edff4cec50b14f0fb704150efa0de19c P b81d720784b042e49293483cb8fa0d12 [term 1 FOLLOWER]: Leader election vote request: Granting yes vote for candidate 5ecb86c81a604d0b8e884f72c40ce8e6 in term 1.
I20260709 12:20:44.611367 11542 raft_consensus.cc:515] T f6bf083e62e142f8bf16a1f5aca827c4 P 5ecb86c81a604d0b8e884f72c40ce8e6 [term 1 FOLLOWER]: Starting leader election with config: opid_index: -1 OBSOLETE_local: false peers { permanent_uuid: "b81d720784b042e49293483cb8fa0d12" member_type: VOTER last_known_addr { host: "127.9.211.129" port: 34367 } } peers { permanent_uuid: "d97c37f0a9f4482785927a2251fde22f" member_type: VOTER last_known_addr { host: "127.9.211.130" port: 39225 } } peers { permanent_uuid: "5ecb86c81a604d0b8e884f72c40ce8e6" member_type: VOTER last_known_addr { host: "127.9.211.131" port: 36725 } }
