I20260709 12:20:45.955978 11619 raft_consensus.cc:493] T 5a839093f34f47c586fd34ad416f49ca P d97c37f0a9f4482785927a2251fde22f [term 0 FOLLOWER]: Starting pre-election (no leader contacted us within the election timeout)
I20260709 12:20:45.967043 11455 tablet_bootstrap.cc:492] T 3f59b788d0c34cc480b1c90e2e42f3d7 P b81d720784b042e49293483cb8fa0d12: No bootstrap required, opened a new log
I20260709 12:20:45.967811 11455 ts_tablet_manager.cc:1403] T 3f59b788d0c34cc480b1c90e2e42f3d7 P b81d720784b042e49293483cb8fa0d12: Time spent bootstrapping tablet: real 0.207s	user 0.038s	sys 0.024s
I20260709 12:20:45.964217 11411 tablet_service.cc:1917] Received RequestConsensusVote() RPC: tablet_id: "0f01e426809d4d07bca5de78585dcf5d" candidate_uuid: "d97c37f0a9f4482785927a2251fde22f" candidate_term: 1 candidate_status { last_received { term: 0 index: 0 } } ignore_live_leader: false dest_uuid: "5ecb86c81a604d0b8e884f72c40ce8e6"
I20260709 12:20:45.970939 11411 raft_consensus.cc:3060] T 0f01e426809d4d07bca5de78585dcf5d P 5ecb86c81a604d0b8e884f72c40ce8e6 [term 0 FOLLOWER]: Advancing to term 1
I20260709 12:20:45.976661 11541 leader_election.cc:290] T 5a839093f34f47c586fd34ad416f49ca P 5ecb86c81a604d0b8e884f72c40ce8e6 [CANDIDATE]: Term 1 pre-election: Requested pre-vote from peers b81d720784b042e49293483cb8fa0d12 (127.9.211.129:34367), d97c37f0a9f4482785927a2251fde22f (127.9.211.130:39225)
I20260709 12:20:45.977129 11456 tablet_bootstrap.cc:654] T 1ddf752e1aca4dc289b6bfd642158394 P d97c37f0a9f4482785927a2251fde22f: Neither blocks nor log segments found. Creating new log.
I20260709 12:20:45.963157 11623 leader_election.cc:290] T 0f01e426809d4d07bca5de78585dcf5d P d97c37f0a9f4482785927a2251fde22f [CANDIDATE]: Term 1 election: Requested vote from peers b81d720784b042e49293483cb8fa0d12 (127.9.211.129:34367), 5ecb86c81a604d0b8e884f72c40ce8e6 (127.9.211.131:36725)
I20260709 12:20:45.978941 11340 tablet_service.cc:1917] Received RequestConsensusVote() RPC: tablet_id: "5a839093f34f47c586fd34ad416f49ca" candidate_uuid: "5ecb86c81a604d0b8e884f72c40ce8e6" candidate_term: 1 candidate_status { last_received { term: 0 index: 0 } } ignore_live_leader: false dest_uuid: "d97c37f0a9f4482785927a2251fde22f" is_pre_election: true
I20260709 12:20:45.984506 11564 consensus_queue.cc:1048] T 1f4fe8b156b540a08720b46f8d44aa4d P d97c37f0a9f4482785927a2251fde22f [LEADER]: Connected to new peer: Peer: permanent_uuid: "5ecb86c81a604d0b8e884f72c40ce8e6" member_type: VOTER last_known_addr { host: "127.9.211.131" port: 36725 }, Status: LMP_MISMATCH, Last received: 0.0, Next index: 1, Last known committed idx: 0, Time since last communication: 0.001s
I20260709 12:20:45.987053 11476 consensus_queue.cc:1048] T 07670a2946684fadb22fd3f48e721a87 P d97c37f0a9f4482785927a2251fde22f [LEADER]: Connected to new peer: Peer: permanent_uuid: "5ecb86c81a604d0b8e884f72c40ce8e6" member_type: VOTER last_known_addr { host: "127.9.211.131" port: 36725 }, Status: LMP_MISMATCH, Last received: 0.0, Next index: 1, Last known committed idx: 0, Time since last communication: 0.000s
I20260709 12:20:45.984943 11263 tablet_service.cc:1917] Received RequestConsensusVote() RPC: tablet_id: "5a839093f34f47c586fd34ad416f49ca" candidate_uuid: "5ecb86c81a604d0b8e884f72c40ce8e6" candidate_term: 1 candidate_status { last_received { term: 0 index: 0 } } ignore_live_leader: false dest_uuid: "b81d720784b042e49293483cb8fa0d12" is_pre_election: true
I20260709 12:20:45.994125 11455 raft_consensus.cc:359] T 3f59b788d0c34cc480b1c90e2e42f3d7 P b81d720784b042e49293483cb8fa0d12 [term 0 FOLLOWER]: Replica starting. Triggering 0 pending ops. Active config: opid_index: -1 OBSOLETE_local: false peers { permanent_uuid: "b81d720784b042e49293483cb8fa0d12" member_type: VOTER last_known_addr { host: "127.9.211.129" port: 34367 } } peers { permanent_uuid: "d97c37f0a9f4482785927a2251fde22f" member_type: VOTER last_known_addr { host: "127.9.211.130" port: 39225 } } peers { permanent_uuid: "5ecb86c81a604d0b8e884f72c40ce8e6" member_type: VOTER last_known_addr { host: "127.9.211.131" port: 36725 } }
I20260709 12:20:45.996556 11455 raft_consensus.cc:385] T 3f59b788d0c34cc480b1c90e2e42f3d7 P b81d720784b042e49293483cb8fa0d12 [term 0 FOLLOWER]: Consensus starting up: Expiring failure detector timer to make a prompt election more likely
I20260709 12:20:45.997121 11455 raft_consensus.cc:740] T 3f59b788d0c34cc480b1c90e2e42f3d7 P b81d720784b042e49293483cb8fa0d12 [term 0 FOLLOWER]: Becoming Follower/Learner. State: Replica: b81d720784b042e49293483cb8fa0d12, State: Initialized, Role: FOLLOWER
W20260709 12:20:45.997722 11380 leader_election.cc:343] T 5a839093f34f47c586fd34ad416f49ca P 5ecb86c81a604d0b8e884f72c40ce8e6 [CANDIDATE]: Term 1 pre-election: Tablet error from VoteRequest() call to peer b81d720784b042e49293483cb8fa0d12 (127.9.211.129:34367): Illegal state: must be running to vote when last-logged opid is not known
I20260709 12:20:45.998951 11455 consensus_queue.cc:260] T 3f59b788d0c34cc480b1c90e2e42f3d7 P b81d720784b042e49293483cb8fa0d12 [NON_LEADER]: Queue going to NON_LEADER mode. State: All replicated index: 0, Majority replicated index: 0, Committed index: 0, Last appended: 0.0, Last appended by leader: 0, Current term: 0, Majority size: -1, State: 0, Mode: NON_LEADER, active raft config: opid_index: -1 OBSOLETE_local: false peers { permanent_uuid: "b81d720784b042e49293483cb8fa0d12" member_type: VOTER last_known_addr { host: "127.9.211.129" port: 34367 } } peers { permanent_uuid: "d97c37f0a9f4482785927a2251fde22f" member_type: VOTER last_known_addr { host: "127.9.211.130" port: 39225 } } peers { permanent_uuid: "5ecb86c81a604d0b8e884f72c40ce8e6" member_type: VOTER last_known_addr { host: "127.9.211.131" port: 36725 } }
I20260709 12:20:45.999833 11459 tablet_bootstrap.cc:654] T 1ddf752e1aca4dc289b6bfd642158394 P 5ecb86c81a604d0b8e884f72c40ce8e6: Neither blocks nor log segments found. Creating new log.
I20260709 12:20:46.006763 11262 raft_consensus.cc:2468] T 0f01e426809d4d07bca5de78585dcf5d P b81d720784b042e49293483cb8fa0d12 [term 1 FOLLOWER]: Leader election vote request: Granting yes vote for candidate d97c37f0a9f4482785927a2251fde22f in term 1.
I20260709 12:20:45.980003 11619 raft_consensus.cc:515] T 5a839093f34f47c586fd34ad416f49ca P d97c37f0a9f4482785927a2251fde22f [term 0 FOLLOWER]: Starting pre-election with config: opid_index: -1 OBSOLETE_local: false peers { permanent_uuid: "b81d720784b042e49293483cb8fa0d12" member_type: VOTER last_known_addr { host: "127.9.211.129" port: 34367 } } peers { permanent_uuid: "d97c37f0a9f4482785927a2251fde22f" member_type: VOTER last_known_addr { host: "127.9.211.130" port: 39225 } } peers { permanent_uuid: "5ecb86c81a604d0b8e884f72c40ce8e6" member_type: VOTER last_known_addr { host: "127.9.211.131" port: 36725 } }
I20260709 12:20:46.008606 11340 raft_consensus.cc:2468] T 5a839093f34f47c586fd34ad416f49ca P d97c37f0a9f4482785927a2251fde22f [term 0 FOLLOWER]: Leader pre-election vote request: Granting yes vote for candidate 5ecb86c81a604d0b8e884f72c40ce8e6 in term 0.
I20260709 12:20:46.011932 11378 leader_election.cc:304] T 5a839093f34f47c586fd34ad416f49ca P 5ecb86c81a604d0b8e884f72c40ce8e6 [CANDIDATE]: Term 1 pre-election: Election decided. Result: candidate won. Election summary: received 3 responses out of 3 voters: 2 yes votes; 1 no votes. yes voters: 5ecb86c81a604d0b8e884f72c40ce8e6, d97c37f0a9f4482785927a2251fde22f; no voters: b81d720784b042e49293483cb8fa0d12
I20260709 12:20:46.014077 11455 ts_tablet_manager.cc:1434] T 3f59b788d0c34cc480b1c90e2e42f3d7 P b81d720784b042e49293483cb8fa0d12: Time spent starting tablet: real 0.045s	user 0.008s	sys 0.000s
I20260709 12:20:46.014451 11411 raft_consensus.cc:2468] T 0f01e426809d4d07bca5de78585dcf5d P 5ecb86c81a604d0b8e884f72c40ce8e6 [term 1 FOLLOWER]: Leader election vote request: Granting yes vote for candidate d97c37f0a9f4482785927a2251fde22f in term 1.
I20260709 12:20:46.015610 11455 tablet_bootstrap.cc:492] T 5a839093f34f47c586fd34ad416f49ca P b81d720784b042e49293483cb8fa0d12: Bootstrap starting.
I20260709 12:20:46.017055 11306 leader_election.cc:304] T 0f01e426809d4d07bca5de78585dcf5d P d97c37f0a9f4482785927a2251fde22f [CANDIDATE]: Term 1 election: Election decided. Result: candidate won. Election summary: received 2 responses out of 3 voters: 2 yes votes; 0 no votes. yes voters: b81d720784b042e49293483cb8fa0d12, d97c37f0a9f4482785927a2251fde22f; no voters: 
I20260709 12:20:46.015075 11541 raft_consensus.cc:2804] T 5a839093f34f47c586fd34ad416f49ca P 5ecb86c81a604d0b8e884f72c40ce8e6 [term 0 FOLLOWER]: Leader pre-election won for term 1
I20260709 12:20:46.021831 11624 raft_consensus.cc:2804] T 0f01e426809d4d07bca5de78585dcf5d P d97c37f0a9f4482785927a2251fde22f [term 1 FOLLOWER]: Leader election won for term 1
I20260709 12:20:46.022351 11541 raft_consensus.cc:493] T 5a839093f34f47c586fd34ad416f49ca P 5ecb86c81a604d0b8e884f72c40ce8e6 [term 0 FOLLOWER]: Starting leader election (no leader contacted us within the election timeout)
I20260709 12:20:46.023092 11541 raft_consensus.cc:3060] T 5a839093f34f47c586fd34ad416f49ca P 5ecb86c81a604d0b8e884f72c40ce8e6 [term 0 FOLLOWER]: Advancing to term 1
I20260709 12:20:46.022408 11624 raft_consensus.cc:697] T 0f01e426809d4d07bca5de78585dcf5d P d97c37f0a9f4482785927a2251fde22f [term 1 LEADER]: Becoming Leader. State: Replica: d97c37f0a9f4482785927a2251fde22f, State: Running, Role: LEADER
I20260709 12:20:46.025732 11624 consensus_queue.cc:237] T 0f01e426809d4d07bca5de78585dcf5d P d97c37f0a9f4482785927a2251fde22f [LEADER]: Queue going to LEADER mode. State: All replicated index: 0, Majority replicated index: 0, Committed index: 0, Last appended: 0.0, Last appended by leader: 0, Current term: 1, Majority size: 2, State: 0, Mode: LEADER, active raft config: opid_index: -1 OBSOLETE_local: false peers { permanent_uuid: "b81d720784b042e49293483cb8fa0d12" member_type: VOTER last_known_addr { host: "127.9.211.129" port: 34367 } } peers { permanent_uuid: "d97c37f0a9f4482785927a2251fde22f" member_type: VOTER last_known_addr { host: "127.9.211.130" port: 39225 } } peers { permanent_uuid: "5ecb86c81a604d0b8e884f72c40ce8e6" member_type: VOTER last_known_addr { host: "127.9.211.131" port: 36725 } }
I20260709 12:20:46.040127 11262 tablet_service.cc:1917] Received RequestConsensusVote() RPC: tablet_id: "5a839093f34f47c586fd34ad416f49ca" candidate_uuid: "d97c37f0a9f4482785927a2251fde22f" candidate_term: 1 candidate_status { last_received { term: 0 index: 0 } } ignore_live_leader: false dest_uuid: "b81d720784b042e49293483cb8fa0d12" is_pre_election: true
I20260709 12:20:46.042678 11459 tablet_bootstrap.cc:492] T 1ddf752e1aca4dc289b6bfd642158394 P 5ecb86c81a604d0b8e884f72c40ce8e6: No bootstrap required, opened a new log
I20260709 12:20:46.043197 11459 ts_tablet_manager.cc:1403] T 1ddf752e1aca4dc289b6bfd642158394 P 5ecb86c81a604d0b8e884f72c40ce8e6: Time spent bootstrapping tablet: real 0.189s	user 0.024s	sys 0.012s
W20260709 12:20:46.051465 11306 leader_election.cc:343] T 5a839093f34f47c586fd34ad416f49ca P d97c37f0a9f4482785927a2251fde22f [CANDIDATE]: Term 1 pre-election: Tablet error from VoteRequest() call to peer b81d720784b042e49293483cb8fa0d12 (127.9.211.129:34367): Illegal state: must be running to vote when last-logged opid is not known
I20260709 12:20:46.054903 11564 consensus_queue.cc:1048] T 1f4fe8b156b540a08720b46f8d44aa4d P d97c37f0a9f4482785927a2251fde22f [LEADER]: Connected to new peer: Peer: permanent_uuid: "b81d720784b042e49293483cb8fa0d12" member_type: VOTER last_known_addr { host: "127.9.211.129" port: 34367 }, Status: LMP_MISMATCH, Last received: 0.0, Next index: 1, Last known committed idx: 0, Time since last communication: 0.000s
I20260709 12:20:46.056020 11456 tablet_bootstrap.cc:492] T 1ddf752e1aca4dc289b6bfd642158394 P d97c37f0a9f4482785927a2251fde22f: No bootstrap required, opened a new log
I20260709 12:20:46.056751 11456 ts_tablet_manager.cc:1403] T 1ddf752e1aca4dc289b6bfd642158394 P d97c37f0a9f4482785927a2251fde22f: Time spent bootstrapping tablet: real 0.177s	user 0.016s	sys 0.007s
I20260709 12:20:46.057135 11413 tablet_service.cc:1917] Received RequestConsensusVote() RPC: tablet_id: "5a839093f34f47c586fd34ad416f49ca" candidate_uuid: "d97c37f0a9f4482785927a2251fde22f" candidate_term: 1 candidate_status { last_received { term: 0 index: 0 } } ignore_live_leader: false dest_uuid: "5ecb86c81a604d0b8e884f72c40ce8e6" is_pre_election: true
I20260709 12:20:46.057631 11263 raft_consensus.cc:3060] T 07670a2946684fadb22fd3f48e721a87 P b81d720784b042e49293483cb8fa0d12 [term 0 FOLLOWER]: Advancing to term 1
I20260709 12:20:46.060050 11459 raft_consensus.cc:359] T 1ddf752e1aca4dc289b6bfd642158394 P 5ecb86c81a604d0b8e884f72c40ce8e6 [term 0 FOLLOWER]: Replica starting. Triggering 0 pending ops. Active config: opid_index: -1 OBSOLETE_local: false peers { permanent_uuid: "b81d720784b042e49293483cb8fa0d12" member_type: VOTER last_known_addr { host: "127.9.211.129" port: 34367 } } peers { permanent_uuid: "d97c37f0a9f4482785927a2251fde22f" member_type: VOTER last_known_addr { host: "127.9.211.130" port: 39225 } } peers { permanent_uuid: "5ecb86c81a604d0b8e884f72c40ce8e6" member_type: VOTER last_known_addr { host: "127.9.211.131" port: 36725 } }
I20260709 12:20:46.060689 11459 raft_consensus.cc:385] T 1ddf752e1aca4dc289b6bfd642158394 P 5ecb86c81a604d0b8e884f72c40ce8e6 [term 0 FOLLOWER]: Consensus starting up: Expiring failure detector timer to make a prompt election more likely
I20260709 12:20:46.061107 11459 raft_consensus.cc:740] T 1ddf752e1aca4dc289b6bfd642158394 P 5ecb86c81a604d0b8e884f72c40ce8e6 [term 0 FOLLOWER]: Becoming Follower/Learner. State: Replica: 5ecb86c81a604d0b8e884f72c40ce8e6, State: Initialized, Role: FOLLOWER
I20260709 12:20:46.065721 11456 raft_consensus.cc:359] T 1ddf752e1aca4dc289b6bfd642158394 P d97c37f0a9f4482785927a2251fde22f [term 0 FOLLOWER]: Replica starting. Triggering 0 pending ops. Active config: opid_index: -1 OBSOLETE_local: false peers { permanent_uuid: "b81d720784b042e49293483cb8fa0d12" member_type: VOTER last_known_addr { host: "127.9.211.129" port: 34367 } } peers { permanent_uuid: "d97c37f0a9f4482785927a2251fde22f" member_type: VOTER last_known_addr { host: "127.9.211.130" port: 39225 } } peers { permanent_uuid: "5ecb86c81a604d0b8e884f72c40ce8e6" member_type: VOTER last_known_addr { host: "127.9.211.131" port: 36725 } }
I20260709 12:20:46.065897 11459 consensus_queue.cc:260] T 1ddf752e1aca4dc289b6bfd642158394 P 5ecb86c81a604d0b8e884f72c40ce8e6 [NON_LEADER]: Queue going to NON_LEADER mode. State: All replicated index: 0, Majority replicated index: 0, Committed index: 0, Last appended: 0.0, Last appended by leader: 0, Current term: 0, Majority size: -1, State: 0, Mode: NON_LEADER, active raft config: opid_index: -1 OBSOLETE_local: false peers { permanent_uuid: "b81d720784b042e49293483cb8fa0d12" member_type: VOTER last_known_addr { host: "127.9.211.129" port: 34367 } } peers { permanent_uuid: "d97c37f0a9f4482785927a2251fde22f" member_type: VOTER last_known_addr { host: "127.9.211.130" port: 39225 } } peers { permanent_uuid: "5ecb86c81a604d0b8e884f72c40ce8e6" member_type: VOTER last_known_addr { host: "127.9.211.131" port: 36725 } }
I20260709 12:20:46.067023 11456 raft_consensus.cc:385] T 1ddf752e1aca4dc289b6bfd642158394 P d97c37f0a9f4482785927a2251fde22f [term 0 FOLLOWER]: Consensus starting up: Expiring failure detector timer to make a prompt election more likely
I20260709 12:20:46.067600 11456 raft_consensus.cc:740] T 1ddf752e1aca4dc289b6bfd642158394 P d97c37f0a9f4482785927a2251fde22f [term 0 FOLLOWER]: Becoming Follower/Learner. State: Replica: d97c37f0a9f4482785927a2251fde22f, State: Initialized, Role: FOLLOWER
I20260709 12:20:46.056044 11619 leader_election.cc:290] T 5a839093f34f47c586fd34ad416f49ca P d97c37f0a9f4482785927a2251fde22f [CANDIDATE]: Term 1 pre-election: Requested pre-vote from peers b81d720784b042e49293483cb8fa0d12 (127.9.211.129:34367), 5ecb86c81a604d0b8e884f72c40ce8e6 (127.9.211.131:36725)
I20260709 12:20:46.081279 11456 consensus_queue.cc:260] T 1ddf752e1aca4dc289b6bfd642158394 P d97c37f0a9f4482785927a2251fde22f [NON_LEADER]: Queue going to NON_LEADER mode. State: All replicated index: 0, Majority replicated index: 0, Committed index: 0, Last appended: 0.0, Last appended by leader: 0, Current term: 0, Majority size: -1, State: 0, Mode: NON_LEADER, active raft config: opid_index: -1 OBSOLETE_local: false peers { permanent_uuid: "b81d720784b042e49293483cb8fa0d12" member_type: VOTER last_known_addr { host: "127.9.211.129" port: 34367 } } peers { permanent_uuid: "d97c37f0a9f4482785927a2251fde22f" member_type: VOTER last_known_addr { host: "127.9.211.130" port: 39225 } } peers { permanent_uuid: "5ecb86c81a604d0b8e884f72c40ce8e6" member_type: VOTER last_known_addr { host: "127.9.211.131" port: 36725 } }
I20260709 12:20:46.088855 11619 consensus_queue.cc:1048] T 07670a2946684fadb22fd3f48e721a87 P d97c37f0a9f4482785927a2251fde22f [LEADER]: Connected to new peer: Peer: permanent_uuid: "b81d720784b042e49293483cb8fa0d12" member_type: VOTER last_known_addr { host: "127.9.211.129" port: 34367 }, Status: LMP_MISMATCH, Last received: 0.0, Next index: 1, Last known committed idx: 0, Time since last communication: 0.001s
I20260709 12:20:46.089650 11459 ts_tablet_manager.cc:1434] T 1ddf752e1aca4dc289b6bfd642158394 P 5ecb86c81a604d0b8e884f72c40ce8e6: Time spent starting tablet: real 0.046s	user 0.010s	sys 0.000s
I20260709 12:20:46.090972 11459 tablet_bootstrap.cc:492] T 1470d0f3e0934d51be0f62199f335872 P 5ecb86c81a604d0b8e884f72c40ce8e6: Bootstrap starting.
I20260709 12:20:46.094511 11456 ts_tablet_manager.cc:1434] T 1ddf752e1aca4dc289b6bfd642158394 P d97c37f0a9f4482785927a2251fde22f: Time spent starting tablet: real 0.037s	user 0.009s	sys 0.000s
I20260709 12:20:46.095626 11456 tablet_bootstrap.cc:492] T 867c5579541e48049c4b8a91bd026f3c P d97c37f0a9f4482785927a2251fde22f: Bootstrap starting.
I20260709 12:20:46.096570 11455 tablet_bootstrap.cc:654] T 5a839093f34f47c586fd34ad416f49ca P b81d720784b042e49293483cb8fa0d12: Neither blocks nor log segments found. Creating new log.
I20260709 12:20:46.110150 11459 tablet_bootstrap.cc:654] T 1470d0f3e0934d51be0f62199f335872 P 5ecb86c81a604d0b8e884f72c40ce8e6: Neither blocks nor log segments found. Creating new log.
I20260709 12:20:46.096158 11541 raft_consensus.cc:515] T 5a839093f34f47c586fd34ad416f49ca P 5ecb86c81a604d0b8e884f72c40ce8e6 [term 1 FOLLOWER]: Starting leader election with config: opid_index: -1 OBSOLETE_local: false peers { permanent_uuid: "b81d720784b042e49293483cb8fa0d12" member_type: VOTER last_known_addr { host: "127.9.211.129" port: 34367 } } peers { permanent_uuid: "d97c37f0a9f4482785927a2251fde22f" member_type: VOTER last_known_addr { host: "127.9.211.130" port: 39225 } } peers { permanent_uuid: "5ecb86c81a604d0b8e884f72c40ce8e6" member_type: VOTER last_known_addr { host: "127.9.211.131" port: 36725 } }
I20260709 12:20:46.120078 11413 raft_consensus.cc:2393] T 5a839093f34f47c586fd34ad416f49ca P 5ecb86c81a604d0b8e884f72c40ce8e6 [term 1 FOLLOWER]: Leader pre-election vote request: Denying vote to candidate d97c37f0a9f4482785927a2251fde22f in current term 1: Already voted for candidate 5ecb86c81a604d0b8e884f72c40ce8e6 in this term.
I20260709 12:20:46.123416 11305 leader_election.cc:304] T 5a839093f34f47c586fd34ad416f49ca P d97c37f0a9f4482785927a2251fde22f [CANDIDATE]: Term 1 pre-election: Election decided. Result: candidate lost. Election summary: received 3 responses out of 3 voters: 1 yes votes; 2 no votes. yes voters: d97c37f0a9f4482785927a2251fde22f; no voters: 5ecb86c81a604d0b8e884f72c40ce8e6, b81d720784b042e49293483cb8fa0d12
I20260709 12:20:46.124349 11624 raft_consensus.cc:3060] T 5a839093f34f47c586fd34ad416f49ca P d97c37f0a9f4482785927a2251fde22f [term 0 FOLLOWER]: Advancing to term 1
I20260709 12:20:46.125427 11509 consensus_queue.cc:1048] T f0cc93332deb43c6af80cfdf925d342c P b81d720784b042e49293483cb8fa0d12 [LEADER]: Connected to new peer: Peer: permanent_uuid: "5ecb86c81a604d0b8e884f72c40ce8e6" member_type: VOTER last_known_addr { host: "127.9.211.131" port: 36725 }, Status: LMP_MISMATCH, Last received: 0.0, Next index: 1, Last known committed idx: 0, Time since last communication: 0.001s
I20260709 12:20:46.127203 11541 leader_election.cc:290] T 5a839093f34f47c586fd34ad416f49ca P 5ecb86c81a604d0b8e884f72c40ce8e6 [CANDIDATE]: Term 1 election: Requested vote from peers b81d720784b042e49293483cb8fa0d12 (127.9.211.129:34367), d97c37f0a9f4482785927a2251fde22f (127.9.211.130:39225)
I20260709 12:20:46.130518 11340 tablet_service.cc:1917] Received RequestConsensusVote() RPC: tablet_id: "5a839093f34f47c586fd34ad416f49ca" candidate_uuid: "5ecb86c81a604d0b8e884f72c40ce8e6" candidate_term: 1 candidate_status { last_received { term: 0 index: 0 } } ignore_live_leader: false dest_uuid: "d97c37f0a9f4482785927a2251fde22f"
I20260709 12:20:46.131503 11262 tablet_service.cc:1917] Received RequestConsensusVote() RPC: tablet_id: "5a839093f34f47c586fd34ad416f49ca" candidate_uuid: "5ecb86c81a604d0b8e884f72c40ce8e6" candidate_term: 1 candidate_status { last_received { term: 0 index: 0 } } ignore_live_leader: false dest_uuid: "b81d720784b042e49293483cb8fa0d12"
I20260709 12:20:46.132599 11456 tablet_bootstrap.cc:654] T 867c5579541e48049c4b8a91bd026f3c P d97c37f0a9f4482785927a2251fde22f: Neither blocks nor log segments found. Creating new log.
W20260709 12:20:46.133184 11380 leader_election.cc:343] T 5a839093f34f47c586fd34ad416f49ca P 5ecb86c81a604d0b8e884f72c40ce8e6 [CANDIDATE]: Term 1 election: Tablet error from VoteRequest() call to peer b81d720784b042e49293483cb8fa0d12 (127.9.211.129:34367): Illegal state: must be running to vote when last-logged opid is not known
I20260709 12:20:46.143074 11455 tablet_bootstrap.cc:492] T 5a839093f34f47c586fd34ad416f49ca P b81d720784b042e49293483cb8fa0d12: No bootstrap required, opened a new log
I20260709 12:20:46.143702 11459 tablet_bootstrap.cc:492] T 1470d0f3e0934d51be0f62199f335872 P 5ecb86c81a604d0b8e884f72c40ce8e6: No bootstrap required, opened a new log
I20260709 12:20:46.144033 11455 ts_tablet_manager.cc:1403] T 5a839093f34f47c586fd34ad416f49ca P b81d720784b042e49293483cb8fa0d12: Time spent bootstrapping tablet: real 0.129s	user 0.011s	sys 0.006s
I20260709 12:20:46.144217 11459 ts_tablet_manager.cc:1403] T 1470d0f3e0934d51be0f62199f335872 P 5ecb86c81a604d0b8e884f72c40ce8e6: Time spent bootstrapping tablet: real 0.054s	user 0.008s	sys 0.011s
I20260709 12:20:46.133965 11624 raft_consensus.cc:2749] T 5a839093f34f47c586fd34ad416f49ca P d97c37f0a9f4482785927a2251fde22f [term 1 FOLLOWER]: Leader pre-election lost for term 1. Reason: could not achieve majority
I20260709 12:20:46.147018 11459 raft_consensus.cc:359] T 1470d0f3e0934d51be0f62199f335872 P 5ecb86c81a604d0b8e884f72c40ce8e6 [term 0 FOLLOWER]: Replica starting. Triggering 0 pending ops. Active config: opid_index: -1 OBSOLETE_local: false peers { permanent_uuid: "b81d720784b042e49293483cb8fa0d12" member_type: VOTER last_known_addr { host: "127.9.211.129" port: 34367 } } peers { permanent_uuid: "d97c37f0a9f4482785927a2251fde22f" member_type: VOTER last_known_addr { host: "127.9.211.130" port: 39225 } } peers { permanent_uuid: "5ecb86c81a604d0b8e884f72c40ce8e6" member_type: VOTER last_known_addr { host: "127.9.211.131" port: 36725 } }
I20260709 12:20:46.147701 11459 raft_consensus.cc:385] T 1470d0f3e0934d51be0f62199f335872 P 5ecb86c81a604d0b8e884f72c40ce8e6 [term 0 FOLLOWER]: Consensus starting up: Expiring failure detector timer to make a prompt election more likely
I20260709 12:20:46.148010 11459 raft_consensus.cc:740] T 1470d0f3e0934d51be0f62199f335872 P 5ecb86c81a604d0b8e884f72c40ce8e6 [term 0 FOLLOWER]: Becoming Follower/Learner. State: Replica: 5ecb86c81a604d0b8e884f72c40ce8e6, State: Initialized, Role: FOLLOWER
I20260709 12:20:46.147763 11455 raft_consensus.cc:359] T 5a839093f34f47c586fd34ad416f49ca P b81d720784b042e49293483cb8fa0d12 [term 0 FOLLOWER]: Replica starting. Triggering 0 pending ops. Active config: opid_index: -1 OBSOLETE_local: false peers { permanent_uuid: "b81d720784b042e49293483cb8fa0d12" member_type: VOTER last_known_addr { host: "127.9.211.129" port: 34367 } } peers { permanent_uuid: "d97c37f0a9f4482785927a2251fde22f" member_type: VOTER last_known_addr { host: "127.9.211.130" port: 39225 } } peers { permanent_uuid: "5ecb86c81a604d0b8e884f72c40ce8e6" member_type: VOTER last_known_addr { host: "127.9.211.131" port: 36725 } }
I20260709 12:20:46.148910 11459 consensus_queue.cc:260] T 1470d0f3e0934d51be0f62199f335872 P 5ecb86c81a604d0b8e884f72c40ce8e6 [NON_LEADER]: Queue going to NON_LEADER mode. State: All replicated index: 0, Majority replicated index: 0, Committed index: 0, Last appended: 0.0, Last appended by leader: 0, Current term: 0, Majority size: -1, State: 0, Mode: NON_LEADER, active raft config: opid_index: -1 OBSOLETE_local: false peers { permanent_uuid: "b81d720784b042e49293483cb8fa0d12" member_type: VOTER last_known_addr { host: "127.9.211.129" port: 34367 } } peers { permanent_uuid: "d97c37f0a9f4482785927a2251fde22f" member_type: VOTER last_known_addr { host: "127.9.211.130" port: 39225 } } peers { permanent_uuid: "5ecb86c81a604d0b8e884f72c40ce8e6" member_type: VOTER last_known_addr { host: "127.9.211.131" port: 36725 } }
I20260709 12:20:46.151285 11459 ts_tablet_manager.cc:1434] T 1470d0f3e0934d51be0f62199f335872 P 5ecb86c81a604d0b8e884f72c40ce8e6: Time spent starting tablet: real 0.007s	user 0.003s	sys 0.003s
I20260709 12:20:46.152841 11459 tablet_bootstrap.cc:492] T f17933fceef941d6a16b4328017d6146 P 5ecb86c81a604d0b8e884f72c40ce8e6: Bootstrap starting.
I20260709 12:20:46.154090 11340 raft_consensus.cc:2468] T 5a839093f34f47c586fd34ad416f49ca P d97c37f0a9f4482785927a2251fde22f [term 1 FOLLOWER]: Leader election vote request: Granting yes vote for candidate 5ecb86c81a604d0b8e884f72c40ce8e6 in term 1.
I20260709 12:20:46.149277 11455 raft_consensus.cc:385] T 5a839093f34f47c586fd34ad416f49ca P b81d720784b042e49293483cb8fa0d12 [term 0 FOLLOWER]: Consensus starting up: Expiring failure detector timer to make a prompt election more likely
I20260709 12:20:46.157298 11378 leader_election.cc:304] T 5a839093f34f47c586fd34ad416f49ca P 5ecb86c81a604d0b8e884f72c40ce8e6 [CANDIDATE]: Term 1 election: Election decided. Result: candidate won. Election summary: received 3 responses out of 3 voters: 2 yes votes; 1 no votes. yes voters: 5ecb86c81a604d0b8e884f72c40ce8e6, d97c37f0a9f4482785927a2251fde22f; no voters: b81d720784b042e49293483cb8fa0d12
I20260709 12:20:46.157459 11455 raft_consensus.cc:740] T 5a839093f34f47c586fd34ad416f49ca P b81d720784b042e49293483cb8fa0d12 [term 0 FOLLOWER]: Becoming Follower/Learner. State: Replica: b81d720784b042e49293483cb8fa0d12, State: Initialized, Role: FOLLOWER
I20260709 12:20:46.158313 11486 raft_consensus.cc:2804] T 5a839093f34f47c586fd34ad416f49ca P 5ecb86c81a604d0b8e884f72c40ce8e6 [term 1 FOLLOWER]: Leader election won for term 1
I20260709 12:20:46.158895 11486 raft_consensus.cc:697] T 5a839093f34f47c586fd34ad416f49ca P 5ecb86c81a604d0b8e884f72c40ce8e6 [term 1 LEADER]: Becoming Leader. State: Replica: 5ecb86c81a604d0b8e884f72c40ce8e6, State: Running, Role: LEADER
I20260709 12:20:46.159494 11455 consensus_queue.cc:260] T 5a839093f34f47c586fd34ad416f49ca P b81d720784b042e49293483cb8fa0d12 [NON_LEADER]: Queue going to NON_LEADER mode. State: All replicated index: 0, Majority replicated index: 0, Committed index: 0, Last appended: 0.0, Last appended by leader: 0, Current term: 0, Majority size: -1, State: 0, Mode: NON_LEADER, active raft config: opid_index: -1 OBSOLETE_local: false peers { permanent_uuid: "b81d720784b042e49293483cb8fa0d12" member_type: VOTER last_known_addr { host: "127.9.211.129" port: 34367 } } peers { permanent_uuid: "d97c37f0a9f4482785927a2251fde22f" member_type: VOTER last_known_addr { host: "127.9.211.130" port: 39225 } } peers { permanent_uuid: "5ecb86c81a604d0b8e884f72c40ce8e6" member_type: VOTER last_known_addr { host: "127.9.211.131" port: 36725 } }
I20260709 12:20:46.159723 11486 consensus_queue.cc:237] T 5a839093f34f47c586fd34ad416f49ca P 5ecb86c81a604d0b8e884f72c40ce8e6 [LEADER]: Queue going to LEADER mode. State: All replicated index: 0, Majority replicated index: 0, Committed index: 0, Last appended: 0.0, Last appended by leader: 0, Current term: 1, Majority size: 2, State: 0, Mode: LEADER, active raft config: opid_index: -1 OBSOLETE_local: false peers { permanent_uuid: "b81d720784b042e49293483cb8fa0d12" member_type: VOTER last_known_addr { host: "127.9.211.129" port: 34367 } } peers { permanent_uuid: "d97c37f0a9f4482785927a2251fde22f" member_type: VOTER last_known_addr { host: "127.9.211.130" port: 39225 } } peers { permanent_uuid: "5ecb86c81a604d0b8e884f72c40ce8e6" member_type: VOTER last_known_addr { host: "127.9.211.131" port: 36725 } }
I20260709 12:20:46.163825 11621 consensus_queue.cc:1048] T f0cc93332deb43c6af80cfdf925d342c P b81d720784b042e49293483cb8fa0d12 [LEADER]: Connected to new peer: Peer: permanent_uuid: "d97c37f0a9f4482785927a2251fde22f" member_type: VOTER last_known_addr { host: "127.9.211.130" port: 39225 }, Status: LMP_MISMATCH, Last received: 0.0, Next index: 1, Last known committed idx: 0, Time since last communication: 0.000s
I20260709 12:20:46.166038 11456 tablet_bootstrap.cc:492] T 867c5579541e48049c4b8a91bd026f3c P d97c37f0a9f4482785927a2251fde22f: No bootstrap required, opened a new log
I20260709 12:20:46.166513 11456 ts_tablet_manager.cc:1403] T 867c5579541e48049c4b8a91bd026f3c P d97c37f0a9f4482785927a2251fde22f: Time spent bootstrapping tablet: real 0.071s	user 0.015s	sys 0.000s
I20260709 12:20:46.168823 11455 ts_tablet_manager.cc:1434] T 5a839093f34f47c586fd34ad416f49ca P b81d720784b042e49293483cb8fa0d12: Time spent starting tablet: real 0.024s	user 0.008s	sys 0.000s
I20260709 12:20:46.170181 11455 tablet_bootstrap.cc:492] T 867c5579541e48049c4b8a91bd026f3c P b81d720784b042e49293483cb8fa0d12: Bootstrap starting.
I20260709 12:20:46.172338 11621 consensus_queue.cc:1048] T 84370a5442f94d2bace97360affdc663 P b81d720784b042e49293483cb8fa0d12 [LEADER]: Connected to new peer: Peer: permanent_uuid: "d97c37f0a9f4482785927a2251fde22f" member_type: VOTER last_known_addr { host: "127.9.211.130" port: 39225 }, Status: LMP_MISMATCH, Last received: 0.0, Next index: 1, Last known committed idx: 0, Time since last communication: 0.000s
I20260709 12:20:46.175576 11456 raft_consensus.cc:359] T 867c5579541e48049c4b8a91bd026f3c P d97c37f0a9f4482785927a2251fde22f [term 0 FOLLOWER]: Replica starting. Triggering 0 pending ops. Active config: opid_index: -1 OBSOLETE_local: false peers { permanent_uuid: "b81d720784b042e49293483cb8fa0d12" member_type: VOTER last_known_addr { host: "127.9.211.129" port: 34367 } } peers { permanent_uuid: "d97c37f0a9f4482785927a2251fde22f" member_type: VOTER last_known_addr { host: "127.9.211.130" port: 39225 } } peers { permanent_uuid: "5ecb86c81a604d0b8e884f72c40ce8e6" member_type: VOTER last_known_addr { host: "127.9.211.131" port: 36725 } }
I20260709 12:20:46.176332 11456 raft_consensus.cc:385] T 867c5579541e48049c4b8a91bd026f3c P d97c37f0a9f4482785927a2251fde22f [term 0 FOLLOWER]: Consensus starting up: Expiring failure detector timer to make a prompt election more likely
I20260709 12:20:46.179502 11541 consensus_queue.cc:1048] T d9e50e9c85224470bdda67f2ee21f9aa P 5ecb86c81a604d0b8e884f72c40ce8e6 [LEADER]: Connected to new peer: Peer: permanent_uuid: "d97c37f0a9f4482785927a2251fde22f" member_type: VOTER last_known_addr { host: "127.9.211.130" port: 39225 }, Status: LMP_MISMATCH, Last received: 0.0, Next index: 1, Last known committed idx: 0, Time since last communication: 0.000s
I20260709 12:20:46.182307 11541 consensus_queue.cc:1048] T d9e50e9c85224470bdda67f2ee21f9aa P 5ecb86c81a604d0b8e884f72c40ce8e6 [LEADER]: Connected to new peer: Peer: permanent_uuid: "b81d720784b042e49293483cb8fa0d12" member_type: VOTER last_known_addr { host: "127.9.211.129" port: 34367 }, Status: LMP_MISMATCH, Last received: 0.0, Next index: 1, Last known committed idx: 0, Time since last communication: 0.000s
I20260709 12:20:46.184556 11662 consensus_queue.cc:1048] T 84370a5442f94d2bace97360affdc663 P b81d720784b042e49293483cb8fa0d12 [LEADER]: Connected to new peer: Peer: permanent_uuid: "5ecb86c81a604d0b8e884f72c40ce8e6" member_type: VOTER last_known_addr { host: "127.9.211.131" port: 36725 }, Status: LMP_MISMATCH, Last received: 0.0, Next index: 1, Last known committed idx: 0, Time since last communication: 0.001s
I20260709 12:20:46.176606 11456 raft_consensus.cc:740] T 867c5579541e48049c4b8a91bd026f3c P d97c37f0a9f4482785927a2251fde22f [term 0 FOLLOWER]: Becoming Follower/Learner. State: Replica: d97c37f0a9f4482785927a2251fde22f, State: Initialized, Role: FOLLOWER
I20260709 12:20:46.202762 11456 consensus_queue.cc:260] T 867c5579541e48049c4b8a91bd026f3c P d97c37f0a9f4482785927a2251fde22f [NON_LEADER]: Queue going to NON_LEADER mode. State: All replicated index: 0, Majority replicated index: 0, Committed index: 0, Last appended: 0.0, Last appended by leader: 0, Current term: 0, Majority size: -1, State: 0, Mode: NON_LEADER, active raft config: opid_index: -1 OBSOLETE_local: false peers { permanent_uuid: "b81d720784b042e49293483cb8fa0d12" member_type: VOTER last_known_addr { host: "127.9.211.129" port: 34367 } } peers { permanent_uuid: "d97c37f0a9f4482785927a2251fde22f" member_type: VOTER last_known_addr { host: "127.9.211.130" port: 39225 } } peers { permanent_uuid: "5ecb86c81a604d0b8e884f72c40ce8e6" member_type: VOTER last_known_addr { host: "127.9.211.131" port: 36725 } }
I20260709 12:20:46.205476 11456 ts_tablet_manager.cc:1434] T 867c5579541e48049c4b8a91bd026f3c P d97c37f0a9f4482785927a2251fde22f: Time spent starting tablet: real 0.039s	user 0.008s	sys 0.001s
I20260709 12:20:46.206619 11456 tablet_bootstrap.cc:492] T 49892acfcec447d788e5398a9d191332 P d97c37f0a9f4482785927a2251fde22f: Bootstrap starting.
I20260709 12:20:46.214659 11648 consensus_queue.cc:1048] T 3db80be68b354ce4a082cb81c5455ebb P b81d720784b042e49293483cb8fa0d12 [LEADER]: Connected to new peer: Peer: permanent_uuid: "5ecb86c81a604d0b8e884f72c40ce8e6" member_type: VOTER last_known_addr { host: "127.9.211.131" port: 36725 }, Status: LMP_MISMATCH, Last received: 0.0, Next index: 1, Last known committed idx: 0, Time since last communication: 0.001s
I20260709 12:20:46.225142 11621 consensus_queue.cc:1048] T 3db80be68b354ce4a082cb81c5455ebb P b81d720784b042e49293483cb8fa0d12 [LEADER]: Connected to new peer: Peer: permanent_uuid: "d97c37f0a9f4482785927a2251fde22f" member_type: VOTER last_known_addr { host: "127.9.211.130" port: 39225 }, Status: LMP_MISMATCH, Last received: 0.0, Next index: 1, Last known committed idx: 0, Time since last communication: 0.001s
I20260709 12:20:46.238196 11455 tablet_bootstrap.cc:654] T 867c5579541e48049c4b8a91bd026f3c P b81d720784b042e49293483cb8fa0d12: Neither blocks nor log segments found. Creating new log.
I20260709 12:20:46.240870 11541 raft_consensus.cc:493] T 3f59b788d0c34cc480b1c90e2e42f3d7 P 5ecb86c81a604d0b8e884f72c40ce8e6 [term 0 FOLLOWER]: Starting pre-election (no leader contacted us within the election timeout)
I20260709 12:20:46.241891 11541 raft_consensus.cc:515] T 3f59b788d0c34cc480b1c90e2e42f3d7 P 5ecb86c81a604d0b8e884f72c40ce8e6 [term 0 FOLLOWER]: Starting pre-election with config: opid_index: -1 OBSOLETE_local: false peers { permanent_uuid: "b81d720784b042e49293483cb8fa0d12" member_type: VOTER last_known_addr { host: "127.9.211.129" port: 34367 } } peers { permanent_uuid: "d97c37f0a9f4482785927a2251fde22f" member_type: VOTER last_known_addr { host: "127.9.211.130" port: 39225 } } peers { permanent_uuid: "5ecb86c81a604d0b8e884f72c40ce8e6" member_type: VOTER last_known_addr { host: "127.9.211.131" port: 36725 } }
I20260709 12:20:46.244900 11541 leader_election.cc:290] T 3f59b788d0c34cc480b1c90e2e42f3d7 P 5ecb86c81a604d0b8e884f72c40ce8e6 [CANDIDATE]: Term 1 pre-election: Requested pre-vote from peers b81d720784b042e49293483cb8fa0d12 (127.9.211.129:34367), d97c37f0a9f4482785927a2251fde22f (127.9.211.130:39225)
I20260709 12:20:46.250012 11340 tablet_service.cc:1917] Received RequestConsensusVote() RPC: tablet_id: "3f59b788d0c34cc480b1c90e2e42f3d7" candidate_uuid: "5ecb86c81a604d0b8e884f72c40ce8e6" candidate_term: 1 candidate_status { last_received { term: 0 index: 0 } } ignore_live_leader: false dest_uuid: "d97c37f0a9f4482785927a2251fde22f" is_pre_election: true
I20260709 12:20:46.263171 11340 raft_consensus.cc:2468] T 3f59b788d0c34cc480b1c90e2e42f3d7 P d97c37f0a9f4482785927a2251fde22f [term 0 FOLLOWER]: Leader pre-election vote request: Granting yes vote for candidate 5ecb86c81a604d0b8e884f72c40ce8e6 in term 0.
I20260709 12:20:46.247401 11621 raft_consensus.cc:493] T 3f59b788d0c34cc480b1c90e2e42f3d7 P b81d720784b042e49293483cb8fa0d12 [term 0 FOLLOWER]: Starting pre-election (no leader contacted us within the election timeout)
I20260709 12:20:46.248271 11263 tablet_service.cc:1917] Received RequestConsensusVote() RPC: tablet_id: "3f59b788d0c34cc480b1c90e2e42f3d7" candidate_uuid: "5ecb86c81a604d0b8e884f72c40ce8e6" candidate_term: 1 candidate_status { last_received { term: 0 index: 0 } } ignore_live_leader: false dest_uuid: "b81d720784b042e49293483cb8fa0d12" is_pre_election: true
I20260709 12:20:46.264983 11621 raft_consensus.cc:515] T 3f59b788d0c34cc480b1c90e2e42f3d7 P b81d720784b042e49293483cb8fa0d12 [term 0 FOLLOWER]: Starting pre-election with config: opid_index: -1 OBSOLETE_local: false peers { permanent_uuid: "b81d720784b042e49293483cb8fa0d12" member_type: VOTER last_known_addr { host: "127.9.211.129" port: 34367 } } peers { permanent_uuid: "d97c37f0a9f4482785927a2251fde22f" member_type: VOTER last_known_addr { host: "127.9.211.130" port: 39225 } } peers { permanent_uuid: "5ecb86c81a604d0b8e884f72c40ce8e6" member_type: VOTER last_known_addr { host: "127.9.211.131" port: 36725 } }
I20260709 12:20:46.266252 11263 raft_consensus.cc:2468] T 3f59b788d0c34cc480b1c90e2e42f3d7 P b81d720784b042e49293483cb8fa0d12 [term 0 FOLLOWER]: Leader pre-election vote request: Granting yes vote for candidate 5ecb86c81a604d0b8e884f72c40ce8e6 in term 0.
I20260709 12:20:46.267395 11621 leader_election.cc:290] T 3f59b788d0c34cc480b1c90e2e42f3d7 P b81d720784b042e49293483cb8fa0d12 [CANDIDATE]: Term 1 pre-election: Requested pre-vote from peers d97c37f0a9f4482785927a2251fde22f (127.9.211.130:39225), 5ecb86c81a604d0b8e884f72c40ce8e6 (127.9.211.131:36725)
I20260709 12:20:46.267946 11380 leader_election.cc:304] T 3f59b788d0c34cc480b1c90e2e42f3d7 P 5ecb86c81a604d0b8e884f72c40ce8e6 [CANDIDATE]: Term 1 pre-election: Election decided. Result: candidate won. Election summary: received 2 responses out of 3 voters: 2 yes votes; 0 no votes. yes voters: 5ecb86c81a604d0b8e884f72c40ce8e6, b81d720784b042e49293483cb8fa0d12; no voters: 
I20260709 12:20:46.268711 11455 tablet_bootstrap.cc:492] T 867c5579541e48049c4b8a91bd026f3c P b81d720784b042e49293483cb8fa0d12: No bootstrap required, opened a new log
I20260709 12:20:46.268805 11541 raft_consensus.cc:2804] T 3f59b788d0c34cc480b1c90e2e42f3d7 P 5ecb86c81a604d0b8e884f72c40ce8e6 [term 0 FOLLOWER]: Leader pre-election won for term 1
I20260709 12:20:46.269286 11455 ts_tablet_manager.cc:1403] T 867c5579541e48049c4b8a91bd026f3c P b81d720784b042e49293483cb8fa0d12: Time spent bootstrapping tablet: real 0.099s	user 0.013s	sys 0.001s
I20260709 12:20:46.269232 11541 raft_consensus.cc:493] T 3f59b788d0c34cc480b1c90e2e42f3d7 P 5ecb86c81a604d0b8e884f72c40ce8e6 [term 0 FOLLOWER]: Starting leader election (no leader contacted us within the election timeout)
I20260709 12:20:46.269688 11541 raft_consensus.cc:3060] T 3f59b788d0c34cc480b1c90e2e42f3d7 P 5ecb86c81a604d0b8e884f72c40ce8e6 [term 0 FOLLOWER]: Advancing to term 1
I20260709 12:20:46.271950 11413 tablet_service.cc:1917] Received RequestConsensusVote() RPC: tablet_id: "3f59b788d0c34cc480b1c90e2e42f3d7" candidate_uuid: "b81d720784b042e49293483cb8fa0d12" candidate_term: 1 candidate_status { last_received { term: 0 index: 0 } } ignore_live_leader: false dest_uuid: "5ecb86c81a604d0b8e884f72c40ce8e6" is_pre_election: true
I20260709 12:20:46.244715 11459 tablet_bootstrap.cc:654] T f17933fceef941d6a16b4328017d6146 P 5ecb86c81a604d0b8e884f72c40ce8e6: Neither blocks nor log segments found. Creating new log.
I20260709 12:20:46.273759 11455 raft_consensus.cc:359] T 867c5579541e48049c4b8a91bd026f3c P b81d720784b042e49293483cb8fa0d12 [term 0 FOLLOWER]: Replica starting. Triggering 0 pending ops. Active config: opid_index: -1 OBSOLETE_local: false peers { permanent_uuid: "b81d720784b042e49293483cb8fa0d12" member_type: VOTER last_known_addr { host: "127.9.211.129" port: 34367 } } peers { permanent_uuid: "d97c37f0a9f4482785927a2251fde22f" member_type: VOTER last_known_addr { host: "127.9.211.130" port: 39225 } } peers { permanent_uuid: "5ecb86c81a604d0b8e884f72c40ce8e6" member_type: VOTER last_known_addr { host: "127.9.211.131" port: 36725 } }
I20260709 12:20:46.274724 11455 raft_consensus.cc:385] T 867c5579541e48049c4b8a91bd026f3c P b81d720784b042e49293483cb8fa0d12 [term 0 FOLLOWER]: Consensus starting up: Expiring failure detector timer to make a prompt election more likely
I20260709 12:20:46.275018 11455 raft_consensus.cc:740] T 867c5579541e48049c4b8a91bd026f3c P b81d720784b042e49293483cb8fa0d12 [term 0 FOLLOWER]: Becoming Follower/Learner. State: Replica: b81d720784b042e49293483cb8fa0d12, State: Initialized, Role: FOLLOWER
I20260709 12:20:46.275820 11341 tablet_service.cc:1917] Received RequestConsensusVote() RPC: tablet_id: "3f59b788d0c34cc480b1c90e2e42f3d7" candidate_uuid: "b81d720784b042e49293483cb8fa0d12" candidate_term: 1 candidate_status { last_received { term: 0 index: 0 } } ignore_live_leader: false dest_uuid: "d97c37f0a9f4482785927a2251fde22f" is_pre_election: true
I20260709 12:20:46.275764 11455 consensus_queue.cc:260] T 867c5579541e48049c4b8a91bd026f3c P b81d720784b042e49293483cb8fa0d12 [NON_LEADER]: Queue going to NON_LEADER mode. State: All replicated index: 0, Majority replicated index: 0, Committed index: 0, Last appended: 0.0, Last appended by leader: 0, Current term: 0, Majority size: -1, State: 0, Mode: NON_LEADER, active raft config: opid_index: -1 OBSOLETE_local: false peers { permanent_uuid: "b81d720784b042e49293483cb8fa0d12" member_type: VOTER last_known_addr { host: "127.9.211.129" port: 34367 } } peers { permanent_uuid: "d97c37f0a9f4482785927a2251fde22f" member_type: VOTER last_known_addr { host: "127.9.211.130" port: 39225 } } peers { permanent_uuid: "5ecb86c81a604d0b8e884f72c40ce8e6" member_type: VOTER last_known_addr { host: "127.9.211.131" port: 36725 } }
I20260709 12:20:46.276630 11341 raft_consensus.cc:2468] T 3f59b788d0c34cc480b1c90e2e42f3d7 P d97c37f0a9f4482785927a2251fde22f [term 0 FOLLOWER]: Leader pre-election vote request: Granting yes vote for candidate b81d720784b042e49293483cb8fa0d12 in term 0.
I20260709 12:20:46.277467 11486 raft_consensus.cc:493] T 1ddf752e1aca4dc289b6bfd642158394 P 5ecb86c81a604d0b8e884f72c40ce8e6 [term 0 FOLLOWER]: Starting pre-election (no leader contacted us within the election timeout)
I20260709 12:20:46.277415 11541 raft_consensus.cc:515] T 3f59b788d0c34cc480b1c90e2e42f3d7 P 5ecb86c81a604d0b8e884f72c40ce8e6 [term 1 FOLLOWER]: Starting leader election with config: opid_index: -1 OBSOLETE_local: false peers { permanent_uuid: "b81d720784b042e49293483cb8fa0d12" member_type: VOTER last_known_addr { host: "127.9.211.129" port: 34367 } } peers { permanent_uuid: "d97c37f0a9f4482785927a2251fde22f" member_type: VOTER last_known_addr { host: "127.9.211.130" port: 39225 } } peers { permanent_uuid: "5ecb86c81a604d0b8e884f72c40ce8e6" member_type: VOTER last_known_addr { host: "127.9.211.131" port: 36725 } }
I20260709 12:20:46.278162 11486 raft_consensus.cc:515] T 1ddf752e1aca4dc289b6bfd642158394 P 5ecb86c81a604d0b8e884f72c40ce8e6 [term 0 FOLLOWER]: Starting pre-election with config: opid_index: -1 OBSOLETE_local: false peers { permanent_uuid: "b81d720784b042e49293483cb8fa0d12" member_type: VOTER last_known_addr { host: "127.9.211.129" port: 34367 } } peers { permanent_uuid: "d97c37f0a9f4482785927a2251fde22f" member_type: VOTER last_known_addr { host: "127.9.211.130" port: 39225 } } peers { permanent_uuid: "5ecb86c81a604d0b8e884f72c40ce8e6" member_type: VOTER last_known_addr { host: "127.9.211.131" port: 36725 } }
I20260709 12:20:46.278837 11413 raft_consensus.cc:2393] T 3f59b788d0c34cc480b1c90e2e42f3d7 P 5ecb86c81a604d0b8e884f72c40ce8e6 [term 1 FOLLOWER]: Leader pre-election vote request: Denying vote to candidate b81d720784b042e49293483cb8fa0d12 in current term 1: Already voted for candidate 5ecb86c81a604d0b8e884f72c40ce8e6 in this term.
I20260709 12:20:46.278424 11455 ts_tablet_manager.cc:1434] T 867c5579541e48049c4b8a91bd026f3c P b81d720784b042e49293483cb8fa0d12: Time spent starting tablet: real 0.009s	user 0.007s	sys 0.000s
I20260709 12:20:46.280637 11263 tablet_service.cc:1917] Received RequestConsensusVote() RPC: tablet_id: "3f59b788d0c34cc480b1c90e2e42f3d7" candidate_uuid: "5ecb86c81a604d0b8e884f72c40ce8e6" candidate_term: 1 candidate_status { last_received { term: 0 index: 0 } } ignore_live_leader: false dest_uuid: "b81d720784b042e49293483cb8fa0d12"
I20260709 12:20:46.281289 11263 raft_consensus.cc:3060] T 3f59b788d0c34cc480b1c90e2e42f3d7 P b81d720784b042e49293483cb8fa0d12 [term 0 FOLLOWER]: Advancing to term 1
I20260709 12:20:46.281715 11455 tablet_bootstrap.cc:492] T 3064f4670aa940f0a145aecc35fb5715 P b81d720784b042e49293483cb8fa0d12: Bootstrap starting.
I20260709 12:20:46.281801 11340 tablet_service.cc:1917] Received RequestConsensusVote() RPC: tablet_id: "1ddf752e1aca4dc289b6bfd642158394" candidate_uuid: "5ecb86c81a604d0b8e884f72c40ce8e6" candidate_term: 1 candidate_status { last_received { term: 0 index: 0 } } ignore_live_leader: false dest_uuid: "d97c37f0a9f4482785927a2251fde22f" is_pre_election: true
I20260709 12:20:46.282516 11340 raft_consensus.cc:2468] T 1ddf752e1aca4dc289b6bfd642158394 P d97c37f0a9f4482785927a2251fde22f [term 0 FOLLOWER]: Leader pre-election vote request: Granting yes vote for candidate 5ecb86c81a604d0b8e884f72c40ce8e6 in term 0.
I20260709 12:20:46.282976 11486 leader_election.cc:290] T 1ddf752e1aca4dc289b6bfd642158394 P 5ecb86c81a604d0b8e884f72c40ce8e6 [CANDIDATE]: Term 1 pre-election: Requested pre-vote from peers b81d720784b042e49293483cb8fa0d12 (127.9.211.129:34367), d97c37f0a9f4482785927a2251fde22f (127.9.211.130:39225)
I20260709 12:20:46.283975 11229 leader_election.cc:304] T 3f59b788d0c34cc480b1c90e2e42f3d7 P b81d720784b042e49293483cb8fa0d12 [CANDIDATE]: Term 1 pre-election: Election decided. Result: candidate won. Election summary: received 3 responses out of 3 voters: 2 yes votes; 1 no votes. yes voters: b81d720784b042e49293483cb8fa0d12, d97c37f0a9f4482785927a2251fde22f; no voters: 5ecb86c81a604d0b8e884f72c40ce8e6
I20260709 12:20:46.284762 11378 leader_election.cc:304] T 1ddf752e1aca4dc289b6bfd642158394 P 5ecb86c81a604d0b8e884f72c40ce8e6 [CANDIDATE]: Term 1 pre-election: Election decided. Result: candidate won. Election summary: received 2 responses out of 3 voters: 2 yes votes; 0 no votes. yes voters: 5ecb86c81a604d0b8e884f72c40ce8e6, d97c37f0a9f4482785927a2251fde22f; no voters: 
I20260709 12:20:46.285770 11486 raft_consensus.cc:2804] T 1ddf752e1aca4dc289b6bfd642158394 P 5ecb86c81a604d0b8e884f72c40ce8e6 [term 0 FOLLOWER]: Leader pre-election won for term 1
I20260709 12:20:46.285928 11262 tablet_service.cc:1917] Received RequestConsensusVote() RPC: tablet_id: "1ddf752e1aca4dc289b6bfd642158394" candidate_uuid: "5ecb86c81a604d0b8e884f72c40ce8e6" candidate_term: 1 candidate_status { last_received { term: 0 index: 0 } } ignore_live_leader: false dest_uuid: "b81d720784b042e49293483cb8fa0d12" is_pre_election: true
I20260709 12:20:46.287381 11262 raft_consensus.cc:2468] T 1ddf752e1aca4dc289b6bfd642158394 P b81d720784b042e49293483cb8fa0d12 [term 0 FOLLOWER]: Leader pre-election vote request: Granting yes vote for candidate 5ecb86c81a604d0b8e884f72c40ce8e6 in term 0.
I20260709 12:20:46.287825 11456 tablet_bootstrap.cc:654] T 49892acfcec447d788e5398a9d191332 P d97c37f0a9f4482785927a2251fde22f: Neither blocks nor log segments found. Creating new log.
I20260709 12:20:46.286455 11486 raft_consensus.cc:493] T 1ddf752e1aca4dc289b6bfd642158394 P 5ecb86c81a604d0b8e884f72c40ce8e6 [term 0 FOLLOWER]: Starting leader election (no leader contacted us within the election timeout)
I20260709 12:20:46.290896 11486 raft_consensus.cc:3060] T 1ddf752e1aca4dc289b6bfd642158394 P 5ecb86c81a604d0b8e884f72c40ce8e6 [term 0 FOLLOWER]: Advancing to term 1
I20260709 12:20:46.290971 11541 leader_election.cc:290] T 3f59b788d0c34cc480b1c90e2e42f3d7 P 5ecb86c81a604d0b8e884f72c40ce8e6 [CANDIDATE]: Term 1 election: Requested vote from peers b81d720784b042e49293483cb8fa0d12 (127.9.211.129:34367), d97c37f0a9f4482785927a2251fde22f (127.9.211.130:39225)
I20260709 12:20:46.291656 11263 raft_consensus.cc:2468] T 3f59b788d0c34cc480b1c90e2e42f3d7 P b81d720784b042e49293483cb8fa0d12 [term 1 FOLLOWER]: Leader election vote request: Granting yes vote for candidate 5ecb86c81a604d0b8e884f72c40ce8e6 in term 1.
I20260709 12:20:46.292232 11621 raft_consensus.cc:2764] T 3f59b788d0c34cc480b1c90e2e42f3d7 P b81d720784b042e49293483cb8fa0d12 [term 1 FOLLOWER]: Leader pre-election decision vote started in defunct term 0: won
I20260709 12:20:46.292480 11341 tablet_service.cc:1917] Received RequestConsensusVote() RPC: tablet_id: "3f59b788d0c34cc480b1c90e2e42f3d7" candidate_uuid: "5ecb86c81a604d0b8e884f72c40ce8e6" candidate_term: 1 candidate_status { last_received { term: 0 index: 0 } } ignore_live_leader: false dest_uuid: "d97c37f0a9f4482785927a2251fde22f"
I20260709 12:20:46.294265 11341 raft_consensus.cc:3060] T 3f59b788d0c34cc480b1c90e2e42f3d7 P d97c37f0a9f4482785927a2251fde22f [term 0 FOLLOWER]: Advancing to term 1
