I20260709 12:20:10.965720 10916 raft_consensus.cc:515] T 3f214038ca3a43d79d9e4452d6802119 P 387ea6f991594e43b1e5be6e0adf258a [term 0 FOLLOWER]: Starting pre-election with config: opid_index: -1 OBSOLETE_local: false peers { permanent_uuid: "387ea6f991594e43b1e5be6e0adf258a" member_type: VOTER last_known_addr { host: "127.9.211.129" port: 34939 } } peers { permanent_uuid: "2b471b87012e447d80cad3a8f7b88d89" member_type: VOTER last_known_addr { host: "127.9.211.130" port: 36863 } } peers { permanent_uuid: "a825d00fe3374d8d95f13d73fcd663ba" member_type: VOTER last_known_addr { host: "127.9.211.131" port: 46575 } }
I20260709 12:20:10.982564 10911 tablet_bootstrap.cc:492] T 9b2299c0ece74645aed050292f9bbebe P 2b471b87012e447d80cad3a8f7b88d89: No bootstrap required, opened a new log
I20260709 12:20:10.983433 10911 ts_tablet_manager.cc:1403] T 9b2299c0ece74645aed050292f9bbebe P 2b471b87012e447d80cad3a8f7b88d89: Time spent bootstrapping tablet: real 0.064s	user 0.023s	sys 0.005s
I20260709 12:20:10.986663 10911 raft_consensus.cc:359] T 9b2299c0ece74645aed050292f9bbebe P 2b471b87012e447d80cad3a8f7b88d89 [term 0 FOLLOWER]: Replica starting. Triggering 0 pending ops. Active config: opid_index: -1 OBSOLETE_local: false peers { permanent_uuid: "387ea6f991594e43b1e5be6e0adf258a" member_type: VOTER last_known_addr { host: "127.9.211.129" port: 34939 } } peers { permanent_uuid: "2b471b87012e447d80cad3a8f7b88d89" member_type: VOTER last_known_addr { host: "127.9.211.130" port: 36863 } } peers { permanent_uuid: "a825d00fe3374d8d95f13d73fcd663ba" member_type: VOTER last_known_addr { host: "127.9.211.131" port: 46575 } }
I20260709 12:20:10.987051 10916 leader_election.cc:290] T 3f214038ca3a43d79d9e4452d6802119 P 387ea6f991594e43b1e5be6e0adf258a [CANDIDATE]: Term 1 pre-election: Requested pre-vote from peers 2b471b87012e447d80cad3a8f7b88d89 (127.9.211.130:36863), a825d00fe3374d8d95f13d73fcd663ba (127.9.211.131:46575)
I20260709 12:20:10.987751 10911 raft_consensus.cc:385] T 9b2299c0ece74645aed050292f9bbebe P 2b471b87012e447d80cad3a8f7b88d89 [term 0 FOLLOWER]: Consensus starting up: Expiring failure detector timer to make a prompt election more likely
I20260709 12:20:10.988240 10912 tablet_bootstrap.cc:492] T f0895630433f46aab7af8cda2e276641 P 387ea6f991594e43b1e5be6e0adf258a: No bootstrap required, opened a new log
I20260709 12:20:10.988235 10911 raft_consensus.cc:740] T 9b2299c0ece74645aed050292f9bbebe P 2b471b87012e447d80cad3a8f7b88d89 [term 0 FOLLOWER]: Becoming Follower/Learner. State: Replica: 2b471b87012e447d80cad3a8f7b88d89, State: Initialized, Role: FOLLOWER
I20260709 12:20:10.989010 10912 ts_tablet_manager.cc:1403] T f0895630433f46aab7af8cda2e276641 P 387ea6f991594e43b1e5be6e0adf258a: Time spent bootstrapping tablet: real 0.052s	user 0.030s	sys 0.020s
I20260709 12:20:10.989614 10911 consensus_queue.cc:260] T 9b2299c0ece74645aed050292f9bbebe P 2b471b87012e447d80cad3a8f7b88d89 [NON_LEADER]: Queue going to NON_LEADER mode. State: All replicated index: 0, Majority replicated index: 0, Committed index: 0, Last appended: 0.0, Last appended by leader: 0, Current term: 0, Majority size: -1, State: 0, Mode: NON_LEADER, active raft config: opid_index: -1 OBSOLETE_local: false peers { permanent_uuid: "387ea6f991594e43b1e5be6e0adf258a" member_type: VOTER last_known_addr { host: "127.9.211.129" port: 34939 } } peers { permanent_uuid: "2b471b87012e447d80cad3a8f7b88d89" member_type: VOTER last_known_addr { host: "127.9.211.130" port: 36863 } } peers { permanent_uuid: "a825d00fe3374d8d95f13d73fcd663ba" member_type: VOTER last_known_addr { host: "127.9.211.131" port: 46575 } }
I20260709 12:20:10.992216 10912 raft_consensus.cc:359] T f0895630433f46aab7af8cda2e276641 P 387ea6f991594e43b1e5be6e0adf258a [term 0 FOLLOWER]: Replica starting. Triggering 0 pending ops. Active config: opid_index: -1 OBSOLETE_local: false peers { permanent_uuid: "387ea6f991594e43b1e5be6e0adf258a" member_type: VOTER last_known_addr { host: "127.9.211.129" port: 34939 } } peers { permanent_uuid: "2b471b87012e447d80cad3a8f7b88d89" member_type: VOTER last_known_addr { host: "127.9.211.130" port: 36863 } } peers { permanent_uuid: "a825d00fe3374d8d95f13d73fcd663ba" member_type: VOTER last_known_addr { host: "127.9.211.131" port: 46575 } }
I20260709 12:20:10.993011 10912 raft_consensus.cc:385] T f0895630433f46aab7af8cda2e276641 P 387ea6f991594e43b1e5be6e0adf258a [term 0 FOLLOWER]: Consensus starting up: Expiring failure detector timer to make a prompt election more likely
I20260709 12:20:10.993346 10912 raft_consensus.cc:740] T f0895630433f46aab7af8cda2e276641 P 387ea6f991594e43b1e5be6e0adf258a [term 0 FOLLOWER]: Becoming Follower/Learner. State: Replica: 387ea6f991594e43b1e5be6e0adf258a, State: Initialized, Role: FOLLOWER
I20260709 12:20:10.993189 10871 tablet_service.cc:1917] Received RequestConsensusVote() RPC: tablet_id: "bba7015d53db49fb82f6e42131366a8b" candidate_uuid: "2b471b87012e447d80cad3a8f7b88d89" candidate_term: 1 candidate_status { last_received { term: 0 index: 0 } } ignore_live_leader: false dest_uuid: "a825d00fe3374d8d95f13d73fcd663ba" is_pre_election: true
I20260709 12:20:10.994833 10918 raft_consensus.cc:493] T 4d7ba1c0a1964fee8ae4f73ffadebf6f P 2b471b87012e447d80cad3a8f7b88d89 [term 0 FOLLOWER]: Starting pre-election (no leader contacted us within the election timeout)
W20260709 12:20:10.995213 10761 leader_election.cc:343] T bba7015d53db49fb82f6e42131366a8b P 2b471b87012e447d80cad3a8f7b88d89 [CANDIDATE]: Term 1 pre-election: Tablet error from VoteRequest() call to peer a825d00fe3374d8d95f13d73fcd663ba (127.9.211.131:46575): Illegal state: must be running to vote when last-logged opid is not known
I20260709 12:20:10.995357 10918 raft_consensus.cc:515] T 4d7ba1c0a1964fee8ae4f73ffadebf6f P 2b471b87012e447d80cad3a8f7b88d89 [term 0 FOLLOWER]: Starting pre-election with config: opid_index: -1 OBSOLETE_local: false peers { permanent_uuid: "387ea6f991594e43b1e5be6e0adf258a" member_type: VOTER last_known_addr { host: "127.9.211.129" port: 34939 } } peers { permanent_uuid: "2b471b87012e447d80cad3a8f7b88d89" member_type: VOTER last_known_addr { host: "127.9.211.130" port: 36863 } } peers { permanent_uuid: "a825d00fe3374d8d95f13d73fcd663ba" member_type: VOTER last_known_addr { host: "127.9.211.131" port: 46575 } }
I20260709 12:20:10.996199 10912 consensus_queue.cc:260] T f0895630433f46aab7af8cda2e276641 P 387ea6f991594e43b1e5be6e0adf258a [NON_LEADER]: Queue going to NON_LEADER mode. State: All replicated index: 0, Majority replicated index: 0, Committed index: 0, Last appended: 0.0, Last appended by leader: 0, Current term: 0, Majority size: -1, State: 0, Mode: NON_LEADER, active raft config: opid_index: -1 OBSOLETE_local: false peers { permanent_uuid: "387ea6f991594e43b1e5be6e0adf258a" member_type: VOTER last_known_addr { host: "127.9.211.129" port: 34939 } } peers { permanent_uuid: "2b471b87012e447d80cad3a8f7b88d89" member_type: VOTER last_known_addr { host: "127.9.211.130" port: 36863 } } peers { permanent_uuid: "a825d00fe3374d8d95f13d73fcd663ba" member_type: VOTER last_known_addr { host: "127.9.211.131" port: 46575 } }
I20260709 12:20:10.997611 10918 leader_election.cc:290] T 4d7ba1c0a1964fee8ae4f73ffadebf6f P 2b471b87012e447d80cad3a8f7b88d89 [CANDIDATE]: Term 1 pre-election: Requested pre-vote from peers 387ea6f991594e43b1e5be6e0adf258a (127.9.211.129:34939), a825d00fe3374d8d95f13d73fcd663ba (127.9.211.131:46575)
I20260709 12:20:10.999676 10871 tablet_service.cc:1917] Received RequestConsensusVote() RPC: tablet_id: "4d7ba1c0a1964fee8ae4f73ffadebf6f" candidate_uuid: "2b471b87012e447d80cad3a8f7b88d89" candidate_term: 1 candidate_status { last_received { term: 0 index: 0 } } ignore_live_leader: false dest_uuid: "a825d00fe3374d8d95f13d73fcd663ba" is_pre_election: true
W20260709 12:20:11.001344 10761 leader_election.cc:343] T 4d7ba1c0a1964fee8ae4f73ffadebf6f P 2b471b87012e447d80cad3a8f7b88d89 [CANDIDATE]: Term 1 pre-election: Tablet error from VoteRequest() call to peer a825d00fe3374d8d95f13d73fcd663ba (127.9.211.131:46575): Illegal state: must be running to vote when last-logged opid is not known
I20260709 12:20:10.998668 10912 ts_tablet_manager.cc:1434] T f0895630433f46aab7af8cda2e276641 P 387ea6f991594e43b1e5be6e0adf258a: Time spent starting tablet: real 0.009s	user 0.005s	sys 0.003s
I20260709 12:20:11.002203 10911 ts_tablet_manager.cc:1434] T 9b2299c0ece74645aed050292f9bbebe P 2b471b87012e447d80cad3a8f7b88d89: Time spent starting tablet: real 0.018s	user 0.007s	sys 0.000s
W20260709 12:20:11.000586 10668 auto_rebalancer.cc:288] Could not retrieve cluster info: Service unavailable: Tablet not running
I20260709 12:20:11.002911 10912 tablet_bootstrap.cc:492] T 23d55765cc6943ed98d948a2777bcab6 P 387ea6f991594e43b1e5be6e0adf258a: Bootstrap starting.
I20260709 12:20:11.003144 10911 tablet_bootstrap.cc:492] T b13d7e38cc7049718215de54d577d747 P 2b471b87012e447d80cad3a8f7b88d89: Bootstrap starting.
I20260709 12:20:11.007763 10914 tablet_bootstrap.cc:492] T b13d7e38cc7049718215de54d577d747 P a825d00fe3374d8d95f13d73fcd663ba: No bootstrap required, opened a new log
I20260709 12:20:11.008275 10914 ts_tablet_manager.cc:1403] T b13d7e38cc7049718215de54d577d747 P a825d00fe3374d8d95f13d73fcd663ba: Time spent bootstrapping tablet: real 0.094s	user 0.024s	sys 0.018s
I20260709 12:20:11.010142 10912 tablet_bootstrap.cc:654] T 23d55765cc6943ed98d948a2777bcab6 P 387ea6f991594e43b1e5be6e0adf258a: Neither blocks nor log segments found. Creating new log.
I20260709 12:20:11.010142 10911 tablet_bootstrap.cc:654] T b13d7e38cc7049718215de54d577d747 P 2b471b87012e447d80cad3a8f7b88d89: Neither blocks nor log segments found. Creating new log.
I20260709 12:20:11.029510 10921 raft_consensus.cc:493] T 9b2299c0ece74645aed050292f9bbebe P a825d00fe3374d8d95f13d73fcd663ba [term 0 FOLLOWER]: Starting pre-election (no leader contacted us within the election timeout)
I20260709 12:20:11.030030 10921 raft_consensus.cc:515] T 9b2299c0ece74645aed050292f9bbebe P a825d00fe3374d8d95f13d73fcd663ba [term 0 FOLLOWER]: Starting pre-election with config: opid_index: -1 OBSOLETE_local: false peers { permanent_uuid: "387ea6f991594e43b1e5be6e0adf258a" member_type: VOTER last_known_addr { host: "127.9.211.129" port: 34939 } } peers { permanent_uuid: "2b471b87012e447d80cad3a8f7b88d89" member_type: VOTER last_known_addr { host: "127.9.211.130" port: 36863 } } peers { permanent_uuid: "a825d00fe3374d8d95f13d73fcd663ba" member_type: VOTER last_known_addr { host: "127.9.211.131" port: 46575 } }
I20260709 12:20:11.032692 10914 raft_consensus.cc:359] T b13d7e38cc7049718215de54d577d747 P a825d00fe3374d8d95f13d73fcd663ba [term 0 FOLLOWER]: Replica starting. Triggering 0 pending ops. Active config: opid_index: -1 OBSOLETE_local: false peers { permanent_uuid: "387ea6f991594e43b1e5be6e0adf258a" member_type: VOTER last_known_addr { host: "127.9.211.129" port: 34939 } } peers { permanent_uuid: "2b471b87012e447d80cad3a8f7b88d89" member_type: VOTER last_known_addr { host: "127.9.211.130" port: 36863 } } peers { permanent_uuid: "a825d00fe3374d8d95f13d73fcd663ba" member_type: VOTER last_known_addr { host: "127.9.211.131" port: 46575 } }
I20260709 12:20:11.034718 10914 raft_consensus.cc:385] T b13d7e38cc7049718215de54d577d747 P a825d00fe3374d8d95f13d73fcd663ba [term 0 FOLLOWER]: Consensus starting up: Expiring failure detector timer to make a prompt election more likely
I20260709 12:20:11.035094 10914 raft_consensus.cc:740] T b13d7e38cc7049718215de54d577d747 P a825d00fe3374d8d95f13d73fcd663ba [term 0 FOLLOWER]: Becoming Follower/Learner. State: Replica: a825d00fe3374d8d95f13d73fcd663ba, State: Initialized, Role: FOLLOWER
I20260709 12:20:11.035894 10914 consensus_queue.cc:260] T b13d7e38cc7049718215de54d577d747 P a825d00fe3374d8d95f13d73fcd663ba [NON_LEADER]: Queue going to NON_LEADER mode. State: All replicated index: 0, Majority replicated index: 0, Committed index: 0, Last appended: 0.0, Last appended by leader: 0, Current term: 0, Majority size: -1, State: 0, Mode: NON_LEADER, active raft config: opid_index: -1 OBSOLETE_local: false peers { permanent_uuid: "387ea6f991594e43b1e5be6e0adf258a" member_type: VOTER last_known_addr { host: "127.9.211.129" port: 34939 } } peers { permanent_uuid: "2b471b87012e447d80cad3a8f7b88d89" member_type: VOTER last_known_addr { host: "127.9.211.130" port: 36863 } } peers { permanent_uuid: "a825d00fe3374d8d95f13d73fcd663ba" member_type: VOTER last_known_addr { host: "127.9.211.131" port: 46575 } }
I20260709 12:20:11.037532 10921 leader_election.cc:290] T 9b2299c0ece74645aed050292f9bbebe P a825d00fe3374d8d95f13d73fcd663ba [CANDIDATE]: Term 1 pre-election: Requested pre-vote from peers 387ea6f991594e43b1e5be6e0adf258a (127.9.211.129:34939), 2b471b87012e447d80cad3a8f7b88d89 (127.9.211.130:36863)
I20260709 12:20:11.041950 10912 tablet_bootstrap.cc:492] T 23d55765cc6943ed98d948a2777bcab6 P 387ea6f991594e43b1e5be6e0adf258a: No bootstrap required, opened a new log
I20260709 12:20:11.042536 10912 ts_tablet_manager.cc:1403] T 23d55765cc6943ed98d948a2777bcab6 P 387ea6f991594e43b1e5be6e0adf258a: Time spent bootstrapping tablet: real 0.040s	user 0.017s	sys 0.020s
I20260709 12:20:11.042815 10911 tablet_bootstrap.cc:492] T b13d7e38cc7049718215de54d577d747 P 2b471b87012e447d80cad3a8f7b88d89: No bootstrap required, opened a new log
I20260709 12:20:11.043339 10911 ts_tablet_manager.cc:1403] T b13d7e38cc7049718215de54d577d747 P 2b471b87012e447d80cad3a8f7b88d89: Time spent bootstrapping tablet: real 0.040s	user 0.011s	sys 0.020s
I20260709 12:20:11.045749 10912 raft_consensus.cc:359] T 23d55765cc6943ed98d948a2777bcab6 P 387ea6f991594e43b1e5be6e0adf258a [term 0 FOLLOWER]: Replica starting. Triggering 0 pending ops. Active config: opid_index: -1 OBSOLETE_local: false peers { permanent_uuid: "387ea6f991594e43b1e5be6e0adf258a" member_type: VOTER last_known_addr { host: "127.9.211.129" port: 34939 } } peers { permanent_uuid: "2b471b87012e447d80cad3a8f7b88d89" member_type: VOTER last_known_addr { host: "127.9.211.130" port: 36863 } } peers { permanent_uuid: "a825d00fe3374d8d95f13d73fcd663ba" member_type: VOTER last_known_addr { host: "127.9.211.131" port: 46575 } }
I20260709 12:20:11.046134 10911 raft_consensus.cc:359] T b13d7e38cc7049718215de54d577d747 P 2b471b87012e447d80cad3a8f7b88d89 [term 0 FOLLOWER]: Replica starting. Triggering 0 pending ops. Active config: opid_index: -1 OBSOLETE_local: false peers { permanent_uuid: "387ea6f991594e43b1e5be6e0adf258a" member_type: VOTER last_known_addr { host: "127.9.211.129" port: 34939 } } peers { permanent_uuid: "2b471b87012e447d80cad3a8f7b88d89" member_type: VOTER last_known_addr { host: "127.9.211.130" port: 36863 } } peers { permanent_uuid: "a825d00fe3374d8d95f13d73fcd663ba" member_type: VOTER last_known_addr { host: "127.9.211.131" port: 46575 } }
I20260709 12:20:11.046835 10911 raft_consensus.cc:385] T b13d7e38cc7049718215de54d577d747 P 2b471b87012e447d80cad3a8f7b88d89 [term 0 FOLLOWER]: Consensus starting up: Expiring failure detector timer to make a prompt election more likely
I20260709 12:20:11.047133 10911 raft_consensus.cc:740] T b13d7e38cc7049718215de54d577d747 P 2b471b87012e447d80cad3a8f7b88d89 [term 0 FOLLOWER]: Becoming Follower/Learner. State: Replica: 2b471b87012e447d80cad3a8f7b88d89, State: Initialized, Role: FOLLOWER
I20260709 12:20:11.046557 10912 raft_consensus.cc:385] T 23d55765cc6943ed98d948a2777bcab6 P 387ea6f991594e43b1e5be6e0adf258a [term 0 FOLLOWER]: Consensus starting up: Expiring failure detector timer to make a prompt election more likely
I20260709 12:20:11.048859 10912 raft_consensus.cc:740] T 23d55765cc6943ed98d948a2777bcab6 P 387ea6f991594e43b1e5be6e0adf258a [term 0 FOLLOWER]: Becoming Follower/Learner. State: Replica: 387ea6f991594e43b1e5be6e0adf258a, State: Initialized, Role: FOLLOWER
I20260709 12:20:11.050112 10914 ts_tablet_manager.cc:1434] T b13d7e38cc7049718215de54d577d747 P a825d00fe3374d8d95f13d73fcd663ba: Time spent starting tablet: real 0.042s	user 0.009s	sys 0.009s
I20260709 12:20:11.051292 10914 tablet_bootstrap.cc:492] T 3f214038ca3a43d79d9e4452d6802119 P a825d00fe3374d8d95f13d73fcd663ba: Bootstrap starting.
I20260709 12:20:11.050868 10911 consensus_queue.cc:260] T b13d7e38cc7049718215de54d577d747 P 2b471b87012e447d80cad3a8f7b88d89 [NON_LEADER]: Queue going to NON_LEADER mode. State: All replicated index: 0, Majority replicated index: 0, Committed index: 0, Last appended: 0.0, Last appended by leader: 0, Current term: 0, Majority size: -1, State: 0, Mode: NON_LEADER, active raft config: opid_index: -1 OBSOLETE_local: false peers { permanent_uuid: "387ea6f991594e43b1e5be6e0adf258a" member_type: VOTER last_known_addr { host: "127.9.211.129" port: 34939 } } peers { permanent_uuid: "2b471b87012e447d80cad3a8f7b88d89" member_type: VOTER last_known_addr { host: "127.9.211.130" port: 36863 } } peers { permanent_uuid: "a825d00fe3374d8d95f13d73fcd663ba" member_type: VOTER last_known_addr { host: "127.9.211.131" port: 46575 } }
I20260709 12:20:11.049732 10912 consensus_queue.cc:260] T 23d55765cc6943ed98d948a2777bcab6 P 387ea6f991594e43b1e5be6e0adf258a [NON_LEADER]: Queue going to NON_LEADER mode. State: All replicated index: 0, Majority replicated index: 0, Committed index: 0, Last appended: 0.0, Last appended by leader: 0, Current term: 0, Majority size: -1, State: 0, Mode: NON_LEADER, active raft config: opid_index: -1 OBSOLETE_local: false peers { permanent_uuid: "387ea6f991594e43b1e5be6e0adf258a" member_type: VOTER last_known_addr { host: "127.9.211.129" port: 34939 } } peers { permanent_uuid: "2b471b87012e447d80cad3a8f7b88d89" member_type: VOTER last_known_addr { host: "127.9.211.130" port: 36863 } } peers { permanent_uuid: "a825d00fe3374d8d95f13d73fcd663ba" member_type: VOTER last_known_addr { host: "127.9.211.131" port: 46575 } }
I20260709 12:20:11.054411 10912 ts_tablet_manager.cc:1434] T 23d55765cc6943ed98d948a2777bcab6 P 387ea6f991594e43b1e5be6e0adf258a: Time spent starting tablet: real 0.012s	user 0.008s	sys 0.000s
I20260709 12:20:11.055425 10912 tablet_bootstrap.cc:492] T bba7015d53db49fb82f6e42131366a8b P 387ea6f991594e43b1e5be6e0adf258a: Bootstrap starting.
I20260709 12:20:11.059481 10914 tablet_bootstrap.cc:654] T 3f214038ca3a43d79d9e4452d6802119 P a825d00fe3374d8d95f13d73fcd663ba: Neither blocks nor log segments found. Creating new log.
I20260709 12:20:11.059525 10916 raft_consensus.cc:493] T 4d7ba1c0a1964fee8ae4f73ffadebf6f P 387ea6f991594e43b1e5be6e0adf258a [term 0 FOLLOWER]: Starting pre-election (no leader contacted us within the election timeout)
I20260709 12:20:11.060871 10916 raft_consensus.cc:515] T 4d7ba1c0a1964fee8ae4f73ffadebf6f P 387ea6f991594e43b1e5be6e0adf258a [term 0 FOLLOWER]: Starting pre-election with config: opid_index: -1 OBSOLETE_local: false peers { permanent_uuid: "387ea6f991594e43b1e5be6e0adf258a" member_type: VOTER last_known_addr { host: "127.9.211.129" port: 34939 } } peers { permanent_uuid: "2b471b87012e447d80cad3a8f7b88d89" member_type: VOTER last_known_addr { host: "127.9.211.130" port: 36863 } } peers { permanent_uuid: "a825d00fe3374d8d95f13d73fcd663ba" member_type: VOTER last_known_addr { host: "127.9.211.131" port: 46575 } }
I20260709 12:20:11.062655 10912 tablet_bootstrap.cc:654] T bba7015d53db49fb82f6e42131366a8b P 387ea6f991594e43b1e5be6e0adf258a: Neither blocks nor log segments found. Creating new log.
I20260709 12:20:11.063210 10916 leader_election.cc:290] T 4d7ba1c0a1964fee8ae4f73ffadebf6f P 387ea6f991594e43b1e5be6e0adf258a [CANDIDATE]: Term 1 pre-election: Requested pre-vote from peers 2b471b87012e447d80cad3a8f7b88d89 (127.9.211.130:36863), a825d00fe3374d8d95f13d73fcd663ba (127.9.211.131:46575)
I20260709 12:20:11.066278 10911 ts_tablet_manager.cc:1434] T b13d7e38cc7049718215de54d577d747 P 2b471b87012e447d80cad3a8f7b88d89: Time spent starting tablet: real 0.023s	user 0.007s	sys 0.001s
I20260709 12:20:11.071439 10797 tablet_service.cc:1917] Received RequestConsensusVote() RPC: tablet_id: "9b2299c0ece74645aed050292f9bbebe" candidate_uuid: "a825d00fe3374d8d95f13d73fcd663ba" candidate_term: 1 candidate_status { last_received { term: 0 index: 0 } } ignore_live_leader: false dest_uuid: "2b471b87012e447d80cad3a8f7b88d89" is_pre_election: true
I20260709 12:20:11.072420 10797 raft_consensus.cc:2468] T 9b2299c0ece74645aed050292f9bbebe P 2b471b87012e447d80cad3a8f7b88d89 [term 0 FOLLOWER]: Leader pre-election vote request: Granting yes vote for candidate a825d00fe3374d8d95f13d73fcd663ba in term 0.
I20260709 12:20:11.074172 10911 tablet_bootstrap.cc:492] T 93089d2d3d4a4c8d8a6d07143ca7086d P 2b471b87012e447d80cad3a8f7b88d89: Bootstrap starting.
I20260709 12:20:11.074091 10837 leader_election.cc:304] T 9b2299c0ece74645aed050292f9bbebe P a825d00fe3374d8d95f13d73fcd663ba [CANDIDATE]: Term 1 pre-election: Election decided. Result: candidate won. Election summary: received 2 responses out of 3 voters: 2 yes votes; 0 no votes. yes voters: 2b471b87012e447d80cad3a8f7b88d89, a825d00fe3374d8d95f13d73fcd663ba; no voters: 
I20260709 12:20:11.075572 10938 raft_consensus.cc:2804] T 9b2299c0ece74645aed050292f9bbebe P a825d00fe3374d8d95f13d73fcd663ba [term 0 FOLLOWER]: Leader pre-election won for term 1
I20260709 12:20:11.076131 10938 raft_consensus.cc:493] T 9b2299c0ece74645aed050292f9bbebe P a825d00fe3374d8d95f13d73fcd663ba [term 0 FOLLOWER]: Starting leader election (no leader contacted us within the election timeout)
I20260709 12:20:11.076504 10938 raft_consensus.cc:3060] T 9b2299c0ece74645aed050292f9bbebe P a825d00fe3374d8d95f13d73fcd663ba [term 0 FOLLOWER]: Advancing to term 1
I20260709 12:20:11.083019 10871 tablet_service.cc:1917] Received RequestConsensusVote() RPC: tablet_id: "3f214038ca3a43d79d9e4452d6802119" candidate_uuid: "387ea6f991594e43b1e5be6e0adf258a" candidate_term: 1 candidate_status { last_received { term: 0 index: 0 } } ignore_live_leader: false dest_uuid: "a825d00fe3374d8d95f13d73fcd663ba" is_pre_election: true
I20260709 12:20:11.083865 10722 tablet_service.cc:1917] Received RequestConsensusVote() RPC: tablet_id: "bba7015d53db49fb82f6e42131366a8b" candidate_uuid: "2b471b87012e447d80cad3a8f7b88d89" candidate_term: 1 candidate_status { last_received { term: 0 index: 0 } } ignore_live_leader: false dest_uuid: "387ea6f991594e43b1e5be6e0adf258a" is_pre_election: true
I20260709 12:20:11.085155 10871 tablet_service.cc:1917] Received RequestConsensusVote() RPC: tablet_id: "4d7ba1c0a1964fee8ae4f73ffadebf6f" candidate_uuid: "387ea6f991594e43b1e5be6e0adf258a" candidate_term: 1 candidate_status { last_received { term: 0 index: 0 } } ignore_live_leader: false dest_uuid: "a825d00fe3374d8d95f13d73fcd663ba" is_pre_election: true
I20260709 12:20:11.085632 10721 tablet_service.cc:1917] Received RequestConsensusVote() RPC: tablet_id: "4d7ba1c0a1964fee8ae4f73ffadebf6f" candidate_uuid: "2b471b87012e447d80cad3a8f7b88d89" candidate_term: 1 candidate_status { last_received { term: 0 index: 0 } } ignore_live_leader: false dest_uuid: "387ea6f991594e43b1e5be6e0adf258a" is_pre_election: true
I20260709 12:20:11.086494 10721 raft_consensus.cc:2468] T 4d7ba1c0a1964fee8ae4f73ffadebf6f P 387ea6f991594e43b1e5be6e0adf258a [term 0 FOLLOWER]: Leader pre-election vote request: Granting yes vote for candidate 2b471b87012e447d80cad3a8f7b88d89 in term 0.
I20260709 12:20:11.084757 10938 raft_consensus.cc:515] T 9b2299c0ece74645aed050292f9bbebe P a825d00fe3374d8d95f13d73fcd663ba [term 1 FOLLOWER]: Starting leader election with config: opid_index: -1 OBSOLETE_local: false peers { permanent_uuid: "387ea6f991594e43b1e5be6e0adf258a" member_type: VOTER last_known_addr { host: "127.9.211.129" port: 34939 } } peers { permanent_uuid: "2b471b87012e447d80cad3a8f7b88d89" member_type: VOTER last_known_addr { host: "127.9.211.130" port: 36863 } } peers { permanent_uuid: "a825d00fe3374d8d95f13d73fcd663ba" member_type: VOTER last_known_addr { host: "127.9.211.131" port: 46575 } }
W20260709 12:20:11.090559 10761 leader_election.cc:343] T bba7015d53db49fb82f6e42131366a8b P 2b471b87012e447d80cad3a8f7b88d89 [CANDIDATE]: Term 1 pre-election: Tablet error from VoteRequest() call to peer 387ea6f991594e43b1e5be6e0adf258a (127.9.211.129:34939): Illegal state: must be running to vote when last-logged opid is not known
I20260709 12:20:11.091120 10761 leader_election.cc:304] T bba7015d53db49fb82f6e42131366a8b P 2b471b87012e447d80cad3a8f7b88d89 [CANDIDATE]: Term 1 pre-election: Election decided. Result: candidate lost. Election summary: received 3 responses out of 3 voters: 1 yes votes; 2 no votes. yes voters: 2b471b87012e447d80cad3a8f7b88d89; no voters: 387ea6f991594e43b1e5be6e0adf258a, a825d00fe3374d8d95f13d73fcd663ba
W20260709 12:20:11.091486 10686 leader_election.cc:343] T 3f214038ca3a43d79d9e4452d6802119 P 387ea6f991594e43b1e5be6e0adf258a [CANDIDATE]: Term 1 pre-election: Tablet error from VoteRequest() call to peer a825d00fe3374d8d95f13d73fcd663ba (127.9.211.131:46575): Illegal state: must be running to vote when last-logged opid is not known
W20260709 12:20:11.092447 10686 leader_election.cc:343] T 4d7ba1c0a1964fee8ae4f73ffadebf6f P 387ea6f991594e43b1e5be6e0adf258a [CANDIDATE]: Term 1 pre-election: Tablet error from VoteRequest() call to peer a825d00fe3374d8d95f13d73fcd663ba (127.9.211.131:46575): Illegal state: must be running to vote when last-logged opid is not known
I20260709 12:20:11.092563 10761 leader_election.cc:304] T 4d7ba1c0a1964fee8ae4f73ffadebf6f P 2b471b87012e447d80cad3a8f7b88d89 [CANDIDATE]: Term 1 pre-election: Election decided. Result: candidate won. Election summary: received 3 responses out of 3 voters: 2 yes votes; 1 no votes. yes voters: 2b471b87012e447d80cad3a8f7b88d89, 387ea6f991594e43b1e5be6e0adf258a; no voters: a825d00fe3374d8d95f13d73fcd663ba
I20260709 12:20:11.096742 10796 tablet_service.cc:1917] Received RequestConsensusVote() RPC: tablet_id: "3f214038ca3a43d79d9e4452d6802119" candidate_uuid: "387ea6f991594e43b1e5be6e0adf258a" candidate_term: 1 candidate_status { last_received { term: 0 index: 0 } } ignore_live_leader: false dest_uuid: "2b471b87012e447d80cad3a8f7b88d89" is_pre_election: true
I20260709 12:20:11.096947 10795 tablet_service.cc:1917] Received RequestConsensusVote() RPC: tablet_id: "4d7ba1c0a1964fee8ae4f73ffadebf6f" candidate_uuid: "387ea6f991594e43b1e5be6e0adf258a" candidate_term: 1 candidate_status { last_received { term: 0 index: 0 } } ignore_live_leader: false dest_uuid: "2b471b87012e447d80cad3a8f7b88d89" is_pre_election: true
I20260709 12:20:11.093185 10918 raft_consensus.cc:2749] T bba7015d53db49fb82f6e42131366a8b P 2b471b87012e447d80cad3a8f7b88d89 [term 0 FOLLOWER]: Leader pre-election lost for term 1. Reason: could not achieve majority
I20260709 12:20:11.097609 10795 raft_consensus.cc:2468] T 4d7ba1c0a1964fee8ae4f73ffadebf6f P 2b471b87012e447d80cad3a8f7b88d89 [term 0 FOLLOWER]: Leader pre-election vote request: Granting yes vote for candidate 387ea6f991594e43b1e5be6e0adf258a in term 0.
I20260709 12:20:11.098227 10918 raft_consensus.cc:2804] T 4d7ba1c0a1964fee8ae4f73ffadebf6f P 2b471b87012e447d80cad3a8f7b88d89 [term 0 FOLLOWER]: Leader pre-election won for term 1
I20260709 12:20:11.095674 10938 leader_election.cc:290] T 9b2299c0ece74645aed050292f9bbebe P a825d00fe3374d8d95f13d73fcd663ba [CANDIDATE]: Term 1 election: Requested vote from peers 387ea6f991594e43b1e5be6e0adf258a (127.9.211.129:34939), 2b471b87012e447d80cad3a8f7b88d89 (127.9.211.130:36863)
I20260709 12:20:11.095903 10797 tablet_service.cc:1917] Received RequestConsensusVote() RPC: tablet_id: "9b2299c0ece74645aed050292f9bbebe" candidate_uuid: "a825d00fe3374d8d95f13d73fcd663ba" candidate_term: 1 candidate_status { last_received { term: 0 index: 0 } } ignore_live_leader: false dest_uuid: "2b471b87012e447d80cad3a8f7b88d89"
W20260709 12:20:11.098632 10688 leader_election.cc:343] T 3f214038ca3a43d79d9e4452d6802119 P 387ea6f991594e43b1e5be6e0adf258a [CANDIDATE]: Term 1 pre-election: Tablet error from VoteRequest() call to peer 2b471b87012e447d80cad3a8f7b88d89 (127.9.211.130:36863): Illegal state: must be running to vote when last-logged opid is not known
I20260709 12:20:11.098845 10918 raft_consensus.cc:493] T 4d7ba1c0a1964fee8ae4f73ffadebf6f P 2b471b87012e447d80cad3a8f7b88d89 [term 0 FOLLOWER]: Starting leader election (no leader contacted us within the election timeout)
I20260709 12:20:11.099107 10797 raft_consensus.cc:3060] T 9b2299c0ece74645aed050292f9bbebe P 2b471b87012e447d80cad3a8f7b88d89 [term 0 FOLLOWER]: Advancing to term 1
I20260709 12:20:11.099140 10688 leader_election.cc:304] T 3f214038ca3a43d79d9e4452d6802119 P 387ea6f991594e43b1e5be6e0adf258a [CANDIDATE]: Term 1 pre-election: Election decided. Result: candidate lost. Election summary: received 3 responses out of 3 voters: 1 yes votes; 2 no votes. yes voters: 387ea6f991594e43b1e5be6e0adf258a; no voters: 2b471b87012e447d80cad3a8f7b88d89, a825d00fe3374d8d95f13d73fcd663ba
I20260709 12:20:11.099467 10918 raft_consensus.cc:3060] T 4d7ba1c0a1964fee8ae4f73ffadebf6f P 2b471b87012e447d80cad3a8f7b88d89 [term 0 FOLLOWER]: Advancing to term 1
I20260709 12:20:11.100224 10916 raft_consensus.cc:2749] T 3f214038ca3a43d79d9e4452d6802119 P 387ea6f991594e43b1e5be6e0adf258a [term 0 FOLLOWER]: Leader pre-election lost for term 1. Reason: could not achieve majority
I20260709 12:20:11.101238 10916 raft_consensus.cc:493] T b13d7e38cc7049718215de54d577d747 P 387ea6f991594e43b1e5be6e0adf258a [term 0 FOLLOWER]: Starting pre-election (no leader contacted us within the election timeout)
I20260709 12:20:11.102360 10911 tablet_bootstrap.cc:654] T 93089d2d3d4a4c8d8a6d07143ca7086d P 2b471b87012e447d80cad3a8f7b88d89: Neither blocks nor log segments found. Creating new log.
I20260709 12:20:11.101855 10916 raft_consensus.cc:515] T b13d7e38cc7049718215de54d577d747 P 387ea6f991594e43b1e5be6e0adf258a [term 0 FOLLOWER]: Starting pre-election with config: opid_index: -1 OBSOLETE_local: false peers { permanent_uuid: "387ea6f991594e43b1e5be6e0adf258a" member_type: VOTER last_known_addr { host: "127.9.211.129" port: 34939 } } peers { permanent_uuid: "2b471b87012e447d80cad3a8f7b88d89" member_type: VOTER last_known_addr { host: "127.9.211.130" port: 36863 } } peers { permanent_uuid: "a825d00fe3374d8d95f13d73fcd663ba" member_type: VOTER last_known_addr { host: "127.9.211.131" port: 46575 } }
I20260709 12:20:11.107872 10797 raft_consensus.cc:2468] T 9b2299c0ece74645aed050292f9bbebe P 2b471b87012e447d80cad3a8f7b88d89 [term 1 FOLLOWER]: Leader election vote request: Granting yes vote for candidate a825d00fe3374d8d95f13d73fcd663ba in term 1.
I20260709 12:20:11.090529 10912 tablet_bootstrap.cc:492] T bba7015d53db49fb82f6e42131366a8b P 387ea6f991594e43b1e5be6e0adf258a: No bootstrap required, opened a new log
I20260709 12:20:11.104658 10916 leader_election.cc:290] T b13d7e38cc7049718215de54d577d747 P 387ea6f991594e43b1e5be6e0adf258a [CANDIDATE]: Term 1 pre-election: Requested pre-vote from peers 2b471b87012e447d80cad3a8f7b88d89 (127.9.211.130:36863), a825d00fe3374d8d95f13d73fcd663ba (127.9.211.131:46575)
I20260709 12:20:11.109287 10912 ts_tablet_manager.cc:1403] T bba7015d53db49fb82f6e42131366a8b P 387ea6f991594e43b1e5be6e0adf258a: Time spent bootstrapping tablet: real 0.054s	user 0.015s	sys 0.003s
I20260709 12:20:11.113073 10912 raft_consensus.cc:359] T bba7015d53db49fb82f6e42131366a8b P 387ea6f991594e43b1e5be6e0adf258a [term 0 FOLLOWER]: Replica starting. Triggering 0 pending ops. Active config: opid_index: -1 OBSOLETE_local: false peers { permanent_uuid: "387ea6f991594e43b1e5be6e0adf258a" member_type: VOTER last_known_addr { host: "127.9.211.129" port: 34939 } } peers { permanent_uuid: "2b471b87012e447d80cad3a8f7b88d89" member_type: VOTER last_known_addr { host: "127.9.211.130" port: 36863 } } peers { permanent_uuid: "a825d00fe3374d8d95f13d73fcd663ba" member_type: VOTER last_known_addr { host: "127.9.211.131" port: 46575 } }
I20260709 12:20:11.113830 10912 raft_consensus.cc:385] T bba7015d53db49fb82f6e42131366a8b P 387ea6f991594e43b1e5be6e0adf258a [term 0 FOLLOWER]: Consensus starting up: Expiring failure detector timer to make a prompt election more likely
I20260709 12:20:11.114141 10912 raft_consensus.cc:740] T bba7015d53db49fb82f6e42131366a8b P 387ea6f991594e43b1e5be6e0adf258a [term 0 FOLLOWER]: Becoming Follower/Learner. State: Replica: 387ea6f991594e43b1e5be6e0adf258a, State: Initialized, Role: FOLLOWER
I20260709 12:20:11.114998 10911 tablet_bootstrap.cc:492] T 93089d2d3d4a4c8d8a6d07143ca7086d P 2b471b87012e447d80cad3a8f7b88d89: No bootstrap required, opened a new log
I20260709 12:20:11.114882 10912 consensus_queue.cc:260] T bba7015d53db49fb82f6e42131366a8b P 387ea6f991594e43b1e5be6e0adf258a [NON_LEADER]: Queue going to NON_LEADER mode. State: All replicated index: 0, Majority replicated index: 0, Committed index: 0, Last appended: 0.0, Last appended by leader: 0, Current term: 0, Majority size: -1, State: 0, Mode: NON_LEADER, active raft config: opid_index: -1 OBSOLETE_local: false peers { permanent_uuid: "387ea6f991594e43b1e5be6e0adf258a" member_type: VOTER last_known_addr { host: "127.9.211.129" port: 34939 } } peers { permanent_uuid: "2b471b87012e447d80cad3a8f7b88d89" member_type: VOTER last_known_addr { host: "127.9.211.130" port: 36863 } } peers { permanent_uuid: "a825d00fe3374d8d95f13d73fcd663ba" member_type: VOTER last_known_addr { host: "127.9.211.131" port: 46575 } }
I20260709 12:20:11.115653 10911 ts_tablet_manager.cc:1403] T 93089d2d3d4a4c8d8a6d07143ca7086d P 2b471b87012e447d80cad3a8f7b88d89: Time spent bootstrapping tablet: real 0.042s	user 0.008s	sys 0.011s
I20260709 12:20:11.116722 10837 leader_election.cc:304] T 9b2299c0ece74645aed050292f9bbebe P a825d00fe3374d8d95f13d73fcd663ba [CANDIDATE]: Term 1 election: Election decided. Result: candidate won. Election summary: received 2 responses out of 3 voters: 2 yes votes; 0 no votes. yes voters: 2b471b87012e447d80cad3a8f7b88d89, a825d00fe3374d8d95f13d73fcd663ba; no voters: 
I20260709 12:20:11.117645 10938 raft_consensus.cc:2804] T 9b2299c0ece74645aed050292f9bbebe P a825d00fe3374d8d95f13d73fcd663ba [term 1 FOLLOWER]: Leader election won for term 1
I20260709 12:20:11.118147 10938 raft_consensus.cc:697] T 9b2299c0ece74645aed050292f9bbebe P a825d00fe3374d8d95f13d73fcd663ba [term 1 LEADER]: Becoming Leader. State: Replica: a825d00fe3374d8d95f13d73fcd663ba, State: Running, Role: LEADER
I20260709 12:20:11.118782 10911 raft_consensus.cc:359] T 93089d2d3d4a4c8d8a6d07143ca7086d P 2b471b87012e447d80cad3a8f7b88d89 [term 0 FOLLOWER]: Replica starting. Triggering 0 pending ops. Active config: opid_index: -1 OBSOLETE_local: false peers { permanent_uuid: "387ea6f991594e43b1e5be6e0adf258a" member_type: VOTER last_known_addr { host: "127.9.211.129" port: 34939 } } peers { permanent_uuid: "2b471b87012e447d80cad3a8f7b88d89" member_type: VOTER last_known_addr { host: "127.9.211.130" port: 36863 } } peers { permanent_uuid: "a825d00fe3374d8d95f13d73fcd663ba" member_type: VOTER last_known_addr { host: "127.9.211.131" port: 46575 } }
I20260709 12:20:11.118973 10938 consensus_queue.cc:237] T 9b2299c0ece74645aed050292f9bbebe P a825d00fe3374d8d95f13d73fcd663ba [LEADER]: Queue going to LEADER mode. State: All replicated index: 0, Majority replicated index: 0, Committed index: 0, Last appended: 0.0, Last appended by leader: 0, Current term: 1, Majority size: 2, State: 0, Mode: LEADER, active raft config: opid_index: -1 OBSOLETE_local: false peers { permanent_uuid: "387ea6f991594e43b1e5be6e0adf258a" member_type: VOTER last_known_addr { host: "127.9.211.129" port: 34939 } } peers { permanent_uuid: "2b471b87012e447d80cad3a8f7b88d89" member_type: VOTER last_known_addr { host: "127.9.211.130" port: 36863 } } peers { permanent_uuid: "a825d00fe3374d8d95f13d73fcd663ba" member_type: VOTER last_known_addr { host: "127.9.211.131" port: 46575 } }
I20260709 12:20:11.119546 10911 raft_consensus.cc:385] T 93089d2d3d4a4c8d8a6d07143ca7086d P 2b471b87012e447d80cad3a8f7b88d89 [term 0 FOLLOWER]: Consensus starting up: Expiring failure detector timer to make a prompt election more likely
I20260709 12:20:11.119861 10911 raft_consensus.cc:740] T 93089d2d3d4a4c8d8a6d07143ca7086d P 2b471b87012e447d80cad3a8f7b88d89 [term 0 FOLLOWER]: Becoming Follower/Learner. State: Replica: 2b471b87012e447d80cad3a8f7b88d89, State: Initialized, Role: FOLLOWER
I20260709 12:20:11.121320 10688 leader_election.cc:304] T 4d7ba1c0a1964fee8ae4f73ffadebf6f P 387ea6f991594e43b1e5be6e0adf258a [CANDIDATE]: Term 1 pre-election: Election decided. Result: candidate won. Election summary: received 3 responses out of 3 voters: 2 yes votes; 1 no votes. yes voters: 2b471b87012e447d80cad3a8f7b88d89, 387ea6f991594e43b1e5be6e0adf258a; no voters: a825d00fe3374d8d95f13d73fcd663ba
I20260709 12:20:11.123852 10797 tablet_service.cc:1917] Received RequestConsensusVote() RPC: tablet_id: "b13d7e38cc7049718215de54d577d747" candidate_uuid: "387ea6f991594e43b1e5be6e0adf258a" candidate_term: 1 candidate_status { last_received { term: 0 index: 0 } } ignore_live_leader: false dest_uuid: "2b471b87012e447d80cad3a8f7b88d89" is_pre_election: true
I20260709 12:20:11.123967 10916 raft_consensus.cc:2804] T 4d7ba1c0a1964fee8ae4f73ffadebf6f P 387ea6f991594e43b1e5be6e0adf258a [term 0 FOLLOWER]: Leader pre-election won for term 1
I20260709 12:20:11.124534 10916 raft_consensus.cc:493] T 4d7ba1c0a1964fee8ae4f73ffadebf6f P 387ea6f991594e43b1e5be6e0adf258a [term 0 FOLLOWER]: Starting leader election (no leader contacted us within the election timeout)
I20260709 12:20:11.124970 10916 raft_consensus.cc:3060] T 4d7ba1c0a1964fee8ae4f73ffadebf6f P 387ea6f991594e43b1e5be6e0adf258a [term 0 FOLLOWER]: Advancing to term 1
I20260709 12:20:11.127722 10871 tablet_service.cc:1917] Received RequestConsensusVote() RPC: tablet_id: "b13d7e38cc7049718215de54d577d747" candidate_uuid: "387ea6f991594e43b1e5be6e0adf258a" candidate_term: 1 candidate_status { last_received { term: 0 index: 0 } } ignore_live_leader: false dest_uuid: "a825d00fe3374d8d95f13d73fcd663ba" is_pre_election: true
I20260709 12:20:11.128609 10871 raft_consensus.cc:2468] T b13d7e38cc7049718215de54d577d747 P a825d00fe3374d8d95f13d73fcd663ba [term 0 FOLLOWER]: Leader pre-election vote request: Granting yes vote for candidate 387ea6f991594e43b1e5be6e0adf258a in term 0.
I20260709 12:20:11.120676 10911 consensus_queue.cc:260] T 93089d2d3d4a4c8d8a6d07143ca7086d P 2b471b87012e447d80cad3a8f7b88d89 [NON_LEADER]: Queue going to NON_LEADER mode. State: All replicated index: 0, Majority replicated index: 0, Committed index: 0, Last appended: 0.0, Last appended by leader: 0, Current term: 0, Majority size: -1, State: 0, Mode: NON_LEADER, active raft config: opid_index: -1 OBSOLETE_local: false peers { permanent_uuid: "387ea6f991594e43b1e5be6e0adf258a" member_type: VOTER last_known_addr { host: "127.9.211.129" port: 34939 } } peers { permanent_uuid: "2b471b87012e447d80cad3a8f7b88d89" member_type: VOTER last_known_addr { host: "127.9.211.130" port: 36863 } } peers { permanent_uuid: "a825d00fe3374d8d95f13d73fcd663ba" member_type: VOTER last_known_addr { host: "127.9.211.131" port: 46575 } }
I20260709 12:20:11.124533 10797 raft_consensus.cc:2468] T b13d7e38cc7049718215de54d577d747 P 2b471b87012e447d80cad3a8f7b88d89 [term 0 FOLLOWER]: Leader pre-election vote request: Granting yes vote for candidate 387ea6f991594e43b1e5be6e0adf258a in term 0.
I20260709 12:20:11.132858 10721 tablet_service.cc:1917] Received RequestConsensusVote() RPC: tablet_id: "9b2299c0ece74645aed050292f9bbebe" candidate_uuid: "a825d00fe3374d8d95f13d73fcd663ba" candidate_term: 1 candidate_status { last_received { term: 0 index: 0 } } ignore_live_leader: false dest_uuid: "387ea6f991594e43b1e5be6e0adf258a" is_pre_election: true
I20260709 12:20:11.133203 10911 ts_tablet_manager.cc:1434] T 93089d2d3d4a4c8d8a6d07143ca7086d P 2b471b87012e447d80cad3a8f7b88d89: Time spent starting tablet: real 0.017s	user 0.007s	sys 0.000s
I20260709 12:20:11.135113 10688 leader_election.cc:304] T b13d7e38cc7049718215de54d577d747 P 387ea6f991594e43b1e5be6e0adf258a [CANDIDATE]: Term 1 pre-election: Election decided. Result: candidate won. Election summary: received 2 responses out of 3 voters: 2 yes votes; 0 no votes. yes voters: 2b471b87012e447d80cad3a8f7b88d89, 387ea6f991594e43b1e5be6e0adf258a; no voters: 
I20260709 12:20:11.135669 10912 ts_tablet_manager.cc:1434] T bba7015d53db49fb82f6e42131366a8b P 387ea6f991594e43b1e5be6e0adf258a: Time spent starting tablet: real 0.026s	user 0.002s	sys 0.006s
I20260709 12:20:11.137018 10911 tablet_bootstrap.cc:492] T f0895630433f46aab7af8cda2e276641 P 2b471b87012e447d80cad3a8f7b88d89: Bootstrap starting.
I20260709 12:20:11.141120 10912 tablet_bootstrap.cc:492] T 9b2299c0ece74645aed050292f9bbebe P 387ea6f991594e43b1e5be6e0adf258a: Bootstrap starting.
I20260709 12:20:11.144601 10911 tablet_bootstrap.cc:654] T f0895630433f46aab7af8cda2e276641 P 2b471b87012e447d80cad3a8f7b88d89: Neither blocks nor log segments found. Creating new log.
I20260709 12:20:11.148977 10916 raft_consensus.cc:515] T 4d7ba1c0a1964fee8ae4f73ffadebf6f P 387ea6f991594e43b1e5be6e0adf258a [term 1 FOLLOWER]: Starting leader election with config: opid_index: -1 OBSOLETE_local: false peers { permanent_uuid: "387ea6f991594e43b1e5be6e0adf258a" member_type: VOTER last_known_addr { host: "127.9.211.129" port: 34939 } } peers { permanent_uuid: "2b471b87012e447d80cad3a8f7b88d89" member_type: VOTER last_known_addr { host: "127.9.211.130" port: 36863 } } peers { permanent_uuid: "a825d00fe3374d8d95f13d73fcd663ba" member_type: VOTER last_known_addr { host: "127.9.211.131" port: 46575 } }
I20260709 12:20:11.151928 10916 leader_election.cc:290] T 4d7ba1c0a1964fee8ae4f73ffadebf6f P 387ea6f991594e43b1e5be6e0adf258a [CANDIDATE]: Term 1 election: Requested vote from peers 2b471b87012e447d80cad3a8f7b88d89 (127.9.211.130:36863), a825d00fe3374d8d95f13d73fcd663ba (127.9.211.131:46575)
I20260709 12:20:11.152746 10916 raft_consensus.cc:2804] T b13d7e38cc7049718215de54d577d747 P 387ea6f991594e43b1e5be6e0adf258a [term 0 FOLLOWER]: Leader pre-election won for term 1
I20260709 12:20:11.153352 10916 raft_consensus.cc:493] T b13d7e38cc7049718215de54d577d747 P 387ea6f991594e43b1e5be6e0adf258a [term 0 FOLLOWER]: Starting leader election (no leader contacted us within the election timeout)
I20260709 12:20:11.153782 10916 raft_consensus.cc:3060] T b13d7e38cc7049718215de54d577d747 P 387ea6f991594e43b1e5be6e0adf258a [term 0 FOLLOWER]: Advancing to term 1
I20260709 12:20:11.154641 10721 tablet_service.cc:1917] Received RequestConsensusVote() RPC: tablet_id: "9b2299c0ece74645aed050292f9bbebe" candidate_uuid: "a825d00fe3374d8d95f13d73fcd663ba" candidate_term: 1 candidate_status { last_received { term: 0 index: 0 } } ignore_live_leader: false dest_uuid: "387ea6f991594e43b1e5be6e0adf258a"
W20260709 12:20:11.157356 10835 leader_election.cc:343] T 9b2299c0ece74645aed050292f9bbebe P a825d00fe3374d8d95f13d73fcd663ba [CANDIDATE]: Term 1 pre-election: Tablet error from VoteRequest() call to peer 387ea6f991594e43b1e5be6e0adf258a (127.9.211.129:34939): Illegal state: must be running to vote when last-logged opid is not known
I20260709 12:20:11.158200 10871 tablet_service.cc:1917] Received RequestConsensusVote() RPC: tablet_id: "4d7ba1c0a1964fee8ae4f73ffadebf6f" candidate_uuid: "387ea6f991594e43b1e5be6e0adf258a" candidate_term: 1 candidate_status { last_received { term: 0 index: 0 } } ignore_live_leader: false dest_uuid: "a825d00fe3374d8d95f13d73fcd663ba"
I20260709 12:20:11.159883 10911 tablet_bootstrap.cc:492] T f0895630433f46aab7af8cda2e276641 P 2b471b87012e447d80cad3a8f7b88d89: No bootstrap required, opened a new log
I20260709 12:20:11.160576 10911 ts_tablet_manager.cc:1403] T f0895630433f46aab7af8cda2e276641 P 2b471b87012e447d80cad3a8f7b88d89: Time spent bootstrapping tablet: real 0.024s	user 0.012s	sys 0.006s
I20260709 12:20:11.163775 10797 tablet_service.cc:1917] Received RequestConsensusVote() RPC: tablet_id: "4d7ba1c0a1964fee8ae4f73ffadebf6f" candidate_uuid: "387ea6f991594e43b1e5be6e0adf258a" candidate_term: 1 candidate_status { last_received { term: 0 index: 0 } } ignore_live_leader: false dest_uuid: "2b471b87012e447d80cad3a8f7b88d89"
I20260709 12:20:11.148597 10912 tablet_bootstrap.cc:654] T 9b2299c0ece74645aed050292f9bbebe P 387ea6f991594e43b1e5be6e0adf258a: Neither blocks nor log segments found. Creating new log.
I20260709 12:20:11.166115 10944 raft_consensus.cc:493] T bba7015d53db49fb82f6e42131366a8b P 387ea6f991594e43b1e5be6e0adf258a [term 0 FOLLOWER]: Starting pre-election (no leader contacted us within the election timeout)
I20260709 12:20:11.166389 10911 raft_consensus.cc:359] T f0895630433f46aab7af8cda2e276641 P 2b471b87012e447d80cad3a8f7b88d89 [term 0 FOLLOWER]: Replica starting. Triggering 0 pending ops. Active config: opid_index: -1 OBSOLETE_local: false peers { permanent_uuid: "387ea6f991594e43b1e5be6e0adf258a" member_type: VOTER last_known_addr { host: "127.9.211.129" port: 34939 } } peers { permanent_uuid: "2b471b87012e447d80cad3a8f7b88d89" member_type: VOTER last_known_addr { host: "127.9.211.130" port: 36863 } } peers { permanent_uuid: "a825d00fe3374d8d95f13d73fcd663ba" member_type: VOTER last_known_addr { host: "127.9.211.131" port: 46575 } }
I20260709 12:20:11.167248 10911 raft_consensus.cc:385] T f0895630433f46aab7af8cda2e276641 P 2b471b87012e447d80cad3a8f7b88d89 [term 0 FOLLOWER]: Consensus starting up: Expiring failure detector timer to make a prompt election more likely
I20260709 12:20:11.166831 10944 raft_consensus.cc:515] T bba7015d53db49fb82f6e42131366a8b P 387ea6f991594e43b1e5be6e0adf258a [term 0 FOLLOWER]: Starting pre-election with config: opid_index: -1 OBSOLETE_local: false peers { permanent_uuid: "387ea6f991594e43b1e5be6e0adf258a" member_type: VOTER last_known_addr { host: "127.9.211.129" port: 34939 } } peers { permanent_uuid: "2b471b87012e447d80cad3a8f7b88d89" member_type: VOTER last_known_addr { host: "127.9.211.130" port: 36863 } } peers { permanent_uuid: "a825d00fe3374d8d95f13d73fcd663ba" member_type: VOTER last_known_addr { host: "127.9.211.131" port: 46575 } }
I20260709 12:20:11.167601 10911 raft_consensus.cc:740] T f0895630433f46aab7af8cda2e276641 P 2b471b87012e447d80cad3a8f7b88d89 [term 0 FOLLOWER]: Becoming Follower/Learner. State: Replica: 2b471b87012e447d80cad3a8f7b88d89, State: Initialized, Role: FOLLOWER
I20260709 12:20:11.168658 10911 consensus_queue.cc:260] T f0895630433f46aab7af8cda2e276641 P 2b471b87012e447d80cad3a8f7b88d89 [NON_LEADER]: Queue going to NON_LEADER mode. State: All replicated index: 0, Majority replicated index: 0, Committed index: 0, Last appended: 0.0, Last appended by leader: 0, Current term: 0, Majority size: -1, State: 0, Mode: NON_LEADER, active raft config: opid_index: -1 OBSOLETE_local: false peers { permanent_uuid: "387ea6f991594e43b1e5be6e0adf258a" member_type: VOTER last_known_addr { host: "127.9.211.129" port: 34939 } } peers { permanent_uuid: "2b471b87012e447d80cad3a8f7b88d89" member_type: VOTER last_known_addr { host: "127.9.211.130" port: 36863 } } peers { permanent_uuid: "a825d00fe3374d8d95f13d73fcd663ba" member_type: VOTER last_known_addr { host: "127.9.211.131" port: 46575 } }
W20260709 12:20:11.170477 10686 leader_election.cc:343] T 4d7ba1c0a1964fee8ae4f73ffadebf6f P 387ea6f991594e43b1e5be6e0adf258a [CANDIDATE]: Term 1 election: Tablet error from VoteRequest() call to peer a825d00fe3374d8d95f13d73fcd663ba (127.9.211.131:46575): Illegal state: must be running to vote when last-logged opid is not known
I20260709 12:20:11.176141 10871 tablet_service.cc:1917] Received RequestConsensusVote() RPC: tablet_id: "bba7015d53db49fb82f6e42131366a8b" candidate_uuid: "387ea6f991594e43b1e5be6e0adf258a" candidate_term: 1 candidate_status { last_received { term: 0 index: 0 } } ignore_live_leader: false dest_uuid: "a825d00fe3374d8d95f13d73fcd663ba" is_pre_election: true
I20260709 12:20:11.177452 10795 tablet_service.cc:1917] Received RequestConsensusVote() RPC: tablet_id: "bba7015d53db49fb82f6e42131366a8b" candidate_uuid: "387ea6f991594e43b1e5be6e0adf258a" candidate_term: 1 candidate_status { last_received { term: 0 index: 0 } } ignore_live_leader: false dest_uuid: "2b471b87012e447d80cad3a8f7b88d89" is_pre_election: true
W20260709 12:20:11.177729 10686 leader_election.cc:343] T bba7015d53db49fb82f6e42131366a8b P 387ea6f991594e43b1e5be6e0adf258a [CANDIDATE]: Term 1 pre-election: Tablet error from VoteRequest() call to peer a825d00fe3374d8d95f13d73fcd663ba (127.9.211.131:46575): Illegal state: must be running to vote when last-logged opid is not known
W20260709 12:20:11.170408 10835 leader_election.cc:343] T 9b2299c0ece74645aed050292f9bbebe P a825d00fe3374d8d95f13d73fcd663ba [CANDIDATE]: Term 1 election: Tablet error from VoteRequest() call to peer 387ea6f991594e43b1e5be6e0adf258a (127.9.211.129:34939): Illegal state: must be running to vote when last-logged opid is not known
I20260709 12:20:11.178298 10795 raft_consensus.cc:2468] T bba7015d53db49fb82f6e42131366a8b P 2b471b87012e447d80cad3a8f7b88d89 [term 0 FOLLOWER]: Leader pre-election vote request: Granting yes vote for candidate 387ea6f991594e43b1e5be6e0adf258a in term 0.
I20260709 12:20:11.164819 10918 raft_consensus.cc:515] T 4d7ba1c0a1964fee8ae4f73ffadebf6f P 2b471b87012e447d80cad3a8f7b88d89 [term 1 FOLLOWER]: Starting leader election with config: opid_index: -1 OBSOLETE_local: false peers { permanent_uuid: "387ea6f991594e43b1e5be6e0adf258a" member_type: VOTER last_known_addr { host: "127.9.211.129" port: 34939 } } peers { permanent_uuid: "2b471b87012e447d80cad3a8f7b88d89" member_type: VOTER last_known_addr { host: "127.9.211.130" port: 36863 } } peers { permanent_uuid: "a825d00fe3374d8d95f13d73fcd663ba" member_type: VOTER last_known_addr { host: "127.9.211.131" port: 46575 } }
I20260709 12:20:11.179808 10688 leader_election.cc:304] T bba7015d53db49fb82f6e42131366a8b P 387ea6f991594e43b1e5be6e0adf258a [CANDIDATE]: Term 1 pre-election: Election decided. Result: candidate won. Election summary: received 3 responses out of 3 voters: 2 yes votes; 1 no votes. yes voters: 2b471b87012e447d80cad3a8f7b88d89, 387ea6f991594e43b1e5be6e0adf258a; no voters: a825d00fe3374d8d95f13d73fcd663ba
