I20260709 12:20:29.316989 31521 tablet_service.cc:1511] Processing CreateTablet for tablet 8b2ef227c1c14887af13f0d2dd1380f6 (DEFAULT_TABLE table=test-workload [id=6773abe23d414106bd8a3bf5fdd5a012]), partition=RANGE (key) PARTITION 764358567 <= VALUES < 800756594
I20260709 12:20:29.318331 31521 data_dirs.cc:400] Could only allocate 1 dirs of requested 3 for tablet 8b2ef227c1c14887af13f0d2dd1380f6. 1 dirs total, 0 dirs full, 0 dirs failed
I20260709 12:20:29.318429 31594 tablet_service.cc:1511] Processing CreateTablet for tablet 8b2ef227c1c14887af13f0d2dd1380f6 (DEFAULT_TABLE table=test-workload [id=6773abe23d414106bd8a3bf5fdd5a012]), partition=RANGE (key) PARTITION 764358567 <= VALUES < 800756594
I20260709 12:20:29.319665 31594 data_dirs.cc:400] Could only allocate 1 dirs of requested 3 for tablet 8b2ef227c1c14887af13f0d2dd1380f6. 1 dirs total, 0 dirs full, 0 dirs failed
I20260709 12:20:29.321604 31519 tablet_service.cc:1511] Processing CreateTablet for tablet 16b364008fba472dba779544425bf959 (DEFAULT_TABLE table=test-workload [id=6773abe23d414106bd8a3bf5fdd5a012]), partition=RANGE (key) PARTITION 800756594 <= VALUES < 837154621
I20260709 12:20:29.322858 31519 data_dirs.cc:400] Could only allocate 1 dirs of requested 3 for tablet 16b364008fba472dba779544425bf959. 1 dirs total, 0 dirs full, 0 dirs failed
I20260709 12:20:29.322932 31723 raft_consensus.cc:359] T 66261bb196854397a7b19fff539dcf41 P f0393984108b4f77b6382754172ae0e4 [term 0 FOLLOWER]: Replica starting. Triggering 0 pending ops. Active config: opid_index: -1 OBSOLETE_local: false peers { permanent_uuid: "321a34bddaab420bae728cd449e35111" member_type: VOTER last_known_addr { host: "127.29.168.1" port: 37369 } } peers { permanent_uuid: "8cfdde83ae864f3c8cb9ee25d882959f" member_type: VOTER last_known_addr { host: "127.29.168.2" port: 39681 } } peers { permanent_uuid: "f0393984108b4f77b6382754172ae0e4" member_type: VOTER last_known_addr { host: "127.29.168.3" port: 44575 } }
I20260709 12:20:29.323701 31723 raft_consensus.cc:385] T 66261bb196854397a7b19fff539dcf41 P f0393984108b4f77b6382754172ae0e4 [term 0 FOLLOWER]: Consensus starting up: Expiring failure detector timer to make a prompt election more likely
I20260709 12:20:29.324002 31723 raft_consensus.cc:740] T 66261bb196854397a7b19fff539dcf41 P f0393984108b4f77b6382754172ae0e4 [term 0 FOLLOWER]: Becoming Follower/Learner. State: Replica: f0393984108b4f77b6382754172ae0e4, State: Initialized, Role: FOLLOWER
I20260709 12:20:29.321714 31663 tablet_service.cc:1511] Processing CreateTablet for tablet 8b2ef227c1c14887af13f0d2dd1380f6 (DEFAULT_TABLE table=test-workload [id=6773abe23d414106bd8a3bf5fdd5a012]), partition=RANGE (key) PARTITION 764358567 <= VALUES < 800756594
I20260709 12:20:29.329546 31663 data_dirs.cc:400] Could only allocate 1 dirs of requested 3 for tablet 8b2ef227c1c14887af13f0d2dd1380f6. 1 dirs total, 0 dirs full, 0 dirs failed
I20260709 12:20:29.330371 31607 tablet_service.cc:1917] Received RequestConsensusVote() RPC: tablet_id: "94595c0acb4a47f38bf8a166f4ad4e00" candidate_uuid: "f0393984108b4f77b6382754172ae0e4" candidate_term: 1 candidate_status { last_received { term: 0 index: 0 } } ignore_live_leader: false dest_uuid: "8cfdde83ae864f3c8cb9ee25d882959f" is_pre_election: true
W20260709 12:20:29.332316 31645 leader_election.cc:343] T 94595c0acb4a47f38bf8a166f4ad4e00 P f0393984108b4f77b6382754172ae0e4 [CANDIDATE]: Term 1 pre-election: Tablet error from VoteRequest() call to peer 8cfdde83ae864f3c8cb9ee25d882959f (127.29.168.2:39681): Illegal state: must be running to vote when last-logged opid is not known
I20260709 12:20:29.341910 31662 tablet_service.cc:1511] Processing CreateTablet for tablet 16b364008fba472dba779544425bf959 (DEFAULT_TABLE table=test-workload [id=6773abe23d414106bd8a3bf5fdd5a012]), partition=RANGE (key) PARTITION 800756594 <= VALUES < 837154621
I20260709 12:20:29.343164 31662 data_dirs.cc:400] Could only allocate 1 dirs of requested 3 for tablet 16b364008fba472dba779544425bf959. 1 dirs total, 0 dirs full, 0 dirs failed
I20260709 12:20:29.343943 31515 tablet_service.cc:1511] Processing CreateTablet for tablet 9979d03ab63441af9868bdd5ac3bbe03 (DEFAULT_TABLE table=test-workload [id=6773abe23d414106bd8a3bf5fdd5a012]), partition=RANGE (key) PARTITION 837154621 <= VALUES < 873552648
I20260709 12:20:29.345184 31515 data_dirs.cc:400] Could only allocate 1 dirs of requested 3 for tablet 9979d03ab63441af9868bdd5ac3bbe03. 1 dirs total, 0 dirs full, 0 dirs failed
I20260709 12:20:29.324738 31723 consensus_queue.cc:260] T 66261bb196854397a7b19fff539dcf41 P f0393984108b4f77b6382754172ae0e4 [NON_LEADER]: Queue going to NON_LEADER mode. State: All replicated index: 0, Majority replicated index: 0, Committed index: 0, Last appended: 0.0, Last appended by leader: 0, Current term: 0, Majority size: -1, State: 0, Mode: NON_LEADER, active raft config: opid_index: -1 OBSOLETE_local: false peers { permanent_uuid: "321a34bddaab420bae728cd449e35111" member_type: VOTER last_known_addr { host: "127.29.168.1" port: 37369 } } peers { permanent_uuid: "8cfdde83ae864f3c8cb9ee25d882959f" member_type: VOTER last_known_addr { host: "127.29.168.2" port: 39681 } } peers { permanent_uuid: "f0393984108b4f77b6382754172ae0e4" member_type: VOTER last_known_addr { host: "127.29.168.3" port: 44575 } }
I20260709 12:20:29.340895 31594 tablet_service.cc:1511] Processing CreateTablet for tablet 16b364008fba472dba779544425bf959 (DEFAULT_TABLE table=test-workload [id=6773abe23d414106bd8a3bf5fdd5a012]), partition=RANGE (key) PARTITION 800756594 <= VALUES < 837154621
I20260709 12:20:29.355420 31726 raft_consensus.cc:493] T 319c179ec8e34f159bfdf8e760513b57 P 8cfdde83ae864f3c8cb9ee25d882959f [term 0 FOLLOWER]: Starting pre-election (no leader contacted us within the election timeout)
I20260709 12:20:29.355849 31593 tablet_service.cc:1511] Processing CreateTablet for tablet 9979d03ab63441af9868bdd5ac3bbe03 (DEFAULT_TABLE table=test-workload [id=6773abe23d414106bd8a3bf5fdd5a012]), partition=RANGE (key) PARTITION 837154621 <= VALUES < 873552648
I20260709 12:20:29.355891 31726 raft_consensus.cc:515] T 319c179ec8e34f159bfdf8e760513b57 P 8cfdde83ae864f3c8cb9ee25d882959f [term 0 FOLLOWER]: Starting pre-election with config: opid_index: -1 OBSOLETE_local: false peers { permanent_uuid: "8cfdde83ae864f3c8cb9ee25d882959f" member_type: VOTER last_known_addr { host: "127.29.168.2" port: 39681 } } peers { permanent_uuid: "321a34bddaab420bae728cd449e35111" member_type: VOTER last_known_addr { host: "127.29.168.1" port: 37369 } } peers { permanent_uuid: "f0393984108b4f77b6382754172ae0e4" member_type: VOTER last_known_addr { host: "127.29.168.3" port: 44575 } }
I20260709 12:20:29.353976 31594 data_dirs.cc:400] Could only allocate 1 dirs of requested 3 for tablet 16b364008fba472dba779544425bf959. 1 dirs total, 0 dirs full, 0 dirs failed
I20260709 12:20:29.356928 31669 tablet_service.cc:1511] Processing CreateTablet for tablet 9979d03ab63441af9868bdd5ac3bbe03 (DEFAULT_TABLE table=test-workload [id=6773abe23d414106bd8a3bf5fdd5a012]), partition=RANGE (key) PARTITION 837154621 <= VALUES < 873552648
I20260709 12:20:29.357978 31593 data_dirs.cc:400] Could only allocate 1 dirs of requested 3 for tablet 9979d03ab63441af9868bdd5ac3bbe03. 1 dirs total, 0 dirs full, 0 dirs failed
I20260709 12:20:29.358306 31669 data_dirs.cc:400] Could only allocate 1 dirs of requested 3 for tablet 9979d03ab63441af9868bdd5ac3bbe03. 1 dirs total, 0 dirs full, 0 dirs failed
I20260709 12:20:29.373009 31531 tablet_service.cc:1917] Received RequestConsensusVote() RPC: tablet_id: "94595c0acb4a47f38bf8a166f4ad4e00" candidate_uuid: "f0393984108b4f77b6382754172ae0e4" candidate_term: 1 candidate_status { last_received { term: 0 index: 0 } } ignore_live_leader: false dest_uuid: "321a34bddaab420bae728cd449e35111" is_pre_election: true
I20260709 12:20:29.373971 31726 leader_election.cc:290] T 319c179ec8e34f159bfdf8e760513b57 P 8cfdde83ae864f3c8cb9ee25d882959f [CANDIDATE]: Term 1 pre-election: Requested pre-vote from peers 321a34bddaab420bae728cd449e35111 (127.29.168.1:37369), f0393984108b4f77b6382754172ae0e4 (127.29.168.3:44575)
W20260709 12:20:29.374821 31646 leader_election.cc:343] T 94595c0acb4a47f38bf8a166f4ad4e00 P f0393984108b4f77b6382754172ae0e4 [CANDIDATE]: Term 1 pre-election: Tablet error from VoteRequest() call to peer 321a34bddaab420bae728cd449e35111 (127.29.168.1:37369): Illegal state: must be running to vote when last-logged opid is not known
I20260709 12:20:29.375263 31646 leader_election.cc:304] T 94595c0acb4a47f38bf8a166f4ad4e00 P f0393984108b4f77b6382754172ae0e4 [CANDIDATE]: Term 1 pre-election: Election decided. Result: candidate lost. Election summary: received 3 responses out of 3 voters: 1 yes votes; 2 no votes. yes voters: f0393984108b4f77b6382754172ae0e4; no voters: 321a34bddaab420bae728cd449e35111, 8cfdde83ae864f3c8cb9ee25d882959f
I20260709 12:20:29.375612 31723 ts_tablet_manager.cc:1434] T 66261bb196854397a7b19fff539dcf41 P f0393984108b4f77b6382754172ae0e4: Time spent starting tablet: real 0.055s	user 0.006s	sys 0.003s
I20260709 12:20:29.376533 31723 tablet_bootstrap.cc:492] T 8b2f063d0b5f429e8bc5c1e65096a06d P f0393984108b4f77b6382754172ae0e4: Bootstrap starting.
I20260709 12:20:29.376557 31729 raft_consensus.cc:2749] T 94595c0acb4a47f38bf8a166f4ad4e00 P f0393984108b4f77b6382754172ae0e4 [term 0 FOLLOWER]: Leader pre-election lost for term 1. Reason: could not achieve majority
I20260709 12:20:29.382699 31596 tablet_service.cc:1511] Processing CreateTablet for tablet 34835b579ce349a59e610715b98f19f2 (DEFAULT_TABLE table=test-workload [id=6773abe23d414106bd8a3bf5fdd5a012]), partition=RANGE (key) PARTITION 873552648 <= VALUES < 909950675
I20260709 12:20:29.383977 31596 data_dirs.cc:400] Could only allocate 1 dirs of requested 3 for tablet 34835b579ce349a59e610715b98f19f2. 1 dirs total, 0 dirs full, 0 dirs failed
I20260709 12:20:29.387280 31720 tablet_bootstrap.cc:654] T 86c4fa3605ac48d9a65b9daab229f0eb P 8cfdde83ae864f3c8cb9ee25d882959f: Neither blocks nor log segments found. Creating new log.
I20260709 12:20:29.411785 31663 tablet_service.cc:1511] Processing CreateTablet for tablet 34835b579ce349a59e610715b98f19f2 (DEFAULT_TABLE table=test-workload [id=6773abe23d414106bd8a3bf5fdd5a012]), partition=RANGE (key) PARTITION 873552648 <= VALUES < 909950675
I20260709 12:20:29.413129 31663 data_dirs.cc:400] Could only allocate 1 dirs of requested 3 for tablet 34835b579ce349a59e610715b98f19f2. 1 dirs total, 0 dirs full, 0 dirs failed
I20260709 12:20:29.415211 31723 tablet_bootstrap.cc:654] T 8b2f063d0b5f429e8bc5c1e65096a06d P f0393984108b4f77b6382754172ae0e4: Neither blocks nor log segments found. Creating new log.
I20260709 12:20:29.429286 31514 tablet_service.cc:1511] Processing CreateTablet for tablet 34835b579ce349a59e610715b98f19f2 (DEFAULT_TABLE table=test-workload [id=6773abe23d414106bd8a3bf5fdd5a012]), partition=RANGE (key) PARTITION 873552648 <= VALUES < 909950675
I20260709 12:20:29.430532 31514 data_dirs.cc:400] Could only allocate 1 dirs of requested 3 for tablet 34835b579ce349a59e610715b98f19f2. 1 dirs total, 0 dirs full, 0 dirs failed
I20260709 12:20:29.432044 31721 tablet_bootstrap.cc:492] T 86c4fa3605ac48d9a65b9daab229f0eb P 321a34bddaab420bae728cd449e35111: No bootstrap required, opened a new log
I20260709 12:20:29.432533 31721 ts_tablet_manager.cc:1403] T 86c4fa3605ac48d9a65b9daab229f0eb P 321a34bddaab420bae728cd449e35111: Time spent bootstrapping tablet: real 0.143s	user 0.043s	sys 0.038s
I20260709 12:20:29.436659 31662 tablet_service.cc:1511] Processing CreateTablet for tablet 5f8295d4fd5846f5bdfcad1a336a6344 (DEFAULT_TABLE table=test-workload [id=6773abe23d414106bd8a3bf5fdd5a012]), partition=RANGE (key) PARTITION 909950675 <= VALUES < 946348702
I20260709 12:20:29.437996 31662 data_dirs.cc:400] Could only allocate 1 dirs of requested 3 for tablet 5f8295d4fd5846f5bdfcad1a336a6344. 1 dirs total, 0 dirs full, 0 dirs failed
I20260709 12:20:29.441128 31515 tablet_service.cc:1511] Processing CreateTablet for tablet 5f8295d4fd5846f5bdfcad1a336a6344 (DEFAULT_TABLE table=test-workload [id=6773abe23d414106bd8a3bf5fdd5a012]), partition=RANGE (key) PARTITION 909950675 <= VALUES < 946348702
I20260709 12:20:29.442371 31515 data_dirs.cc:400] Could only allocate 1 dirs of requested 3 for tablet 5f8295d4fd5846f5bdfcad1a336a6344. 1 dirs total, 0 dirs full, 0 dirs failed
I20260709 12:20:29.442867 31597 tablet_service.cc:1511] Processing CreateTablet for tablet 16e25c53395740578de1030b7262f0a5 (DEFAULT_TABLE table=test-workload [id=6773abe23d414106bd8a3bf5fdd5a012]), partition=RANGE (key) PARTITION 946348702 <= VALUES < 982746729
I20260709 12:20:29.443333 31721 raft_consensus.cc:359] T 86c4fa3605ac48d9a65b9daab229f0eb P 321a34bddaab420bae728cd449e35111 [term 0 FOLLOWER]: Replica starting. Triggering 0 pending ops. Active config: opid_index: -1 OBSOLETE_local: false peers { permanent_uuid: "321a34bddaab420bae728cd449e35111" member_type: VOTER last_known_addr { host: "127.29.168.1" port: 37369 } } peers { permanent_uuid: "8cfdde83ae864f3c8cb9ee25d882959f" member_type: VOTER last_known_addr { host: "127.29.168.2" port: 39681 } } peers { permanent_uuid: "f0393984108b4f77b6382754172ae0e4" member_type: VOTER last_known_addr { host: "127.29.168.3" port: 44575 } }
I20260709 12:20:29.444058 31721 raft_consensus.cc:385] T 86c4fa3605ac48d9a65b9daab229f0eb P 321a34bddaab420bae728cd449e35111 [term 0 FOLLOWER]: Consensus starting up: Expiring failure detector timer to make a prompt election more likely
I20260709 12:20:29.444216 31597 data_dirs.cc:400] Could only allocate 1 dirs of requested 3 for tablet 16e25c53395740578de1030b7262f0a5. 1 dirs total, 0 dirs full, 0 dirs failed
I20260709 12:20:29.444380 31721 raft_consensus.cc:740] T 86c4fa3605ac48d9a65b9daab229f0eb P 321a34bddaab420bae728cd449e35111 [term 0 FOLLOWER]: Becoming Follower/Learner. State: Replica: 321a34bddaab420bae728cd449e35111, State: Initialized, Role: FOLLOWER
I20260709 12:20:29.446094 31592 tablet_service.cc:1511] Processing CreateTablet for tablet 5f8295d4fd5846f5bdfcad1a336a6344 (DEFAULT_TABLE table=test-workload [id=6773abe23d414106bd8a3bf5fdd5a012]), partition=RANGE (key) PARTITION 909950675 <= VALUES < 946348702
I20260709 12:20:29.447289 31592 data_dirs.cc:400] Could only allocate 1 dirs of requested 3 for tablet 5f8295d4fd5846f5bdfcad1a336a6344. 1 dirs total, 0 dirs full, 0 dirs failed
I20260709 12:20:29.449908 31531 tablet_service.cc:1917] Received RequestConsensusVote() RPC: tablet_id: "319c179ec8e34f159bfdf8e760513b57" candidate_uuid: "8cfdde83ae864f3c8cb9ee25d882959f" candidate_term: 1 candidate_status { last_received { term: 0 index: 0 } } ignore_live_leader: false dest_uuid: "321a34bddaab420bae728cd449e35111" is_pre_election: true
W20260709 12:20:29.451617 31571 leader_election.cc:343] T 319c179ec8e34f159bfdf8e760513b57 P 8cfdde83ae864f3c8cb9ee25d882959f [CANDIDATE]: Term 1 pre-election: Tablet error from VoteRequest() call to peer 321a34bddaab420bae728cd449e35111 (127.29.168.1:37369): Illegal state: must be running to vote when last-logged opid is not known
I20260709 12:20:29.452651 31591 tablet_service.cc:1511] Processing CreateTablet for tablet 0056854b8f3644f2b1d3b028ef44f854 (DEFAULT_TABLE table=test-workload [id=6773abe23d414106bd8a3bf5fdd5a012]), partition=RANGE (key) PARTITION 982746729 <= VALUES < 1019144756
I20260709 12:20:29.453578 31521 tablet_service.cc:1511] Processing CreateTablet for tablet 0056854b8f3644f2b1d3b028ef44f854 (DEFAULT_TABLE table=test-workload [id=6773abe23d414106bd8a3bf5fdd5a012]), partition=RANGE (key) PARTITION 982746729 <= VALUES < 1019144756
I20260709 12:20:29.454757 31521 data_dirs.cc:400] Could only allocate 1 dirs of requested 3 for tablet 0056854b8f3644f2b1d3b028ef44f854. 1 dirs total, 0 dirs full, 0 dirs failed
I20260709 12:20:29.454618 31664 tablet_service.cc:1511] Processing CreateTablet for tablet 0056854b8f3644f2b1d3b028ef44f854 (DEFAULT_TABLE table=test-workload [id=6773abe23d414106bd8a3bf5fdd5a012]), partition=RANGE (key) PARTITION 982746729 <= VALUES < 1019144756
I20260709 12:20:29.455049 31517 tablet_service.cc:1511] Processing CreateTablet for tablet 2da596715c8743549c6c14b806d4c2cd (DEFAULT_TABLE table=test-workload [id=6773abe23d414106bd8a3bf5fdd5a012]), partition=RANGE (key) PARTITION 1019144756 <= VALUES < 1055542783
I20260709 12:20:29.456110 31517 data_dirs.cc:400] Could only allocate 1 dirs of requested 3 for tablet 2da596715c8743549c6c14b806d4c2cd. 1 dirs total, 0 dirs full, 0 dirs failed
I20260709 12:20:29.456357 31591 data_dirs.cc:400] Could only allocate 1 dirs of requested 3 for tablet 0056854b8f3644f2b1d3b028ef44f854. 1 dirs total, 0 dirs full, 0 dirs failed
I20260709 12:20:29.456117 31664 data_dirs.cc:400] Could only allocate 1 dirs of requested 3 for tablet 0056854b8f3644f2b1d3b028ef44f854. 1 dirs total, 0 dirs full, 0 dirs failed
I20260709 12:20:29.467212 31667 tablet_service.cc:1511] Processing CreateTablet for tablet 16e25c53395740578de1030b7262f0a5 (DEFAULT_TABLE table=test-workload [id=6773abe23d414106bd8a3bf5fdd5a012]), partition=RANGE (key) PARTITION 946348702 <= VALUES < 982746729
I20260709 12:20:29.452174 31519 tablet_service.cc:1511] Processing CreateTablet for tablet 16e25c53395740578de1030b7262f0a5 (DEFAULT_TABLE table=test-workload [id=6773abe23d414106bd8a3bf5fdd5a012]), partition=RANGE (key) PARTITION 946348702 <= VALUES < 982746729
I20260709 12:20:29.468484 31667 data_dirs.cc:400] Could only allocate 1 dirs of requested 3 for tablet 16e25c53395740578de1030b7262f0a5. 1 dirs total, 0 dirs full, 0 dirs failed
I20260709 12:20:29.468655 31519 data_dirs.cc:400] Could only allocate 1 dirs of requested 3 for tablet 16e25c53395740578de1030b7262f0a5. 1 dirs total, 0 dirs full, 0 dirs failed
I20260709 12:20:29.469079 31721 consensus_queue.cc:260] T 86c4fa3605ac48d9a65b9daab229f0eb P 321a34bddaab420bae728cd449e35111 [NON_LEADER]: Queue going to NON_LEADER mode. State: All replicated index: 0, Majority replicated index: 0, Committed index: 0, Last appended: 0.0, Last appended by leader: 0, Current term: 0, Majority size: -1, State: 0, Mode: NON_LEADER, active raft config: opid_index: -1 OBSOLETE_local: false peers { permanent_uuid: "321a34bddaab420bae728cd449e35111" member_type: VOTER last_known_addr { host: "127.29.168.1" port: 37369 } } peers { permanent_uuid: "8cfdde83ae864f3c8cb9ee25d882959f" member_type: VOTER last_known_addr { host: "127.29.168.2" port: 39681 } } peers { permanent_uuid: "f0393984108b4f77b6382754172ae0e4" member_type: VOTER last_known_addr { host: "127.29.168.3" port: 44575 } }
I20260709 12:20:29.482080 31721 ts_tablet_manager.cc:1434] T 86c4fa3605ac48d9a65b9daab229f0eb P 321a34bddaab420bae728cd449e35111: Time spent starting tablet: real 0.049s	user 0.006s	sys 0.000s
I20260709 12:20:29.491122 31720 tablet_bootstrap.cc:492] T 86c4fa3605ac48d9a65b9daab229f0eb P 8cfdde83ae864f3c8cb9ee25d882959f: No bootstrap required, opened a new log
I20260709 12:20:29.491624 31720 ts_tablet_manager.cc:1403] T 86c4fa3605ac48d9a65b9daab229f0eb P 8cfdde83ae864f3c8cb9ee25d882959f: Time spent bootstrapping tablet: real 0.194s	user 0.003s	sys 0.012s
I20260709 12:20:29.493011 31725 raft_consensus.cc:493] T 4fab7a09d7704a3789ae7307976a62d5 P 321a34bddaab420bae728cd449e35111 [term 0 FOLLOWER]: Starting pre-election (no leader contacted us within the election timeout)
I20260709 12:20:29.493310 31681 tablet_service.cc:1917] Received RequestConsensusVote() RPC: tablet_id: "319c179ec8e34f159bfdf8e760513b57" candidate_uuid: "8cfdde83ae864f3c8cb9ee25d882959f" candidate_term: 1 candidate_status { last_received { term: 0 index: 0 } } ignore_live_leader: false dest_uuid: "f0393984108b4f77b6382754172ae0e4" is_pre_election: true
I20260709 12:20:29.493546 31725 raft_consensus.cc:515] T 4fab7a09d7704a3789ae7307976a62d5 P 321a34bddaab420bae728cd449e35111 [term 0 FOLLOWER]: Starting pre-election with config: opid_index: -1 OBSOLETE_local: false peers { permanent_uuid: "321a34bddaab420bae728cd449e35111" member_type: VOTER last_known_addr { host: "127.29.168.1" port: 37369 } } peers { permanent_uuid: "8cfdde83ae864f3c8cb9ee25d882959f" member_type: VOTER last_known_addr { host: "127.29.168.2" port: 39681 } } peers { permanent_uuid: "f0393984108b4f77b6382754172ae0e4" member_type: VOTER last_known_addr { host: "127.29.168.3" port: 44575 } }
I20260709 12:20:29.496105 31720 raft_consensus.cc:359] T 86c4fa3605ac48d9a65b9daab229f0eb P 8cfdde83ae864f3c8cb9ee25d882959f [term 0 FOLLOWER]: Replica starting. Triggering 0 pending ops. Active config: opid_index: -1 OBSOLETE_local: false peers { permanent_uuid: "321a34bddaab420bae728cd449e35111" member_type: VOTER last_known_addr { host: "127.29.168.1" port: 37369 } } peers { permanent_uuid: "8cfdde83ae864f3c8cb9ee25d882959f" member_type: VOTER last_known_addr { host: "127.29.168.2" port: 39681 } } peers { permanent_uuid: "f0393984108b4f77b6382754172ae0e4" member_type: VOTER last_known_addr { host: "127.29.168.3" port: 44575 } }
I20260709 12:20:29.496767 31720 raft_consensus.cc:385] T 86c4fa3605ac48d9a65b9daab229f0eb P 8cfdde83ae864f3c8cb9ee25d882959f [term 0 FOLLOWER]: Consensus starting up: Expiring failure detector timer to make a prompt election more likely
I20260709 12:20:29.498771 31720 raft_consensus.cc:740] T 86c4fa3605ac48d9a65b9daab229f0eb P 8cfdde83ae864f3c8cb9ee25d882959f [term 0 FOLLOWER]: Becoming Follower/Learner. State: Replica: 8cfdde83ae864f3c8cb9ee25d882959f, State: Initialized, Role: FOLLOWER
I20260709 12:20:29.499429 31721 tablet_bootstrap.cc:492] T 10f31e99eba74d36b43244d5a8e30c70 P 321a34bddaab420bae728cd449e35111: Bootstrap starting.
W20260709 12:20:29.502507 31571 leader_election.cc:343] T 319c179ec8e34f159bfdf8e760513b57 P 8cfdde83ae864f3c8cb9ee25d882959f [CANDIDATE]: Term 1 pre-election: Tablet error from VoteRequest() call to peer f0393984108b4f77b6382754172ae0e4 (127.29.168.3:44575): Illegal state: must be running to vote when last-logged opid is not known
I20260709 12:20:29.502969 31571 leader_election.cc:304] T 319c179ec8e34f159bfdf8e760513b57 P 8cfdde83ae864f3c8cb9ee25d882959f [CANDIDATE]: Term 1 pre-election: Election decided. Result: candidate lost. Election summary: received 3 responses out of 3 voters: 1 yes votes; 2 no votes. yes voters: 8cfdde83ae864f3c8cb9ee25d882959f; no voters: 321a34bddaab420bae728cd449e35111, f0393984108b4f77b6382754172ae0e4
I20260709 12:20:29.503737 31726 raft_consensus.cc:2749] T 319c179ec8e34f159bfdf8e760513b57 P 8cfdde83ae864f3c8cb9ee25d882959f [term 0 FOLLOWER]: Leader pre-election lost for term 1. Reason: could not achieve majority
I20260709 12:20:29.497735 31725 leader_election.cc:290] T 4fab7a09d7704a3789ae7307976a62d5 P 321a34bddaab420bae728cd449e35111 [CANDIDATE]: Term 1 pre-election: Requested pre-vote from peers 8cfdde83ae864f3c8cb9ee25d882959f (127.29.168.2:39681), f0393984108b4f77b6382754172ae0e4 (127.29.168.3:44575)
I20260709 12:20:29.511147 31721 tablet_bootstrap.cc:654] T 10f31e99eba74d36b43244d5a8e30c70 P 321a34bddaab420bae728cd449e35111: Neither blocks nor log segments found. Creating new log.
I20260709 12:20:29.511720 31729 raft_consensus.cc:493] T 66261bb196854397a7b19fff539dcf41 P f0393984108b4f77b6382754172ae0e4 [term 0 FOLLOWER]: Starting pre-election (no leader contacted us within the election timeout)
I20260709 12:20:29.512164 31729 raft_consensus.cc:515] T 66261bb196854397a7b19fff539dcf41 P f0393984108b4f77b6382754172ae0e4 [term 0 FOLLOWER]: Starting pre-election with config: opid_index: -1 OBSOLETE_local: false peers { permanent_uuid: "321a34bddaab420bae728cd449e35111" member_type: VOTER last_known_addr { host: "127.29.168.1" port: 37369 } } peers { permanent_uuid: "8cfdde83ae864f3c8cb9ee25d882959f" member_type: VOTER last_known_addr { host: "127.29.168.2" port: 39681 } } peers { permanent_uuid: "f0393984108b4f77b6382754172ae0e4" member_type: VOTER last_known_addr { host: "127.29.168.3" port: 44575 } }
I20260709 12:20:29.513646 31720 consensus_queue.cc:260] T 86c4fa3605ac48d9a65b9daab229f0eb P 8cfdde83ae864f3c8cb9ee25d882959f [NON_LEADER]: Queue going to NON_LEADER mode. State: All replicated index: 0, Majority replicated index: 0, Committed index: 0, Last appended: 0.0, Last appended by leader: 0, Current term: 0, Majority size: -1, State: 0, Mode: NON_LEADER, active raft config: opid_index: -1 OBSOLETE_local: false peers { permanent_uuid: "321a34bddaab420bae728cd449e35111" member_type: VOTER last_known_addr { host: "127.29.168.1" port: 37369 } } peers { permanent_uuid: "8cfdde83ae864f3c8cb9ee25d882959f" member_type: VOTER last_known_addr { host: "127.29.168.2" port: 39681 } } peers { permanent_uuid: "f0393984108b4f77b6382754172ae0e4" member_type: VOTER last_known_addr { host: "127.29.168.3" port: 44575 } }
I20260709 12:20:29.514349 31729 leader_election.cc:290] T 66261bb196854397a7b19fff539dcf41 P f0393984108b4f77b6382754172ae0e4 [CANDIDATE]: Term 1 pre-election: Requested pre-vote from peers 321a34bddaab420bae728cd449e35111 (127.29.168.1:37369), 8cfdde83ae864f3c8cb9ee25d882959f (127.29.168.2:39681)
I20260709 12:20:29.514755 31663 tablet_service.cc:1511] Processing CreateTablet for tablet 2da596715c8743549c6c14b806d4c2cd (DEFAULT_TABLE table=test-workload [id=6773abe23d414106bd8a3bf5fdd5a012]), partition=RANGE (key) PARTITION 1019144756 <= VALUES < 1055542783
I20260709 12:20:29.515880 31607 tablet_service.cc:1917] Received RequestConsensusVote() RPC: tablet_id: "66261bb196854397a7b19fff539dcf41" candidate_uuid: "f0393984108b4f77b6382754172ae0e4" candidate_term: 1 candidate_status { last_received { term: 0 index: 0 } } ignore_live_leader: false dest_uuid: "8cfdde83ae864f3c8cb9ee25d882959f" is_pre_election: true
I20260709 12:20:29.515954 31663 data_dirs.cc:400] Could only allocate 1 dirs of requested 3 for tablet 2da596715c8743549c6c14b806d4c2cd. 1 dirs total, 0 dirs full, 0 dirs failed
W20260709 12:20:29.517091 31645 leader_election.cc:343] T 66261bb196854397a7b19fff539dcf41 P f0393984108b4f77b6382754172ae0e4 [CANDIDATE]: Term 1 pre-election: Tablet error from VoteRequest() call to peer 8cfdde83ae864f3c8cb9ee25d882959f (127.29.168.2:39681): Illegal state: must be running to vote when last-logged opid is not known
I20260709 12:20:29.518055 31596 tablet_service.cc:1511] Processing CreateTablet for tablet 2da596715c8743549c6c14b806d4c2cd (DEFAULT_TABLE table=test-workload [id=6773abe23d414106bd8a3bf5fdd5a012]), partition=RANGE (key) PARTITION 1019144756 <= VALUES < 1055542783
I20260709 12:20:29.527308 31720 ts_tablet_manager.cc:1434] T 86c4fa3605ac48d9a65b9daab229f0eb P 8cfdde83ae864f3c8cb9ee25d882959f: Time spent starting tablet: real 0.035s	user 0.007s	sys 0.000s
I20260709 12:20:29.518148 31593 tablet_service.cc:1511] Processing CreateTablet for tablet ae7c124e31f84fe8b1b5d6a24db2bd3d (DEFAULT_TABLE table=test-workload [id=6773abe23d414106bd8a3bf5fdd5a012]), partition=RANGE (key) PARTITION 1055542783 <= VALUES < 1091940810
I20260709 12:20:29.518898 31531 tablet_service.cc:1917] Received RequestConsensusVote() RPC: tablet_id: "66261bb196854397a7b19fff539dcf41" candidate_uuid: "f0393984108b4f77b6382754172ae0e4" candidate_term: 1 candidate_status { last_received { term: 0 index: 0 } } ignore_live_leader: false dest_uuid: "321a34bddaab420bae728cd449e35111" is_pre_election: true
I20260709 12:20:29.528177 31531 raft_consensus.cc:2468] T 66261bb196854397a7b19fff539dcf41 P 321a34bddaab420bae728cd449e35111 [term 0 FOLLOWER]: Leader pre-election vote request: Granting yes vote for candidate f0393984108b4f77b6382754172ae0e4 in term 0.
I20260709 12:20:29.528512 31593 data_dirs.cc:400] Could only allocate 1 dirs of requested 3 for tablet ae7c124e31f84fe8b1b5d6a24db2bd3d. 1 dirs total, 0 dirs full, 0 dirs failed
I20260709 12:20:29.531257 31726 raft_consensus.cc:493] T 4fab7a09d7704a3789ae7307976a62d5 P 8cfdde83ae864f3c8cb9ee25d882959f [term 0 FOLLOWER]: Starting pre-election (no leader contacted us within the election timeout)
I20260709 12:20:29.531387 31646 leader_election.cc:304] T 66261bb196854397a7b19fff539dcf41 P f0393984108b4f77b6382754172ae0e4 [CANDIDATE]: Term 1 pre-election: Election decided. Result: candidate won. Election summary: received 3 responses out of 3 voters: 2 yes votes; 1 no votes. yes voters: 321a34bddaab420bae728cd449e35111, f0393984108b4f77b6382754172ae0e4; no voters: 8cfdde83ae864f3c8cb9ee25d882959f
I20260709 12:20:29.531741 31726 raft_consensus.cc:515] T 4fab7a09d7704a3789ae7307976a62d5 P 8cfdde83ae864f3c8cb9ee25d882959f [term 0 FOLLOWER]: Starting pre-election with config: opid_index: -1 OBSOLETE_local: false peers { permanent_uuid: "321a34bddaab420bae728cd449e35111" member_type: VOTER last_known_addr { host: "127.29.168.1" port: 37369 } } peers { permanent_uuid: "8cfdde83ae864f3c8cb9ee25d882959f" member_type: VOTER last_known_addr { host: "127.29.168.2" port: 39681 } } peers { permanent_uuid: "f0393984108b4f77b6382754172ae0e4" member_type: VOTER last_known_addr { host: "127.29.168.3" port: 44575 } }
I20260709 12:20:29.532899 31729 raft_consensus.cc:2804] T 66261bb196854397a7b19fff539dcf41 P f0393984108b4f77b6382754172ae0e4 [term 0 FOLLOWER]: Leader pre-election won for term 1
I20260709 12:20:29.533386 31729 raft_consensus.cc:493] T 66261bb196854397a7b19fff539dcf41 P f0393984108b4f77b6382754172ae0e4 [term 0 FOLLOWER]: Starting leader election (no leader contacted us within the election timeout)
I20260709 12:20:29.533758 31729 raft_consensus.cc:3060] T 66261bb196854397a7b19fff539dcf41 P f0393984108b4f77b6382754172ae0e4 [term 0 FOLLOWER]: Advancing to term 1
I20260709 12:20:29.533912 31726 leader_election.cc:290] T 4fab7a09d7704a3789ae7307976a62d5 P 8cfdde83ae864f3c8cb9ee25d882959f [CANDIDATE]: Term 1 pre-election: Requested pre-vote from peers 321a34bddaab420bae728cd449e35111 (127.29.168.1:37369), f0393984108b4f77b6382754172ae0e4 (127.29.168.3:44575)
I20260709 12:20:29.536468 31681 tablet_service.cc:1917] Received RequestConsensusVote() RPC: tablet_id: "4fab7a09d7704a3789ae7307976a62d5" candidate_uuid: "8cfdde83ae864f3c8cb9ee25d882959f" candidate_term: 1 candidate_status { last_received { term: 0 index: 0 } } ignore_live_leader: false dest_uuid: "f0393984108b4f77b6382754172ae0e4" is_pre_election: true
I20260709 12:20:29.537842 31596 data_dirs.cc:400] Could only allocate 1 dirs of requested 3 for tablet 2da596715c8743549c6c14b806d4c2cd. 1 dirs total, 0 dirs full, 0 dirs failed
W20260709 12:20:29.538025 31571 leader_election.cc:343] T 4fab7a09d7704a3789ae7307976a62d5 P 8cfdde83ae864f3c8cb9ee25d882959f [CANDIDATE]: Term 1 pre-election: Tablet error from VoteRequest() call to peer f0393984108b4f77b6382754172ae0e4 (127.29.168.3:44575): Illegal state: must be running to vote when last-logged opid is not known
I20260709 12:20:29.546921 31720 tablet_bootstrap.cc:492] T 94595c0acb4a47f38bf8a166f4ad4e00 P 8cfdde83ae864f3c8cb9ee25d882959f: Bootstrap starting.
I20260709 12:20:29.544683 31531 tablet_service.cc:1917] Received RequestConsensusVote() RPC: tablet_id: "4fab7a09d7704a3789ae7307976a62d5" candidate_uuid: "8cfdde83ae864f3c8cb9ee25d882959f" candidate_term: 1 candidate_status { last_received { term: 0 index: 0 } } ignore_live_leader: false dest_uuid: "321a34bddaab420bae728cd449e35111" is_pre_election: true
I20260709 12:20:29.548084 31531 raft_consensus.cc:2468] T 4fab7a09d7704a3789ae7307976a62d5 P 321a34bddaab420bae728cd449e35111 [term 0 FOLLOWER]: Leader pre-election vote request: Granting yes vote for candidate 8cfdde83ae864f3c8cb9ee25d882959f in term 0.
I20260709 12:20:29.552000 31571 leader_election.cc:304] T 4fab7a09d7704a3789ae7307976a62d5 P 8cfdde83ae864f3c8cb9ee25d882959f [CANDIDATE]: Term 1 pre-election: Election decided. Result: candidate won. Election summary: received 3 responses out of 3 voters: 2 yes votes; 1 no votes. yes voters: 321a34bddaab420bae728cd449e35111, 8cfdde83ae864f3c8cb9ee25d882959f; no voters: f0393984108b4f77b6382754172ae0e4
I20260709 12:20:29.554735 31726 raft_consensus.cc:2804] T 4fab7a09d7704a3789ae7307976a62d5 P 8cfdde83ae864f3c8cb9ee25d882959f [term 0 FOLLOWER]: Leader pre-election won for term 1
I20260709 12:20:29.554014 31597 tablet_service.cc:1511] Processing CreateTablet for tablet e291e690f2bf4f62af3479b9a4614de0 (DEFAULT_TABLE table=test-workload [id=6773abe23d414106bd8a3bf5fdd5a012]), partition=RANGE (key) PARTITION 1091940810 <= VALUES < 1128338837
I20260709 12:20:29.555114 31726 raft_consensus.cc:493] T 4fab7a09d7704a3789ae7307976a62d5 P 8cfdde83ae864f3c8cb9ee25d882959f [term 0 FOLLOWER]: Starting leader election (no leader contacted us within the election timeout)
I20260709 12:20:29.555465 31726 raft_consensus.cc:3060] T 4fab7a09d7704a3789ae7307976a62d5 P 8cfdde83ae864f3c8cb9ee25d882959f [term 0 FOLLOWER]: Advancing to term 1
I20260709 12:20:29.555320 31515 tablet_service.cc:1511] Processing CreateTablet for tablet e291e690f2bf4f62af3479b9a4614de0 (DEFAULT_TABLE table=test-workload [id=6773abe23d414106bd8a3bf5fdd5a012]), partition=RANGE (key) PARTITION 1091940810 <= VALUES < 1128338837
I20260709 12:20:29.555763 31597 data_dirs.cc:400] Could only allocate 1 dirs of requested 3 for tablet e291e690f2bf4f62af3479b9a4614de0. 1 dirs total, 0 dirs full, 0 dirs failed
I20260709 12:20:29.556552 31515 data_dirs.cc:400] Could only allocate 1 dirs of requested 3 for tablet e291e690f2bf4f62af3479b9a4614de0. 1 dirs total, 0 dirs full, 0 dirs failed
I20260709 12:20:29.561447 31664 tablet_service.cc:1511] Processing CreateTablet for tablet ae7c124e31f84fe8b1b5d6a24db2bd3d (DEFAULT_TABLE table=test-workload [id=6773abe23d414106bd8a3bf5fdd5a012]), partition=RANGE (key) PARTITION 1055542783 <= VALUES < 1091940810
I20260709 12:20:29.563206 31664 data_dirs.cc:400] Could only allocate 1 dirs of requested 3 for tablet ae7c124e31f84fe8b1b5d6a24db2bd3d. 1 dirs total, 0 dirs full, 0 dirs failed
I20260709 12:20:29.563828 31662 tablet_service.cc:1511] Processing CreateTablet for tablet e291e690f2bf4f62af3479b9a4614de0 (DEFAULT_TABLE table=test-workload [id=6773abe23d414106bd8a3bf5fdd5a012]), partition=RANGE (key) PARTITION 1091940810 <= VALUES < 1128338837
I20260709 12:20:29.565045 31662 data_dirs.cc:400] Could only allocate 1 dirs of requested 3 for tablet e291e690f2bf4f62af3479b9a4614de0. 1 dirs total, 0 dirs full, 0 dirs failed
I20260709 12:20:29.573328 31729 raft_consensus.cc:515] T 66261bb196854397a7b19fff539dcf41 P f0393984108b4f77b6382754172ae0e4 [term 1 FOLLOWER]: Starting leader election with config: opid_index: -1 OBSOLETE_local: false peers { permanent_uuid: "321a34bddaab420bae728cd449e35111" member_type: VOTER last_known_addr { host: "127.29.168.1" port: 37369 } } peers { permanent_uuid: "8cfdde83ae864f3c8cb9ee25d882959f" member_type: VOTER last_known_addr { host: "127.29.168.2" port: 39681 } } peers { permanent_uuid: "f0393984108b4f77b6382754172ae0e4" member_type: VOTER last_known_addr { host: "127.29.168.3" port: 44575 } }
I20260709 12:20:29.577503 31514 tablet_service.cc:1511] Processing CreateTablet for tablet ae7c124e31f84fe8b1b5d6a24db2bd3d (DEFAULT_TABLE table=test-workload [id=6773abe23d414106bd8a3bf5fdd5a012]), partition=RANGE (key) PARTITION 1055542783 <= VALUES < 1091940810
I20260709 12:20:29.585176 31531 tablet_service.cc:1917] Received RequestConsensusVote() RPC: tablet_id: "66261bb196854397a7b19fff539dcf41" candidate_uuid: "f0393984108b4f77b6382754172ae0e4" candidate_term: 1 candidate_status { last_received { term: 0 index: 0 } } ignore_live_leader: false dest_uuid: "321a34bddaab420bae728cd449e35111"
I20260709 12:20:29.585508 31607 tablet_service.cc:1917] Received RequestConsensusVote() RPC: tablet_id: "66261bb196854397a7b19fff539dcf41" candidate_uuid: "f0393984108b4f77b6382754172ae0e4" candidate_term: 1 candidate_status { last_received { term: 0 index: 0 } } ignore_live_leader: false dest_uuid: "8cfdde83ae864f3c8cb9ee25d882959f"
I20260709 12:20:29.585770 31531 raft_consensus.cc:3060] T 66261bb196854397a7b19fff539dcf41 P 321a34bddaab420bae728cd449e35111 [term 0 FOLLOWER]: Advancing to term 1
W20260709 12:20:29.586814 31645 leader_election.cc:343] T 66261bb196854397a7b19fff539dcf41 P f0393984108b4f77b6382754172ae0e4 [CANDIDATE]: Term 1 election: Tablet error from VoteRequest() call to peer 8cfdde83ae864f3c8cb9ee25d882959f (127.29.168.2:39681): Illegal state: must be running to vote when last-logged opid is not known
I20260709 12:20:29.580476 31681 tablet_service.cc:1917] Received RequestConsensusVote() RPC: tablet_id: "4fab7a09d7704a3789ae7307976a62d5" candidate_uuid: "321a34bddaab420bae728cd449e35111" candidate_term: 1 candidate_status { last_received { term: 0 index: 0 } } ignore_live_leader: false dest_uuid: "f0393984108b4f77b6382754172ae0e4" is_pre_election: true
W20260709 12:20:29.588430 31496 leader_election.cc:343] T 4fab7a09d7704a3789ae7307976a62d5 P 321a34bddaab420bae728cd449e35111 [CANDIDATE]: Term 1 pre-election: Tablet error from VoteRequest() call to peer f0393984108b4f77b6382754172ae0e4 (127.29.168.3:44575): Illegal state: must be running to vote when last-logged opid is not known
I20260709 12:20:29.589823 31726 raft_consensus.cc:515] T 4fab7a09d7704a3789ae7307976a62d5 P 8cfdde83ae864f3c8cb9ee25d882959f [term 1 FOLLOWER]: Starting leader election with config: opid_index: -1 OBSOLETE_local: false peers { permanent_uuid: "321a34bddaab420bae728cd449e35111" member_type: VOTER last_known_addr { host: "127.29.168.1" port: 37369 } } peers { permanent_uuid: "8cfdde83ae864f3c8cb9ee25d882959f" member_type: VOTER last_known_addr { host: "127.29.168.2" port: 39681 } } peers { permanent_uuid: "f0393984108b4f77b6382754172ae0e4" member_type: VOTER last_known_addr { host: "127.29.168.3" port: 44575 } }
I20260709 12:20:29.590344 31517 tablet_service.cc:1511] Processing CreateTablet for tablet b3f10094c3fb46ca8064ff38628073b2 (DEFAULT_TABLE table=test-workload [id=6773abe23d414106bd8a3bf5fdd5a012]), partition=RANGE (key) PARTITION 1128338837 <= VALUES < 1164736864
I20260709 12:20:29.591789 31726 leader_election.cc:290] T 4fab7a09d7704a3789ae7307976a62d5 P 8cfdde83ae864f3c8cb9ee25d882959f [CANDIDATE]: Term 1 election: Requested vote from peers 321a34bddaab420bae728cd449e35111 (127.29.168.1:37369), f0393984108b4f77b6382754172ae0e4 (127.29.168.3:44575)
I20260709 12:20:29.592881 31681 tablet_service.cc:1917] Received RequestConsensusVote() RPC: tablet_id: "4fab7a09d7704a3789ae7307976a62d5" candidate_uuid: "8cfdde83ae864f3c8cb9ee25d882959f" candidate_term: 1 candidate_status { last_received { term: 0 index: 0 } } ignore_live_leader: false dest_uuid: "f0393984108b4f77b6382754172ae0e4"
I20260709 12:20:29.592939 31531 raft_consensus.cc:2468] T 66261bb196854397a7b19fff539dcf41 P 321a34bddaab420bae728cd449e35111 [term 1 FOLLOWER]: Leader election vote request: Granting yes vote for candidate f0393984108b4f77b6382754172ae0e4 in term 1.
I20260709 12:20:29.594305 31646 leader_election.cc:304] T 66261bb196854397a7b19fff539dcf41 P f0393984108b4f77b6382754172ae0e4 [CANDIDATE]: Term 1 election: Election decided. Result: candidate won. Election summary: received 3 responses out of 3 voters: 2 yes votes; 1 no votes. yes voters: 321a34bddaab420bae728cd449e35111, f0393984108b4f77b6382754172ae0e4; no voters: 8cfdde83ae864f3c8cb9ee25d882959f
I20260709 12:20:29.585172 31514 data_dirs.cc:400] Could only allocate 1 dirs of requested 3 for tablet ae7c124e31f84fe8b1b5d6a24db2bd3d. 1 dirs total, 0 dirs full, 0 dirs failed
W20260709 12:20:29.595463 31571 leader_election.cc:343] T 4fab7a09d7704a3789ae7307976a62d5 P 8cfdde83ae864f3c8cb9ee25d882959f [CANDIDATE]: Term 1 election: Tablet error from VoteRequest() call to peer f0393984108b4f77b6382754172ae0e4 (127.29.168.3:44575): Illegal state: must be running to vote when last-logged opid is not known
I20260709 12:20:29.596297 31607 tablet_service.cc:1917] Received RequestConsensusVote() RPC: tablet_id: "4fab7a09d7704a3789ae7307976a62d5" candidate_uuid: "321a34bddaab420bae728cd449e35111" candidate_term: 1 candidate_status { last_received { term: 0 index: 0 } } ignore_live_leader: false dest_uuid: "8cfdde83ae864f3c8cb9ee25d882959f" is_pre_election: true
I20260709 12:20:29.597144 31607 raft_consensus.cc:2393] T 4fab7a09d7704a3789ae7307976a62d5 P 8cfdde83ae864f3c8cb9ee25d882959f [term 1 FOLLOWER]: Leader pre-election vote request: Denying vote to candidate 321a34bddaab420bae728cd449e35111 in current term 1: Already voted for candidate 8cfdde83ae864f3c8cb9ee25d882959f in this term.
I20260709 12:20:29.597452 31729 leader_election.cc:290] T 66261bb196854397a7b19fff539dcf41 P f0393984108b4f77b6382754172ae0e4 [CANDIDATE]: Term 1 election: Requested vote from peers 321a34bddaab420bae728cd449e35111 (127.29.168.1:37369), 8cfdde83ae864f3c8cb9ee25d882959f (127.29.168.2:39681)
I20260709 12:20:29.608528 31729 raft_consensus.cc:2804] T 66261bb196854397a7b19fff539dcf41 P f0393984108b4f77b6382754172ae0e4 [term 1 FOLLOWER]: Leader election won for term 1
I20260709 12:20:29.609265 31729 raft_consensus.cc:697] T 66261bb196854397a7b19fff539dcf41 P f0393984108b4f77b6382754172ae0e4 [term 1 LEADER]: Becoming Leader. State: Replica: f0393984108b4f77b6382754172ae0e4, State: Running, Role: LEADER
I20260709 12:20:29.611147 31721 tablet_bootstrap.cc:492] T 10f31e99eba74d36b43244d5a8e30c70 P 321a34bddaab420bae728cd449e35111: No bootstrap required, opened a new log
I20260709 12:20:29.611020 31729 consensus_queue.cc:237] T 66261bb196854397a7b19fff539dcf41 P f0393984108b4f77b6382754172ae0e4 [LEADER]: Queue going to LEADER mode. State: All replicated index: 0, Majority replicated index: 0, Committed index: 0, Last appended: 0.0, Last appended by leader: 0, Current term: 1, Majority size: 2, State: 0, Mode: LEADER, active raft config: opid_index: -1 OBSOLETE_local: false peers { permanent_uuid: "321a34bddaab420bae728cd449e35111" member_type: VOTER last_known_addr { host: "127.29.168.1" port: 37369 } } peers { permanent_uuid: "8cfdde83ae864f3c8cb9ee25d882959f" member_type: VOTER last_known_addr { host: "127.29.168.2" port: 39681 } } peers { permanent_uuid: "f0393984108b4f77b6382754172ae0e4" member_type: VOTER last_known_addr { host: "127.29.168.3" port: 44575 } }
I20260709 12:20:29.598420 31720 tablet_bootstrap.cc:654] T 94595c0acb4a47f38bf8a166f4ad4e00 P 8cfdde83ae864f3c8cb9ee25d882959f: Neither blocks nor log segments found. Creating new log.
I20260709 12:20:29.598702 31517 data_dirs.cc:400] Could only allocate 1 dirs of requested 3 for tablet b3f10094c3fb46ca8064ff38628073b2. 1 dirs total, 0 dirs full, 0 dirs failed
I20260709 12:20:29.601297 31531 tablet_service.cc:1917] Received RequestConsensusVote() RPC: tablet_id: "4fab7a09d7704a3789ae7307976a62d5" candidate_uuid: "8cfdde83ae864f3c8cb9ee25d882959f" candidate_term: 1 candidate_status { last_received { term: 0 index: 0 } } ignore_live_leader: false dest_uuid: "321a34bddaab420bae728cd449e35111"
I20260709 12:20:29.618468 31531 raft_consensus.cc:3060] T 4fab7a09d7704a3789ae7307976a62d5 P 321a34bddaab420bae728cd449e35111 [term 0 FOLLOWER]: Advancing to term 1
I20260709 12:20:29.602144 31594 tablet_service.cc:1511] Processing CreateTablet for tablet b3f10094c3fb46ca8064ff38628073b2 (DEFAULT_TABLE table=test-workload [id=6773abe23d414106bd8a3bf5fdd5a012]), partition=RANGE (key) PARTITION 1128338837 <= VALUES < 1164736864
I20260709 12:20:29.603602 31495 leader_election.cc:304] T 4fab7a09d7704a3789ae7307976a62d5 P 321a34bddaab420bae728cd449e35111 [CANDIDATE]: Term 1 pre-election: Election decided. Result: candidate lost. Election summary: received 3 responses out of 3 voters: 1 yes votes; 2 no votes. yes voters: 321a34bddaab420bae728cd449e35111; no voters: 8cfdde83ae864f3c8cb9ee25d882959f, f0393984108b4f77b6382754172ae0e4
I20260709 12:20:29.606725 31663 tablet_service.cc:1511] Processing CreateTablet for tablet b3f10094c3fb46ca8064ff38628073b2 (DEFAULT_TABLE table=test-workload [id=6773abe23d414106bd8a3bf5fdd5a012]), partition=RANGE (key) PARTITION 1128338837 <= VALUES < 1164736864
I20260709 12:20:29.597762 31723 tablet_bootstrap.cc:492] T 8b2f063d0b5f429e8bc5c1e65096a06d P f0393984108b4f77b6382754172ae0e4: No bootstrap required, opened a new log
I20260709 12:20:29.629709 31594 data_dirs.cc:400] Could only allocate 1 dirs of requested 3 for tablet b3f10094c3fb46ca8064ff38628073b2. 1 dirs total, 0 dirs full, 0 dirs failed
I20260709 12:20:29.611616 31721 ts_tablet_manager.cc:1403] T 10f31e99eba74d36b43244d5a8e30c70 P 321a34bddaab420bae728cd449e35111: Time spent bootstrapping tablet: real 0.112s	user 0.008s	sys 0.003s
I20260709 12:20:29.631345 31427 catalog_manager.cc:5697] T 66261bb196854397a7b19fff539dcf41 P f0393984108b4f77b6382754172ae0e4 reported cstate change: term changed from 0 to 1, leader changed from <none> to f0393984108b4f77b6382754172ae0e4 (127.29.168.3). New cstate: current_term: 1 leader_uuid: "f0393984108b4f77b6382754172ae0e4" committed_config { opid_index: -1 OBSOLETE_local: false peers { permanent_uuid: "321a34bddaab420bae728cd449e35111" member_type: VOTER last_known_addr { host: "127.29.168.1" port: 37369 } health_report { overall_health: UNKNOWN } } peers { permanent_uuid: "8cfdde83ae864f3c8cb9ee25d882959f" member_type: VOTER last_known_addr { host: "127.29.168.2" port: 39681 } health_report { overall_health: UNKNOWN } } peers { permanent_uuid: "f0393984108b4f77b6382754172ae0e4" member_type: VOTER last_known_addr { host: "127.29.168.3" port: 44575 } health_report { overall_health: HEALTHY } } }
I20260709 12:20:29.629750 31723 ts_tablet_manager.cc:1403] T 8b2f063d0b5f429e8bc5c1e65096a06d P f0393984108b4f77b6382754172ae0e4: Time spent bootstrapping tablet: real 0.253s	user 0.012s	sys 0.014s
I20260709 12:20:29.633188 31514 tablet_service.cc:1511] Processing CreateTablet for tablet c7fedb67a9034e1a851bf9c962750bf5 (DEFAULT_TABLE table=test-workload [id=6773abe23d414106bd8a3bf5fdd5a012]), partition=RANGE (key) PARTITION 1164736864 <= VALUES < 1201134891
I20260709 12:20:29.634582 31514 data_dirs.cc:400] Could only allocate 1 dirs of requested 3 for tablet c7fedb67a9034e1a851bf9c962750bf5. 1 dirs total, 0 dirs full, 0 dirs failed
I20260709 12:20:29.634655 31596 tablet_service.cc:1511] Processing CreateTablet for tablet c7fedb67a9034e1a851bf9c962750bf5 (DEFAULT_TABLE table=test-workload [id=6773abe23d414106bd8a3bf5fdd5a012]), partition=RANGE (key) PARTITION 1164736864 <= VALUES < 1201134891
I20260709 12:20:29.636104 31596 data_dirs.cc:400] Could only allocate 1 dirs of requested 3 for tablet c7fedb67a9034e1a851bf9c962750bf5. 1 dirs total, 0 dirs full, 0 dirs failed
I20260709 12:20:29.635813 31723 raft_consensus.cc:359] T 8b2f063d0b5f429e8bc5c1e65096a06d P f0393984108b4f77b6382754172ae0e4 [term 0 FOLLOWER]: Replica starting. Triggering 0 pending ops. Active config: opid_index: -1 OBSOLETE_local: false peers { permanent_uuid: "321a34bddaab420bae728cd449e35111" member_type: VOTER last_known_addr { host: "127.29.168.1" port: 37369 } } peers { permanent_uuid: "8cfdde83ae864f3c8cb9ee25d882959f" member_type: VOTER last_known_addr { host: "127.29.168.2" port: 39681 } } peers { permanent_uuid: "f0393984108b4f77b6382754172ae0e4" member_type: VOTER last_known_addr { host: "127.29.168.3" port: 44575 } }
I20260709 12:20:29.636581 31723 raft_consensus.cc:385] T 8b2f063d0b5f429e8bc5c1e65096a06d P f0393984108b4f77b6382754172ae0e4 [term 0 FOLLOWER]: Consensus starting up: Expiring failure detector timer to make a prompt election more likely
I20260709 12:20:29.636902 31723 raft_consensus.cc:740] T 8b2f063d0b5f429e8bc5c1e65096a06d P f0393984108b4f77b6382754172ae0e4 [term 0 FOLLOWER]: Becoming Follower/Learner. State: Replica: f0393984108b4f77b6382754172ae0e4, State: Initialized, Role: FOLLOWER
I20260709 12:20:29.637867 31723 consensus_queue.cc:260] T 8b2f063d0b5f429e8bc5c1e65096a06d P f0393984108b4f77b6382754172ae0e4 [NON_LEADER]: Queue going to NON_LEADER mode. State: All replicated index: 0, Majority replicated index: 0, Committed index: 0, Last appended: 0.0, Last appended by leader: 0, Current term: 0, Majority size: -1, State: 0, Mode: NON_LEADER, active raft config: opid_index: -1 OBSOLETE_local: false peers { permanent_uuid: "321a34bddaab420bae728cd449e35111" member_type: VOTER last_known_addr { host: "127.29.168.1" port: 37369 } } peers { permanent_uuid: "8cfdde83ae864f3c8cb9ee25d882959f" member_type: VOTER last_known_addr { host: "127.29.168.2" port: 39681 } } peers { permanent_uuid: "f0393984108b4f77b6382754172ae0e4" member_type: VOTER last_known_addr { host: "127.29.168.3" port: 44575 } }
I20260709 12:20:29.639854 31721 raft_consensus.cc:359] T 10f31e99eba74d36b43244d5a8e30c70 P 321a34bddaab420bae728cd449e35111 [term 0 FOLLOWER]: Replica starting. Triggering 0 pending ops. Active config: opid_index: -1 OBSOLETE_local: false peers { permanent_uuid: "321a34bddaab420bae728cd449e35111" member_type: VOTER last_known_addr { host: "127.29.168.1" port: 37369 } } peers { permanent_uuid: "8cfdde83ae864f3c8cb9ee25d882959f" member_type: VOTER last_known_addr { host: "127.29.168.2" port: 39681 } } peers { permanent_uuid: "f0393984108b4f77b6382754172ae0e4" member_type: VOTER last_known_addr { host: "127.29.168.3" port: 44575 } }
I20260709 12:20:29.642892 31721 raft_consensus.cc:385] T 10f31e99eba74d36b43244d5a8e30c70 P 321a34bddaab420bae728cd449e35111 [term 0 FOLLOWER]: Consensus starting up: Expiring failure detector timer to make a prompt election more likely
I20260709 12:20:29.643203 31721 raft_consensus.cc:740] T 10f31e99eba74d36b43244d5a8e30c70 P 321a34bddaab420bae728cd449e35111 [term 0 FOLLOWER]: Becoming Follower/Learner. State: Replica: 321a34bddaab420bae728cd449e35111, State: Initialized, Role: FOLLOWER
I20260709 12:20:29.643848 31662 tablet_service.cc:1511] Processing CreateTablet for tablet c7fedb67a9034e1a851bf9c962750bf5 (DEFAULT_TABLE table=test-workload [id=6773abe23d414106bd8a3bf5fdd5a012]), partition=RANGE (key) PARTITION 1164736864 <= VALUES < 1201134891
