I20260709 12:20:01.242439 31204 consensus_queue.cc:1048] T b5453b3be07c448b9bf47e1f820e9e56 P 80d928104f2640f0966c05b8897663fd [LEADER]: Connected to new peer: Peer: permanent_uuid: "ae7df56c9832433a80d28979a65dcbb0" member_type: VOTER last_known_addr { host: "127.29.168.3" port: 44643 }, Status: LMP_MISMATCH, Last received: 0.0, Next index: 1, Last known committed idx: 0, Time since last communication: 0.000s
I20260709 12:20:01.251104 30908 catalog_manager.cc:5697] T a1d2f44bcd17421b8613b2553becaf6d P 80d928104f2640f0966c05b8897663fd reported cstate change: term changed from 1 to 2, leader changed from ffed53ba33494f9d85dbdda4c2fd0fd0 (127.29.168.2) to 80d928104f2640f0966c05b8897663fd (127.29.168.1). New cstate: current_term: 2 leader_uuid: "80d928104f2640f0966c05b8897663fd" committed_config { opid_index: -1 OBSOLETE_local: false peers { permanent_uuid: "80d928104f2640f0966c05b8897663fd" member_type: VOTER last_known_addr { host: "127.29.168.1" port: 45073 } health_report { overall_health: HEALTHY } } peers { permanent_uuid: "ffed53ba33494f9d85dbdda4c2fd0fd0" member_type: VOTER last_known_addr { host: "127.29.168.2" port: 34223 } health_report { overall_health: UNKNOWN } } peers { permanent_uuid: "ae7df56c9832433a80d28979a65dcbb0" member_type: VOTER last_known_addr { host: "127.29.168.3" port: 44643 } health_report { overall_health: UNKNOWN } } }
I20260709 12:20:01.256080 31274 consensus_queue.cc:1048] T b5453b3be07c448b9bf47e1f820e9e56 P 80d928104f2640f0966c05b8897663fd [LEADER]: Connected to new peer: Peer: permanent_uuid: "ffed53ba33494f9d85dbdda4c2fd0fd0" member_type: VOTER last_known_addr { host: "127.29.168.2" port: 34223 }, Status: LMP_MISMATCH, Last received: 0.0, Next index: 1, Last known committed idx: 0, Time since last communication: 0.001s
I20260709 12:20:01.265942 31288 raft_consensus.cc:993] T b5453b3be07c448b9bf47e1f820e9e56 P 80d928104f2640f0966c05b8897663fd: : Instructing follower ffed53ba33494f9d85dbdda4c2fd0fd0 to start an election
I20260709 12:20:01.266371 31253 raft_consensus.cc:1081] T b5453b3be07c448b9bf47e1f820e9e56 P 80d928104f2640f0966c05b8897663fd [term 1 LEADER]: Signalling peer ffed53ba33494f9d85dbdda4c2fd0fd0 to start an election
I20260709 12:20:01.269052 31087 tablet_service.cc:2044] Received Run Leader Election RPC: tablet_id: "b5453b3be07c448b9bf47e1f820e9e56"
dest_uuid: "ffed53ba33494f9d85dbdda4c2fd0fd0"
 from {username='slave'} at 127.0.0.1:33516
I20260709 12:20:01.269690 31087 raft_consensus.cc:493] T b5453b3be07c448b9bf47e1f820e9e56 P ffed53ba33494f9d85dbdda4c2fd0fd0 [term 1 FOLLOWER]: Starting forced leader election (received explicit request)
I20260709 12:20:01.270109 31087 raft_consensus.cc:3060] T b5453b3be07c448b9bf47e1f820e9e56 P ffed53ba33494f9d85dbdda4c2fd0fd0 [term 1 FOLLOWER]: Advancing to term 2
I20260709 12:20:01.276297 31087 raft_consensus.cc:515] T b5453b3be07c448b9bf47e1f820e9e56 P ffed53ba33494f9d85dbdda4c2fd0fd0 [term 2 FOLLOWER]: Starting forced leader election with config: opid_index: -1 OBSOLETE_local: false peers { permanent_uuid: "80d928104f2640f0966c05b8897663fd" member_type: VOTER last_known_addr { host: "127.29.168.1" port: 45073 } } peers { permanent_uuid: "ffed53ba33494f9d85dbdda4c2fd0fd0" member_type: VOTER last_known_addr { host: "127.29.168.2" port: 34223 } } peers { permanent_uuid: "ae7df56c9832433a80d28979a65dcbb0" member_type: VOTER last_known_addr { host: "127.29.168.3" port: 44643 } }
I20260709 12:20:01.277987 31087 leader_election.cc:290] T b5453b3be07c448b9bf47e1f820e9e56 P ffed53ba33494f9d85dbdda4c2fd0fd0 [CANDIDATE]: Term 2 election: Requested vote from peers 80d928104f2640f0966c05b8897663fd (127.29.168.1:45073), ae7df56c9832433a80d28979a65dcbb0 (127.29.168.3:44643)
I20260709 12:20:01.278649 31009 tablet_service.cc:1917] Received RequestConsensusVote() RPC: tablet_id: "b5453b3be07c448b9bf47e1f820e9e56" candidate_uuid: "ffed53ba33494f9d85dbdda4c2fd0fd0" candidate_term: 2 candidate_status { last_received { term: 1 index: 1 } } ignore_live_leader: true dest_uuid: "80d928104f2640f0966c05b8897663fd"
I20260709 12:20:01.278960 31159 tablet_service.cc:1917] Received RequestConsensusVote() RPC: tablet_id: "b5453b3be07c448b9bf47e1f820e9e56" candidate_uuid: "ffed53ba33494f9d85dbdda4c2fd0fd0" candidate_term: 2 candidate_status { last_received { term: 1 index: 1 } } ignore_live_leader: true dest_uuid: "ae7df56c9832433a80d28979a65dcbb0"
I20260709 12:20:01.279229 31009 raft_consensus.cc:3055] T b5453b3be07c448b9bf47e1f820e9e56 P 80d928104f2640f0966c05b8897663fd [term 1 LEADER]: Stepping down as leader of term 1
I20260709 12:20:01.279475 31009 raft_consensus.cc:740] T b5453b3be07c448b9bf47e1f820e9e56 P 80d928104f2640f0966c05b8897663fd [term 1 LEADER]: Becoming Follower/Learner. State: Replica: 80d928104f2640f0966c05b8897663fd, State: Running, Role: LEADER
I20260709 12:20:01.279520 31159 raft_consensus.cc:3060] T b5453b3be07c448b9bf47e1f820e9e56 P ae7df56c9832433a80d28979a65dcbb0 [term 1 FOLLOWER]: Advancing to term 2
I20260709 12:20:01.280146 31009 consensus_queue.cc:260] T b5453b3be07c448b9bf47e1f820e9e56 P 80d928104f2640f0966c05b8897663fd [NON_LEADER]: Queue going to NON_LEADER mode. State: All replicated index: 0, Majority replicated index: 1, Committed index: 1, Last appended: 1.1, Last appended by leader: 1, Current term: 1, Majority size: -1, State: 0, Mode: NON_LEADER, active raft config: opid_index: -1 OBSOLETE_local: false peers { permanent_uuid: "80d928104f2640f0966c05b8897663fd" member_type: VOTER last_known_addr { host: "127.29.168.1" port: 45073 } } peers { permanent_uuid: "ffed53ba33494f9d85dbdda4c2fd0fd0" member_type: VOTER last_known_addr { host: "127.29.168.2" port: 34223 } } peers { permanent_uuid: "ae7df56c9832433a80d28979a65dcbb0" member_type: VOTER last_known_addr { host: "127.29.168.3" port: 44643 } }
I20260709 12:20:01.281080 31009 raft_consensus.cc:3060] T b5453b3be07c448b9bf47e1f820e9e56 P 80d928104f2640f0966c05b8897663fd [term 1 FOLLOWER]: Advancing to term 2
I20260709 12:20:01.284200 31159 raft_consensus.cc:2468] T b5453b3be07c448b9bf47e1f820e9e56 P ae7df56c9832433a80d28979a65dcbb0 [term 2 FOLLOWER]: Leader election vote request: Granting yes vote for candidate ffed53ba33494f9d85dbdda4c2fd0fd0 in term 2.
I20260709 12:20:01.285389 31053 leader_election.cc:304] T b5453b3be07c448b9bf47e1f820e9e56 P ffed53ba33494f9d85dbdda4c2fd0fd0 [CANDIDATE]: Term 2 election: Election decided. Result: candidate won. Election summary: received 2 responses out of 3 voters: 2 yes votes; 0 no votes. yes voters: ae7df56c9832433a80d28979a65dcbb0, ffed53ba33494f9d85dbdda4c2fd0fd0; no voters: 
I20260709 12:20:01.285622 31009 raft_consensus.cc:2468] T b5453b3be07c448b9bf47e1f820e9e56 P 80d928104f2640f0966c05b8897663fd [term 2 FOLLOWER]: Leader election vote request: Granting yes vote for candidate ffed53ba33494f9d85dbdda4c2fd0fd0 in term 2.
I20260709 12:20:01.286260 31228 raft_consensus.cc:2804] T b5453b3be07c448b9bf47e1f820e9e56 P ffed53ba33494f9d85dbdda4c2fd0fd0 [term 2 FOLLOWER]: Leader election won for term 2
I20260709 12:20:01.286806 31228 raft_consensus.cc:697] T b5453b3be07c448b9bf47e1f820e9e56 P ffed53ba33494f9d85dbdda4c2fd0fd0 [term 2 LEADER]: Becoming Leader. State: Replica: ffed53ba33494f9d85dbdda4c2fd0fd0, State: Running, Role: LEADER
I20260709 12:20:01.287598 31228 consensus_queue.cc:237] T b5453b3be07c448b9bf47e1f820e9e56 P ffed53ba33494f9d85dbdda4c2fd0fd0 [LEADER]: Queue going to LEADER mode. State: All replicated index: 0, Majority replicated index: 1, Committed index: 1, Last appended: 1.1, Last appended by leader: 1, Current term: 2, Majority size: 2, State: 0, Mode: LEADER, active raft config: opid_index: -1 OBSOLETE_local: false peers { permanent_uuid: "80d928104f2640f0966c05b8897663fd" member_type: VOTER last_known_addr { host: "127.29.168.1" port: 45073 } } peers { permanent_uuid: "ffed53ba33494f9d85dbdda4c2fd0fd0" member_type: VOTER last_known_addr { host: "127.29.168.2" port: 34223 } } peers { permanent_uuid: "ae7df56c9832433a80d28979a65dcbb0" member_type: VOTER last_known_addr { host: "127.29.168.3" port: 44643 } }
I20260709 12:20:01.294119 30910 catalog_manager.cc:5697] T b5453b3be07c448b9bf47e1f820e9e56 P ffed53ba33494f9d85dbdda4c2fd0fd0 reported cstate change: term changed from 1 to 2, leader changed from 80d928104f2640f0966c05b8897663fd (127.29.168.1) to ffed53ba33494f9d85dbdda4c2fd0fd0 (127.29.168.2). New cstate: current_term: 2 leader_uuid: "ffed53ba33494f9d85dbdda4c2fd0fd0" committed_config { opid_index: -1 OBSOLETE_local: false peers { permanent_uuid: "80d928104f2640f0966c05b8897663fd" member_type: VOTER last_known_addr { host: "127.29.168.1" port: 45073 } health_report { overall_health: UNKNOWN } } peers { permanent_uuid: "ffed53ba33494f9d85dbdda4c2fd0fd0" member_type: VOTER last_known_addr { host: "127.29.168.2" port: 34223 } health_report { overall_health: HEALTHY } } peers { permanent_uuid: "ae7df56c9832433a80d28979a65dcbb0" member_type: VOTER last_known_addr { host: "127.29.168.3" port: 44643 } health_report { overall_health: UNKNOWN } } }
I20260709 12:20:01.295322 31235 raft_consensus.cc:993] T 72d9c82edc3a424880d17bc7de71855a P ffed53ba33494f9d85dbdda4c2fd0fd0: : Instructing follower 80d928104f2640f0966c05b8897663fd to start an election
I20260709 12:20:01.295775 31228 raft_consensus.cc:1081] T 72d9c82edc3a424880d17bc7de71855a P ffed53ba33494f9d85dbdda4c2fd0fd0 [term 1 LEADER]: Signalling peer 80d928104f2640f0966c05b8897663fd to start an election
I20260709 12:20:01.297194 31009 tablet_service.cc:2044] Received Run Leader Election RPC: tablet_id: "72d9c82edc3a424880d17bc7de71855a"
dest_uuid: "80d928104f2640f0966c05b8897663fd"
 from {username='slave'} at 127.0.0.1:56430
I20260709 12:20:01.297639 31009 raft_consensus.cc:493] T 72d9c82edc3a424880d17bc7de71855a P 80d928104f2640f0966c05b8897663fd [term 1 FOLLOWER]: Starting forced leader election (received explicit request)
I20260709 12:20:01.297920 31009 raft_consensus.cc:3060] T 72d9c82edc3a424880d17bc7de71855a P 80d928104f2640f0966c05b8897663fd [term 1 FOLLOWER]: Advancing to term 2
I20260709 12:20:01.303678 31009 raft_consensus.cc:515] T 72d9c82edc3a424880d17bc7de71855a P 80d928104f2640f0966c05b8897663fd [term 2 FOLLOWER]: Starting forced leader election with config: opid_index: -1 OBSOLETE_local: false peers { permanent_uuid: "80d928104f2640f0966c05b8897663fd" member_type: VOTER last_known_addr { host: "127.29.168.1" port: 45073 } } peers { permanent_uuid: "ffed53ba33494f9d85dbdda4c2fd0fd0" member_type: VOTER last_known_addr { host: "127.29.168.2" port: 34223 } } peers { permanent_uuid: "ae7df56c9832433a80d28979a65dcbb0" member_type: VOTER last_known_addr { host: "127.29.168.3" port: 44643 } }
I20260709 12:20:01.305384 31009 leader_election.cc:290] T 72d9c82edc3a424880d17bc7de71855a P 80d928104f2640f0966c05b8897663fd [CANDIDATE]: Term 2 election: Requested vote from peers ffed53ba33494f9d85dbdda4c2fd0fd0 (127.29.168.2:34223), ae7df56c9832433a80d28979a65dcbb0 (127.29.168.3:44643)
I20260709 12:20:01.306217 31087 tablet_service.cc:1917] Received RequestConsensusVote() RPC: tablet_id: "72d9c82edc3a424880d17bc7de71855a" candidate_uuid: "80d928104f2640f0966c05b8897663fd" candidate_term: 2 candidate_status { last_received { term: 1 index: 1 } } ignore_live_leader: true dest_uuid: "ffed53ba33494f9d85dbdda4c2fd0fd0"
I20260709 12:20:01.306571 31159 tablet_service.cc:1917] Received RequestConsensusVote() RPC: tablet_id: "72d9c82edc3a424880d17bc7de71855a" candidate_uuid: "80d928104f2640f0966c05b8897663fd" candidate_term: 2 candidate_status { last_received { term: 1 index: 1 } } ignore_live_leader: true dest_uuid: "ae7df56c9832433a80d28979a65dcbb0"
I20260709 12:20:01.306764 31087 raft_consensus.cc:3055] T 72d9c82edc3a424880d17bc7de71855a P ffed53ba33494f9d85dbdda4c2fd0fd0 [term 1 LEADER]: Stepping down as leader of term 1
I20260709 12:20:01.307085 31087 raft_consensus.cc:740] T 72d9c82edc3a424880d17bc7de71855a P ffed53ba33494f9d85dbdda4c2fd0fd0 [term 1 LEADER]: Becoming Follower/Learner. State: Replica: ffed53ba33494f9d85dbdda4c2fd0fd0, State: Running, Role: LEADER
I20260709 12:20:01.307135 31159 raft_consensus.cc:3060] T 72d9c82edc3a424880d17bc7de71855a P ae7df56c9832433a80d28979a65dcbb0 [term 1 FOLLOWER]: Advancing to term 2
I20260709 12:20:01.307818 31087 consensus_queue.cc:260] T 72d9c82edc3a424880d17bc7de71855a P ffed53ba33494f9d85dbdda4c2fd0fd0 [NON_LEADER]: Queue going to NON_LEADER mode. State: All replicated index: 0, Majority replicated index: 1, Committed index: 1, Last appended: 1.1, Last appended by leader: 1, Current term: 1, Majority size: -1, State: 0, Mode: NON_LEADER, active raft config: opid_index: -1 OBSOLETE_local: false peers { permanent_uuid: "80d928104f2640f0966c05b8897663fd" member_type: VOTER last_known_addr { host: "127.29.168.1" port: 45073 } } peers { permanent_uuid: "ffed53ba33494f9d85dbdda4c2fd0fd0" member_type: VOTER last_known_addr { host: "127.29.168.2" port: 34223 } } peers { permanent_uuid: "ae7df56c9832433a80d28979a65dcbb0" member_type: VOTER last_known_addr { host: "127.29.168.3" port: 44643 } }
I20260709 12:20:01.309463 31087 raft_consensus.cc:3060] T 72d9c82edc3a424880d17bc7de71855a P ffed53ba33494f9d85dbdda4c2fd0fd0 [term 1 FOLLOWER]: Advancing to term 2
I20260709 12:20:01.312789 31159 raft_consensus.cc:2468] T 72d9c82edc3a424880d17bc7de71855a P ae7df56c9832433a80d28979a65dcbb0 [term 2 FOLLOWER]: Leader election vote request: Granting yes vote for candidate 80d928104f2640f0966c05b8897663fd in term 2.
I20260709 12:20:01.313812 30978 leader_election.cc:304] T 72d9c82edc3a424880d17bc7de71855a P 80d928104f2640f0966c05b8897663fd [CANDIDATE]: Term 2 election: Election decided. Result: candidate won. Election summary: received 2 responses out of 3 voters: 2 yes votes; 0 no votes. yes voters: 80d928104f2640f0966c05b8897663fd, ae7df56c9832433a80d28979a65dcbb0; no voters: 
I20260709 12:20:01.314014 31087 raft_consensus.cc:2468] T 72d9c82edc3a424880d17bc7de71855a P ffed53ba33494f9d85dbdda4c2fd0fd0 [term 2 FOLLOWER]: Leader election vote request: Granting yes vote for candidate 80d928104f2640f0966c05b8897663fd in term 2.
I20260709 12:20:01.314499 31253 raft_consensus.cc:2804] T 72d9c82edc3a424880d17bc7de71855a P 80d928104f2640f0966c05b8897663fd [term 2 FOLLOWER]: Leader election won for term 2
I20260709 12:20:01.314989 31253 raft_consensus.cc:697] T 72d9c82edc3a424880d17bc7de71855a P 80d928104f2640f0966c05b8897663fd [term 2 LEADER]: Becoming Leader. State: Replica: 80d928104f2640f0966c05b8897663fd, State: Running, Role: LEADER
I20260709 12:20:01.315771 31253 consensus_queue.cc:237] T 72d9c82edc3a424880d17bc7de71855a P 80d928104f2640f0966c05b8897663fd [LEADER]: Queue going to LEADER mode. State: All replicated index: 0, Majority replicated index: 1, Committed index: 1, Last appended: 1.1, Last appended by leader: 1, Current term: 2, Majority size: 2, State: 0, Mode: LEADER, active raft config: opid_index: -1 OBSOLETE_local: false peers { permanent_uuid: "80d928104f2640f0966c05b8897663fd" member_type: VOTER last_known_addr { host: "127.29.168.1" port: 45073 } } peers { permanent_uuid: "ffed53ba33494f9d85dbdda4c2fd0fd0" member_type: VOTER last_known_addr { host: "127.29.168.2" port: 34223 } } peers { permanent_uuid: "ae7df56c9832433a80d28979a65dcbb0" member_type: VOTER last_known_addr { host: "127.29.168.3" port: 44643 } }
I20260709 12:20:01.321429 30910 catalog_manager.cc:5697] T 72d9c82edc3a424880d17bc7de71855a P 80d928104f2640f0966c05b8897663fd reported cstate change: term changed from 1 to 2, leader changed from ffed53ba33494f9d85dbdda4c2fd0fd0 (127.29.168.2) to 80d928104f2640f0966c05b8897663fd (127.29.168.1). New cstate: current_term: 2 leader_uuid: "80d928104f2640f0966c05b8897663fd" committed_config { opid_index: -1 OBSOLETE_local: false peers { permanent_uuid: "80d928104f2640f0966c05b8897663fd" member_type: VOTER last_known_addr { host: "127.29.168.1" port: 45073 } health_report { overall_health: HEALTHY } } peers { permanent_uuid: "ffed53ba33494f9d85dbdda4c2fd0fd0" member_type: VOTER last_known_addr { host: "127.29.168.2" port: 34223 } health_report { overall_health: UNKNOWN } } peers { permanent_uuid: "ae7df56c9832433a80d28979a65dcbb0" member_type: VOTER last_known_addr { host: "127.29.168.3" port: 44643 } health_report { overall_health: UNKNOWN } } }
I20260709 12:20:01.492736 31238 raft_consensus.cc:993] T ae62deb7bfd24269bb417149f4b2dba7 P ae7df56c9832433a80d28979a65dcbb0: : Instructing follower 80d928104f2640f0966c05b8897663fd to start an election
I20260709 12:20:01.493171 31208 raft_consensus.cc:1081] T ae62deb7bfd24269bb417149f4b2dba7 P ae7df56c9832433a80d28979a65dcbb0 [term 1 LEADER]: Signalling peer 80d928104f2640f0966c05b8897663fd to start an election
I20260709 12:20:01.494521 31009 tablet_service.cc:2044] Received Run Leader Election RPC: tablet_id: "ae62deb7bfd24269bb417149f4b2dba7"
dest_uuid: "80d928104f2640f0966c05b8897663fd"
 from {username='slave'} at 127.0.0.1:56418
I20260709 12:20:01.494931 31009 raft_consensus.cc:493] T ae62deb7bfd24269bb417149f4b2dba7 P 80d928104f2640f0966c05b8897663fd [term 1 FOLLOWER]: Starting forced leader election (received explicit request)
I20260709 12:20:01.495178 31009 raft_consensus.cc:3060] T ae62deb7bfd24269bb417149f4b2dba7 P 80d928104f2640f0966c05b8897663fd [term 1 FOLLOWER]: Advancing to term 2
I20260709 12:20:01.499563 31009 raft_consensus.cc:515] T ae62deb7bfd24269bb417149f4b2dba7 P 80d928104f2640f0966c05b8897663fd [term 2 FOLLOWER]: Starting forced leader election with config: opid_index: -1 OBSOLETE_local: false peers { permanent_uuid: "80d928104f2640f0966c05b8897663fd" member_type: VOTER last_known_addr { host: "127.29.168.1" port: 45073 } } peers { permanent_uuid: "ffed53ba33494f9d85dbdda4c2fd0fd0" member_type: VOTER last_known_addr { host: "127.29.168.2" port: 34223 } } peers { permanent_uuid: "ae7df56c9832433a80d28979a65dcbb0" member_type: VOTER last_known_addr { host: "127.29.168.3" port: 44643 } }
I20260709 12:20:01.501055 31009 leader_election.cc:290] T ae62deb7bfd24269bb417149f4b2dba7 P 80d928104f2640f0966c05b8897663fd [CANDIDATE]: Term 2 election: Requested vote from peers ffed53ba33494f9d85dbdda4c2fd0fd0 (127.29.168.2:34223), ae7df56c9832433a80d28979a65dcbb0 (127.29.168.3:44643)
I20260709 12:20:01.501885 31087 tablet_service.cc:1917] Received RequestConsensusVote() RPC: tablet_id: "ae62deb7bfd24269bb417149f4b2dba7" candidate_uuid: "80d928104f2640f0966c05b8897663fd" candidate_term: 2 candidate_status { last_received { term: 1 index: 1 } } ignore_live_leader: true dest_uuid: "ffed53ba33494f9d85dbdda4c2fd0fd0"
I20260709 12:20:01.502095 31159 tablet_service.cc:1917] Received RequestConsensusVote() RPC: tablet_id: "ae62deb7bfd24269bb417149f4b2dba7" candidate_uuid: "80d928104f2640f0966c05b8897663fd" candidate_term: 2 candidate_status { last_received { term: 1 index: 1 } } ignore_live_leader: true dest_uuid: "ae7df56c9832433a80d28979a65dcbb0"
I20260709 12:20:01.502493 31087 raft_consensus.cc:3060] T ae62deb7bfd24269bb417149f4b2dba7 P ffed53ba33494f9d85dbdda4c2fd0fd0 [term 1 FOLLOWER]: Advancing to term 2
I20260709 12:20:01.502583 31159 raft_consensus.cc:3055] T ae62deb7bfd24269bb417149f4b2dba7 P ae7df56c9832433a80d28979a65dcbb0 [term 1 LEADER]: Stepping down as leader of term 1
I20260709 12:20:01.502957 31159 raft_consensus.cc:740] T ae62deb7bfd24269bb417149f4b2dba7 P ae7df56c9832433a80d28979a65dcbb0 [term 1 LEADER]: Becoming Follower/Learner. State: Replica: ae7df56c9832433a80d28979a65dcbb0, State: Running, Role: LEADER
I20260709 12:20:01.503764 31159 consensus_queue.cc:260] T ae62deb7bfd24269bb417149f4b2dba7 P ae7df56c9832433a80d28979a65dcbb0 [NON_LEADER]: Queue going to NON_LEADER mode. State: All replicated index: 0, Majority replicated index: 1, Committed index: 1, Last appended: 1.1, Last appended by leader: 1, Current term: 1, Majority size: -1, State: 0, Mode: NON_LEADER, active raft config: opid_index: -1 OBSOLETE_local: false peers { permanent_uuid: "80d928104f2640f0966c05b8897663fd" member_type: VOTER last_known_addr { host: "127.29.168.1" port: 45073 } } peers { permanent_uuid: "ffed53ba33494f9d85dbdda4c2fd0fd0" member_type: VOTER last_known_addr { host: "127.29.168.2" port: 34223 } } peers { permanent_uuid: "ae7df56c9832433a80d28979a65dcbb0" member_type: VOTER last_known_addr { host: "127.29.168.3" port: 44643 } }
I20260709 12:20:01.504992 31159 raft_consensus.cc:3060] T ae62deb7bfd24269bb417149f4b2dba7 P ae7df56c9832433a80d28979a65dcbb0 [term 1 FOLLOWER]: Advancing to term 2
I20260709 12:20:01.509156 31087 raft_consensus.cc:2468] T ae62deb7bfd24269bb417149f4b2dba7 P ffed53ba33494f9d85dbdda4c2fd0fd0 [term 2 FOLLOWER]: Leader election vote request: Granting yes vote for candidate 80d928104f2640f0966c05b8897663fd in term 2.
I20260709 12:20:01.510300 30978 leader_election.cc:304] T ae62deb7bfd24269bb417149f4b2dba7 P 80d928104f2640f0966c05b8897663fd [CANDIDATE]: Term 2 election: Election decided. Result: candidate won. Election summary: received 2 responses out of 3 voters: 2 yes votes; 0 no votes. yes voters: 80d928104f2640f0966c05b8897663fd, ffed53ba33494f9d85dbdda4c2fd0fd0; no voters: 
I20260709 12:20:01.511068 31253 raft_consensus.cc:2804] T ae62deb7bfd24269bb417149f4b2dba7 P 80d928104f2640f0966c05b8897663fd [term 2 FOLLOWER]: Leader election won for term 2
I20260709 12:20:01.511507 31253 raft_consensus.cc:697] T ae62deb7bfd24269bb417149f4b2dba7 P 80d928104f2640f0966c05b8897663fd [term 2 LEADER]: Becoming Leader. State: Replica: 80d928104f2640f0966c05b8897663fd, State: Running, Role: LEADER
I20260709 12:20:01.511667 31159 raft_consensus.cc:2468] T ae62deb7bfd24269bb417149f4b2dba7 P ae7df56c9832433a80d28979a65dcbb0 [term 2 FOLLOWER]: Leader election vote request: Granting yes vote for candidate 80d928104f2640f0966c05b8897663fd in term 2.
I20260709 12:20:01.512349 31253 consensus_queue.cc:237] T ae62deb7bfd24269bb417149f4b2dba7 P 80d928104f2640f0966c05b8897663fd [LEADER]: Queue going to LEADER mode. State: All replicated index: 0, Majority replicated index: 1, Committed index: 1, Last appended: 1.1, Last appended by leader: 1, Current term: 2, Majority size: 2, State: 0, Mode: LEADER, active raft config: opid_index: -1 OBSOLETE_local: false peers { permanent_uuid: "80d928104f2640f0966c05b8897663fd" member_type: VOTER last_known_addr { host: "127.29.168.1" port: 45073 } } peers { permanent_uuid: "ffed53ba33494f9d85dbdda4c2fd0fd0" member_type: VOTER last_known_addr { host: "127.29.168.2" port: 34223 } } peers { permanent_uuid: "ae7df56c9832433a80d28979a65dcbb0" member_type: VOTER last_known_addr { host: "127.29.168.3" port: 44643 } }
I20260709 12:20:01.518635 30910 catalog_manager.cc:5697] T ae62deb7bfd24269bb417149f4b2dba7 P 80d928104f2640f0966c05b8897663fd reported cstate change: term changed from 1 to 2, leader changed from ae7df56c9832433a80d28979a65dcbb0 (127.29.168.3) to 80d928104f2640f0966c05b8897663fd (127.29.168.1). New cstate: current_term: 2 leader_uuid: "80d928104f2640f0966c05b8897663fd" committed_config { opid_index: -1 OBSOLETE_local: false peers { permanent_uuid: "80d928104f2640f0966c05b8897663fd" member_type: VOTER last_known_addr { host: "127.29.168.1" port: 45073 } health_report { overall_health: HEALTHY } } peers { permanent_uuid: "ffed53ba33494f9d85dbdda4c2fd0fd0" member_type: VOTER last_known_addr { host: "127.29.168.2" port: 34223 } health_report { overall_health: UNKNOWN } } peers { permanent_uuid: "ae7df56c9832433a80d28979a65dcbb0" member_type: VOTER last_known_addr { host: "127.29.168.3" port: 44643 } health_report { overall_health: UNKNOWN } } }
I20260709 12:20:01.547552 31288 raft_consensus.cc:993] T 7a10840282fe472cbd18d40209749d77 P 80d928104f2640f0966c05b8897663fd: : Instructing follower ae7df56c9832433a80d28979a65dcbb0 to start an election
I20260709 12:20:01.547971 31288 raft_consensus.cc:1081] T 7a10840282fe472cbd18d40209749d77 P 80d928104f2640f0966c05b8897663fd [term 1 LEADER]: Signalling peer ae7df56c9832433a80d28979a65dcbb0 to start an election
I20260709 12:20:01.549252 31159 tablet_service.cc:2044] Received Run Leader Election RPC: tablet_id: "7a10840282fe472cbd18d40209749d77"
dest_uuid: "ae7df56c9832433a80d28979a65dcbb0"
 from {username='slave'} at 127.0.0.1:59800
I20260709 12:20:01.549748 31159 raft_consensus.cc:493] T 7a10840282fe472cbd18d40209749d77 P ae7df56c9832433a80d28979a65dcbb0 [term 1 FOLLOWER]: Starting forced leader election (received explicit request)
I20260709 12:20:01.550040 31159 raft_consensus.cc:3060] T 7a10840282fe472cbd18d40209749d77 P ae7df56c9832433a80d28979a65dcbb0 [term 1 FOLLOWER]: Advancing to term 2
I20260709 12:20:01.554726 31159 raft_consensus.cc:515] T 7a10840282fe472cbd18d40209749d77 P ae7df56c9832433a80d28979a65dcbb0 [term 2 FOLLOWER]: Starting forced leader election with config: opid_index: -1 OBSOLETE_local: false peers { permanent_uuid: "80d928104f2640f0966c05b8897663fd" member_type: VOTER last_known_addr { host: "127.29.168.1" port: 45073 } } peers { permanent_uuid: "ffed53ba33494f9d85dbdda4c2fd0fd0" member_type: VOTER last_known_addr { host: "127.29.168.2" port: 34223 } } peers { permanent_uuid: "ae7df56c9832433a80d28979a65dcbb0" member_type: VOTER last_known_addr { host: "127.29.168.3" port: 44643 } }
I20260709 12:20:01.556354 31159 leader_election.cc:290] T 7a10840282fe472cbd18d40209749d77 P ae7df56c9832433a80d28979a65dcbb0 [CANDIDATE]: Term 2 election: Requested vote from peers 80d928104f2640f0966c05b8897663fd (127.29.168.1:45073), ffed53ba33494f9d85dbdda4c2fd0fd0 (127.29.168.2:34223)
I20260709 12:20:01.557088 31009 tablet_service.cc:1917] Received RequestConsensusVote() RPC: tablet_id: "7a10840282fe472cbd18d40209749d77" candidate_uuid: "ae7df56c9832433a80d28979a65dcbb0" candidate_term: 2 candidate_status { last_received { term: 1 index: 1 } } ignore_live_leader: true dest_uuid: "80d928104f2640f0966c05b8897663fd"
I20260709 12:20:01.557499 31087 tablet_service.cc:1917] Received RequestConsensusVote() RPC: tablet_id: "7a10840282fe472cbd18d40209749d77" candidate_uuid: "ae7df56c9832433a80d28979a65dcbb0" candidate_term: 2 candidate_status { last_received { term: 1 index: 1 } } ignore_live_leader: true dest_uuid: "ffed53ba33494f9d85dbdda4c2fd0fd0"
I20260709 12:20:01.557647 31009 raft_consensus.cc:3055] T 7a10840282fe472cbd18d40209749d77 P 80d928104f2640f0966c05b8897663fd [term 1 LEADER]: Stepping down as leader of term 1
I20260709 12:20:01.558007 31009 raft_consensus.cc:740] T 7a10840282fe472cbd18d40209749d77 P 80d928104f2640f0966c05b8897663fd [term 1 LEADER]: Becoming Follower/Learner. State: Replica: 80d928104f2640f0966c05b8897663fd, State: Running, Role: LEADER
I20260709 12:20:01.558044 31087 raft_consensus.cc:3060] T 7a10840282fe472cbd18d40209749d77 P ffed53ba33494f9d85dbdda4c2fd0fd0 [term 1 FOLLOWER]: Advancing to term 2
I20260709 12:20:01.558766 31009 consensus_queue.cc:260] T 7a10840282fe472cbd18d40209749d77 P 80d928104f2640f0966c05b8897663fd [NON_LEADER]: Queue going to NON_LEADER mode. State: All replicated index: 0, Majority replicated index: 1, Committed index: 1, Last appended: 1.1, Last appended by leader: 1, Current term: 1, Majority size: -1, State: 0, Mode: NON_LEADER, active raft config: opid_index: -1 OBSOLETE_local: false peers { permanent_uuid: "80d928104f2640f0966c05b8897663fd" member_type: VOTER last_known_addr { host: "127.29.168.1" port: 45073 } } peers { permanent_uuid: "ffed53ba33494f9d85dbdda4c2fd0fd0" member_type: VOTER last_known_addr { host: "127.29.168.2" port: 34223 } } peers { permanent_uuid: "ae7df56c9832433a80d28979a65dcbb0" member_type: VOTER last_known_addr { host: "127.29.168.3" port: 44643 } }
I20260709 12:20:01.559902 31009 raft_consensus.cc:3060] T 7a10840282fe472cbd18d40209749d77 P 80d928104f2640f0966c05b8897663fd [term 1 FOLLOWER]: Advancing to term 2
I20260709 12:20:01.563170 31087 raft_consensus.cc:2468] T 7a10840282fe472cbd18d40209749d77 P ffed53ba33494f9d85dbdda4c2fd0fd0 [term 2 FOLLOWER]: Leader election vote request: Granting yes vote for candidate ae7df56c9832433a80d28979a65dcbb0 in term 2.
I20260709 12:20:01.564210 31127 leader_election.cc:304] T 7a10840282fe472cbd18d40209749d77 P ae7df56c9832433a80d28979a65dcbb0 [CANDIDATE]: Term 2 election: Election decided. Result: candidate won. Election summary: received 2 responses out of 3 voters: 2 yes votes; 0 no votes. yes voters: ae7df56c9832433a80d28979a65dcbb0, ffed53ba33494f9d85dbdda4c2fd0fd0; no voters: 
I20260709 12:20:01.565016 31208 raft_consensus.cc:2804] T 7a10840282fe472cbd18d40209749d77 P ae7df56c9832433a80d28979a65dcbb0 [term 2 FOLLOWER]: Leader election won for term 2
I20260709 12:20:01.565475 31208 raft_consensus.cc:697] T 7a10840282fe472cbd18d40209749d77 P ae7df56c9832433a80d28979a65dcbb0 [term 2 LEADER]: Becoming Leader. State: Replica: ae7df56c9832433a80d28979a65dcbb0, State: Running, Role: LEADER
I20260709 12:20:01.566222 31208 consensus_queue.cc:237] T 7a10840282fe472cbd18d40209749d77 P ae7df56c9832433a80d28979a65dcbb0 [LEADER]: Queue going to LEADER mode. State: All replicated index: 0, Majority replicated index: 1, Committed index: 1, Last appended: 1.1, Last appended by leader: 1, Current term: 2, Majority size: 2, State: 0, Mode: LEADER, active raft config: opid_index: -1 OBSOLETE_local: false peers { permanent_uuid: "80d928104f2640f0966c05b8897663fd" member_type: VOTER last_known_addr { host: "127.29.168.1" port: 45073 } } peers { permanent_uuid: "ffed53ba33494f9d85dbdda4c2fd0fd0" member_type: VOTER last_known_addr { host: "127.29.168.2" port: 34223 } } peers { permanent_uuid: "ae7df56c9832433a80d28979a65dcbb0" member_type: VOTER last_known_addr { host: "127.29.168.3" port: 44643 } }
I20260709 12:20:01.566617 31009 raft_consensus.cc:2468] T 7a10840282fe472cbd18d40209749d77 P 80d928104f2640f0966c05b8897663fd [term 2 FOLLOWER]: Leader election vote request: Granting yes vote for candidate ae7df56c9832433a80d28979a65dcbb0 in term 2.
I20260709 12:20:01.572476 30910 catalog_manager.cc:5697] T 7a10840282fe472cbd18d40209749d77 P ae7df56c9832433a80d28979a65dcbb0 reported cstate change: term changed from 1 to 2, leader changed from 80d928104f2640f0966c05b8897663fd (127.29.168.1) to ae7df56c9832433a80d28979a65dcbb0 (127.29.168.3). New cstate: current_term: 2 leader_uuid: "ae7df56c9832433a80d28979a65dcbb0" committed_config { opid_index: -1 OBSOLETE_local: false peers { permanent_uuid: "80d928104f2640f0966c05b8897663fd" member_type: VOTER last_known_addr { host: "127.29.168.1" port: 45073 } health_report { overall_health: UNKNOWN } } peers { permanent_uuid: "ffed53ba33494f9d85dbdda4c2fd0fd0" member_type: VOTER last_known_addr { host: "127.29.168.2" port: 34223 } health_report { overall_health: UNKNOWN } } peers { permanent_uuid: "ae7df56c9832433a80d28979a65dcbb0" member_type: VOTER last_known_addr { host: "127.29.168.3" port: 44643 } health_report { overall_health: HEALTHY } } }
I20260709 12:20:01.630311 31159 raft_consensus.cc:1275] T bec6ab9255ca477c976cda79198c763a P ae7df56c9832433a80d28979a65dcbb0 [term 2 FOLLOWER]: Refusing update from remote peer ffed53ba33494f9d85dbdda4c2fd0fd0: Log matching property violated. Preceding OpId in replica: term: 1 index: 1. Preceding OpId from leader: term: 2 index: 2. (index mismatch)
I20260709 12:20:01.631507 31232 consensus_queue.cc:1048] T bec6ab9255ca477c976cda79198c763a P ffed53ba33494f9d85dbdda4c2fd0fd0 [LEADER]: Connected to new peer: Peer: permanent_uuid: "ae7df56c9832433a80d28979a65dcbb0" member_type: VOTER last_known_addr { host: "127.29.168.3" port: 44643 }, Status: LMP_MISMATCH, Last received: 0.0, Next index: 2, Last known committed idx: 1, Time since last communication: 0.000s
I20260709 12:20:01.638975 31009 raft_consensus.cc:1275] T bec6ab9255ca477c976cda79198c763a P 80d928104f2640f0966c05b8897663fd [term 2 FOLLOWER]: Refusing update from remote peer ffed53ba33494f9d85dbdda4c2fd0fd0: Log matching property violated. Preceding OpId in replica: term: 1 index: 1. Preceding OpId from leader: term: 2 index: 2. (index mismatch)
I20260709 12:20:01.640515 31232 consensus_queue.cc:1048] T bec6ab9255ca477c976cda79198c763a P ffed53ba33494f9d85dbdda4c2fd0fd0 [LEADER]: Connected to new peer: Peer: permanent_uuid: "80d928104f2640f0966c05b8897663fd" member_type: VOTER last_known_addr { host: "127.29.168.1" port: 45073 }, Status: LMP_MISMATCH, Last received: 0.0, Next index: 2, Last known committed idx: 1, Time since last communication: 0.000s
I20260709 12:20:01.670424 31009 raft_consensus.cc:1275] T b5453b3be07c448b9bf47e1f820e9e56 P 80d928104f2640f0966c05b8897663fd [term 2 FOLLOWER]: Refusing update from remote peer ffed53ba33494f9d85dbdda4c2fd0fd0: Log matching property violated. Preceding OpId in replica: term: 1 index: 1. Preceding OpId from leader: term: 2 index: 2. (index mismatch)
I20260709 12:20:01.671655 31232 consensus_queue.cc:1048] T b5453b3be07c448b9bf47e1f820e9e56 P ffed53ba33494f9d85dbdda4c2fd0fd0 [LEADER]: Connected to new peer: Peer: permanent_uuid: "80d928104f2640f0966c05b8897663fd" member_type: VOTER last_known_addr { host: "127.29.168.1" port: 45073 }, Status: LMP_MISMATCH, Last received: 0.0, Next index: 2, Last known committed idx: 1, Time since last communication: 0.000s
I20260709 12:20:01.680087 31159 raft_consensus.cc:1275] T b5453b3be07c448b9bf47e1f820e9e56 P ae7df56c9832433a80d28979a65dcbb0 [term 2 FOLLOWER]: Refusing update from remote peer ffed53ba33494f9d85dbdda4c2fd0fd0: Log matching property violated. Preceding OpId in replica: term: 1 index: 1. Preceding OpId from leader: term: 2 index: 2. (index mismatch)
I20260709 12:20:01.681567 31232 consensus_queue.cc:1048] T b5453b3be07c448b9bf47e1f820e9e56 P ffed53ba33494f9d85dbdda4c2fd0fd0 [LEADER]: Connected to new peer: Peer: permanent_uuid: "ae7df56c9832433a80d28979a65dcbb0" member_type: VOTER last_known_addr { host: "127.29.168.3" port: 44643 }, Status: LMP_MISMATCH, Last received: 0.0, Next index: 2, Last known committed idx: 1, Time since last communication: 0.000s
I20260709 12:20:01.690560 31087 raft_consensus.cc:1275] T b9d59aa3e414411a9907350efa9a7316 P ffed53ba33494f9d85dbdda4c2fd0fd0 [term 2 FOLLOWER]: Refusing update from remote peer 80d928104f2640f0966c05b8897663fd: Log matching property violated. Preceding OpId in replica: term: 1 index: 1. Preceding OpId from leader: term: 2 index: 2. (index mismatch)
I20260709 12:20:01.691955 31288 consensus_queue.cc:1048] T b9d59aa3e414411a9907350efa9a7316 P 80d928104f2640f0966c05b8897663fd [LEADER]: Connected to new peer: Peer: permanent_uuid: "ffed53ba33494f9d85dbdda4c2fd0fd0" member_type: VOTER last_known_addr { host: "127.29.168.2" port: 34223 }, Status: LMP_MISMATCH, Last received: 0.0, Next index: 2, Last known committed idx: 1, Time since last communication: 0.000s
I20260709 12:20:01.701567 31159 raft_consensus.cc:1275] T b9d59aa3e414411a9907350efa9a7316 P ae7df56c9832433a80d28979a65dcbb0 [term 2 FOLLOWER]: Refusing update from remote peer 80d928104f2640f0966c05b8897663fd: Log matching property violated. Preceding OpId in replica: term: 1 index: 1. Preceding OpId from leader: term: 2 index: 2. (index mismatch)
I20260709 12:20:01.703222 31274 consensus_queue.cc:1048] T b9d59aa3e414411a9907350efa9a7316 P 80d928104f2640f0966c05b8897663fd [LEADER]: Connected to new peer: Peer: permanent_uuid: "ae7df56c9832433a80d28979a65dcbb0" member_type: VOTER last_known_addr { host: "127.29.168.3" port: 44643 }, Status: LMP_MISMATCH, Last received: 0.0, Next index: 2, Last known committed idx: 1, Time since last communication: 0.000s
I20260709 12:20:01.709815 31159 raft_consensus.cc:1275] T 72d9c82edc3a424880d17bc7de71855a P ae7df56c9832433a80d28979a65dcbb0 [term 2 FOLLOWER]: Refusing update from remote peer 80d928104f2640f0966c05b8897663fd: Log matching property violated. Preceding OpId in replica: term: 1 index: 1. Preceding OpId from leader: term: 2 index: 2. (index mismatch)
I20260709 12:20:01.711104 31274 consensus_queue.cc:1048] T 72d9c82edc3a424880d17bc7de71855a P 80d928104f2640f0966c05b8897663fd [LEADER]: Connected to new peer: Peer: permanent_uuid: "ae7df56c9832433a80d28979a65dcbb0" member_type: VOTER last_known_addr { host: "127.29.168.3" port: 44643 }, Status: LMP_MISMATCH, Last received: 0.0, Next index: 2, Last known committed idx: 1, Time since last communication: 0.000s
I20260709 12:20:01.718662 31087 raft_consensus.cc:1275] T 72d9c82edc3a424880d17bc7de71855a P ffed53ba33494f9d85dbdda4c2fd0fd0 [term 2 FOLLOWER]: Refusing update from remote peer 80d928104f2640f0966c05b8897663fd: Log matching property violated. Preceding OpId in replica: term: 1 index: 1. Preceding OpId from leader: term: 2 index: 2. (index mismatch)
I20260709 12:20:01.720234 31204 consensus_queue.cc:1048] T 72d9c82edc3a424880d17bc7de71855a P 80d928104f2640f0966c05b8897663fd [LEADER]: Connected to new peer: Peer: permanent_uuid: "ffed53ba33494f9d85dbdda4c2fd0fd0" member_type: VOTER last_known_addr { host: "127.29.168.2" port: 34223 }, Status: LMP_MISMATCH, Last received: 0.0, Next index: 2, Last known committed idx: 1, Time since last communication: 0.000s
I20260709 12:20:01.776352 31159 raft_consensus.cc:1275] T 996f8a66c94840a6969d464c0e743e4f P ae7df56c9832433a80d28979a65dcbb0 [term 2 FOLLOWER]: Refusing update from remote peer 80d928104f2640f0966c05b8897663fd: Log matching property violated. Preceding OpId in replica: term: 1 index: 1. Preceding OpId from leader: term: 2 index: 2. (index mismatch)
I20260709 12:20:01.777716 31204 consensus_queue.cc:1048] T 996f8a66c94840a6969d464c0e743e4f P 80d928104f2640f0966c05b8897663fd [LEADER]: Connected to new peer: Peer: permanent_uuid: "ae7df56c9832433a80d28979a65dcbb0" member_type: VOTER last_known_addr { host: "127.29.168.3" port: 44643 }, Status: LMP_MISMATCH, Last received: 0.0, Next index: 2, Last known committed idx: 1, Time since last communication: 0.000s
I20260709 12:20:01.786357 31087 raft_consensus.cc:1275] T 996f8a66c94840a6969d464c0e743e4f P ffed53ba33494f9d85dbdda4c2fd0fd0 [term 2 FOLLOWER]: Refusing update from remote peer 80d928104f2640f0966c05b8897663fd: Log matching property violated. Preceding OpId in replica: term: 1 index: 1. Preceding OpId from leader: term: 2 index: 2. (index mismatch)
I20260709 12:20:01.788496 31253 consensus_queue.cc:1048] T 996f8a66c94840a6969d464c0e743e4f P 80d928104f2640f0966c05b8897663fd [LEADER]: Connected to new peer: Peer: permanent_uuid: "ffed53ba33494f9d85dbdda4c2fd0fd0" member_type: VOTER last_known_addr { host: "127.29.168.2" port: 34223 }, Status: LMP_MISMATCH, Last received: 0.0, Next index: 2, Last known committed idx: 1, Time since last communication: 0.000s
I20260709 12:20:01.789752 31087 raft_consensus.cc:1275] T a1d2f44bcd17421b8613b2553becaf6d P ffed53ba33494f9d85dbdda4c2fd0fd0 [term 2 FOLLOWER]: Refusing update from remote peer 80d928104f2640f0966c05b8897663fd: Log matching property violated. Preceding OpId in replica: term: 1 index: 1. Preceding OpId from leader: term: 2 index: 2. (index mismatch)
I20260709 12:20:01.791527 31253 consensus_queue.cc:1048] T a1d2f44bcd17421b8613b2553becaf6d P 80d928104f2640f0966c05b8897663fd [LEADER]: Connected to new peer: Peer: permanent_uuid: "ffed53ba33494f9d85dbdda4c2fd0fd0" member_type: VOTER last_known_addr { host: "127.29.168.2" port: 34223 }, Status: LMP_MISMATCH, Last received: 0.0, Next index: 2, Last known committed idx: 1, Time since last communication: 0.000s
I20260709 12:20:01.800872 31159 raft_consensus.cc:1275] T a1d2f44bcd17421b8613b2553becaf6d P ae7df56c9832433a80d28979a65dcbb0 [term 2 FOLLOWER]: Refusing update from remote peer 80d928104f2640f0966c05b8897663fd: Log matching property violated. Preceding OpId in replica: term: 1 index: 1. Preceding OpId from leader: term: 2 index: 2. (index mismatch)
I20260709 12:20:01.802742 31253 consensus_queue.cc:1048] T a1d2f44bcd17421b8613b2553becaf6d P 80d928104f2640f0966c05b8897663fd [LEADER]: Connected to new peer: Peer: permanent_uuid: "ae7df56c9832433a80d28979a65dcbb0" member_type: VOTER last_known_addr { host: "127.29.168.3" port: 44643 }, Status: LMP_MISMATCH, Last received: 0.0, Next index: 2, Last known committed idx: 1, Time since last communication: 0.000s
I20260709 12:20:02.003664 31159 raft_consensus.cc:1275] T ae62deb7bfd24269bb417149f4b2dba7 P ae7df56c9832433a80d28979a65dcbb0 [term 2 FOLLOWER]: Refusing update from remote peer 80d928104f2640f0966c05b8897663fd: Log matching property violated. Preceding OpId in replica: term: 1 index: 1. Preceding OpId from leader: term: 2 index: 2. (index mismatch)
I20260709 12:20:02.004961 31253 consensus_queue.cc:1048] T ae62deb7bfd24269bb417149f4b2dba7 P 80d928104f2640f0966c05b8897663fd [LEADER]: Connected to new peer: Peer: permanent_uuid: "ae7df56c9832433a80d28979a65dcbb0" member_type: VOTER last_known_addr { host: "127.29.168.3" port: 44643 }, Status: LMP_MISMATCH, Last received: 0.0, Next index: 2, Last known committed idx: 1, Time since last communication: 0.000s
I20260709 12:20:02.012168 31085 raft_consensus.cc:1275] T ae62deb7bfd24269bb417149f4b2dba7 P ffed53ba33494f9d85dbdda4c2fd0fd0 [term 2 FOLLOWER]: Refusing update from remote peer 80d928104f2640f0966c05b8897663fd: Log matching property violated. Preceding OpId in replica: term: 1 index: 1. Preceding OpId from leader: term: 2 index: 2. (index mismatch)
I20260709 12:20:02.013661 31274 consensus_queue.cc:1048] T ae62deb7bfd24269bb417149f4b2dba7 P 80d928104f2640f0966c05b8897663fd [LEADER]: Connected to new peer: Peer: permanent_uuid: "ffed53ba33494f9d85dbdda4c2fd0fd0" member_type: VOTER last_known_addr { host: "127.29.168.2" port: 34223 }, Status: LMP_MISMATCH, Last received: 0.0, Next index: 2, Last known committed idx: 1, Time since last communication: 0.000s
I20260709 12:20:02.073381 31009 raft_consensus.cc:1275] T 7a10840282fe472cbd18d40209749d77 P 80d928104f2640f0966c05b8897663fd [term 2 FOLLOWER]: Refusing update from remote peer ae7df56c9832433a80d28979a65dcbb0: Log matching property violated. Preceding OpId in replica: term: 1 index: 1. Preceding OpId from leader: term: 2 index: 2. (index mismatch)
I20260709 12:20:02.074591 31208 consensus_queue.cc:1048] T 7a10840282fe472cbd18d40209749d77 P ae7df56c9832433a80d28979a65dcbb0 [LEADER]: Connected to new peer: Peer: permanent_uuid: "80d928104f2640f0966c05b8897663fd" member_type: VOTER last_known_addr { host: "127.29.168.1" port: 45073 }, Status: LMP_MISMATCH, Last received: 0.0, Next index: 2, Last known committed idx: 1, Time since last communication: 0.000s
I20260709 12:20:02.084798 31085 raft_consensus.cc:1275] T 7a10840282fe472cbd18d40209749d77 P ffed53ba33494f9d85dbdda4c2fd0fd0 [term 2 FOLLOWER]: Refusing update from remote peer ae7df56c9832433a80d28979a65dcbb0: Log matching property violated. Preceding OpId in replica: term: 1 index: 1. Preceding OpId from leader: term: 2 index: 2. (index mismatch)
I20260709 12:20:02.086691 31208 consensus_queue.cc:1048] T 7a10840282fe472cbd18d40209749d77 P ae7df56c9832433a80d28979a65dcbb0 [LEADER]: Connected to new peer: Peer: permanent_uuid: "ffed53ba33494f9d85dbdda4c2fd0fd0" member_type: VOTER last_known_addr { host: "127.29.168.2" port: 34223 }, Status: LMP_MISMATCH, Last received: 0.0, Next index: 2, Last known committed idx: 1, Time since last communication: 0.000s
I20260709 12:20:04.225337 30368 auto_leader_rebalancer-test.cc:365] The leader distribution is 
I20260709 12:20:04.226037 30368 auto_leader_rebalancer.cc:141] leader rebalance for table test-workload
I20260709 12:20:04.243803 31009 tablet_service.cc:2072] Received LeaderStepDown RPC: tablet_id: "a1d2f44bcd17421b8613b2553becaf6d"
dest_uuid: "80d928104f2640f0966c05b8897663fd"
mode: GRACEFUL
new_leader_uuid: "ae7df56c9832433a80d28979a65dcbb0"
 from {username='slave'} at 127.0.0.1:60218
I20260709 12:20:04.244292 31009 raft_consensus.cc:606] T a1d2f44bcd17421b8613b2553becaf6d P 80d928104f2640f0966c05b8897663fd [term 2 LEADER]: Received request to transfer leadership to TS ae7df56c9832433a80d28979a65dcbb0
I20260709 12:20:04.246838 31009 tablet_service.cc:2072] Received LeaderStepDown RPC: tablet_id: "b9d59aa3e414411a9907350efa9a7316"
dest_uuid: "80d928104f2640f0966c05b8897663fd"
mode: GRACEFUL
new_leader_uuid: "ae7df56c9832433a80d28979a65dcbb0"
 from {username='slave'} at 127.0.0.1:60218
I20260709 12:20:04.247272 31009 raft_consensus.cc:606] T b9d59aa3e414411a9907350efa9a7316 P 80d928104f2640f0966c05b8897663fd [term 2 LEADER]: Received request to transfer leadership to TS ae7df56c9832433a80d28979a65dcbb0
I20260709 12:20:04.248234 30368 auto_leader_rebalancer.cc:440] table: test-workload, leader rebalance finish, leader transfer count: 2
I20260709 12:20:04.248695 30368 auto_leader_rebalancer.cc:515] All tables' leader rebalancing finished this round
I20260709 12:20:04.874478 31310 raft_consensus.cc:993] T a1d2f44bcd17421b8613b2553becaf6d P 80d928104f2640f0966c05b8897663fd: : Instructing follower ae7df56c9832433a80d28979a65dcbb0 to start an election
I20260709 12:20:04.875597 31310 raft_consensus.cc:1081] T a1d2f44bcd17421b8613b2553becaf6d P 80d928104f2640f0966c05b8897663fd [term 2 LEADER]: Signalling peer ae7df56c9832433a80d28979a65dcbb0 to start an election
I20260709 12:20:04.877362 31160 tablet_service.cc:2044] Received Run Leader Election RPC: tablet_id: "a1d2f44bcd17421b8613b2553becaf6d"
dest_uuid: "ae7df56c9832433a80d28979a65dcbb0"
 from {username='slave'} at 127.0.0.1:59800
I20260709 12:20:04.877950 31160 raft_consensus.cc:493] T a1d2f44bcd17421b8613b2553becaf6d P ae7df56c9832433a80d28979a65dcbb0 [term 2 FOLLOWER]: Starting forced leader election (received explicit request)
I20260709 12:20:04.878328 31160 raft_consensus.cc:3060] T a1d2f44bcd17421b8613b2553becaf6d P ae7df56c9832433a80d28979a65dcbb0 [term 2 FOLLOWER]: Advancing to term 3
I20260709 12:20:04.887281 31160 raft_consensus.cc:515] T a1d2f44bcd17421b8613b2553becaf6d P ae7df56c9832433a80d28979a65dcbb0 [term 3 FOLLOWER]: Starting forced leader election with config: opid_index: -1 OBSOLETE_local: false peers { permanent_uuid: "80d928104f2640f0966c05b8897663fd" member_type: VOTER last_known_addr { host: "127.29.168.1" port: 45073 } } peers { permanent_uuid: "ffed53ba33494f9d85dbdda4c2fd0fd0" member_type: VOTER last_known_addr { host: "127.29.168.2" port: 34223 } } peers { permanent_uuid: "ae7df56c9832433a80d28979a65dcbb0" member_type: VOTER last_known_addr { host: "127.29.168.3" port: 44643 } }
I20260709 12:20:04.890542 31160 leader_election.cc:290] T a1d2f44bcd17421b8613b2553becaf6d P ae7df56c9832433a80d28979a65dcbb0 [CANDIDATE]: Term 3 election: Requested vote from peers 80d928104f2640f0966c05b8897663fd (127.29.168.1:45073), ffed53ba33494f9d85dbdda4c2fd0fd0 (127.29.168.2:34223)
I20260709 12:20:04.895434 31310 raft_consensus.cc:993] T b9d59aa3e414411a9907350efa9a7316 P 80d928104f2640f0966c05b8897663fd: : Instructing follower ae7df56c9832433a80d28979a65dcbb0 to start an election
I20260709 12:20:04.897369 31309 raft_consensus.cc:1081] T b9d59aa3e414411a9907350efa9a7316 P 80d928104f2640f0966c05b8897663fd [term 2 LEADER]: Signalling peer ae7df56c9832433a80d28979a65dcbb0 to start an election
I20260709 12:20:04.899417 31158 tablet_service.cc:2044] Received Run Leader Election RPC: tablet_id: "b9d59aa3e414411a9907350efa9a7316"
dest_uuid: "ae7df56c9832433a80d28979a65dcbb0"
 from {username='slave'} at 127.0.0.1:59800
I20260709 12:20:04.900005 31158 raft_consensus.cc:493] T b9d59aa3e414411a9907350efa9a7316 P ae7df56c9832433a80d28979a65dcbb0 [term 2 FOLLOWER]: Starting forced leader election (received explicit request)
I20260709 12:20:04.900373 31158 raft_consensus.cc:3060] T b9d59aa3e414411a9907350efa9a7316 P ae7df56c9832433a80d28979a65dcbb0 [term 2 FOLLOWER]: Advancing to term 3
I20260709 12:20:04.907164 31158 raft_consensus.cc:515] T b9d59aa3e414411a9907350efa9a7316 P ae7df56c9832433a80d28979a65dcbb0 [term 3 FOLLOWER]: Starting forced leader election with config: opid_index: -1 OBSOLETE_local: false peers { permanent_uuid: "80d928104f2640f0966c05b8897663fd" member_type: VOTER last_known_addr { host: "127.29.168.1" port: 45073 } } peers { permanent_uuid: "ffed53ba33494f9d85dbdda4c2fd0fd0" member_type: VOTER last_known_addr { host: "127.29.168.2" port: 34223 } } peers { permanent_uuid: "ae7df56c9832433a80d28979a65dcbb0" member_type: VOTER last_known_addr { host: "127.29.168.3" port: 44643 } }
I20260709 12:20:04.910187 31158 leader_election.cc:290] T b9d59aa3e414411a9907350efa9a7316 P ae7df56c9832433a80d28979a65dcbb0 [CANDIDATE]: Term 3 election: Requested vote from peers 80d928104f2640f0966c05b8897663fd (127.29.168.1:45073), ffed53ba33494f9d85dbdda4c2fd0fd0 (127.29.168.2:34223)
I20260709 12:20:04.910045 31011 tablet_service.cc:1917] Received RequestConsensusVote() RPC: tablet_id: "a1d2f44bcd17421b8613b2553becaf6d" candidate_uuid: "ae7df56c9832433a80d28979a65dcbb0" candidate_term: 3 candidate_status { last_received { term: 2 index: 2 } } ignore_live_leader: true dest_uuid: "80d928104f2640f0966c05b8897663fd"
I20260709 12:20:04.910712 31011 raft_consensus.cc:3055] T a1d2f44bcd17421b8613b2553becaf6d P 80d928104f2640f0966c05b8897663fd [term 2 LEADER]: Stepping down as leader of term 2
I20260709 12:20:04.911046 31011 raft_consensus.cc:740] T a1d2f44bcd17421b8613b2553becaf6d P 80d928104f2640f0966c05b8897663fd [term 2 LEADER]: Becoming Follower/Learner. State: Replica: 80d928104f2640f0966c05b8897663fd, State: Running, Role: LEADER
I20260709 12:20:04.911870 31011 consensus_queue.cc:260] T a1d2f44bcd17421b8613b2553becaf6d P 80d928104f2640f0966c05b8897663fd [NON_LEADER]: Queue going to NON_LEADER mode. State: All replicated index: 0, Majority replicated index: 2, Committed index: 2, Last appended: 2.2, Last appended by leader: 2, Current term: 2, Majority size: -1, State: 0, Mode: NON_LEADER, active raft config: opid_index: -1 OBSOLETE_local: false peers { permanent_uuid: "80d928104f2640f0966c05b8897663fd" member_type: VOTER last_known_addr { host: "127.29.168.1" port: 45073 } } peers { permanent_uuid: "ffed53ba33494f9d85dbdda4c2fd0fd0" member_type: VOTER last_known_addr { host: "127.29.168.2" port: 34223 } } peers { permanent_uuid: "ae7df56c9832433a80d28979a65dcbb0" member_type: VOTER last_known_addr { host: "127.29.168.3" port: 44643 } }
