I20260709 12:20:32.773522 21838 leader_election.cc:290] T 8a66fd666e754f21ad1b55f1618acff5 P f9c82689962e4f72b20906f2c9426ac6 [CANDIDATE]: Term 1 election: Requested vote from peers 5b96c625e25e45669a9cb7963c9677ee (127.19.199.1:42257), 9e5f5aae4d73404588259f24eed5736c (127.19.199.3:45111)
I20260709 12:20:32.784192 21612 tablet_bootstrap.cc:492] T a151061de31b4a648108709586bc3bbc P 9e5f5aae4d73404588259f24eed5736c: No bootstrap required, opened a new log
I20260709 12:20:32.784744 21612 ts_tablet_manager.cc:1403] T a151061de31b4a648108709586bc3bbc P 9e5f5aae4d73404588259f24eed5736c: Time spent bootstrapping tablet: real 0.156s	user 0.007s	sys 0.026s
I20260709 12:20:32.787256 21566 tablet_service.cc:1917] Received RequestConsensusVote() RPC: tablet_id: "8a66fd666e754f21ad1b55f1618acff5" candidate_uuid: "f9c82689962e4f72b20906f2c9426ac6" candidate_term: 1 candidate_status { last_received { term: 0 index: 0 } } ignore_live_leader: false dest_uuid: "9e5f5aae4d73404588259f24eed5736c"
W20260709 12:20:32.792793 21462 leader_election.cc:343] T 8a66fd666e754f21ad1b55f1618acff5 P f9c82689962e4f72b20906f2c9426ac6 [CANDIDATE]: Term 1 election: Tablet error from VoteRequest() call to peer 9e5f5aae4d73404588259f24eed5736c (127.19.199.3:45111): Illegal state: must be running to vote when last-logged opid is not known
I20260709 12:20:32.800117 21315 catalog_manager.cc:5697] T 8a66fd666e754f21ad1b55f1618acff5 P f9c82689962e4f72b20906f2c9426ac6 reported cstate change: term changed from 0 to 1, leader changed from <none> to f9c82689962e4f72b20906f2c9426ac6 (127.19.199.2). New cstate: current_term: 1 leader_uuid: "f9c82689962e4f72b20906f2c9426ac6" committed_config { opid_index: -1 OBSOLETE_local: false peers { permanent_uuid: "5b96c625e25e45669a9cb7963c9677ee" member_type: VOTER last_known_addr { host: "127.19.199.1" port: 42257 } health_report { overall_health: UNKNOWN } } peers { permanent_uuid: "f9c82689962e4f72b20906f2c9426ac6" member_type: VOTER last_known_addr { host: "127.19.199.2" port: 36623 } health_report { overall_health: HEALTHY } } peers { permanent_uuid: "9e5f5aae4d73404588259f24eed5736c" member_type: VOTER last_known_addr { host: "127.19.199.3" port: 45111 } health_report { overall_health: UNKNOWN } } }
I20260709 12:20:32.821599 21610 tablet_bootstrap.cc:492] T 64225a5cc8ea42229e870eee89e08b8d P f9c82689962e4f72b20906f2c9426ac6: No bootstrap required, opened a new log
I20260709 12:20:32.822177 21610 ts_tablet_manager.cc:1403] T 64225a5cc8ea42229e870eee89e08b8d P f9c82689962e4f72b20906f2c9426ac6: Time spent bootstrapping tablet: real 0.238s	user 0.019s	sys 0.037s
I20260709 12:20:32.822255 21611 tablet_bootstrap.cc:654] T 67568695e88847bd8a2bef6b1d2a0f1e P 5b96c625e25e45669a9cb7963c9677ee: Neither blocks nor log segments found. Creating new log.
I20260709 12:20:32.828689 21569 raft_consensus.cc:3060] T 42083d9486604d1aae4c1eb4fde0b1b7 P 9e5f5aae4d73404588259f24eed5736c [term 0 FOLLOWER]: Advancing to term 1
I20260709 12:20:32.827845 21610 raft_consensus.cc:359] T 64225a5cc8ea42229e870eee89e08b8d P f9c82689962e4f72b20906f2c9426ac6 [term 0 FOLLOWER]: Replica starting. Triggering 0 pending ops. Active config: opid_index: -1 OBSOLETE_local: false peers { permanent_uuid: "5b96c625e25e45669a9cb7963c9677ee" member_type: VOTER last_known_addr { host: "127.19.199.1" port: 42257 } } peers { permanent_uuid: "f9c82689962e4f72b20906f2c9426ac6" member_type: VOTER last_known_addr { host: "127.19.199.2" port: 36623 } } peers { permanent_uuid: "9e5f5aae4d73404588259f24eed5736c" member_type: VOTER last_known_addr { host: "127.19.199.3" port: 45111 } }
I20260709 12:20:32.835376 21610 raft_consensus.cc:385] T 64225a5cc8ea42229e870eee89e08b8d P f9c82689962e4f72b20906f2c9426ac6 [term 0 FOLLOWER]: Consensus starting up: Expiring failure detector timer to make a prompt election more likely
I20260709 12:20:32.835873 21610 raft_consensus.cc:740] T 64225a5cc8ea42229e870eee89e08b8d P f9c82689962e4f72b20906f2c9426ac6 [term 0 FOLLOWER]: Becoming Follower/Learner. State: Replica: f9c82689962e4f72b20906f2c9426ac6, State: Initialized, Role: FOLLOWER
I20260709 12:20:32.836720 21610 consensus_queue.cc:260] T 64225a5cc8ea42229e870eee89e08b8d P f9c82689962e4f72b20906f2c9426ac6 [NON_LEADER]: Queue going to NON_LEADER mode. State: All replicated index: 0, Majority replicated index: 0, Committed index: 0, Last appended: 0.0, Last appended by leader: 0, Current term: 0, Majority size: -1, State: 0, Mode: NON_LEADER, active raft config: opid_index: -1 OBSOLETE_local: false peers { permanent_uuid: "5b96c625e25e45669a9cb7963c9677ee" member_type: VOTER last_known_addr { host: "127.19.199.1" port: 42257 } } peers { permanent_uuid: "f9c82689962e4f72b20906f2c9426ac6" member_type: VOTER last_known_addr { host: "127.19.199.2" port: 36623 } } peers { permanent_uuid: "9e5f5aae4d73404588259f24eed5736c" member_type: VOTER last_known_addr { host: "127.19.199.3" port: 45111 } }
I20260709 12:20:32.838719 21610 ts_tablet_manager.cc:1434] T 64225a5cc8ea42229e870eee89e08b8d P f9c82689962e4f72b20906f2c9426ac6: Time spent starting tablet: real 0.016s	user 0.005s	sys 0.001s
I20260709 12:20:32.841882 21610 tablet_bootstrap.cc:492] T 641ec6c1c0344aa4a963afc55b7389d1 P f9c82689962e4f72b20906f2c9426ac6: Bootstrap starting.
I20260709 12:20:32.849720 21612 raft_consensus.cc:359] T a151061de31b4a648108709586bc3bbc P 9e5f5aae4d73404588259f24eed5736c [term 0 FOLLOWER]: Replica starting. Triggering 0 pending ops. Active config: opid_index: -1 OBSOLETE_local: false peers { permanent_uuid: "5b96c625e25e45669a9cb7963c9677ee" member_type: VOTER last_known_addr { host: "127.19.199.1" port: 42257 } } peers { permanent_uuid: "f9c82689962e4f72b20906f2c9426ac6" member_type: VOTER last_known_addr { host: "127.19.199.2" port: 36623 } } peers { permanent_uuid: "9e5f5aae4d73404588259f24eed5736c" member_type: VOTER last_known_addr { host: "127.19.199.3" port: 45111 } }
I20260709 12:20:32.850735 21612 raft_consensus.cc:385] T a151061de31b4a648108709586bc3bbc P 9e5f5aae4d73404588259f24eed5736c [term 0 FOLLOWER]: Consensus starting up: Expiring failure detector timer to make a prompt election more likely
I20260709 12:20:32.852723 21612 raft_consensus.cc:740] T a151061de31b4a648108709586bc3bbc P 9e5f5aae4d73404588259f24eed5736c [term 0 FOLLOWER]: Becoming Follower/Learner. State: Replica: 9e5f5aae4d73404588259f24eed5736c, State: Initialized, Role: FOLLOWER
I20260709 12:20:32.857751 21610 tablet_bootstrap.cc:654] T 641ec6c1c0344aa4a963afc55b7389d1 P f9c82689962e4f72b20906f2c9426ac6: Neither blocks nor log segments found. Creating new log.
I20260709 12:20:32.865155 21611 tablet_bootstrap.cc:492] T 67568695e88847bd8a2bef6b1d2a0f1e P 5b96c625e25e45669a9cb7963c9677ee: No bootstrap required, opened a new log
I20260709 12:20:32.865731 21611 ts_tablet_manager.cc:1403] T 67568695e88847bd8a2bef6b1d2a0f1e P 5b96c625e25e45669a9cb7963c9677ee: Time spent bootstrapping tablet: real 0.105s	user 0.016s	sys 0.019s
I20260709 12:20:32.868649 21610 tablet_bootstrap.cc:492] T 641ec6c1c0344aa4a963afc55b7389d1 P f9c82689962e4f72b20906f2c9426ac6: No bootstrap required, opened a new log
I20260709 12:20:32.869127 21610 ts_tablet_manager.cc:1403] T 641ec6c1c0344aa4a963afc55b7389d1 P f9c82689962e4f72b20906f2c9426ac6: Time spent bootstrapping tablet: real 0.027s	user 0.008s	sys 0.002s
I20260709 12:20:32.868676 21611 raft_consensus.cc:359] T 67568695e88847bd8a2bef6b1d2a0f1e P 5b96c625e25e45669a9cb7963c9677ee [term 0 FOLLOWER]: Replica starting. Triggering 0 pending ops. Active config: opid_index: -1 OBSOLETE_local: false peers { permanent_uuid: "5b96c625e25e45669a9cb7963c9677ee" member_type: VOTER last_known_addr { host: "127.19.199.1" port: 42257 } } peers { permanent_uuid: "f9c82689962e4f72b20906f2c9426ac6" member_type: VOTER last_known_addr { host: "127.19.199.2" port: 36623 } } peers { permanent_uuid: "9e5f5aae4d73404588259f24eed5736c" member_type: VOTER last_known_addr { host: "127.19.199.3" port: 45111 } }
I20260709 12:20:32.869604 21611 raft_consensus.cc:385] T 67568695e88847bd8a2bef6b1d2a0f1e P 5b96c625e25e45669a9cb7963c9677ee [term 0 FOLLOWER]: Consensus starting up: Expiring failure detector timer to make a prompt election more likely
I20260709 12:20:32.854406 21612 consensus_queue.cc:260] T a151061de31b4a648108709586bc3bbc P 9e5f5aae4d73404588259f24eed5736c [NON_LEADER]: Queue going to NON_LEADER mode. State: All replicated index: 0, Majority replicated index: 0, Committed index: 0, Last appended: 0.0, Last appended by leader: 0, Current term: 0, Majority size: -1, State: 0, Mode: NON_LEADER, active raft config: opid_index: -1 OBSOLETE_local: false peers { permanent_uuid: "5b96c625e25e45669a9cb7963c9677ee" member_type: VOTER last_known_addr { host: "127.19.199.1" port: 42257 } } peers { permanent_uuid: "f9c82689962e4f72b20906f2c9426ac6" member_type: VOTER last_known_addr { host: "127.19.199.2" port: 36623 } } peers { permanent_uuid: "9e5f5aae4d73404588259f24eed5736c" member_type: VOTER last_known_addr { host: "127.19.199.3" port: 45111 } }
I20260709 12:20:32.869920 21611 raft_consensus.cc:740] T 67568695e88847bd8a2bef6b1d2a0f1e P 5b96c625e25e45669a9cb7963c9677ee [term 0 FOLLOWER]: Becoming Follower/Learner. State: Replica: 5b96c625e25e45669a9cb7963c9677ee, State: Initialized, Role: FOLLOWER
I20260709 12:20:32.870757 21611 consensus_queue.cc:260] T 67568695e88847bd8a2bef6b1d2a0f1e P 5b96c625e25e45669a9cb7963c9677ee [NON_LEADER]: Queue going to NON_LEADER mode. State: All replicated index: 0, Majority replicated index: 0, Committed index: 0, Last appended: 0.0, Last appended by leader: 0, Current term: 0, Majority size: -1, State: 0, Mode: NON_LEADER, active raft config: opid_index: -1 OBSOLETE_local: false peers { permanent_uuid: "5b96c625e25e45669a9cb7963c9677ee" member_type: VOTER last_known_addr { host: "127.19.199.1" port: 42257 } } peers { permanent_uuid: "f9c82689962e4f72b20906f2c9426ac6" member_type: VOTER last_known_addr { host: "127.19.199.2" port: 36623 } } peers { permanent_uuid: "9e5f5aae4d73404588259f24eed5736c" member_type: VOTER last_known_addr { host: "127.19.199.3" port: 45111 } }
I20260709 12:20:32.871650 21612 ts_tablet_manager.cc:1434] T a151061de31b4a648108709586bc3bbc P 9e5f5aae4d73404588259f24eed5736c: Time spent starting tablet: real 0.087s	user 0.006s	sys 0.003s
I20260709 12:20:32.871588 21610 raft_consensus.cc:359] T 641ec6c1c0344aa4a963afc55b7389d1 P f9c82689962e4f72b20906f2c9426ac6 [term 0 FOLLOWER]: Replica starting. Triggering 0 pending ops. Active config: opid_index: -1 OBSOLETE_local: false peers { permanent_uuid: "5b96c625e25e45669a9cb7963c9677ee" member_type: VOTER last_known_addr { host: "127.19.199.1" port: 42257 } } peers { permanent_uuid: "f9c82689962e4f72b20906f2c9426ac6" member_type: VOTER last_known_addr { host: "127.19.199.2" port: 36623 } } peers { permanent_uuid: "9e5f5aae4d73404588259f24eed5736c" member_type: VOTER last_known_addr { host: "127.19.199.3" port: 45111 } }
I20260709 12:20:32.872349 21610 raft_consensus.cc:385] T 641ec6c1c0344aa4a963afc55b7389d1 P f9c82689962e4f72b20906f2c9426ac6 [term 0 FOLLOWER]: Consensus starting up: Expiring failure detector timer to make a prompt election more likely
I20260709 12:20:32.872649 21612 tablet_bootstrap.cc:492] T cf9e967b435c4cb994ddf88e6bb0341f P 9e5f5aae4d73404588259f24eed5736c: Bootstrap starting.
I20260709 12:20:32.872604 21610 raft_consensus.cc:740] T 641ec6c1c0344aa4a963afc55b7389d1 P f9c82689962e4f72b20906f2c9426ac6 [term 0 FOLLOWER]: Becoming Follower/Learner. State: Replica: f9c82689962e4f72b20906f2c9426ac6, State: Initialized, Role: FOLLOWER
I20260709 12:20:32.873499 21610 consensus_queue.cc:260] T 641ec6c1c0344aa4a963afc55b7389d1 P f9c82689962e4f72b20906f2c9426ac6 [NON_LEADER]: Queue going to NON_LEADER mode. State: All replicated index: 0, Majority replicated index: 0, Committed index: 0, Last appended: 0.0, Last appended by leader: 0, Current term: 0, Majority size: -1, State: 0, Mode: NON_LEADER, active raft config: opid_index: -1 OBSOLETE_local: false peers { permanent_uuid: "5b96c625e25e45669a9cb7963c9677ee" member_type: VOTER last_known_addr { host: "127.19.199.1" port: 42257 } } peers { permanent_uuid: "f9c82689962e4f72b20906f2c9426ac6" member_type: VOTER last_known_addr { host: "127.19.199.2" port: 36623 } } peers { permanent_uuid: "9e5f5aae4d73404588259f24eed5736c" member_type: VOTER last_known_addr { host: "127.19.199.3" port: 45111 } }
I20260709 12:20:32.875901 21610 ts_tablet_manager.cc:1434] T 641ec6c1c0344aa4a963afc55b7389d1 P f9c82689962e4f72b20906f2c9426ac6: Time spent starting tablet: real 0.007s	user 0.005s	sys 0.000s
I20260709 12:20:32.876971 21610 tablet_bootstrap.cc:492] T f451a9417b7d41e38e268f674713cc21 P f9c82689962e4f72b20906f2c9426ac6: Bootstrap starting.
I20260709 12:20:32.877197 21611 ts_tablet_manager.cc:1434] T 67568695e88847bd8a2bef6b1d2a0f1e P 5b96c625e25e45669a9cb7963c9677ee: Time spent starting tablet: real 0.011s	user 0.001s	sys 0.005s
I20260709 12:20:32.882712 21610 tablet_bootstrap.cc:654] T f451a9417b7d41e38e268f674713cc21 P f9c82689962e4f72b20906f2c9426ac6: Neither blocks nor log segments found. Creating new log.
I20260709 12:20:32.883001 21611 tablet_bootstrap.cc:492] T baf8fe39100342ac8b4d469a07a5ea99 P 5b96c625e25e45669a9cb7963c9677ee: Bootstrap starting.
I20260709 12:20:32.886113 21612 tablet_bootstrap.cc:654] T cf9e967b435c4cb994ddf88e6bb0341f P 9e5f5aae4d73404588259f24eed5736c: Neither blocks nor log segments found. Creating new log.
I20260709 12:20:32.899530 21611 tablet_bootstrap.cc:654] T baf8fe39100342ac8b4d469a07a5ea99 P 5b96c625e25e45669a9cb7963c9677ee: Neither blocks nor log segments found. Creating new log.
I20260709 12:20:32.915395 21611 tablet_bootstrap.cc:492] T baf8fe39100342ac8b4d469a07a5ea99 P 5b96c625e25e45669a9cb7963c9677ee: No bootstrap required, opened a new log
I20260709 12:20:32.915395 21612 tablet_bootstrap.cc:492] T cf9e967b435c4cb994ddf88e6bb0341f P 9e5f5aae4d73404588259f24eed5736c: No bootstrap required, opened a new log
I20260709 12:20:32.915906 21610 tablet_bootstrap.cc:492] T f451a9417b7d41e38e268f674713cc21 P f9c82689962e4f72b20906f2c9426ac6: No bootstrap required, opened a new log
I20260709 12:20:32.916074 21612 ts_tablet_manager.cc:1403] T cf9e967b435c4cb994ddf88e6bb0341f P 9e5f5aae4d73404588259f24eed5736c: Time spent bootstrapping tablet: real 0.044s	user 0.022s	sys 0.006s
I20260709 12:20:32.916074 21611 ts_tablet_manager.cc:1403] T baf8fe39100342ac8b4d469a07a5ea99 P 5b96c625e25e45669a9cb7963c9677ee: Time spent bootstrapping tablet: real 0.033s	user 0.010s	sys 0.005s
I20260709 12:20:32.916402 21610 ts_tablet_manager.cc:1403] T f451a9417b7d41e38e268f674713cc21 P f9c82689962e4f72b20906f2c9426ac6: Time spent bootstrapping tablet: real 0.040s	user 0.009s	sys 0.016s
I20260709 12:20:32.919610 21610 raft_consensus.cc:359] T f451a9417b7d41e38e268f674713cc21 P f9c82689962e4f72b20906f2c9426ac6 [term 0 FOLLOWER]: Replica starting. Triggering 0 pending ops. Active config: opid_index: -1 OBSOLETE_local: false peers { permanent_uuid: "5b96c625e25e45669a9cb7963c9677ee" member_type: VOTER last_known_addr { host: "127.19.199.1" port: 42257 } } peers { permanent_uuid: "f9c82689962e4f72b20906f2c9426ac6" member_type: VOTER last_known_addr { host: "127.19.199.2" port: 36623 } } peers { permanent_uuid: "9e5f5aae4d73404588259f24eed5736c" member_type: VOTER last_known_addr { host: "127.19.199.3" port: 45111 } }
I20260709 12:20:32.920270 21610 raft_consensus.cc:385] T f451a9417b7d41e38e268f674713cc21 P f9c82689962e4f72b20906f2c9426ac6 [term 0 FOLLOWER]: Consensus starting up: Expiring failure detector timer to make a prompt election more likely
I20260709 12:20:32.920610 21610 raft_consensus.cc:740] T f451a9417b7d41e38e268f674713cc21 P f9c82689962e4f72b20906f2c9426ac6 [term 0 FOLLOWER]: Becoming Follower/Learner. State: Replica: f9c82689962e4f72b20906f2c9426ac6, State: Initialized, Role: FOLLOWER
I20260709 12:20:32.920308 21611 raft_consensus.cc:359] T baf8fe39100342ac8b4d469a07a5ea99 P 5b96c625e25e45669a9cb7963c9677ee [term 0 FOLLOWER]: Replica starting. Triggering 0 pending ops. Active config: opid_index: -1 OBSOLETE_local: false peers { permanent_uuid: "5b96c625e25e45669a9cb7963c9677ee" member_type: VOTER last_known_addr { host: "127.19.199.1" port: 42257 } } peers { permanent_uuid: "f9c82689962e4f72b20906f2c9426ac6" member_type: VOTER last_known_addr { host: "127.19.199.2" port: 36623 } } peers { permanent_uuid: "9e5f5aae4d73404588259f24eed5736c" member_type: VOTER last_known_addr { host: "127.19.199.3" port: 45111 } }
I20260709 12:20:32.921062 21612 raft_consensus.cc:359] T cf9e967b435c4cb994ddf88e6bb0341f P 9e5f5aae4d73404588259f24eed5736c [term 0 FOLLOWER]: Replica starting. Triggering 0 pending ops. Active config: opid_index: -1 OBSOLETE_local: false peers { permanent_uuid: "5b96c625e25e45669a9cb7963c9677ee" member_type: VOTER last_known_addr { host: "127.19.199.1" port: 42257 } } peers { permanent_uuid: "f9c82689962e4f72b20906f2c9426ac6" member_type: VOTER last_known_addr { host: "127.19.199.2" port: 36623 } } peers { permanent_uuid: "9e5f5aae4d73404588259f24eed5736c" member_type: VOTER last_known_addr { host: "127.19.199.3" port: 45111 } }
I20260709 12:20:32.921275 21610 consensus_queue.cc:260] T f451a9417b7d41e38e268f674713cc21 P f9c82689962e4f72b20906f2c9426ac6 [NON_LEADER]: Queue going to NON_LEADER mode. State: All replicated index: 0, Majority replicated index: 0, Committed index: 0, Last appended: 0.0, Last appended by leader: 0, Current term: 0, Majority size: -1, State: 0, Mode: NON_LEADER, active raft config: opid_index: -1 OBSOLETE_local: false peers { permanent_uuid: "5b96c625e25e45669a9cb7963c9677ee" member_type: VOTER last_known_addr { host: "127.19.199.1" port: 42257 } } peers { permanent_uuid: "f9c82689962e4f72b20906f2c9426ac6" member_type: VOTER last_known_addr { host: "127.19.199.2" port: 36623 } } peers { permanent_uuid: "9e5f5aae4d73404588259f24eed5736c" member_type: VOTER last_known_addr { host: "127.19.199.3" port: 45111 } }
I20260709 12:20:32.921795 21612 raft_consensus.cc:385] T cf9e967b435c4cb994ddf88e6bb0341f P 9e5f5aae4d73404588259f24eed5736c [term 0 FOLLOWER]: Consensus starting up: Expiring failure detector timer to make a prompt election more likely
I20260709 12:20:32.922472 21612 raft_consensus.cc:740] T cf9e967b435c4cb994ddf88e6bb0341f P 9e5f5aae4d73404588259f24eed5736c [term 0 FOLLOWER]: Becoming Follower/Learner. State: Replica: 9e5f5aae4d73404588259f24eed5736c, State: Initialized, Role: FOLLOWER
I20260709 12:20:32.923352 21610 ts_tablet_manager.cc:1434] T f451a9417b7d41e38e268f674713cc21 P f9c82689962e4f72b20906f2c9426ac6: Time spent starting tablet: real 0.007s	user 0.007s	sys 0.000s
I20260709 12:20:32.923177 21612 consensus_queue.cc:260] T cf9e967b435c4cb994ddf88e6bb0341f P 9e5f5aae4d73404588259f24eed5736c [NON_LEADER]: Queue going to NON_LEADER mode. State: All replicated index: 0, Majority replicated index: 0, Committed index: 0, Last appended: 0.0, Last appended by leader: 0, Current term: 0, Majority size: -1, State: 0, Mode: NON_LEADER, active raft config: opid_index: -1 OBSOLETE_local: false peers { permanent_uuid: "5b96c625e25e45669a9cb7963c9677ee" member_type: VOTER last_known_addr { host: "127.19.199.1" port: 42257 } } peers { permanent_uuid: "f9c82689962e4f72b20906f2c9426ac6" member_type: VOTER last_known_addr { host: "127.19.199.2" port: 36623 } } peers { permanent_uuid: "9e5f5aae4d73404588259f24eed5736c" member_type: VOTER last_known_addr { host: "127.19.199.3" port: 45111 } }
I20260709 12:20:32.923900 21611 raft_consensus.cc:385] T baf8fe39100342ac8b4d469a07a5ea99 P 5b96c625e25e45669a9cb7963c9677ee [term 0 FOLLOWER]: Consensus starting up: Expiring failure detector timer to make a prompt election more likely
I20260709 12:20:32.924233 21611 raft_consensus.cc:740] T baf8fe39100342ac8b4d469a07a5ea99 P 5b96c625e25e45669a9cb7963c9677ee [term 0 FOLLOWER]: Becoming Follower/Learner. State: Replica: 5b96c625e25e45669a9cb7963c9677ee, State: Initialized, Role: FOLLOWER
I20260709 12:20:32.924914 21610 tablet_bootstrap.cc:492] T 04ccdb780f5f4def9900d278443e1916 P f9c82689962e4f72b20906f2c9426ac6: Bootstrap starting.
I20260709 12:20:32.925235 21812 raft_consensus.cc:493] T 67568695e88847bd8a2bef6b1d2a0f1e P 5b96c625e25e45669a9cb7963c9677ee [term 0 FOLLOWER]: Starting pre-election (no leader contacted us within the election timeout)
I20260709 12:20:32.925544 21612 ts_tablet_manager.cc:1434] T cf9e967b435c4cb994ddf88e6bb0341f P 9e5f5aae4d73404588259f24eed5736c: Time spent starting tablet: real 0.009s	user 0.004s	sys 0.000s
I20260709 12:20:32.925745 21812 raft_consensus.cc:515] T 67568695e88847bd8a2bef6b1d2a0f1e P 5b96c625e25e45669a9cb7963c9677ee [term 0 FOLLOWER]: Starting pre-election with config: opid_index: -1 OBSOLETE_local: false peers { permanent_uuid: "5b96c625e25e45669a9cb7963c9677ee" member_type: VOTER last_known_addr { host: "127.19.199.1" port: 42257 } } peers { permanent_uuid: "f9c82689962e4f72b20906f2c9426ac6" member_type: VOTER last_known_addr { host: "127.19.199.2" port: 36623 } } peers { permanent_uuid: "9e5f5aae4d73404588259f24eed5736c" member_type: VOTER last_known_addr { host: "127.19.199.3" port: 45111 } }
I20260709 12:20:32.926908 21611 consensus_queue.cc:260] T baf8fe39100342ac8b4d469a07a5ea99 P 5b96c625e25e45669a9cb7963c9677ee [NON_LEADER]: Queue going to NON_LEADER mode. State: All replicated index: 0, Majority replicated index: 0, Committed index: 0, Last appended: 0.0, Last appended by leader: 0, Current term: 0, Majority size: -1, State: 0, Mode: NON_LEADER, active raft config: opid_index: -1 OBSOLETE_local: false peers { permanent_uuid: "5b96c625e25e45669a9cb7963c9677ee" member_type: VOTER last_known_addr { host: "127.19.199.1" port: 42257 } } peers { permanent_uuid: "f9c82689962e4f72b20906f2c9426ac6" member_type: VOTER last_known_addr { host: "127.19.199.2" port: 36623 } } peers { permanent_uuid: "9e5f5aae4d73404588259f24eed5736c" member_type: VOTER last_known_addr { host: "127.19.199.3" port: 45111 } }
I20260709 12:20:32.927416 21633 raft_consensus.cc:493] T f451a9417b7d41e38e268f674713cc21 P f9c82689962e4f72b20906f2c9426ac6 [term 0 FOLLOWER]: Starting pre-election (no leader contacted us within the election timeout)
I20260709 12:20:32.928866 21633 raft_consensus.cc:515] T f451a9417b7d41e38e268f674713cc21 P f9c82689962e4f72b20906f2c9426ac6 [term 0 FOLLOWER]: Starting pre-election with config: opid_index: -1 OBSOLETE_local: false peers { permanent_uuid: "5b96c625e25e45669a9cb7963c9677ee" member_type: VOTER last_known_addr { host: "127.19.199.1" port: 42257 } } peers { permanent_uuid: "f9c82689962e4f72b20906f2c9426ac6" member_type: VOTER last_known_addr { host: "127.19.199.2" port: 36623 } } peers { permanent_uuid: "9e5f5aae4d73404588259f24eed5736c" member_type: VOTER last_known_addr { host: "127.19.199.3" port: 45111 } }
I20260709 12:20:32.931010 21633 leader_election.cc:290] T f451a9417b7d41e38e268f674713cc21 P f9c82689962e4f72b20906f2c9426ac6 [CANDIDATE]: Term 1 pre-election: Requested pre-vote from peers 5b96c625e25e45669a9cb7963c9677ee (127.19.199.1:42257), 9e5f5aae4d73404588259f24eed5736c (127.19.199.3:45111)
I20260709 12:20:32.932927 21610 tablet_bootstrap.cc:654] T 04ccdb780f5f4def9900d278443e1916 P f9c82689962e4f72b20906f2c9426ac6: Neither blocks nor log segments found. Creating new log.
I20260709 12:20:32.934397 21612 tablet_bootstrap.cc:492] T baf8fe39100342ac8b4d469a07a5ea99 P 9e5f5aae4d73404588259f24eed5736c: Bootstrap starting.
I20260709 12:20:32.934973 21417 tablet_service.cc:1917] Received RequestConsensusVote() RPC: tablet_id: "f451a9417b7d41e38e268f674713cc21" candidate_uuid: "f9c82689962e4f72b20906f2c9426ac6" candidate_term: 1 candidate_status { last_received { term: 0 index: 0 } } ignore_live_leader: false dest_uuid: "5b96c625e25e45669a9cb7963c9677ee" is_pre_election: true
I20260709 12:20:32.936589 21569 tablet_service.cc:1917] Received RequestConsensusVote() RPC: tablet_id: "f451a9417b7d41e38e268f674713cc21" candidate_uuid: "f9c82689962e4f72b20906f2c9426ac6" candidate_term: 1 candidate_status { last_received { term: 0 index: 0 } } ignore_live_leader: false dest_uuid: "9e5f5aae4d73404588259f24eed5736c" is_pre_election: true
I20260709 12:20:32.936676 21492 tablet_service.cc:1917] Received RequestConsensusVote() RPC: tablet_id: "67568695e88847bd8a2bef6b1d2a0f1e" candidate_uuid: "5b96c625e25e45669a9cb7963c9677ee" candidate_term: 1 candidate_status { last_received { term: 0 index: 0 } } ignore_live_leader: false dest_uuid: "f9c82689962e4f72b20906f2c9426ac6" is_pre_election: true
I20260709 12:20:32.930224 21812 leader_election.cc:290] T 67568695e88847bd8a2bef6b1d2a0f1e P 5b96c625e25e45669a9cb7963c9677ee [CANDIDATE]: Term 1 pre-election: Requested pre-vote from peers f9c82689962e4f72b20906f2c9426ac6 (127.19.199.2:36623), 9e5f5aae4d73404588259f24eed5736c (127.19.199.3:45111)
I20260709 12:20:32.937738 21566 tablet_service.cc:1917] Received RequestConsensusVote() RPC: tablet_id: "67568695e88847bd8a2bef6b1d2a0f1e" candidate_uuid: "5b96c625e25e45669a9cb7963c9677ee" candidate_term: 1 candidate_status { last_received { term: 0 index: 0 } } ignore_live_leader: false dest_uuid: "9e5f5aae4d73404588259f24eed5736c" is_pre_election: true
I20260709 12:20:32.937875 21492 raft_consensus.cc:2468] T 67568695e88847bd8a2bef6b1d2a0f1e P f9c82689962e4f72b20906f2c9426ac6 [term 0 FOLLOWER]: Leader pre-election vote request: Granting yes vote for candidate 5b96c625e25e45669a9cb7963c9677ee in term 0.
W20260709 12:20:32.939188 21386 leader_election.cc:343] T 67568695e88847bd8a2bef6b1d2a0f1e P 5b96c625e25e45669a9cb7963c9677ee [CANDIDATE]: Term 1 pre-election: Tablet error from VoteRequest() call to peer 9e5f5aae4d73404588259f24eed5736c (127.19.199.3:45111): Illegal state: must be running to vote when last-logged opid is not known
W20260709 12:20:32.939494 21462 leader_election.cc:343] T f451a9417b7d41e38e268f674713cc21 P f9c82689962e4f72b20906f2c9426ac6 [CANDIDATE]: Term 1 pre-election: Tablet error from VoteRequest() call to peer 9e5f5aae4d73404588259f24eed5736c (127.19.199.3:45111): Illegal state: must be running to vote when last-logged opid is not known
I20260709 12:20:32.939965 21611 ts_tablet_manager.cc:1434] T baf8fe39100342ac8b4d469a07a5ea99 P 5b96c625e25e45669a9cb7963c9677ee: Time spent starting tablet: real 0.023s	user 0.002s	sys 0.005s
I20260709 12:20:32.940645 21385 leader_election.cc:304] T 67568695e88847bd8a2bef6b1d2a0f1e P 5b96c625e25e45669a9cb7963c9677ee [CANDIDATE]: Term 1 pre-election: Election decided. Result: candidate won. Election summary: received 3 responses out of 3 voters: 2 yes votes; 1 no votes. yes voters: 5b96c625e25e45669a9cb7963c9677ee, f9c82689962e4f72b20906f2c9426ac6; no voters: 9e5f5aae4d73404588259f24eed5736c
I20260709 12:20:32.941006 21611 tablet_bootstrap.cc:492] T d4f1dce37c3a4986a112c9a2634662a9 P 5b96c625e25e45669a9cb7963c9677ee: Bootstrap starting.
I20260709 12:20:32.941500 21812 raft_consensus.cc:2804] T 67568695e88847bd8a2bef6b1d2a0f1e P 5b96c625e25e45669a9cb7963c9677ee [term 0 FOLLOWER]: Leader pre-election won for term 1
I20260709 12:20:32.941900 21812 raft_consensus.cc:493] T 67568695e88847bd8a2bef6b1d2a0f1e P 5b96c625e25e45669a9cb7963c9677ee [term 0 FOLLOWER]: Starting leader election (no leader contacted us within the election timeout)
I20260709 12:20:32.942299 21812 raft_consensus.cc:3060] T 67568695e88847bd8a2bef6b1d2a0f1e P 5b96c625e25e45669a9cb7963c9677ee [term 0 FOLLOWER]: Advancing to term 1
I20260709 12:20:32.942996 21640 raft_consensus.cc:493] T 64225a5cc8ea42229e870eee89e08b8d P f9c82689962e4f72b20906f2c9426ac6 [term 0 FOLLOWER]: Starting pre-election (no leader contacted us within the election timeout)
I20260709 12:20:32.943516 21640 raft_consensus.cc:515] T 64225a5cc8ea42229e870eee89e08b8d P f9c82689962e4f72b20906f2c9426ac6 [term 0 FOLLOWER]: Starting pre-election with config: opid_index: -1 OBSOLETE_local: false peers { permanent_uuid: "5b96c625e25e45669a9cb7963c9677ee" member_type: VOTER last_known_addr { host: "127.19.199.1" port: 42257 } } peers { permanent_uuid: "f9c82689962e4f72b20906f2c9426ac6" member_type: VOTER last_known_addr { host: "127.19.199.2" port: 36623 } } peers { permanent_uuid: "9e5f5aae4d73404588259f24eed5736c" member_type: VOTER last_known_addr { host: "127.19.199.3" port: 45111 } }
I20260709 12:20:32.945787 21640 leader_election.cc:290] T 64225a5cc8ea42229e870eee89e08b8d P f9c82689962e4f72b20906f2c9426ac6 [CANDIDATE]: Term 1 pre-election: Requested pre-vote from peers 5b96c625e25e45669a9cb7963c9677ee (127.19.199.1:42257), 9e5f5aae4d73404588259f24eed5736c (127.19.199.3:45111)
I20260709 12:20:32.947395 21610 tablet_bootstrap.cc:492] T 04ccdb780f5f4def9900d278443e1916 P f9c82689962e4f72b20906f2c9426ac6: No bootstrap required, opened a new log
I20260709 12:20:32.947976 21610 ts_tablet_manager.cc:1403] T 04ccdb780f5f4def9900d278443e1916 P f9c82689962e4f72b20906f2c9426ac6: Time spent bootstrapping tablet: real 0.023s	user 0.012s	sys 0.004s
I20260709 12:20:32.949205 21569 tablet_service.cc:1917] Received RequestConsensusVote() RPC: tablet_id: "64225a5cc8ea42229e870eee89e08b8d" candidate_uuid: "f9c82689962e4f72b20906f2c9426ac6" candidate_term: 1 candidate_status { last_received { term: 0 index: 0 } } ignore_live_leader: false dest_uuid: "9e5f5aae4d73404588259f24eed5736c" is_pre_election: true
I20260709 12:20:32.950680 21419 tablet_service.cc:1917] Received RequestConsensusVote() RPC: tablet_id: "64225a5cc8ea42229e870eee89e08b8d" candidate_uuid: "f9c82689962e4f72b20906f2c9426ac6" candidate_term: 1 candidate_status { last_received { term: 0 index: 0 } } ignore_live_leader: false dest_uuid: "5b96c625e25e45669a9cb7963c9677ee" is_pre_election: true
W20260709 12:20:32.950886 21462 leader_election.cc:343] T 64225a5cc8ea42229e870eee89e08b8d P f9c82689962e4f72b20906f2c9426ac6 [CANDIDATE]: Term 1 pre-election: Tablet error from VoteRequest() call to peer 9e5f5aae4d73404588259f24eed5736c (127.19.199.3:45111): Illegal state: must be running to vote when last-logged opid is not known
I20260709 12:20:32.952569 21697 raft_consensus.cc:493] T 7e3e08b7f5e94835850f713292b03122 P 9e5f5aae4d73404588259f24eed5736c [term 0 FOLLOWER]: Starting pre-election (no leader contacted us within the election timeout)
W20260709 12:20:32.952962 21459 leader_election.cc:343] T 64225a5cc8ea42229e870eee89e08b8d P f9c82689962e4f72b20906f2c9426ac6 [CANDIDATE]: Term 1 pre-election: Tablet error from VoteRequest() call to peer 5b96c625e25e45669a9cb7963c9677ee (127.19.199.1:42257): Illegal state: must be running to vote when last-logged opid is not known
I20260709 12:20:32.953032 21697 raft_consensus.cc:515] T 7e3e08b7f5e94835850f713292b03122 P 9e5f5aae4d73404588259f24eed5736c [term 0 FOLLOWER]: Starting pre-election with config: opid_index: -1 OBSOLETE_local: false peers { permanent_uuid: "5b96c625e25e45669a9cb7963c9677ee" member_type: VOTER last_known_addr { host: "127.19.199.1" port: 42257 } } peers { permanent_uuid: "f9c82689962e4f72b20906f2c9426ac6" member_type: VOTER last_known_addr { host: "127.19.199.2" port: 36623 } } peers { permanent_uuid: "9e5f5aae4d73404588259f24eed5736c" member_type: VOTER last_known_addr { host: "127.19.199.3" port: 45111 } }
I20260709 12:20:32.953510 21459 leader_election.cc:304] T 64225a5cc8ea42229e870eee89e08b8d P f9c82689962e4f72b20906f2c9426ac6 [CANDIDATE]: Term 1 pre-election: Election decided. Result: candidate lost. Election summary: received 3 responses out of 3 voters: 1 yes votes; 2 no votes. yes voters: f9c82689962e4f72b20906f2c9426ac6; no voters: 5b96c625e25e45669a9cb7963c9677ee, 9e5f5aae4d73404588259f24eed5736c
I20260709 12:20:32.955165 21838 raft_consensus.cc:2749] T 64225a5cc8ea42229e870eee89e08b8d P f9c82689962e4f72b20906f2c9426ac6 [term 0 FOLLOWER]: Leader pre-election lost for term 1. Reason: could not achieve majority
I20260709 12:20:32.955394 21697 leader_election.cc:290] T 7e3e08b7f5e94835850f713292b03122 P 9e5f5aae4d73404588259f24eed5736c [CANDIDATE]: Term 1 pre-election: Requested pre-vote from peers 5b96c625e25e45669a9cb7963c9677ee (127.19.199.1:42257), f9c82689962e4f72b20906f2c9426ac6 (127.19.199.2:36623)
I20260709 12:20:32.956118 21812 raft_consensus.cc:515] T 67568695e88847bd8a2bef6b1d2a0f1e P 5b96c625e25e45669a9cb7963c9677ee [term 1 FOLLOWER]: Starting leader election with config: opid_index: -1 OBSOLETE_local: false peers { permanent_uuid: "5b96c625e25e45669a9cb7963c9677ee" member_type: VOTER last_known_addr { host: "127.19.199.1" port: 42257 } } peers { permanent_uuid: "f9c82689962e4f72b20906f2c9426ac6" member_type: VOTER last_known_addr { host: "127.19.199.2" port: 36623 } } peers { permanent_uuid: "9e5f5aae4d73404588259f24eed5736c" member_type: VOTER last_known_addr { host: "127.19.199.3" port: 45111 } }
I20260709 12:20:32.957549 21610 raft_consensus.cc:359] T 04ccdb780f5f4def9900d278443e1916 P f9c82689962e4f72b20906f2c9426ac6 [term 0 FOLLOWER]: Replica starting. Triggering 0 pending ops. Active config: opid_index: -1 OBSOLETE_local: false peers { permanent_uuid: "5b96c625e25e45669a9cb7963c9677ee" member_type: VOTER last_known_addr { host: "127.19.199.1" port: 42257 } } peers { permanent_uuid: "f9c82689962e4f72b20906f2c9426ac6" member_type: VOTER last_known_addr { host: "127.19.199.2" port: 36623 } } peers { permanent_uuid: "9e5f5aae4d73404588259f24eed5736c" member_type: VOTER last_known_addr { host: "127.19.199.3" port: 45111 } }
I20260709 12:20:32.958180 21610 raft_consensus.cc:385] T 04ccdb780f5f4def9900d278443e1916 P f9c82689962e4f72b20906f2c9426ac6 [term 0 FOLLOWER]: Consensus starting up: Expiring failure detector timer to make a prompt election more likely
I20260709 12:20:32.958468 21610 raft_consensus.cc:740] T 04ccdb780f5f4def9900d278443e1916 P f9c82689962e4f72b20906f2c9426ac6 [term 0 FOLLOWER]: Becoming Follower/Learner. State: Replica: f9c82689962e4f72b20906f2c9426ac6, State: Initialized, Role: FOLLOWER
I20260709 12:20:32.958999 21492 tablet_service.cc:1917] Received RequestConsensusVote() RPC: tablet_id: "67568695e88847bd8a2bef6b1d2a0f1e" candidate_uuid: "5b96c625e25e45669a9cb7963c9677ee" candidate_term: 1 candidate_status { last_received { term: 0 index: 0 } } ignore_live_leader: false dest_uuid: "f9c82689962e4f72b20906f2c9426ac6"
I20260709 12:20:32.959103 21610 consensus_queue.cc:260] T 04ccdb780f5f4def9900d278443e1916 P f9c82689962e4f72b20906f2c9426ac6 [NON_LEADER]: Queue going to NON_LEADER mode. State: All replicated index: 0, Majority replicated index: 0, Committed index: 0, Last appended: 0.0, Last appended by leader: 0, Current term: 0, Majority size: -1, State: 0, Mode: NON_LEADER, active raft config: opid_index: -1 OBSOLETE_local: false peers { permanent_uuid: "5b96c625e25e45669a9cb7963c9677ee" member_type: VOTER last_known_addr { host: "127.19.199.1" port: 42257 } } peers { permanent_uuid: "f9c82689962e4f72b20906f2c9426ac6" member_type: VOTER last_known_addr { host: "127.19.199.2" port: 36623 } } peers { permanent_uuid: "9e5f5aae4d73404588259f24eed5736c" member_type: VOTER last_known_addr { host: "127.19.199.3" port: 45111 } }
I20260709 12:20:32.959488 21496 tablet_service.cc:1917] Received RequestConsensusVote() RPC: tablet_id: "7e3e08b7f5e94835850f713292b03122" candidate_uuid: "9e5f5aae4d73404588259f24eed5736c" candidate_term: 1 candidate_status { last_received { term: 0 index: 0 } } ignore_live_leader: false dest_uuid: "f9c82689962e4f72b20906f2c9426ac6" is_pre_election: true
I20260709 12:20:32.959645 21492 raft_consensus.cc:3060] T 67568695e88847bd8a2bef6b1d2a0f1e P f9c82689962e4f72b20906f2c9426ac6 [term 0 FOLLOWER]: Advancing to term 1
I20260709 12:20:32.960256 21496 raft_consensus.cc:2393] T 7e3e08b7f5e94835850f713292b03122 P f9c82689962e4f72b20906f2c9426ac6 [term 1 FOLLOWER]: Leader pre-election vote request: Denying vote to candidate 9e5f5aae4d73404588259f24eed5736c in current term 1: Already voted for candidate 5b96c625e25e45669a9cb7963c9677ee in this term.
I20260709 12:20:32.961408 21610 ts_tablet_manager.cc:1434] T 04ccdb780f5f4def9900d278443e1916 P f9c82689962e4f72b20906f2c9426ac6: Time spent starting tablet: real 0.013s	user 0.003s	sys 0.000s
I20260709 12:20:32.962267 21610 tablet_bootstrap.cc:492] T 3290a0a96f4a400bb7d23f7eb1d77e2c P f9c82689962e4f72b20906f2c9426ac6: Bootstrap starting.
I20260709 12:20:32.964723 21419 tablet_service.cc:1917] Received RequestConsensusVote() RPC: tablet_id: "7e3e08b7f5e94835850f713292b03122" candidate_uuid: "9e5f5aae4d73404588259f24eed5736c" candidate_term: 1 candidate_status { last_received { term: 0 index: 0 } } ignore_live_leader: false dest_uuid: "5b96c625e25e45669a9cb7963c9677ee" is_pre_election: true
I20260709 12:20:32.969198 21533 leader_election.cc:304] T 7e3e08b7f5e94835850f713292b03122 P 9e5f5aae4d73404588259f24eed5736c [CANDIDATE]: Term 1 pre-election: Election decided. Result: candidate lost. Election summary: received 3 responses out of 3 voters: 1 yes votes; 2 no votes. yes voters: 9e5f5aae4d73404588259f24eed5736c; no voters: 5b96c625e25e45669a9cb7963c9677ee, f9c82689962e4f72b20906f2c9426ac6
W20260709 12:20:32.970772 21459 leader_election.cc:343] T f451a9417b7d41e38e268f674713cc21 P f9c82689962e4f72b20906f2c9426ac6 [CANDIDATE]: Term 1 pre-election: Tablet error from VoteRequest() call to peer 5b96c625e25e45669a9cb7963c9677ee (127.19.199.1:42257): Illegal state: must be running to vote when last-logged opid is not known
I20260709 12:20:32.971773 21459 leader_election.cc:304] T f451a9417b7d41e38e268f674713cc21 P f9c82689962e4f72b20906f2c9426ac6 [CANDIDATE]: Term 1 pre-election: Election decided. Result: candidate lost. Election summary: received 3 responses out of 3 voters: 1 yes votes; 2 no votes. yes voters: f9c82689962e4f72b20906f2c9426ac6; no voters: 5b96c625e25e45669a9cb7963c9677ee, 9e5f5aae4d73404588259f24eed5736c
I20260709 12:20:32.971318 21697 raft_consensus.cc:3060] T 7e3e08b7f5e94835850f713292b03122 P 9e5f5aae4d73404588259f24eed5736c [term 0 FOLLOWER]: Advancing to term 1
I20260709 12:20:32.972599 21633 raft_consensus.cc:2749] T f451a9417b7d41e38e268f674713cc21 P f9c82689962e4f72b20906f2c9426ac6 [term 0 FOLLOWER]: Leader pre-election lost for term 1. Reason: could not achieve majority
I20260709 12:20:32.974102 21610 tablet_bootstrap.cc:654] T 3290a0a96f4a400bb7d23f7eb1d77e2c P f9c82689962e4f72b20906f2c9426ac6: Neither blocks nor log segments found. Creating new log.
I20260709 12:20:32.978040 21812 leader_election.cc:290] T 67568695e88847bd8a2bef6b1d2a0f1e P 5b96c625e25e45669a9cb7963c9677ee [CANDIDATE]: Term 1 election: Requested vote from peers f9c82689962e4f72b20906f2c9426ac6 (127.19.199.2:36623), 9e5f5aae4d73404588259f24eed5736c (127.19.199.3:45111)
I20260709 12:20:32.978626 21569 tablet_service.cc:1917] Received RequestConsensusVote() RPC: tablet_id: "67568695e88847bd8a2bef6b1d2a0f1e" candidate_uuid: "5b96c625e25e45669a9cb7963c9677ee" candidate_term: 1 candidate_status { last_received { term: 0 index: 0 } } ignore_live_leader: false dest_uuid: "9e5f5aae4d73404588259f24eed5736c"
I20260709 12:20:32.979754 21492 raft_consensus.cc:2468] T 67568695e88847bd8a2bef6b1d2a0f1e P f9c82689962e4f72b20906f2c9426ac6 [term 1 FOLLOWER]: Leader election vote request: Granting yes vote for candidate 5b96c625e25e45669a9cb7963c9677ee in term 1.
I20260709 12:20:32.981077 21385 leader_election.cc:304] T 67568695e88847bd8a2bef6b1d2a0f1e P 5b96c625e25e45669a9cb7963c9677ee [CANDIDATE]: Term 1 election: Election decided. Result: candidate won. Election summary: received 2 responses out of 3 voters: 2 yes votes; 0 no votes. yes voters: 5b96c625e25e45669a9cb7963c9677ee, f9c82689962e4f72b20906f2c9426ac6; no voters: 
W20260709 12:20:32.982045 21386 leader_election.cc:343] T 67568695e88847bd8a2bef6b1d2a0f1e P 5b96c625e25e45669a9cb7963c9677ee [CANDIDATE]: Term 1 election: Tablet error from VoteRequest() call to peer 9e5f5aae4d73404588259f24eed5736c (127.19.199.3:45111): Illegal state: must be running to vote when last-logged opid is not known
I20260709 12:20:32.985196 21654 consensus_queue.cc:1048] T 19239be0cdb34d6082285a36fd7ee8fe P 9e5f5aae4d73404588259f24eed5736c [LEADER]: Connected to new peer: Peer: permanent_uuid: "f9c82689962e4f72b20906f2c9426ac6" member_type: VOTER last_known_addr { host: "127.19.199.2" port: 36623 }, Status: LMP_MISMATCH, Last received: 0.0, Next index: 1, Last known committed idx: 0, Time since last communication: 0.001s
I20260709 12:20:32.990744 21612 tablet_bootstrap.cc:654] T baf8fe39100342ac8b4d469a07a5ea99 P 9e5f5aae4d73404588259f24eed5736c: Neither blocks nor log segments found. Creating new log.
I20260709 12:20:32.990851 21812 raft_consensus.cc:2804] T 67568695e88847bd8a2bef6b1d2a0f1e P 5b96c625e25e45669a9cb7963c9677ee [term 1 FOLLOWER]: Leader election won for term 1
I20260709 12:20:32.991600 21812 raft_consensus.cc:697] T 67568695e88847bd8a2bef6b1d2a0f1e P 5b96c625e25e45669a9cb7963c9677ee [term 1 LEADER]: Becoming Leader. State: Replica: 5b96c625e25e45669a9cb7963c9677ee, State: Running, Role: LEADER
I20260709 12:20:32.992555 21812 consensus_queue.cc:237] T 67568695e88847bd8a2bef6b1d2a0f1e P 5b96c625e25e45669a9cb7963c9677ee [LEADER]: Queue going to LEADER mode. State: All replicated index: 0, Majority replicated index: 0, Committed index: 0, Last appended: 0.0, Last appended by leader: 0, Current term: 1, Majority size: 2, State: 0, Mode: LEADER, active raft config: opid_index: -1 OBSOLETE_local: false peers { permanent_uuid: "5b96c625e25e45669a9cb7963c9677ee" member_type: VOTER last_known_addr { host: "127.19.199.1" port: 42257 } } peers { permanent_uuid: "f9c82689962e4f72b20906f2c9426ac6" member_type: VOTER last_known_addr { host: "127.19.199.2" port: 36623 } } peers { permanent_uuid: "9e5f5aae4d73404588259f24eed5736c" member_type: VOTER last_known_addr { host: "127.19.199.3" port: 45111 } }
I20260709 12:20:32.996556 21611 tablet_bootstrap.cc:654] T d4f1dce37c3a4986a112c9a2634662a9 P 5b96c625e25e45669a9cb7963c9677ee: Neither blocks nor log segments found. Creating new log.
I20260709 12:20:33.004506 21610 tablet_bootstrap.cc:492] T 3290a0a96f4a400bb7d23f7eb1d77e2c P f9c82689962e4f72b20906f2c9426ac6: No bootstrap required, opened a new log
I20260709 12:20:33.005028 21610 ts_tablet_manager.cc:1403] T 3290a0a96f4a400bb7d23f7eb1d77e2c P f9c82689962e4f72b20906f2c9426ac6: Time spent bootstrapping tablet: real 0.043s	user 0.019s	sys 0.001s
I20260709 12:20:33.008484 21633 raft_consensus.cc:493] T 04ccdb780f5f4def9900d278443e1916 P f9c82689962e4f72b20906f2c9426ac6 [term 0 FOLLOWER]: Starting pre-election (no leader contacted us within the election timeout)
I20260709 12:20:33.008225 21610 raft_consensus.cc:359] T 3290a0a96f4a400bb7d23f7eb1d77e2c P f9c82689962e4f72b20906f2c9426ac6 [term 0 FOLLOWER]: Replica starting. Triggering 0 pending ops. Active config: opid_index: -1 OBSOLETE_local: false peers { permanent_uuid: "5b96c625e25e45669a9cb7963c9677ee" member_type: VOTER last_known_addr { host: "127.19.199.1" port: 42257 } } peers { permanent_uuid: "f9c82689962e4f72b20906f2c9426ac6" member_type: VOTER last_known_addr { host: "127.19.199.2" port: 36623 } } peers { permanent_uuid: "9e5f5aae4d73404588259f24eed5736c" member_type: VOTER last_known_addr { host: "127.19.199.3" port: 45111 } }
I20260709 12:20:33.009265 21610 raft_consensus.cc:385] T 3290a0a96f4a400bb7d23f7eb1d77e2c P f9c82689962e4f72b20906f2c9426ac6 [term 0 FOLLOWER]: Consensus starting up: Expiring failure detector timer to make a prompt election more likely
I20260709 12:20:33.009060 21633 raft_consensus.cc:515] T 04ccdb780f5f4def9900d278443e1916 P f9c82689962e4f72b20906f2c9426ac6 [term 0 FOLLOWER]: Starting pre-election with config: opid_index: -1 OBSOLETE_local: false peers { permanent_uuid: "5b96c625e25e45669a9cb7963c9677ee" member_type: VOTER last_known_addr { host: "127.19.199.1" port: 42257 } } peers { permanent_uuid: "f9c82689962e4f72b20906f2c9426ac6" member_type: VOTER last_known_addr { host: "127.19.199.2" port: 36623 } } peers { permanent_uuid: "9e5f5aae4d73404588259f24eed5736c" member_type: VOTER last_known_addr { host: "127.19.199.3" port: 45111 } }
I20260709 12:20:33.009714 21610 raft_consensus.cc:740] T 3290a0a96f4a400bb7d23f7eb1d77e2c P f9c82689962e4f72b20906f2c9426ac6 [term 0 FOLLOWER]: Becoming Follower/Learner. State: Replica: f9c82689962e4f72b20906f2c9426ac6, State: Initialized, Role: FOLLOWER
I20260709 12:20:33.011422 21612 tablet_bootstrap.cc:492] T baf8fe39100342ac8b4d469a07a5ea99 P 9e5f5aae4d73404588259f24eed5736c: No bootstrap required, opened a new log
I20260709 12:20:33.012084 21612 ts_tablet_manager.cc:1403] T baf8fe39100342ac8b4d469a07a5ea99 P 9e5f5aae4d73404588259f24eed5736c: Time spent bootstrapping tablet: real 0.078s	user 0.008s	sys 0.004s
I20260709 12:20:33.012030 21633 leader_election.cc:290] T 04ccdb780f5f4def9900d278443e1916 P f9c82689962e4f72b20906f2c9426ac6 [CANDIDATE]: Term 1 pre-election: Requested pre-vote from peers 5b96c625e25e45669a9cb7963c9677ee (127.19.199.1:42257), 9e5f5aae4d73404588259f24eed5736c (127.19.199.3:45111)
I20260709 12:20:33.016315 21417 tablet_service.cc:1917] Received RequestConsensusVote() RPC: tablet_id: "04ccdb780f5f4def9900d278443e1916" candidate_uuid: "f9c82689962e4f72b20906f2c9426ac6" candidate_term: 1 candidate_status { last_received { term: 0 index: 0 } } ignore_live_leader: false dest_uuid: "5b96c625e25e45669a9cb7963c9677ee" is_pre_election: true
I20260709 12:20:33.016453 21612 raft_consensus.cc:359] T baf8fe39100342ac8b4d469a07a5ea99 P 9e5f5aae4d73404588259f24eed5736c [term 0 FOLLOWER]: Replica starting. Triggering 0 pending ops. Active config: opid_index: -1 OBSOLETE_local: false peers { permanent_uuid: "5b96c625e25e45669a9cb7963c9677ee" member_type: VOTER last_known_addr { host: "127.19.199.1" port: 42257 } } peers { permanent_uuid: "f9c82689962e4f72b20906f2c9426ac6" member_type: VOTER last_known_addr { host: "127.19.199.2" port: 36623 } } peers { permanent_uuid: "9e5f5aae4d73404588259f24eed5736c" member_type: VOTER last_known_addr { host: "127.19.199.3" port: 45111 } }
I20260709 12:20:33.017436 21612 raft_consensus.cc:385] T baf8fe39100342ac8b4d469a07a5ea99 P 9e5f5aae4d73404588259f24eed5736c [term 0 FOLLOWER]: Consensus starting up: Expiring failure detector timer to make a prompt election more likely
I20260709 12:20:33.017833 21612 raft_consensus.cc:740] T baf8fe39100342ac8b4d469a07a5ea99 P 9e5f5aae4d73404588259f24eed5736c [term 0 FOLLOWER]: Becoming Follower/Learner. State: Replica: 9e5f5aae4d73404588259f24eed5736c, State: Initialized, Role: FOLLOWER
I20260709 12:20:33.018822 21612 consensus_queue.cc:260] T baf8fe39100342ac8b4d469a07a5ea99 P 9e5f5aae4d73404588259f24eed5736c [NON_LEADER]: Queue going to NON_LEADER mode. State: All replicated index: 0, Majority replicated index: 0, Committed index: 0, Last appended: 0.0, Last appended by leader: 0, Current term: 0, Majority size: -1, State: 0, Mode: NON_LEADER, active raft config: opid_index: -1 OBSOLETE_local: false peers { permanent_uuid: "5b96c625e25e45669a9cb7963c9677ee" member_type: VOTER last_known_addr { host: "127.19.199.1" port: 42257 } } peers { permanent_uuid: "f9c82689962e4f72b20906f2c9426ac6" member_type: VOTER last_known_addr { host: "127.19.199.2" port: 36623 } } peers { permanent_uuid: "9e5f5aae4d73404588259f24eed5736c" member_type: VOTER last_known_addr { host: "127.19.199.3" port: 45111 } }
W20260709 12:20:33.019730 21459 leader_election.cc:343] T 04ccdb780f5f4def9900d278443e1916 P f9c82689962e4f72b20906f2c9426ac6 [CANDIDATE]: Term 1 pre-election: Tablet error from VoteRequest() call to peer 5b96c625e25e45669a9cb7963c9677ee (127.19.199.1:42257): Illegal state: must be running to vote when last-logged opid is not known
I20260709 12:20:33.021924 21612 ts_tablet_manager.cc:1434] T baf8fe39100342ac8b4d469a07a5ea99 P 9e5f5aae4d73404588259f24eed5736c: Time spent starting tablet: real 0.009s	user 0.008s	sys 0.000s
I20260709 12:20:33.022790 21610 consensus_queue.cc:260] T 3290a0a96f4a400bb7d23f7eb1d77e2c P f9c82689962e4f72b20906f2c9426ac6 [NON_LEADER]: Queue going to NON_LEADER mode. State: All replicated index: 0, Majority replicated index: 0, Committed index: 0, Last appended: 0.0, Last appended by leader: 0, Current term: 0, Majority size: -1, State: 0, Mode: NON_LEADER, active raft config: opid_index: -1 OBSOLETE_local: false peers { permanent_uuid: "5b96c625e25e45669a9cb7963c9677ee" member_type: VOTER last_known_addr { host: "127.19.199.1" port: 42257 } } peers { permanent_uuid: "f9c82689962e4f72b20906f2c9426ac6" member_type: VOTER last_known_addr { host: "127.19.199.2" port: 36623 } } peers { permanent_uuid: "9e5f5aae4d73404588259f24eed5736c" member_type: VOTER last_known_addr { host: "127.19.199.3" port: 45111 } }
I20260709 12:20:33.025692 21610 ts_tablet_manager.cc:1434] T 3290a0a96f4a400bb7d23f7eb1d77e2c P f9c82689962e4f72b20906f2c9426ac6: Time spent starting tablet: real 0.020s	user 0.008s	sys 0.000s
I20260709 12:20:33.026347 21611 tablet_bootstrap.cc:492] T d4f1dce37c3a4986a112c9a2634662a9 P 5b96c625e25e45669a9cb7963c9677ee: No bootstrap required, opened a new log
I20260709 12:20:33.026714 21610 tablet_bootstrap.cc:492] T d4f1dce37c3a4986a112c9a2634662a9 P f9c82689962e4f72b20906f2c9426ac6: Bootstrap starting.
I20260709 12:20:33.026859 21611 ts_tablet_manager.cc:1403] T d4f1dce37c3a4986a112c9a2634662a9 P 5b96c625e25e45669a9cb7963c9677ee: Time spent bootstrapping tablet: real 0.086s	user 0.008s	sys 0.006s
I20260709 12:20:33.027817 21654 raft_consensus.cc:493] T a151061de31b4a648108709586bc3bbc P 9e5f5aae4d73404588259f24eed5736c [term 0 FOLLOWER]: Starting pre-election (no leader contacted us within the election timeout)
I20260709 12:20:33.028342 21654 raft_consensus.cc:515] T a151061de31b4a648108709586bc3bbc P 9e5f5aae4d73404588259f24eed5736c [term 0 FOLLOWER]: Starting pre-election with config: opid_index: -1 OBSOLETE_local: false peers { permanent_uuid: "5b96c625e25e45669a9cb7963c9677ee" member_type: VOTER last_known_addr { host: "127.19.199.1" port: 42257 } } peers { permanent_uuid: "f9c82689962e4f72b20906f2c9426ac6" member_type: VOTER last_known_addr { host: "127.19.199.2" port: 36623 } } peers { permanent_uuid: "9e5f5aae4d73404588259f24eed5736c" member_type: VOTER last_known_addr { host: "127.19.199.3" port: 45111 } }
